69.165.232.70 - - [31/Aug/2026:21:54:58 -0400] "POST /wp-admin/admin-ajax.php HTTP/1.1" 200 92 "https://ekmtoronto.com/connect/?et_fb=1&PageSpeed=off" "Mozilla/5.0 (Windows NT 10.0; Win64; x64) AppleWebKit/537.36 (KHTML, like Gecko) Chrome/152.0.0.0 Safari/537.36"
104.247.76.75 - - [31/Aug/2026:21:55:07 -0400] "POST /wp-cron.php?doing_wp_cron=1788227707.1198320388793945312500 HTTP/1.1" 200 - "-" "WordPress/7.1; https://ekmtoronto.com"
69.165.232.70 - - [31/Aug/2026:21:55:06 -0400] "POST /wp-admin/admin-ajax.php HTTP/1.1" 200 13984 "https://ekmtoronto.com/connect/?et_fb=1&PageSpeed=off" "Mozilla/5.0 (Windows NT 10.0; Win64; x64) AppleWebKit/537.36 (KHTML, like Gecko) Chrome/152.0.0.0 Safari/537.36"
69.165.232.70 - - [31/Aug/2026:21:55:13 -0400] "POST /wp-admin/admin-ajax.php HTTP/1.1" 200 92 "https://ekmtoronto.com/connect/?et_fb=1&PageSpeed=off" "Mozilla/5.0 (Windows NT 10.0; Win64; x64) AppleWebKit/537.36 (KHTML, like Gecko) Chrome/152.0.0.0 Safari/537.36"
104.247.76.75 - - [31/Aug/2026:21:55:13 -0400] "POST /wp-admin/admin-ajax.php?action=as_async_request_queue_runner&nonce=c6b24fcc30 HTTP/1.1" 200 - "-" "WordPress/7.1; https://ekmtoronto.com"
69.165.232.70 - - [31/Aug/2026:21:55:25 -0400] "POST /wp-admin/admin-ajax.php HTTP/1.1" 200 218 "https://ekmtoronto.com/?et_fb=1&PageSpeed=off" "Mozilla/5.0 (Windows NT 10.0; Win64; x64) AppleWebKit/537.36 (KHTML, like Gecko) Chrome/152.0.0.0 Safari/537.36"
69.165.232.70 - - [31/Aug/2026:21:55:27 -0400] "POST /wp-admin/admin-ajax.php HTTP/1.1" 200 182 "https://ekmtoronto.com/connect/?et_fb=1&PageSpeed=off" "Mozilla/5.0 (Windows NT 10.0; Win64; x64) AppleWebKit/537.36 (KHTML, like Gecko) Chrome/152.0.0.0 Safari/537.36"
69.165.232.70 - - [31/Aug/2026:21:55:35 -0400] "POST /wp-admin/admin-ajax.php HTTP/1.1" 200 36 "https://ekmtoronto.com/?et_fb=1&PageSpeed=off" "Mozilla/5.0 (Windows NT 10.0; Win64; x64) AppleWebKit/537.36 (KHTML, like Gecko) Chrome/152.0.0.0 Safari/537.36"
69.165.232.70 - - [31/Aug/2026:21:55:35 -0400] "GET / HTTP/1.1" 200 42604 "https://ekmtoronto.com/?et_fb=1&PageSpeed=off" "Mozilla/5.0 (Windows NT 10.0; Win64; x64) AppleWebKit/537.36 (KHTML, like Gecko) Chrome/152.0.0.0 Safari/537.36"
69.165.232.70 - - [31/Aug/2026:21:55:36 -0400] "GET /wp-content/uploads/2021/06/EKM-LOGO-BLACK-IM-150PX.png HTTP/1.1" 404 31197 "https://ekmtoronto.com/" "Mozilla/5.0 (Windows NT 10.0; Win64; x64) AppleWebKit/537.36 (KHTML, like Gecko) Chrome/152.0.0.0 Safari/537.36"
69.165.232.70 - - [31/Aug/2026:21:55:36 -0400] "POST /wp-admin/admin-ajax.php HTTP/1.1" 200 1326 "https://ekmtoronto.com/" "Mozilla/5.0 (Windows NT 10.0; Win64; x64) AppleWebKit/537.36 (KHTML, like Gecko) Chrome/152.0.0.0 Safari/537.36"
69.165.232.70 - - [31/Aug/2026:21:55:50 -0400] "GET /baptism-2/ HTTP/1.1" 200 31876 "https://ekmtoronto.com/" "Mozilla/5.0 (Windows NT 10.0; Win64; x64) AppleWebKit/537.36 (KHTML, like Gecko) Chrome/152.0.0.0 Safari/537.36"
69.165.232.70 - - [31/Aug/2026:21:55:50 -0400] "GET /wp-content/et-cache/237194/et-divi-dynamic-tb-25-tb-26-tb-27-237194-late.css?ver=1788130413 HTTP/1.1" 200 1419 "https://ekmtoronto.com/baptism-2/" "Mozilla/5.0 (Windows NT 10.0; Win64; x64) AppleWebKit/537.36 (KHTML, like Gecko) Chrome/152.0.0.0 Safari/537.36"
69.165.232.70 - - [31/Aug/2026:21:55:50 -0400] "GET /wp-content/et-cache/237194/et-divi-dynamic-tb-25-tb-26-tb-27-237194.css?ver=1788130413 HTTP/1.1" 200 1883 "https://ekmtoronto.com/baptism-2/" "Mozilla/5.0 (Windows NT 10.0; Win64; x64) AppleWebKit/537.36 (KHTML, like Gecko) Chrome/152.0.0.0 Safari/537.36"
69.165.232.70 - - [31/Aug/2026:21:55:50 -0400] "GET /wp-content/et-cache/237194/et-core-unified-237194.min.css?ver=1788130413 HTTP/1.1" 200 1124 "https://ekmtoronto.com/baptism-2/" "Mozilla/5.0 (Windows NT 10.0; Win64; x64) AppleWebKit/537.36 (KHTML, like Gecko) Chrome/152.0.0.0 Safari/537.36"
69.165.232.70 - - [31/Aug/2026:21:55:50 -0400] "GET /wp-content/et-cache/237194/et-core-unified-tb-25-tb-26-tb-27-deferred-237194.min.css?ver=1788130413 HTTP/1.1" 200 2485 "https://ekmtoronto.com/baptism-2/" "Mozilla/5.0 (Windows NT 10.0; Win64; x64) AppleWebKit/537.36 (KHTML, like Gecko) Chrome/152.0.0.0 Safari/537.36"
69.165.232.70 - - [31/Aug/2026:21:55:50 -0400] "GET /wp-content/uploads/2024/10/water-baptism.png HTTP/1.1" 200 18802 "https://ekmtoronto.com/baptism-2/" "Mozilla/5.0 (Windows NT 10.0; Win64; x64) AppleWebKit/537.36 (KHTML, like Gecko) Chrome/152.0.0.0 Safari/537.36"
69.165.232.70 - - [31/Aug/2026:21:55:50 -0400] "GET /wp-content/et-cache/237194/et-divi-dynamic-tb-25-tb-26-tb-27-237194-late.css HTTP/1.1" 200 1419 "https://ekmtoronto.com/baptism-2/" "Mozilla/5.0 (Windows NT 10.0; Win64; x64) AppleWebKit/537.36 (KHTML, like Gecko) Chrome/152.0.0.0 Safari/537.36"
69.165.232.70 - - [31/Aug/2026:21:55:50 -0400] "POST /wp-admin/admin-ajax.php HTTP/1.1" 200 1326 "https://ekmtoronto.com/baptism-2/" "Mozilla/5.0 (Windows NT 10.0; Win64; x64) AppleWebKit/537.36 (KHTML, like Gecko) Chrome/152.0.0.0 Safari/537.36"
69.165.232.70 - - [31/Aug/2026:21:55:50 -0400] "GET /wp-content/uploads/2021/06/EKM-LOGO-175PX-VR1.png HTTP/1.1" 404 31195 "https://ekmtoronto.com/baptism-2/" "Mozilla/5.0 (Windows NT 10.0; Win64; x64) AppleWebKit/537.36 (KHTML, like Gecko) Chrome/152.0.0.0 Safari/537.36"
69.165.232.70 - - [31/Aug/2026:21:55:58 -0400] "POST /wp-admin/admin-ajax.php HTTP/1.1" 200 67 "https://ekmtoronto.com/wp-admin/edit.php?post_status=draft&post_type=page" "Mozilla/5.0 (Windows NT 10.0; Win64; x64) AppleWebKit/537.36 (KHTML, like Gecko) Chrome/152.0.0.0 Safari/537.36"
69.165.232.70 - - [31/Aug/2026:21:55:58 -0400] "POST /wp-admin/admin-ajax.php HTTP/1.1" 200 371 "https://ekmtoronto.com/wp-admin/edit.php?post_status=draft&post_type=page" "Mozilla/5.0 (Windows NT 10.0; Win64; x64) AppleWebKit/537.36 (KHTML, like Gecko) Chrome/152.0.0.0 Safari/537.36"
104.247.76.75 - - [31/Aug/2026:21:56:08 -0400] "POST /wp-cron.php?doing_wp_cron=1788227768.5072240829467773437500 HTTP/1.1" 200 - "-" "WordPress/7.1; https://ekmtoronto.com"
69.165.232.70 - - [31/Aug/2026:21:56:08 -0400] "POST /wp-admin/admin-ajax.php HTTP/1.1" 200 67 "https://ekmtoronto.com/wp-admin/edit.php?post_status=draft&post_type=page" "Mozilla/5.0 (Windows NT 10.0; Win64; x64) AppleWebKit/537.36 (KHTML, like Gecko) Chrome/152.0.0.0 Safari/537.36"
69.165.232.70 - - [31/Aug/2026:21:56:27 -0400] "POST /wp-admin/admin-ajax.php HTTP/1.1" 200 14033 "https://ekmtoronto.com/connect/?et_fb=1&PageSpeed=off" "Mozilla/5.0 (Windows NT 10.0; Win64; x64) AppleWebKit/537.36 (KHTML, like Gecko) Chrome/152.0.0.0 Safari/537.36"
104.247.76.75 - - [31/Aug/2026:21:56:28 -0400] "POST /wp-admin/admin-ajax.php?action=as_async_request_queue_runner&nonce=c6b24fcc30 HTTP/1.1" 200 - "-" "WordPress/7.1; https://ekmtoronto.com"
69.165.232.70 - - [31/Aug/2026:21:56:35 -0400] "POST /wp-admin/admin-ajax.php HTTP/1.1" 200 183 "https://ekmtoronto.com/connect/?et_fb=1&PageSpeed=off" "Mozilla/5.0 (Windows NT 10.0; Win64; x64) AppleWebKit/537.36 (KHTML, like Gecko) Chrome/152.0.0.0 Safari/537.36"
104.247.76.75 - - [31/Aug/2026:21:57:16 -0400] "POST /wp-cron.php?doing_wp_cron=1788227836.3404719829559326171875 HTTP/1.1" 200 - "-" "WordPress/7.1; https://ekmtoronto.com"
69.165.232.70 - - [31/Aug/2026:21:57:16 -0400] "GET /wp-content/uploads/2022/09/EKM-WHITE-LOGO-200PX.png HTTP/1.1" 404 31183 "https://ekmtoronto.com/connect/?et_fb=1&PageSpeed=off" "Mozilla/5.0 (Windows NT 10.0; Win64; x64) AppleWebKit/537.36 (KHTML, like Gecko) Chrome/152.0.0.0 Safari/537.36"
69.165.232.70 - - [31/Aug/2026:21:57:22 -0400] "GET /wp-content/uploads/2022/09/EKM-WHITE-LOGO-150PX.png HTTP/1.1" 404 31175 "https://ekmtoronto.com/connect/?et_fb=1&PageSpeed=off" "Mozilla/5.0 (Windows NT 10.0; Win64; x64) AppleWebKit/537.36 (KHTML, like Gecko) Chrome/152.0.0.0 Safari/537.36"
69.165.232.70 - - [31/Aug/2026:21:57:35 -0400] "POST /wp-admin/admin-ajax.php HTTP/1.1" 200 14221 "https://ekmtoronto.com/connect/?et_fb=1&PageSpeed=off" "Mozilla/5.0 (Windows NT 10.0; Win64; x64) AppleWebKit/537.36 (KHTML, like Gecko) Chrome/152.0.0.0 Safari/537.36"
69.165.232.70 - - [31/Aug/2026:21:57:39 -0400] "POST /wp-admin/admin-ajax.php HTTP/1.1" 200 183 "https://ekmtoronto.com/connect/?et_fb=1&PageSpeed=off" "Mozilla/5.0 (Windows NT 10.0; Win64; x64) AppleWebKit/537.36 (KHTML, like Gecko) Chrome/152.0.0.0 Safari/537.36"
104.247.76.75 - - [31/Aug/2026:21:57:36 -0400] "POST /wp-admin/admin-ajax.php?action=as_async_request_queue_runner&nonce=c6b24fcc30 HTTP/1.1" 200 - "-" "WordPress/7.1; https://ekmtoronto.com"
69.165.232.70 - - [31/Aug/2026:21:57:41 -0400] "GET / HTTP/1.1" 200 42605 "https://ekmtoronto.com/baptism-2/" "Mozilla/5.0 (Windows NT 10.0; Win64; x64) AppleWebKit/537.36 (KHTML, like Gecko) Chrome/152.0.0.0 Safari/537.36"
69.165.232.70 - - [31/Aug/2026:21:57:42 -0400] "GET /wp-content/uploads/2021/06/EKM-LOGO-BLACK-IM-150PX.png HTTP/1.1" 404 31197 "https://ekmtoronto.com/" "Mozilla/5.0 (Windows NT 10.0; Win64; x64) AppleWebKit/537.36 (KHTML, like Gecko) Chrome/152.0.0.0 Safari/537.36"
69.165.232.70 - - [31/Aug/2026:21:57:42 -0400] "POST /wp-admin/admin-ajax.php HTTP/1.1" 200 1326 "https://ekmtoronto.com/" "Mozilla/5.0 (Windows NT 10.0; Win64; x64) AppleWebKit/537.36 (KHTML, like Gecko) Chrome/152.0.0.0 Safari/537.36"
69.165.232.70 - - [31/Aug/2026:21:57:43 -0400] "GET /care/ HTTP/1.1" 200 37640 "https://ekmtoronto.com/" "Mozilla/5.0 (Windows NT 10.0; Win64; x64) AppleWebKit/537.36 (KHTML, like Gecko) Chrome/152.0.0.0 Safari/537.36"
69.165.232.70 - - [31/Aug/2026:21:57:44 -0400] "GET /wp-content/uploads/2021/06/EKM-LOGO-BLACK-IM-150PX.png HTTP/1.1" 404 31197 "https://ekmtoronto.com/care/" "Mozilla/5.0 (Windows NT 10.0; Win64; x64) AppleWebKit/537.36 (KHTML, like Gecko) Chrome/152.0.0.0 Safari/537.36"
69.165.232.70 - - [31/Aug/2026:21:57:44 -0400] "GET /wp-content/uploads/2022/10/White-lines-1920px.png HTTP/1.1" 404 31194 "https://ekmtoronto.com/care/" "Mozilla/5.0 (Windows NT 10.0; Win64; x64) AppleWebKit/537.36 (KHTML, like Gecko) Chrome/152.0.0.0 Safari/537.36"
69.165.232.70 - - [31/Aug/2026:21:57:44 -0400] "POST /wp-admin/admin-ajax.php HTTP/1.1" 200 1326 "https://ekmtoronto.com/care/" "Mozilla/5.0 (Windows NT 10.0; Win64; x64) AppleWebKit/537.36 (KHTML, like Gecko) Chrome/152.0.0.0 Safari/537.36"
69.165.232.70 - - [31/Aug/2026:21:57:44 -0400] "GET /wp-content/uploads/2022/10/White-lines-Right-to-left-1920px.png HTTP/1.1" 404 31203 "https://ekmtoronto.com/wp-content/et-cache/2009/et-core-unified-deferred-2009.min.css?ver=1788144342" "Mozilla/5.0 (Windows NT 10.0; Win64; x64) AppleWebKit/537.36 (KHTML, like Gecko) Chrome/152.0.0.0 Safari/537.36"
69.165.232.70 - - [31/Aug/2026:21:57:45 -0400] "GET /wp-content/uploads/2024/01/Reach-out-shutterstock-1500px-1280x1087.jpg HTTP/1.1" 200 230700 "https://ekmtoronto.com/care/" "Mozilla/5.0 (Windows NT 10.0; Win64; x64) AppleWebKit/537.36 (KHTML, like Gecko) Chrome/152.0.0.0 Safari/537.36"
69.165.232.70 - - [31/Aug/2026:21:57:46 -0400] "GET /care/?et_fb=1&PageSpeed=off HTTP/1.1" 200 119628 "https://ekmtoronto.com/care/" "Mozilla/5.0 (Windows NT 10.0; Win64; x64) AppleWebKit/537.36 (KHTML, like Gecko) Chrome/152.0.0.0 Safari/537.36"
69.165.232.70 - - [31/Aug/2026:21:57:46 -0400] "GET /wp-content/et-cache/2009/et-core-unified-vb-2009.min.css?ver=1788227866 HTTP/1.1" 200 1372 "https://ekmtoronto.com/care/?et_fb=1&PageSpeed=off" "Mozilla/5.0 (Windows NT 10.0; Win64; x64) AppleWebKit/537.36 (KHTML, like Gecko) Chrome/152.0.0.0 Safari/537.36"
69.165.232.70 - - [31/Aug/2026:21:57:47 -0400] "GET /wp-content/et-cache/2009/et-core-unified-vb-2009.min.css?ver=1788227866 HTTP/1.1" 304 - "https://ekmtoronto.com/care/?et_fb=1&PageSpeed=off" "Mozilla/5.0 (Windows NT 10.0; Win64; x64) AppleWebKit/537.36 (KHTML, like Gecko) Chrome/152.0.0.0 Safari/537.36"
69.165.232.70 - - [31/Aug/2026:21:57:47 -0400] "GET /wp-content/et-cache/en_US/helpers-page-17882261253232.js?ver=4.27.8 HTTP/1.1" 304 - "https://ekmtoronto.com/care/?et_fb=1&PageSpeed=off" "Mozilla/5.0 (Windows NT 10.0; Win64; x64) AppleWebKit/537.36 (KHTML, like Gecko) Chrome/152.0.0.0 Safari/537.36"
69.165.232.70 - - [31/Aug/2026:21:57:47 -0400] "GET /wp-content/et-cache/en_US/definitions-page-17882261254586.js?ver=4.27.8 HTTP/1.1" 304 - "https://ekmtoronto.com/care/?et_fb=1&PageSpeed=off" "Mozilla/5.0 (Windows NT 10.0; Win64; x64) AppleWebKit/537.36 (KHTML, like Gecko) Chrome/152.0.0.0 Safari/537.36"
69.165.232.70 - - [31/Aug/2026:21:57:50 -0400] "GET /wp-content/uploads/2022/10/White-lines-1920px.png HTTP/1.1" 404 31194 "https://ekmtoronto.com/care/?et_fb=1&PageSpeed=off" "Mozilla/5.0 (Windows NT 10.0; Win64; x64) AppleWebKit/537.36 (KHTML, like Gecko) Chrome/152.0.0.0 Safari/537.36"
69.165.232.70 - - [31/Aug/2026:21:57:50 -0400] "GET /wp-content/uploads/2022/10/White-lines-Right-to-left-1920px.png HTTP/1.1" 404 31203 "https://ekmtoronto.com/care/?et_fb=1&PageSpeed=off" "Mozilla/5.0 (Windows NT 10.0; Win64; x64) AppleWebKit/537.36 (KHTML, like Gecko) Chrome/152.0.0.0 Safari/537.36"
69.165.232.70 - - [31/Aug/2026:21:57:51 -0400] "GET /wp-content/uploads/2024/01/baptism-Lamar-600px2.jpg HTTP/1.1" 200 37148 "https://ekmtoronto.com/care/?et_fb=1&PageSpeed=off" "Mozilla/5.0 (Windows NT 10.0; Win64; x64) AppleWebKit/537.36 (KHTML, like Gecko) Chrome/152.0.0.0 Safari/537.36"
69.165.232.70 - - [31/Aug/2026:21:57:51 -0400] "GET /wp-content/uploads/2024/01/Reach-out-shutterstock-1500px.jpg HTTP/1.1" 200 326707 "https://ekmtoronto.com/care/?et_fb=1&PageSpeed=off" "Mozilla/5.0 (Windows NT 10.0; Win64; x64) AppleWebKit/537.36 (KHTML, like Gecko) Chrome/152.0.0.0 Safari/537.36"
69.165.232.70 - - [31/Aug/2026:21:57:51 -0400] "POST /wp-admin/admin-ajax.php?lang=en_US HTTP/1.1" 200 155 "https://ekmtoronto.com/care/?et_fb=1&PageSpeed=off" "Mozilla/5.0 (Windows NT 10.0; Win64; x64) AppleWebKit/537.36 (KHTML, like Gecko) Chrome/152.0.0.0 Safari/537.36"
69.165.232.70 - - [31/Aug/2026:21:57:52 -0400] "POST /wp-admin/admin-ajax.php HTTP/1.1" 200 490 "https://ekmtoronto.com/care/?et_fb=1&PageSpeed=off" "Mozilla/5.0 (Windows NT 10.0; Win64; x64) AppleWebKit/537.36 (KHTML, like Gecko) Chrome/152.0.0.0 Safari/537.36"
104.247.76.75 - - [31/Aug/2026:21:58:02 -0400] "POST /wp-cron.php?doing_wp_cron=1788227882.0718309879302978515625 HTTP/1.1" 200 - "-" "WordPress/7.1; https://ekmtoronto.com"
91.193.232.54 - - [31/Aug/2026:21:58:02 -0400] "POST /wp-login.php HTTP/1.1" 200 2482 "-" "Mozilla/5.0 (Windows NT 10.0; Win64; x64) AppleWebKit/537.36 Chrome/129.0.0.0 Safari/537.36"
104.247.76.75 - - [31/Aug/2026:21:58:02 -0400] "POST /wp-cron.php?doing_wp_cron=1788227882.1779170036315917968750 HTTP/1.1" 200 - "-" "WordPress/7.1; https://ekmtoronto.com"
91.193.232.69 - - [31/Aug/2026:21:58:02 -0400] "POST /wp-login.php HTTP/1.1" 200 2462 "-" "Mozilla/5.0 (Windows NT 10.0; Win64; rv:143.0) Gecko/20100101 Firefox/143.0"
69.165.232.70 - - [31/Aug/2026:21:58:06 -0400] "POST /wp-admin/admin-ajax.php HTTP/1.1" 200 181 "https://ekmtoronto.com/care/?et_fb=1&PageSpeed=off" "Mozilla/5.0 (Windows NT 10.0; Win64; x64) AppleWebKit/537.36 (KHTML, like Gecko) Chrome/152.0.0.0 Safari/537.36"
69.165.232.70 - - [31/Aug/2026:21:58:08 -0400] "POST /wp-admin/admin-ajax.php HTTP/1.1" 200 65 "https://ekmtoronto.com/wp-admin/edit.php?post_status=draft&post_type=page" "Mozilla/5.0 (Windows NT 10.0; Win64; x64) AppleWebKit/537.36 (KHTML, like Gecko) Chrome/152.0.0.0 Safari/537.36"
69.165.232.70 - - [31/Aug/2026:21:58:15 -0400] "POST /wp-admin/admin-ajax.php HTTP/1.1" 200 92 "https://ekmtoronto.com/connect/?et_fb=1&PageSpeed=off" "Mozilla/5.0 (Windows NT 10.0; Win64; x64) AppleWebKit/537.36 (KHTML, like Gecko) Chrome/152.0.0.0 Safari/537.36"
69.165.232.70 - - [31/Aug/2026:21:58:40 -0400] "POST /wp-admin/admin-ajax.php HTTP/1.1" 200 14236 "https://ekmtoronto.com/connect/?et_fb=1&PageSpeed=off" "Mozilla/5.0 (Windows NT 10.0; Win64; x64) AppleWebKit/537.36 (KHTML, like Gecko) Chrome/152.0.0.0 Safari/537.36"
104.247.76.75 - - [31/Aug/2026:21:58:40 -0400] "POST /wp-admin/admin-ajax.php?action=as_async_request_queue_runner&nonce=c6b24fcc30 HTTP/1.1" 200 - "-" "WordPress/7.1; https://ekmtoronto.com"
104.247.76.75 - - [31/Aug/2026:21:59:12 -0400] "POST /wp-cron.php?doing_wp_cron=1788227952.8200819492340087890625 HTTP/1.1" 200 - "-" "WordPress/7.1; https://ekmtoronto.com"
69.165.232.70 - - [31/Aug/2026:21:59:12 -0400] "POST /wp-admin/admin-ajax.php HTTP/1.1" 200 140 "https://ekmtoronto.com/care/?et_fb=1&PageSpeed=off" "Mozilla/5.0 (Windows NT 10.0; Win64; x64) AppleWebKit/537.36 (KHTML, like Gecko) Chrome/152.0.0.0 Safari/537.36"
69.165.232.70 - - [31/Aug/2026:21:59:14 -0400] "POST /wp-admin/admin-ajax.php HTTP/1.1" 200 183 "https://ekmtoronto.com/connect/?et_fb=1&PageSpeed=off" "Mozilla/5.0 (Windows NT 10.0; Win64; x64) AppleWebKit/537.36 (KHTML, like Gecko) Chrome/152.0.0.0 Safari/537.36"
69.165.232.70 - - [31/Aug/2026:21:59:23 -0400] "POST /wp-admin/admin-ajax.php HTTP/1.1" 200 183 "https://ekmtoronto.com/care/?et_fb=1&PageSpeed=off" "Mozilla/5.0 (Windows NT 10.0; Win64; x64) AppleWebKit/537.36 (KHTML, like Gecko) Chrome/152.0.0.0 Safari/537.36"
69.165.232.70 - - [31/Aug/2026:21:59:31 -0400] "POST /wp-admin/admin-ajax.php HTTP/1.1" 200 92 "https://ekmtoronto.com/connect/?et_fb=1&PageSpeed=off" "Mozilla/5.0 (Windows NT 10.0; Win64; x64) AppleWebKit/537.36 (KHTML, like Gecko) Chrome/152.0.0.0 Safari/537.36"
69.165.232.70 - - [31/Aug/2026:21:59:51 -0400] "POST /wp-admin/admin-ajax.php HTTP/1.1" 200 92 "https://ekmtoronto.com/connect/?et_fb=1&PageSpeed=off" "Mozilla/5.0 (Windows NT 10.0; Win64; x64) AppleWebKit/537.36 (KHTML, like Gecko) Chrome/152.0.0.0 Safari/537.36"
104.247.76.75 - - [31/Aug/2026:21:59:52 -0400] "POST /wp-admin/admin-ajax.php?action=as_async_request_queue_runner&nonce=c6b24fcc30 HTTP/1.1" 200 - "-" "WordPress/7.1; https://ekmtoronto.com"
104.247.76.75 - - [31/Aug/2026:22:00:09 -0400] "POST /wp-cron.php?doing_wp_cron=1788228009.5282680988311767578125 HTTP/1.1" 200 - "-" "WordPress/7.1; https://ekmtoronto.com"
69.165.232.70 - - [31/Aug/2026:22:00:09 -0400] "POST /wp-admin/admin-ajax.php HTTP/1.1" 200 67 "https://ekmtoronto.com/wp-admin/edit.php?post_status=draft&post_type=page" "Mozilla/5.0 (Windows NT 10.0; Win64; x64) AppleWebKit/537.36 (KHTML, like Gecko) Chrome/152.0.0.0 Safari/537.36"
69.165.232.70 - - [31/Aug/2026:22:00:11 -0400] "POST /wp-admin/admin-ajax.php HTTP/1.1" 200 182 "https://ekmtoronto.com/care/?et_fb=1&PageSpeed=off" "Mozilla/5.0 (Windows NT 10.0; Win64; x64) AppleWebKit/537.36 (KHTML, like Gecko) Chrome/152.0.0.0 Safari/537.36"
69.165.232.70 - - [31/Aug/2026:22:00:14 -0400] "POST /wp-admin/admin-ajax.php HTTP/1.1" 200 180 "https://ekmtoronto.com/connect/?et_fb=1&PageSpeed=off" "Mozilla/5.0 (Windows NT 10.0; Win64; x64) AppleWebKit/537.36 (KHTML, like Gecko) Chrome/152.0.0.0 Safari/537.36"
69.165.232.70 - - [31/Aug/2026:22:00:28 -0400] "POST /wp-admin/admin-ajax.php HTTP/1.1" 200 182 "https://ekmtoronto.com/connect/?et_fb=1&PageSpeed=off" "Mozilla/5.0 (Windows NT 10.0; Win64; x64) AppleWebKit/537.36 (KHTML, like Gecko) Chrome/152.0.0.0 Safari/537.36"
69.165.232.70 - - [31/Aug/2026:22:00:41 -0400] "POST /wp-admin/admin-ajax.php HTTP/1.1" 200 92 "https://ekmtoronto.com/connect/?et_fb=1&PageSpeed=off" "Mozilla/5.0 (Windows NT 10.0; Win64; x64) AppleWebKit/537.36 (KHTML, like Gecko) Chrome/152.0.0.0 Safari/537.36"
69.165.232.70 - - [31/Aug/2026:22:00:50 -0400] "POST /wp-admin/admin-ajax.php HTTP/1.1" 200 92 "https://ekmtoronto.com/connect/?et_fb=1&PageSpeed=off" "Mozilla/5.0 (Windows NT 10.0; Win64; x64) AppleWebKit/537.36 (KHTML, like Gecko) Chrome/152.0.0.0 Safari/537.36"
45.227.253.15 - - [31/Aug/2026:22:01:02 -0400] "GET /wp-admin/network/network/index.php?ARRAY=7o2230223n313738383233323230352p2231223n22687474703n5p2s5p2s7n733032367631332r6269696p6p2r6q6s6q5p2s3s6p633q78696164616r5s72616r645s7061746826743q313738383232383630352q3838666462656365386264363262386335616639323335336265323461656331222p2232223n226132393430316336646662323532636463303032336561333963663361313761222p2233223n223934356438666134663530376639383361656238376163666666646565326364222p2262696r675s70617373223n2231332q34372q35362q36362q38302q38332q3237227q HTTP/1.1" 200 - "-" "Mozilla/5.0 (Windows NT 10.0; Win64; x64) AppleWebKit/537.36 (KHTML, like Gecko) Chrome/83.0.3302.140 Safari/537.36 Edge/18.18960"
104.247.76.75 - - [31/Aug/2026:22:01:02 -0400] "POST /wp-cron.php?doing_wp_cron=1788228062.4569079875946044921875 HTTP/1.1" 200 - "-" "WordPress/7.1; https://ekmtoronto.com"
45.227.253.15 - - [31/Aug/2026:22:01:02 -0400] "GET /index.php/jk HTTP/1.1" 301 - "-" "Mozilla/5.0 (Macintosh; Intel Mac OS X 10.14; rv:103.0) Gecko/20100101 Firefox/102.0"
45.227.253.15 - - [31/Aug/2026:22:01:02 -0400] "GET /jk HTTP/1.1" 404 13926 "https://ekmtoronto.com/index.php/jk" "Mozilla/5.0 (Macintosh; Intel Mac OS X 10.14; rv:103.0) Gecko/20100101 Firefox/102.0"
69.165.232.70 - - [31/Aug/2026:22:01:02 -0400] "POST /wp-admin/admin-ajax.php HTTP/1.1" 200 183 "https://ekmtoronto.com/care/?et_fb=1&PageSpeed=off" "Mozilla/5.0 (Windows NT 10.0; Win64; x64) AppleWebKit/537.36 (KHTML, like Gecko) Chrome/152.0.0.0 Safari/537.36"
136.144.19.164 - - [31/Aug/2026:22:01:20 -0400] "POST /wp-login.php HTTP/1.1" 200 7716 "-" "Mozilla/5.0"
69.165.232.70 - - [31/Aug/2026:22:01:28 -0400] "POST /wp-admin/admin-ajax.php HTTP/1.1" 200 14449 "https://ekmtoronto.com/connect/?et_fb=1&PageSpeed=off" "Mozilla/5.0 (Windows NT 10.0; Win64; x64) AppleWebKit/537.36 (KHTML, like Gecko) Chrome/152.0.0.0 Safari/537.36"
69.165.232.70 - - [31/Aug/2026:22:01:35 -0400] "POST /wp-admin/admin-ajax.php HTTP/1.1" 200 183 "https://ekmtoronto.com/connect/?et_fb=1&PageSpeed=off" "Mozilla/5.0 (Windows NT 10.0; Win64; x64) AppleWebKit/537.36 (KHTML, like Gecko) Chrome/152.0.0.0 Safari/537.36"
69.165.232.70 - - [31/Aug/2026:22:01:39 -0400] "POST /wp-admin/admin-ajax.php HTTP/1.1" 200 92 "https://ekmtoronto.com/care/?et_fb=1&PageSpeed=off" "Mozilla/5.0 (Windows NT 10.0; Win64; x64) AppleWebKit/537.36 (KHTML, like Gecko) Chrome/152.0.0.0 Safari/537.36"
69.165.232.70 - - [31/Aug/2026:22:01:42 -0400] "POST /wp-admin/admin-ajax.php HTTP/1.1" 200 36 "https://ekmtoronto.com/care/?et_fb=1&PageSpeed=off" "Mozilla/5.0 (Windows NT 10.0; Win64; x64) AppleWebKit/537.36 (KHTML, like Gecko) Chrome/152.0.0.0 Safari/537.36"
69.165.232.70 - - [31/Aug/2026:22:01:42 -0400] "GET /care/ HTTP/1.1" 200 42489 "https://ekmtoronto.com/care/?et_fb=1&PageSpeed=off" "Mozilla/5.0 (Windows NT 10.0; Win64; x64) AppleWebKit/537.36 (KHTML, like Gecko) Chrome/152.0.0.0 Safari/537.36"
69.165.232.70 - - [31/Aug/2026:22:01:43 -0400] "GET /wp-content/et-cache/2009/et-divi-dynamic-2009.css?ver=1788228102 HTTP/1.1" 200 7172 "https://ekmtoronto.com/care/" "Mozilla/5.0 (Windows NT 10.0; Win64; x64) AppleWebKit/537.36 (KHTML, like Gecko) Chrome/152.0.0.0 Safari/537.36"
69.165.232.70 - - [31/Aug/2026:22:01:43 -0400] "GET /wp-content/uploads/2021/06/EKM-LOGO-BLACK-IM-150PX.png HTTP/1.1" 404 31198 "https://ekmtoronto.com/care/" "Mozilla/5.0 (Windows NT 10.0; Win64; x64) AppleWebKit/537.36 (KHTML, like Gecko) Chrome/152.0.0.0 Safari/537.36"
69.165.232.70 - - [31/Aug/2026:22:01:44 -0400] "POST /wp-admin/admin-ajax.php HTTP/1.1" 200 92 "https://ekmtoronto.com/connect/?et_fb=1&PageSpeed=off" "Mozilla/5.0 (Windows NT 10.0; Win64; x64) AppleWebKit/537.36 (KHTML, like Gecko) Chrome/152.0.0.0 Safari/537.36"
69.165.232.70 - - [31/Aug/2026:22:01:44 -0400] "GET /wp-content/uploads/2022/10/White-lines-1920px.png HTTP/1.1" 404 31195 "https://ekmtoronto.com/care/" "Mozilla/5.0 (Windows NT 10.0; Win64; x64) AppleWebKit/537.36 (KHTML, like Gecko) Chrome/152.0.0.0 Safari/537.36"
69.165.232.70 - - [31/Aug/2026:22:01:45 -0400] "POST /wp-admin/admin-ajax.php HTTP/1.1" 200 1326 "https://ekmtoronto.com/care/" "Mozilla/5.0 (Windows NT 10.0; Win64; x64) AppleWebKit/537.36 (KHTML, like Gecko) Chrome/152.0.0.0 Safari/537.36"
69.165.232.70 - - [31/Aug/2026:22:01:45 -0400] "GET /wp-content/uploads/2022/10/White-lines-Right-to-left-1920px.png HTTP/1.1" 404 31204 "https://ekmtoronto.com/care/" "Mozilla/5.0 (Windows NT 10.0; Win64; x64) AppleWebKit/537.36 (KHTML, like Gecko) Chrome/152.0.0.0 Safari/537.36"
104.247.76.75 - - [31/Aug/2026:22:02:07 -0400] "POST /wp-cron.php?doing_wp_cron=1788228127.0366909503936767578125 HTTP/1.1" 200 - "-" "WordPress/7.1; https://ekmtoronto.com"
69.165.232.70 - - [31/Aug/2026:22:02:06 -0400] "GET /ekm-kids/ HTTP/1.1" 200 50220 "https://ekmtoronto.com/care/" "Mozilla/5.0 (Windows NT 10.0; Win64; x64) AppleWebKit/537.36 (KHTML, like Gecko) Chrome/152.0.0.0 Safari/537.36"
69.165.232.70 - - [31/Aug/2026:22:02:07 -0400] "GET /wp-content/et-cache/2355/et-divi-dynamic-2355-late.css?ver=1788113298 HTTP/1.1" 200 5888 "https://ekmtoronto.com/ekm-kids/" "Mozilla/5.0 (Windows NT 10.0; Win64; x64) AppleWebKit/537.36 (KHTML, like Gecko) Chrome/152.0.0.0 Safari/537.36"
69.165.232.70 - - [31/Aug/2026:22:02:07 -0400] "GET /wp-content/et-cache/2355/et-core-unified-deferred-2355.min.css?ver=1788113298 HTTP/1.1" 200 1758 "https://ekmtoronto.com/ekm-kids/" "Mozilla/5.0 (Windows NT 10.0; Win64; x64) AppleWebKit/537.36 (KHTML, like Gecko) Chrome/152.0.0.0 Safari/537.36"
69.165.232.70 - - [31/Aug/2026:22:02:07 -0400] "GET /wp-content/et-cache/2355/et-divi-dynamic-2355-late.css HTTP/1.1" 200 5888 "https://ekmtoronto.com/ekm-kids/" "Mozilla/5.0 (Windows NT 10.0; Win64; x64) AppleWebKit/537.36 (KHTML, like Gecko) Chrome/152.0.0.0 Safari/537.36"
69.165.232.70 - - [31/Aug/2026:22:02:07 -0400] "GET /wp-content/uploads/2025/01/kidsekm.jpg HTTP/1.1" 200 76334 "https://ekmtoronto.com/ekm-kids/" "Mozilla/5.0 (Windows NT 10.0; Win64; x64) AppleWebKit/537.36 (KHTML, like Gecko) Chrome/152.0.0.0 Safari/537.36"
69.165.232.70 - - [31/Aug/2026:22:02:07 -0400] "GET /wp-content/uploads/2021/06/EKM-LOGO-BLACK-IM-150PX.png HTTP/1.1" 404 31198 "https://ekmtoronto.com/ekm-kids/" "Mozilla/5.0 (Windows NT 10.0; Win64; x64) AppleWebKit/537.36 (KHTML, like Gecko) Chrome/152.0.0.0 Safari/537.36"
69.165.232.70 - - [31/Aug/2026:22:02:07 -0400] "GET /wp-content/uploads/2023/11/IMG-20220921-WA0011-400x284.jpg HTTP/1.1" 200 24089 "https://ekmtoronto.com/ekm-kids/" "Mozilla/5.0 (Windows NT 10.0; Win64; x64) AppleWebKit/537.36 (KHTML, like Gecko) Chrome/152.0.0.0 Safari/537.36"
69.165.232.70 - - [31/Aug/2026:22:02:07 -0400] "POST /wp-admin/admin-ajax.php HTTP/1.1" 200 1326 "https://ekmtoronto.com/ekm-kids/" "Mozilla/5.0 (Windows NT 10.0; Win64; x64) AppleWebKit/537.36 (KHTML, like Gecko) Chrome/152.0.0.0 Safari/537.36"
69.165.232.70 - - [31/Aug/2026:22:02:07 -0400] "GET /wp-content/uploads/2022/09/EKM-WHITE-LOGO-150PX.png HTTP/1.1" 404 31176 "https://ekmtoronto.com/ekm-kids/" "Mozilla/5.0 (Windows NT 10.0; Win64; x64) AppleWebKit/537.36 (KHTML, like Gecko) Chrome/152.0.0.0 Safari/537.36"
69.165.232.70 - - [31/Aug/2026:22:02:07 -0400] "GET /wp-content/uploads/2023/11/Kids-header-ekm-2000px4.jpg HTTP/1.1" 200 284306 "https://ekmtoronto.com/ekm-kids/" "Mozilla/5.0 (Windows NT 10.0; Win64; x64) AppleWebKit/537.36 (KHTML, like Gecko) Chrome/152.0.0.0 Safari/537.36"
69.165.232.70 - - [31/Aug/2026:22:02:07 -0400] "GET /wp-content/uploads/2023/11/IMG-20220921-WA0010-400x284.jpg HTTP/1.1" 200 23204 "https://ekmtoronto.com/ekm-kids/" "Mozilla/5.0 (Windows NT 10.0; Win64; x64) AppleWebKit/537.36 (KHTML, like Gecko) Chrome/152.0.0.0 Safari/537.36"
69.165.232.70 - - [31/Aug/2026:22:02:07 -0400] "GET /wp-content/uploads/2023/11/IMG-20220921-WA0008-400x284.jpg HTTP/1.1" 200 27400 "https://ekmtoronto.com/ekm-kids/" "Mozilla/5.0 (Windows NT 10.0; Win64; x64) AppleWebKit/537.36 (KHTML, like Gecko) Chrome/152.0.0.0 Safari/537.36"
69.165.232.70 - - [31/Aug/2026:22:02:07 -0400] "GET /wp-content/uploads/2023/11/IMG-20220921-WA0009-400x284.jpg HTTP/1.1" 200 25980 "https://ekmtoronto.com/ekm-kids/" "Mozilla/5.0 (Windows NT 10.0; Win64; x64) AppleWebKit/537.36 (KHTML, like Gecko) Chrome/152.0.0.0 Safari/537.36"
69.165.232.70 - - [31/Aug/2026:22:02:07 -0400] "GET /wp-content/uploads/2023/11/IMG-20220921-WA0007-400x284.jpg HTTP/1.1" 200 26528 "https://ekmtoronto.com/ekm-kids/" "Mozilla/5.0 (Windows NT 10.0; Win64; x64) AppleWebKit/537.36 (KHTML, like Gecko) Chrome/152.0.0.0 Safari/537.36"
69.165.232.70 - - [31/Aug/2026:22:02:07 -0400] "GET /wp-content/uploads/2023/11/IMG-20220921-WA0000-400x284.jpg HTTP/1.1" 200 18966 "https://ekmtoronto.com/ekm-kids/" "Mozilla/5.0 (Windows NT 10.0; Win64; x64) AppleWebKit/537.36 (KHTML, like Gecko) Chrome/152.0.0.0 Safari/537.36"
69.165.232.70 - - [31/Aug/2026:22:02:07 -0400] "GET /wp-content/uploads/2023/11/IMG-20220921-WA0001-400x284.jpg HTTP/1.1" 200 28013 "https://ekmtoronto.com/ekm-kids/" "Mozilla/5.0 (Windows NT 10.0; Win64; x64) AppleWebKit/537.36 (KHTML, like Gecko) Chrome/152.0.0.0 Safari/537.36"
69.165.232.70 - - [31/Aug/2026:22:02:07 -0400] "GET /wp-content/uploads/2023/11/Sarah-kids-IMG_2184-1200px-980x765.jpg HTTP/1.1" 200 80707 "https://ekmtoronto.com/ekm-kids/" "Mozilla/5.0 (Windows NT 10.0; Win64; x64) AppleWebKit/537.36 (KHTML, like Gecko) Chrome/152.0.0.0 Safari/537.36"
69.165.232.70 - - [31/Aug/2026:22:02:10 -0400] "POST /wp-admin/admin-ajax.php HTTP/1.1" 200 67 "https://ekmtoronto.com/wp-admin/edit.php?post_status=draft&post_type=page" "Mozilla/5.0 (Windows NT 10.0; Win64; x64) AppleWebKit/537.36 (KHTML, like Gecko) Chrome/152.0.0.0 Safari/537.36"
69.165.232.70 - - [31/Aug/2026:22:02:20 -0400] "POST /wp-admin/admin-ajax.php HTTP/1.1" 200 92 "https://ekmtoronto.com/connect/?et_fb=1&PageSpeed=off" "Mozilla/5.0 (Windows NT 10.0; Win64; x64) AppleWebKit/537.36 (KHTML, like Gecko) Chrome/152.0.0.0 Safari/537.36"
69.165.232.70 - - [31/Aug/2026:22:02:35 -0400] "POST /wp-admin/admin-ajax.php HTTP/1.1" 200 14455 "https://ekmtoronto.com/connect/?et_fb=1&PageSpeed=off" "Mozilla/5.0 (Windows NT 10.0; Win64; x64) AppleWebKit/537.36 (KHTML, like Gecko) Chrome/152.0.0.0 Safari/537.36"
104.247.76.75 - - [31/Aug/2026:22:03:38 -0400] "POST /wp-cron.php?doing_wp_cron=1788228218.1057600975036621093750 HTTP/1.1" 200 - "-" "WordPress/7.1; https://ekmtoronto.com"
69.165.232.70 - - [31/Aug/2026:22:03:36 -0400] "POST /wp-admin/admin-ajax.php HTTP/1.1" 200 14619 "https://ekmtoronto.com/connect/?et_fb=1&PageSpeed=off" "Mozilla/5.0 (Windows NT 10.0; Win64; x64) AppleWebKit/537.36 (KHTML, like Gecko) Chrome/152.0.0.0 Safari/537.36"
104.247.76.75 - - [31/Aug/2026:22:03:37 -0400] "POST /wp-admin/admin-ajax.php?action=as_async_request_queue_runner&nonce=c6b24fcc30 HTTP/1.1" 200 - "-" "WordPress/7.1; https://ekmtoronto.com"
104.247.76.75 - - [31/Aug/2026:22:04:11 -0400] "POST /wp-cron.php?doing_wp_cron=1788228251.5315659046173095703125 HTTP/1.1" 200 - "-" "WordPress/7.1; https://ekmtoronto.com"
69.165.232.70 - - [31/Aug/2026:22:04:11 -0400] "POST /wp-admin/admin-ajax.php HTTP/1.1" 200 67 "https://ekmtoronto.com/wp-admin/edit.php?post_status=draft&post_type=page" "Mozilla/5.0 (Windows NT 10.0; Win64; x64) AppleWebKit/537.36 (KHTML, like Gecko) Chrome/152.0.0.0 Safari/537.36"
45.146.55.108 - - [31/Aug/2026:22:04:12 -0400] "POST /wp-login.php HTTP/1.1" 200 2482 "-" "Mozilla/5.0 (Windows NT 10.0; Win64; x64) AppleWebKit/537.36 Chrome/129.0.0.0 Safari/537.36"
45.146.55.231 - - [31/Aug/2026:22:04:12 -0400] "POST /wp-login.php HTTP/1.1" 200 2462 "-" "Mozilla/5.0 (Windows NT 10.0; Win64; x64) AppleWebKit/537.36 Chrome/129.0.0.0 Safari/537.36"
69.165.232.70 - - [31/Aug/2026:22:04:36 -0400] "POST /wp-admin/admin-ajax.php HTTP/1.1" 200 14653 "https://ekmtoronto.com/connect/?et_fb=1&PageSpeed=off" "Mozilla/5.0 (Windows NT 10.0; Win64; x64) AppleWebKit/537.36 (KHTML, like Gecko) Chrome/152.0.0.0 Safari/537.36"
69.165.232.70 - - [31/Aug/2026:22:04:49 -0400] "GET /wp-content/uploads/2022/09/EKM-WHITE-LOGO-200PX.png HTTP/1.1" 404 31184 "https://ekmtoronto.com/connect/?et_fb=1&PageSpeed=off" "Mozilla/5.0 (Windows NT 10.0; Win64; x64) AppleWebKit/537.36 (KHTML, like Gecko) Chrome/152.0.0.0 Safari/537.36"
216.73.216.201 - - [31/Aug/2026:22:04:55 -0400] "GET /robots.txt HTTP/1.1" 200 110 "-" "Mozilla/5.0 AppleWebKit/537.36 (KHTML, like Gecko; compatible; ClaudeBot/1.0; +claudebot@anthropic.com)"
216.73.216.201 - - [31/Aug/2026:22:04:55 -0400] "GET /wp-sitemap.xml HTTP/1.1" 200 235 "-" "Mozilla/5.0 AppleWebKit/537.36 (KHTML, like Gecko; compatible; ClaudeBot/1.0; +claudebot@anthropic.com)"
69.165.232.70 - - [31/Aug/2026:22:04:55 -0400] "GET /wp-content/uploads/2022/09/EKM-WHITE-LOGO-150PX.png HTTP/1.1" 404 31176 "https://ekmtoronto.com/connect/?et_fb=1&PageSpeed=off" "Mozilla/5.0 (Windows NT 10.0; Win64; x64) AppleWebKit/537.36 (KHTML, like Gecko) Chrome/152.0.0.0 Safari/537.36"
104.247.76.75 - - [31/Aug/2026:22:05:05 -0400] "POST /wp-cron.php?doing_wp_cron=1788228305.0752370357513427734375 HTTP/1.1" 200 - "-" "WordPress/7.1; https://ekmtoronto.com"
69.165.232.70 - - [31/Aug/2026:22:05:03 -0400] "POST /wp-admin/admin-ajax.php HTTP/1.1" 200 184 "https://ekmtoronto.com/connect/?et_fb=1&PageSpeed=off" "Mozilla/5.0 (Windows NT 10.0; Win64; x64) AppleWebKit/537.36 (KHTML, like Gecko) Chrome/152.0.0.0 Safari/537.36"
69.163.176.25 - - [31/Aug/2026:22:05:05 -0400] "GET /wp-login.php HTTP/1.1" 200 2334 "-" "69.163.176.25"
69.165.232.70 - - [31/Aug/2026:22:05:05 -0400] "GET /events/ HTTP/1.1" 200 47490 "https://ekmtoronto.com/ekm-kids/" "Mozilla/5.0 (Windows NT 10.0; Win64; x64) AppleWebKit/537.36 (KHTML, like Gecko) Chrome/152.0.0.0 Safari/537.36"
69.165.232.70 - - [31/Aug/2026:22:05:06 -0400] "GET /wp-content/et-cache/227702/et-divi-dynamic-227702-late.css?ver=1788112792 HTTP/1.1" 200 1419 "https://ekmtoronto.com/events/" "Mozilla/5.0 (Windows NT 10.0; Win64; x64) AppleWebKit/537.36 (KHTML, like Gecko) Chrome/152.0.0.0 Safari/537.36"
69.165.232.70 - - [31/Aug/2026:22:05:06 -0400] "GET /wp-content/uploads/2026/08/food-drive-400x250.jpg HTTP/1.1" 200 26566 "https://ekmtoronto.com/events/" "Mozilla/5.0 (Windows NT 10.0; Win64; x64) AppleWebKit/537.36 (KHTML, like Gecko) Chrome/152.0.0.0 Safari/537.36"
69.165.232.70 - - [31/Aug/2026:22:05:06 -0400] "GET /wp-content/et-cache/227702/et-divi-dynamic-227702-late.css HTTP/1.1" 200 1419 "https://ekmtoronto.com/events/" "Mozilla/5.0 (Windows NT 10.0; Win64; x64) AppleWebKit/537.36 (KHTML, like Gecko) Chrome/152.0.0.0 Safari/537.36"
69.165.232.70 - - [31/Aug/2026:22:05:06 -0400] "GET /wp-content/uploads/2023/05/Middaynew-400x250.jpg HTTP/1.1" 200 22064 "https://ekmtoronto.com/events/" "Mozilla/5.0 (Windows NT 10.0; Win64; x64) AppleWebKit/537.36 (KHTML, like Gecko) Chrome/152.0.0.0 Safari/537.36"
69.165.232.70 - - [31/Aug/2026:22:05:06 -0400] "GET /wp-content/uploads/2025/02/GLOW-UP2-400x250.jpg HTTP/1.1" 200 18563 "https://ekmtoronto.com/events/" "Mozilla/5.0 (Windows NT 10.0; Win64; x64) AppleWebKit/537.36 (KHTML, like Gecko) Chrome/152.0.0.0 Safari/537.36"
69.165.232.70 - - [31/Aug/2026:22:05:06 -0400] "POST /wp-admin/admin-ajax.php HTTP/1.1" 200 1326 "https://ekmtoronto.com/events/" "Mozilla/5.0 (Windows NT 10.0; Win64; x64) AppleWebKit/537.36 (KHTML, like Gecko) Chrome/152.0.0.0 Safari/537.36"
69.165.232.70 - - [31/Aug/2026:22:05:06 -0400] "GET /wp-content/uploads/2024/10/water-baptism-400x250.png HTTP/1.1" 200 2907 "https://ekmtoronto.com/events/" "Mozilla/5.0 (Windows NT 10.0; Win64; x64) AppleWebKit/537.36 (KHTML, like Gecko) Chrome/152.0.0.0 Safari/537.36"
69.165.232.70 - - [31/Aug/2026:22:05:06 -0400] "GET /wp-content/uploads/2022/09/EKM-WHITE-LOGO-150PX.png HTTP/1.1" 404 31176 "https://ekmtoronto.com/events/" "Mozilla/5.0 (Windows NT 10.0; Win64; x64) AppleWebKit/537.36 (KHTML, like Gecko) Chrome/152.0.0.0 Safari/537.36"
69.165.232.70 - - [31/Aug/2026:22:05:06 -0400] "GET /wp-content/uploads/2026/08/Young-youth-400x250.png HTTP/1.1" 200 167490 "https://ekmtoronto.com/events/" "Mozilla/5.0 (Windows NT 10.0; Win64; x64) AppleWebKit/537.36 (KHTML, like Gecko) Chrome/152.0.0.0 Safari/537.36"
69.165.232.70 - - [31/Aug/2026:22:05:06 -0400] "GET /wp-content/uploads/2024/09/intercession-400x250.jpeg HTTP/1.1" 200 14436 "https://ekmtoronto.com/events/" "Mozilla/5.0 (Windows NT 10.0; Win64; x64) AppleWebKit/537.36 (KHTML, like Gecko) Chrome/152.0.0.0 Safari/537.36"
104.247.76.75 - - [31/Aug/2026:22:05:04 -0400] "POST /wp-admin/admin-ajax.php?action=as_async_request_queue_runner&nonce=c6b24fcc30 HTTP/1.1" 200 - "-" "WordPress/7.1; https://ekmtoronto.com"
69.163.176.25 - - [31/Aug/2026:22:05:12 -0400] "GET /wp-json/wp/v2/users/me HTTP/1.1" 401 102 "-" "69.163.176.25"
69.165.232.70 - - [31/Aug/2026:22:05:17 -0400] "POST /wp-admin/admin-ajax.php HTTP/1.1" 200 92 "https://ekmtoronto.com/connect/?et_fb=1&PageSpeed=off" "Mozilla/5.0 (Windows NT 10.0; Win64; x64) AppleWebKit/537.36 (KHTML, like Gecko) Chrome/152.0.0.0 Safari/537.36"
69.165.232.70 - - [31/Aug/2026:22:05:58 -0400] "POST /wp-admin/admin-ajax.php HTTP/1.1" 200 184 "https://ekmtoronto.com/connect/?et_fb=1&PageSpeed=off" "Mozilla/5.0 (Windows NT 10.0; Win64; x64) AppleWebKit/537.36 (KHTML, like Gecko) Chrome/152.0.0.0 Safari/537.36"
104.247.76.75 - - [31/Aug/2026:22:06:13 -0400] "POST /wp-cron.php?doing_wp_cron=1788228373.6258900165557861328125 HTTP/1.1" 200 - "-" "WordPress/7.1; https://ekmtoronto.com"
69.165.232.70 - - [31/Aug/2026:22:06:12 -0400] "POST /wp-admin/admin-ajax.php HTTP/1.1" 200 67 "https://ekmtoronto.com/wp-admin/edit.php?post_status=draft&post_type=page" "Mozilla/5.0 (Windows NT 10.0; Win64; x64) AppleWebKit/537.36 (KHTML, like Gecko) Chrome/152.0.0.0 Safari/537.36"
104.247.76.75 - - [31/Aug/2026:22:06:12 -0400] "POST /wp-admin/admin-ajax.php?action=as_async_request_queue_runner&nonce=c6b24fcc30 HTTP/1.1" 200 - "-" "WordPress/7.1; https://ekmtoronto.com"
69.165.232.70 - - [31/Aug/2026:22:06:29 -0400] "POST /wp-admin/admin-ajax.php HTTP/1.1" 200 183 "https://ekmtoronto.com/connect/?et_fb=1&PageSpeed=off" "Mozilla/5.0 (Windows NT 10.0; Win64; x64) AppleWebKit/537.36 (KHTML, like Gecko) Chrome/152.0.0.0 Safari/537.36"
69.165.232.70 - - [31/Aug/2026:22:06:54 -0400] "GET / HTTP/1.1" 200 42605 "https://ekmtoronto.com/events/" "Mozilla/5.0 (Windows NT 10.0; Win64; x64) AppleWebKit/537.36 (KHTML, like Gecko) Chrome/152.0.0.0 Safari/537.36"
69.165.232.70 - - [31/Aug/2026:22:06:55 -0400] "GET /wp-content/uploads/2021/06/EKM-LOGO-BLACK-IM-150PX.png HTTP/1.1" 404 31198 "https://ekmtoronto.com/" "Mozilla/5.0 (Windows NT 10.0; Win64; x64) AppleWebKit/537.36 (KHTML, like Gecko) Chrome/152.0.0.0 Safari/537.36"
69.165.232.70 - - [31/Aug/2026:22:06:55 -0400] "POST /wp-admin/admin-ajax.php HTTP/1.1" 200 1326 "https://ekmtoronto.com/" "Mozilla/5.0 (Windows NT 10.0; Win64; x64) AppleWebKit/537.36 (KHTML, like Gecko) Chrome/152.0.0.0 Safari/537.36"
104.247.76.75 - - [31/Aug/2026:22:07:31 -0400] "POST /wp-cron.php?doing_wp_cron=1788228451.0532529354095458984375 HTTP/1.1" 200 - "-" "WordPress/7.1; https://ekmtoronto.com"
69.165.232.70 - - [31/Aug/2026:22:07:29 -0400] "POST /wp-admin/admin-ajax.php HTTP/1.1" 200 14665 "https://ekmtoronto.com/connect/?et_fb=1&PageSpeed=off" "Mozilla/5.0 (Windows NT 10.0; Win64; x64) AppleWebKit/537.36 (KHTML, like Gecko) Chrome/152.0.0.0 Safari/537.36"
104.247.76.75 - - [31/Aug/2026:22:07:30 -0400] "POST /wp-admin/admin-ajax.php?action=as_async_request_queue_runner&nonce=c6b24fcc30 HTTP/1.1" 200 - "-" "WordPress/7.1; https://ekmtoronto.com"
69.165.232.70 - - [31/Aug/2026:22:07:58 -0400] "POST /wp-admin/admin-ajax.php HTTP/1.1" 200 183 "https://ekmtoronto.com/connect/?et_fb=1&PageSpeed=off" "Mozilla/5.0 (Windows NT 10.0; Win64; x64) AppleWebKit/537.36 (KHTML, like Gecko) Chrome/152.0.0.0 Safari/537.36"
69.165.232.70 - - [31/Aug/2026:22:07:59 -0400] "GET /contact-us/ HTTP/1.1" 200 36147 "https://ekmtoronto.com/" "Mozilla/5.0 (Windows NT 10.0; Win64; x64) AppleWebKit/537.36 (KHTML, like Gecko) Chrome/152.0.0.0 Safari/537.36"
69.165.232.70 - - [31/Aug/2026:22:07:59 -0400] "GET /wp-content/et-cache/227701/et-divi-dynamic-227701.css?ver=1788114656 HTTP/1.1" 200 7172 "https://ekmtoronto.com/contact-us/" "Mozilla/5.0 (Windows NT 10.0; Win64; x64) AppleWebKit/537.36 (KHTML, like Gecko) Chrome/152.0.0.0 Safari/537.36"
69.165.232.70 - - [31/Aug/2026:22:07:59 -0400] "GET /wp-content/et-cache/227701/et-divi-dynamic-227701-late.css?ver=1788114656 HTTP/1.1" 200 2533 "https://ekmtoronto.com/contact-us/" "Mozilla/5.0 (Windows NT 10.0; Win64; x64) AppleWebKit/537.36 (KHTML, like Gecko) Chrome/152.0.0.0 Safari/537.36"
69.165.232.70 - - [31/Aug/2026:22:07:59 -0400] "GET /wp-content/et-cache/227701/et-core-unified-deferred-227701.min.css?ver=1788114658 HTTP/1.1" 200 4277 "https://ekmtoronto.com/contact-us/" "Mozilla/5.0 (Windows NT 10.0; Win64; x64) AppleWebKit/537.36 (KHTML, like Gecko) Chrome/152.0.0.0 Safari/537.36"
69.165.232.70 - - [31/Aug/2026:22:07:59 -0400] "GET /wp-content/et-cache/227701/et-divi-dynamic-227701-late.css HTTP/1.1" 200 2533 "https://ekmtoronto.com/contact-us/" "Mozilla/5.0 (Windows NT 10.0; Win64; x64) AppleWebKit/537.36 (KHTML, like Gecko) Chrome/152.0.0.0 Safari/537.36"
104.247.76.75 - - [31/Aug/2026:22:08:00 -0400] "POST /wp-cron.php?doing_wp_cron=1788228480.0681779384613037109375 HTTP/1.1" 200 - "-" "WordPress/7.1; https://ekmtoronto.com"
69.165.232.70 - - [31/Aug/2026:22:07:59 -0400] "GET /wp-content/uploads/2021/06/EKM-LOGO-BLACK-IM-150PX.png HTTP/1.1" 404 31198 "https://ekmtoronto.com/contact-us/" "Mozilla/5.0 (Windows NT 10.0; Win64; x64) AppleWebKit/537.36 (KHTML, like Gecko) Chrome/152.0.0.0 Safari/537.36"
69.165.232.70 - - [31/Aug/2026:22:07:59 -0400] "GET /wp-content/uploads/2023/11/Raquel-Lucie-Prayer-IMG_7172-2500pxNW2.jpg HTTP/1.1" 200 315074 "https://ekmtoronto.com/wp-content/et-cache/227701/et-core-unified-deferred-227701.min.css?ver=1788114658" "Mozilla/5.0 (Windows NT 10.0; Win64; x64) AppleWebKit/537.36 (KHTML, like Gecko) Chrome/152.0.0.0 Safari/537.36"
69.165.232.70 - - [31/Aug/2026:22:08:00 -0400] "POST /wp-admin/admin-ajax.php HTTP/1.1" 200 1326 "https://ekmtoronto.com/contact-us/" "Mozilla/5.0 (Windows NT 10.0; Win64; x64) AppleWebKit/537.36 (KHTML, like Gecko) Chrome/152.0.0.0 Safari/537.36"
69.165.232.70 - - [31/Aug/2026:22:08:05 -0400] "POST /wp-admin/admin-ajax.php HTTP/1.1" 200 183 "https://ekmtoronto.com/connect/?et_fb=1&PageSpeed=off" "Mozilla/5.0 (Windows NT 10.0; Win64; x64) AppleWebKit/537.36 (KHTML, like Gecko) Chrome/152.0.0.0 Safari/537.36"
66.249.65.134 - - [31/Aug/2026:22:08:15 -0400] "GET /?sale/search/detail/?ITMCODE=s5i2g5n0o7r48674 HTTP/1.1" 301 - "-" "Mozilla/5.0 (Linux; Android 6.0.1; Nexus 5X Build/MMB29P) AppleWebKit/537.36 (KHTML, like Gecko) Chrome/151.0.7922.173 Mobile Safari/537.36 (compatible; Googlebot/2.1; +http://www.google.com/bot.html)"
66.249.65.135 - - [31/Aug/2026:22:08:16 -0400] "GET /?sale%2Fsearch%2Fdetail%2F%3FITMCODE=s5i2g5n0o7r48674 HTTP/1.1" 200 39884 "-" "Mozilla/5.0 (Linux; Android 6.0.1; Nexus 5X Build/MMB29P) AppleWebKit/537.36 (KHTML, like Gecko) Chrome/151.0.7922.173 Mobile Safari/537.36 (compatible; Googlebot/2.1; +http://www.google.com/bot.html)"
69.165.232.70 - - [31/Aug/2026:22:08:18 -0400] "GET /contact-us/?et_fb=1&PageSpeed=off HTTP/1.1" 200 118119 "https://ekmtoronto.com/contact-us/" "Mozilla/5.0 (Windows NT 10.0; Win64; x64) AppleWebKit/537.36 (KHTML, like Gecko) Chrome/152.0.0.0 Safari/537.36"
69.165.232.70 - - [31/Aug/2026:22:08:18 -0400] "GET /wp-content/et-cache/227701/et-core-unified-vb-227701.min.css?ver=1788228498 HTTP/1.1" 200 1372 "https://ekmtoronto.com/contact-us/?et_fb=1&PageSpeed=off" "Mozilla/5.0 (Windows NT 10.0; Win64; x64) AppleWebKit/537.36 (KHTML, like Gecko) Chrome/152.0.0.0 Safari/537.36"
69.165.232.70 - - [31/Aug/2026:22:08:19 -0400] "GET /wp-content/et-cache/227701/et-core-unified-vb-227701.min.css?ver=1788228498 HTTP/1.1" 304 - "https://ekmtoronto.com/contact-us/?et_fb=1&PageSpeed=off" "Mozilla/5.0 (Windows NT 10.0; Win64; x64) AppleWebKit/537.36 (KHTML, like Gecko) Chrome/152.0.0.0 Safari/537.36"
69.165.232.70 - - [31/Aug/2026:22:08:19 -0400] "GET /wp-content/et-cache/en_US/helpers-page-17882261253232.js?ver=4.27.8 HTTP/1.1" 304 - "https://ekmtoronto.com/contact-us/?et_fb=1&PageSpeed=off" "Mozilla/5.0 (Windows NT 10.0; Win64; x64) AppleWebKit/537.36 (KHTML, like Gecko) Chrome/152.0.0.0 Safari/537.36"
69.165.232.70 - - [31/Aug/2026:22:08:19 -0400] "GET /wp-content/et-cache/en_US/definitions-page-17882261254586.js?ver=4.27.8 HTTP/1.1" 304 - "https://ekmtoronto.com/contact-us/?et_fb=1&PageSpeed=off" "Mozilla/5.0 (Windows NT 10.0; Win64; x64) AppleWebKit/537.36 (KHTML, like Gecko) Chrome/152.0.0.0 Safari/537.36"
69.165.232.70 - - [31/Aug/2026:22:08:23 -0400] "POST /wp-admin/admin-ajax.php?lang=en_US HTTP/1.1" 200 155 "https://ekmtoronto.com/contact-us/?et_fb=1&PageSpeed=off" "Mozilla/5.0 (Windows NT 10.0; Win64; x64) AppleWebKit/537.36 (KHTML, like Gecko) Chrome/152.0.0.0 Safari/537.36"
69.165.232.70 - - [31/Aug/2026:22:08:24 -0400] "POST /wp-admin/admin-ajax.php HTTP/1.1" 200 490 "https://ekmtoronto.com/contact-us/?et_fb=1&PageSpeed=off" "Mozilla/5.0 (Windows NT 10.0; Win64; x64) AppleWebKit/537.36 (KHTML, like Gecko) Chrome/152.0.0.0 Safari/537.36"
66.249.65.134 - - [31/Aug/2026:22:08:26 -0400] "GET /wp-content/plugins/divi-overlays/assets/css/animate.min.css?ver=4.1.1 HTTP/1.1" 200 5272 "https://ekmtoronto.com/?sale%2Fsearch%2Fdetail%2F%3FITMCODE=s5i2g5n0o7r48674" "Mozilla/5.0 (Linux; Android 6.0.1; Nexus 5X Build/MMB29P) AppleWebKit/537.36 (KHTML, like Gecko) Chrome/151.0.7922.173 Mobile Safari/537.36 (compatible; Googlebot/2.1; +http://www.google.com/bot.html)"
66.249.65.134 - - [31/Aug/2026:22:08:27 -0400] "GET /wp-includes/js/mediaelement/mediaelementplayer-legacy.min.css?ver=4.2.17 HTTP/1.1" 200 2592 "https://ekmtoronto.com/?sale%2Fsearch%2Fdetail%2F%3FITMCODE=s5i2g5n0o7r48674" "Mozilla/5.0 (Linux; Android 6.0.1; Nexus 5X Build/MMB29P) AppleWebKit/537.36 (KHTML, like Gecko) Chrome/151.0.7922.173 Mobile Safari/537.36 (compatible; Googlebot/2.1; +http://www.google.com/bot.html)"
66.249.65.134 - - [31/Aug/2026:22:08:28 -0400] "GET /wp-content/themes/Divi/includes/builder/feature/dynamic-assets/assets/js/salvattore.js?ver=4.27.8 HTTP/1.1" 200 3412 "https://ekmtoronto.com/?sale%2Fsearch%2Fdetail%2F%3FITMCODE=s5i2g5n0o7r48674" "Mozilla/5.0 (Linux; Android 6.0.1; Nexus 5X Build/MMB29P) AppleWebKit/537.36 (KHTML, like Gecko) Chrome/151.0.7922.173 Mobile Safari/537.36 (compatible; Googlebot/2.1; +http://www.google.com/bot.html)"
66.249.65.135 - - [31/Aug/2026:22:08:29 -0400] "GET /wp-includes/js/mediaelement/wp-mediaelement.min.css?ver=7.1 HTTP/1.1" 200 1156 "https://ekmtoronto.com/?sale%2Fsearch%2Fdetail%2F%3FITMCODE=s5i2g5n0o7r48674" "Mozilla/5.0 (Linux; Android 6.0.1; Nexus 5X Build/MMB29P) AppleWebKit/537.36 (KHTML, like Gecko) Chrome/151.0.7922.173 Mobile Safari/537.36 (compatible; Googlebot/2.1; +http://www.google.com/bot.html)"
66.249.65.134 - - [31/Aug/2026:22:08:30 -0400] "GET /wp-content/plugins/divi-overlays/assets/css/style.css?ver=2.9.7.9 HTTP/1.1" 200 2232 "https://ekmtoronto.com/?sale%2Fsearch%2Fdetail%2F%3FITMCODE=s5i2g5n0o7r48674" "Mozilla/5.0 (Linux; Android 6.0.1; Nexus 5X Build/MMB29P) AppleWebKit/537.36 (KHTML, like Gecko) Chrome/151.0.7922.173 Mobile Safari/537.36 (compatible; Googlebot/2.1; +http://www.google.com/bot.html)"
66.249.65.134 - - [31/Aug/2026:22:08:31 -0400] "GET /wp-content/plugins/divi-bars/assets/js/main.js?ver=1.9.6 HTTP/1.1" 200 10054 "https://ekmtoronto.com/?sale%2Fsearch%2Fdetail%2F%3FITMCODE=s5i2g5n0o7r48674" "Mozilla/5.0 (Linux; Android 6.0.1; Nexus 5X Build/MMB29P) AppleWebKit/537.36 (KHTML, like Gecko) Chrome/151.0.7922.173 Mobile Safari/537.36 (compatible; Googlebot/2.1; +http://www.google.com/bot.html)"
69.165.232.70 - - [31/Aug/2026:22:08:37 -0400] "GET /contact-us/ HTTP/1.1" 200 36147 "https://ekmtoronto.com/contact-us/?et_fb=1&PageSpeed=off" "Mozilla/5.0 (Windows NT 10.0; Win64; x64) AppleWebKit/537.36 (KHTML, like Gecko) Chrome/152.0.0.0 Safari/537.36"
69.165.232.70 - - [31/Aug/2026:22:08:37 -0400] "GET /wp-content/uploads/2021/06/EKM-LOGO-BLACK-IM-150PX.png HTTP/1.1" 404 31198 "https://ekmtoronto.com/contact-us/" "Mozilla/5.0 (Windows NT 10.0; Win64; x64) AppleWebKit/537.36 (KHTML, like Gecko) Chrome/152.0.0.0 Safari/537.36"
69.165.232.70 - - [31/Aug/2026:22:08:37 -0400] "POST /wp-admin/admin-ajax.php HTTP/1.1" 200 1326 "https://ekmtoronto.com/contact-us/" "Mozilla/5.0 (Windows NT 10.0; Win64; x64) AppleWebKit/537.36 (KHTML, like Gecko) Chrome/152.0.0.0 Safari/537.36"
69.165.232.70 - - [31/Aug/2026:22:08:36 -0400] "POST /wp-admin/admin-ajax.php HTTP/1.1" 200 36 "https://ekmtoronto.com/contact-us/?et_fb=1&PageSpeed=off" "Mozilla/5.0 (Windows NT 10.0; Win64; x64) AppleWebKit/537.36 (KHTML, like Gecko) Chrome/152.0.0.0 Safari/537.36"
66.249.65.134 - - [31/Aug/2026:22:08:41 -0400] "GET /wp-includes/js/mediaelement/wp-mediaelement.min.js?ver=7.1 HTTP/1.1" 200 538 "https://ekmtoronto.com/?sale%2Fsearch%2Fdetail%2F%3FITMCODE=s5i2g5n0o7r48674" "Mozilla/5.0 (Linux; Android 6.0.1; Nexus 5X Build/MMB29P) AppleWebKit/537.36 (KHTML, like Gecko) Chrome/151.0.7922.173 Mobile Safari/537.36 (compatible; Googlebot/2.1; +http://www.google.com/bot.html)"
104.247.76.75 - - [31/Aug/2026:22:08:37 -0400] "POST /wp-admin/admin-ajax.php?action=as_async_request_queue_runner&nonce=c6b24fcc30 HTTP/1.1" 200 - "-" "WordPress/7.1; https://ekmtoronto.com"
66.249.65.134 - - [31/Aug/2026:22:08:47 -0400] "GET /?sale/search/detail/?ITMCODE=a9n2f3r3a4c4t5u0o3u8s0ness HTTP/1.1" 301 - "-" "Mozilla/5.0 (Linux; Android 6.0.1; Nexus 5X Build/MMB29P) AppleWebKit/537.36 (KHTML, like Gecko) Chrome/151.0.7922.173 Mobile Safari/537.36 (compatible; Googlebot/2.1; +http://www.google.com/bot.html)"
66.249.65.134 - - [31/Aug/2026:22:08:48 -0400] "GET /?sale%2Fsearch%2Fdetail%2F%3FITMCODE=a9n2f3r3a4c4t5u0o3u8s0ness HTTP/1.1" 200 39894 "-" "Mozilla/5.0 (Linux; Android 6.0.1; Nexus 5X Build/MMB29P) AppleWebKit/537.36 (KHTML, like Gecko) Chrome/151.0.7922.173 Mobile Safari/537.36 (compatible; Googlebot/2.1; +http://www.google.com/bot.html)"
69.165.232.70 - - [31/Aug/2026:22:08:53 -0400] "POST /wp-admin/admin-ajax.php HTTP/1.1" 200 92 "https://ekmtoronto.com/connect/?et_fb=1&PageSpeed=off" "Mozilla/5.0 (Windows NT 10.0; Win64; x64) AppleWebKit/537.36 (KHTML, like Gecko) Chrome/152.0.0.0 Safari/537.36"
