66.249.65.134 - - [31/Aug/2026:14:50:31 -0400] "GET /?sale/search/detail/?ITMCODE=r3e2c0e7p7t1a3c6l2e58 HTTP/1.1" 301 - "-" "Mozilla/5.0 (Linux; Android 6.0.1; Nexus 5X Build/MMB29P) AppleWebKit/537.36 (KHTML, like Gecko) Chrome/151.0.7922.173 Mobile Safari/537.36 (compatible; Googlebot/2.1; +http://www.google.com/bot.html)"
66.249.65.134 - - [31/Aug/2026:14:50:36 -0400] "GET /?sale%2Fsearch%2Fdetail%2F%3FITMCODE=r3e2c0e7p7t1a3c6l2e58 HTTP/1.1" 200 39890 "-" "Mozilla/5.0 (Linux; Android 6.0.1; Nexus 5X Build/MMB29P) AppleWebKit/537.36 (KHTML, like Gecko) Chrome/151.0.7922.173 Mobile Safari/537.36 (compatible; Googlebot/2.1; +http://www.google.com/bot.html)"
51.8.102.1 - - [31/Aug/2026:14:50:37 -0400] "GET /robots.txt HTTP/1.1" 200 110 "-" "Mozilla/5.0 (Macintosh; Intel Mac OS X 10_15_7) AppleWebKit/537.36 (KHTML, like Gecko) Chrome/131.0.0.0 Safari/537.36; compatible; OAI-SearchBot/1.0; +https://openai.com/searchbot"
104.247.76.75 - - [31/Aug/2026:14:53:22 -0400] "POST /wp-cron.php?doing_wp_cron=1788202402.7784171104431152343750 HTTP/1.1" 200 - "-" "WordPress/7.1; https://ekmtoronto.com"
43.173.177.231 - - [31/Aug/2026:14:53:22 -0400] "GET / HTTP/1.1" 200 39828 "-" "Mozilla/5.0 (Windows NT 10.0; Win64; x64) AppleWebKit/537.36 (KHTML, like Gecko) Chrome/109.0.0.0 Safari/537.36"
104.247.76.75 - - [31/Aug/2026:14:56:55 -0400] "POST /wp-cron.php?doing_wp_cron=1788202615.2314240932464599609375 HTTP/1.1" 200 - "-" "WordPress/7.1; https://ekmtoronto.com"
66.249.65.134 - - [31/Aug/2026:14:56:54 -0400] "GET /?k=1167065245800 HTTP/1.1" 200 39842 "-" "Mozilla/5.0 (Linux; Android 6.0.1; Nexus 5X Build/MMB29P) AppleWebKit/537.36 (KHTML, like Gecko) Chrome/151.0.7922.173 Mobile Safari/537.36 (compatible; Googlebot/2.1; +http://www.google.com/bot.html)"
104.247.76.75 - - [31/Aug/2026:14:59:17 -0400] "POST /wp-cron.php?doing_wp_cron=1788202757.1135489940643310546875 HTTP/1.1" 200 - "-" "WordPress/7.1; https://ekmtoronto.com"
66.249.65.136 - - [31/Aug/2026:14:59:17 -0400] "GET /?sale/search/detail/?ITMCODE=c2o3r2r3o9d1e4n5t38 HTTP/1.1" 301 - "-" "Mozilla/5.0 (Linux; Android 6.0.1; Nexus 5X Build/MMB29P) AppleWebKit/537.36 (KHTML, like Gecko) Chrome/151.0.7922.173 Mobile Safari/537.36 (compatible; Googlebot/2.1; +http://www.google.com/bot.html)"
66.249.65.135 - - [31/Aug/2026:14:59:22 -0400] "GET /?sale%2Fsearch%2Fdetail%2F%3FITMCODE=c2o3r2r3o9d1e4n5t38 HTTP/1.1" 200 39888 "-" "Mozilla/5.0 (Linux; Android 6.0.1; Nexus 5X Build/MMB29P) AppleWebKit/537.36 (KHTML, like Gecko) Chrome/151.0.7922.173 Mobile Safari/537.36 (compatible; Googlebot/2.1; +http://www.google.com/bot.html)"
66.249.65.134 - - [31/Aug/2026:14:59:27 -0400] "GET /?sale/search/detail/?ITMCODE=l7i3p7o0c3h0r1i9n258 HTTP/1.1" 301 - "-" "Mozilla/5.0 (Linux; Android 6.0.1; Nexus 5X Build/MMB29P) AppleWebKit/537.36 (KHTML, like Gecko) Chrome/151.0.7922.173 Mobile Safari/537.36 (compatible; Googlebot/2.1; +http://www.google.com/bot.html)"
66.249.65.134 - - [31/Aug/2026:14:59:32 -0400] "GET /?sale%2Fsearch%2Fdetail%2F%3FITMCODE=l7i3p7o0c3h0r1i9n258 HTTP/1.1" 200 39890 "-" "Mozilla/5.0 (Linux; Android 6.0.1; Nexus 5X Build/MMB29P) AppleWebKit/537.36 (KHTML, like Gecko) Chrome/151.0.7922.173 Mobile Safari/537.36 (compatible; Googlebot/2.1; +http://www.google.com/bot.html)"
50.6.137.53 - - [31/Aug/2026:14:59:52 -0400] "GET /wp-login.php HTTP/1.1" 200 2334 "-" "50.6.137.53"
50.6.137.53 - - [31/Aug/2026:14:59:54 -0400] "POST /wp-login.php HTTP/1.1" 200 2468 "https://ekmtoronto.com/wp-login.php" "50.6.137.53"
104.247.76.75 - - [31/Aug/2026:15:00:08 -0400] "POST /wp-cron.php?doing_wp_cron=1788202808.0074410438537597656250 HTTP/1.1" 200 - "-" "WordPress/7.1; https://ekmtoronto.com"
50.6.200.195 - - [31/Aug/2026:15:00:07 -0400] "GET /wp-login.php HTTP/1.1" 200 2334 "-" "Mozilla/5.0 (Windows NT 10.0; Win64; x64) AppleWebKit/537.36 (KHTML, like Gecko) Chrome/151.0.0.0 Safari/537.36"
50.6.200.195 - - [31/Aug/2026:15:00:08 -0400] "POST /wp-login.php HTTP/1.1" 200 2468 "https://ekmtoronto.com/wp-login.php" "Mozilla/5.0 (Windows NT 10.0; Win64; x64) AppleWebKit/537.36 (KHTML, like Gecko) Chrome/151.0.0.0 Safari/537.36"
104.247.76.75 - - [31/Aug/2026:15:04:06 -0400] "POST /wp-cron.php?doing_wp_cron=1788203046.0024259090423583984375 HTTP/1.1" 200 - "-" "WordPress/7.1; https://ekmtoronto.com"
51.81.111.75 - - [31/Aug/2026:15:04:05 -0400] "GET /robots.txt HTTP/1.1" 200 110 "-" "Mozilla/5.0 (compatible; AhrefsBot/7.0; +http://ahrefs.com/robot/)"
51.81.105.22 - - [31/Aug/2026:15:04:07 -0400] "GET /sitemap.xml HTTP/1.1" 301 - "-" "Mozilla/5.0 (compatible; AhrefsBot/7.0; +http://ahrefs.com/robot/)"
51.81.105.22 - - [31/Aug/2026:15:04:07 -0400] "GET / HTTP/1.1" 200 39821 "-" "Mozilla/5.0 (compatible; AhrefsBot/7.0; +http://ahrefs.com/robot/)"
104.247.76.75 - - [31/Aug/2026:15:05:34 -0400] "POST /wp-cron.php?doing_wp_cron=1788203134.0043210983276367187500 HTTP/1.1" 200 - "-" "WordPress/7.1; https://ekmtoronto.com"
94.183.183.73 - - [31/Aug/2026:15:05:33 -0400] "GET / HTTP/1.1" 200 253268 "-" "Mozilla/5.0 (Windows NT 10.0; Win64; x64) AppleWebKit/537.36"
104.247.76.75 - - [31/Aug/2026:15:06:42 -0400] "POST /wp-cron.php?doing_wp_cron=1788203202.2909550666809082031250 HTTP/1.1" 200 - "-" "WordPress/7.1; https://ekmtoronto.com"
66.249.65.134 - - [31/Aug/2026:15:06:41 -0400] "GET /?k=13929149852901 HTTP/1.1" 200 39844 "-" "Mozilla/5.0 (Linux; Android 6.0.1; Nexus 5X Build/MMB29P) AppleWebKit/537.36 (KHTML, like Gecko) Chrome/151.0.7922.173 Mobile Safari/537.36 (compatible; Googlebot/2.1; +http://www.google.com/bot.html)"
104.247.76.75 - - [31/Aug/2026:15:07:33 -0400] "POST /wp-cron.php?doing_wp_cron=1788203253.9705901145935058593750 HTTP/1.1" 200 - "-" "WordPress/7.1; https://ekmtoronto.com"
24.203.83.81 - - [31/Aug/2026:15:07:33 -0400] "GET / HTTP/1.1" 200 39824 "https://www.google.com/" "Mozilla/5.0 (iPhone; CPU iPhone OS 18_7 like Mac OS X) AppleWebKit/605.1.15 (KHTML, like Gecko) Version/26.4 Mobile/15E148 Safari/604.1"
24.203.83.81 - - [31/Aug/2026:15:07:34 -0400] "GET /wp-content/et-cache/228351/et-divi-dynamic-228351-late.css?ver=1788111647 HTTP/1.1" 200 3170 "https://ekmtoronto.com/" "Mozilla/5.0 (iPhone; CPU iPhone OS 18_7 like Mac OS X) AppleWebKit/605.1.15 (KHTML, like Gecko) Version/26.4 Mobile/15E148 Safari/604.1"
24.203.83.81 - - [31/Aug/2026:15:07:34 -0400] "GET /wp-content/et-cache/228351/et-divi-dynamic-228351.css?ver=1788111647 HTTP/1.1" 200 11161 "https://ekmtoronto.com/" "Mozilla/5.0 (iPhone; CPU iPhone OS 18_7 like Mac OS X) AppleWebKit/605.1.15 (KHTML, like Gecko) Version/26.4 Mobile/15E148 Safari/604.1"
24.203.83.81 - - [31/Aug/2026:15:07:34 -0400] "GET /wp-content/plugins/divi-overlays/assets/css/style.css?ver=2.9.7.9 HTTP/1.1" 200 2232 "https://ekmtoronto.com/" "Mozilla/5.0 (iPhone; CPU iPhone OS 18_7 like Mac OS X) AppleWebKit/605.1.15 (KHTML, like Gecko) Version/26.4 Mobile/15E148 Safari/604.1"
24.203.83.81 - - [31/Aug/2026:15:07:34 -0400] "GET /wp-content/plugins/divi-overlays/assets/css/custom_animations.css?ver=2.9.7.9 HTTP/1.1" 200 886 "https://ekmtoronto.com/" "Mozilla/5.0 (iPhone; CPU iPhone OS 18_7 like Mac OS X) AppleWebKit/605.1.15 (KHTML, like Gecko) Version/26.4 Mobile/15E148 Safari/604.1"
24.203.83.81 - - [31/Aug/2026:15:07:34 -0400] "GET /wp-includes/js/jquery/jquery-migrate.min.js?ver=3.4.1 HTTP/1.1" 200 4872 "https://ekmtoronto.com/" "Mozilla/5.0 (iPhone; CPU iPhone OS 18_7 like Mac OS X) AppleWebKit/605.1.15 (KHTML, like Gecko) Version/26.4 Mobile/15E148 Safari/604.1"
24.203.83.81 - - [31/Aug/2026:15:07:34 -0400] "GET /wp-content/plugins/divi-bars/assets/css/main.css?ver=1.9.6 HTTP/1.1" 200 2832 "https://ekmtoronto.com/" "Mozilla/5.0 (iPhone; CPU iPhone OS 18_7 like Mac OS X) AppleWebKit/605.1.15 (KHTML, like Gecko) Version/26.4 Mobile/15E148 Safari/604.1"
24.203.83.81 - - [31/Aug/2026:15:07:34 -0400] "GET /wp-content/et-cache/228351/et-core-unified-deferred-228351.min.css?ver=1788111648 HTTP/1.1" 200 3945 "https://ekmtoronto.com/" "Mozilla/5.0 (iPhone; CPU iPhone OS 18_7 like Mac OS X) AppleWebKit/605.1.15 (KHTML, like Gecko) Version/26.4 Mobile/15E148 Safari/604.1"
24.203.83.81 - - [31/Aug/2026:15:07:34 -0400] "GET /wp-includes/js/mediaelement/wp-mediaelement.min.css?ver=7.1 HTTP/1.1" 200 1156 "https://ekmtoronto.com/" "Mozilla/5.0 (iPhone; CPU iPhone OS 18_7 like Mac OS X) AppleWebKit/605.1.15 (KHTML, like Gecko) Version/26.4 Mobile/15E148 Safari/604.1"
24.203.83.81 - - [31/Aug/2026:15:07:34 -0400] "GET /wp-includes/js/mediaelement/mediaelementplayer-legacy.min.css?ver=4.2.17 HTTP/1.1" 200 2592 "https://ekmtoronto.com/" "Mozilla/5.0 (iPhone; CPU iPhone OS 18_7 like Mac OS X) AppleWebKit/605.1.15 (KHTML, like Gecko) Version/26.4 Mobile/15E148 Safari/604.1"
24.203.83.81 - - [31/Aug/2026:15:07:34 -0400] "GET /wp-content/plugins/divi-overlays/assets/css/animate.min.css?ver=4.1.1 HTTP/1.1" 200 5272 "https://ekmtoronto.com/" "Mozilla/5.0 (iPhone; CPU iPhone OS 18_7 like Mac OS X) AppleWebKit/605.1.15 (KHTML, like Gecko) Version/26.4 Mobile/15E148 Safari/604.1"
24.203.83.81 - - [31/Aug/2026:15:07:34 -0400] "GET /wp-content/themes/Divi/includes/builder/feature/dynamic-assets/assets/js/jquery.fitvids.js?ver=4.27.8 HTTP/1.1" 200 1341 "https://ekmtoronto.com/" "Mozilla/5.0 (iPhone; CPU iPhone OS 18_7 like Mac OS X) AppleWebKit/605.1.15 (KHTML, like Gecko) Version/26.4 Mobile/15E148 Safari/604.1"
24.203.83.81 - - [31/Aug/2026:15:07:34 -0400] "GET /wp-content/themes/Divi/includes/builder/feature/dynamic-assets/assets/js/salvattore.js?ver=4.27.8 HTTP/1.1" 200 3412 "https://ekmtoronto.com/" "Mozilla/5.0 (iPhone; CPU iPhone OS 18_7 like Mac OS X) AppleWebKit/605.1.15 (KHTML, like Gecko) Version/26.4 Mobile/15E148 Safari/604.1"
24.203.83.81 - - [31/Aug/2026:15:07:34 -0400] "GET /wp-content/themes/Divi/includes/builder/feature/dynamic-assets/assets/js/easypiechart.js?ver=4.27.8 HTTP/1.1" 200 3118 "https://ekmtoronto.com/" "Mozilla/5.0 (iPhone; CPU iPhone OS 18_7 like Mac OS X) AppleWebKit/605.1.15 (KHTML, like Gecko) Version/26.4 Mobile/15E148 Safari/604.1"
24.203.83.81 - - [31/Aug/2026:15:07:34 -0400] "GET /wp-content/themes/Divi/core/admin/js/common.js?ver=4.27.8 HTTP/1.1" 200 566 "https://ekmtoronto.com/" "Mozilla/5.0 (iPhone; CPU iPhone OS 18_7 like Mac OS X) AppleWebKit/605.1.15 (KHTML, like Gecko) Version/26.4 Mobile/15E148 Safari/604.1"
24.203.83.81 - - [31/Aug/2026:15:07:34 -0400] "GET /wp-content/themes/Divi/js/scripts.min.js?ver=4.27.8 HTTP/1.1" 200 99754 "https://ekmtoronto.com/" "Mozilla/5.0 (iPhone; CPU iPhone OS 18_7 like Mac OS X) AppleWebKit/605.1.15 (KHTML, like Gecko) Version/26.4 Mobile/15E148 Safari/604.1"
24.203.83.81 - - [31/Aug/2026:15:07:34 -0400] "GET /wp-content/plugins/divi-overlays/assets/js/jquery.exitintent.js?ver=2.9.7.9 HTTP/1.1" 200 398 "https://ekmtoronto.com/" "Mozilla/5.0 (iPhone; CPU iPhone OS 18_7 like Mac OS X) AppleWebKit/605.1.15 (KHTML, like Gecko) Version/26.4 Mobile/15E148 Safari/604.1"
24.203.83.81 - - [31/Aug/2026:15:07:34 -0400] "GET /wp-content/plugins/divi-overlays/assets/js/custom.js?ver=2.9.7.9 HTTP/1.1" 200 12334 "https://ekmtoronto.com/" "Mozilla/5.0 (iPhone; CPU iPhone OS 18_7 like Mac OS X) AppleWebKit/605.1.15 (KHTML, like Gecko) Version/26.4 Mobile/15E148 Safari/604.1"
24.203.83.81 - - [31/Aug/2026:15:07:34 -0400] "GET /wp-content/plugins/divi-bars/assets/js/main.js?ver=1.9.6 HTTP/1.1" 200 10054 "https://ekmtoronto.com/" "Mozilla/5.0 (iPhone; CPU iPhone OS 18_7 like Mac OS X) AppleWebKit/605.1.15 (KHTML, like Gecko) Version/26.4 Mobile/15E148 Safari/604.1"
24.203.83.81 - - [31/Aug/2026:15:07:34 -0400] "GET /wp-content/plugins/divi-bars/assets/js/main.helper.js?ver=1.9.6 HTTP/1.1" 200 - "https://ekmtoronto.com/" "Mozilla/5.0 (iPhone; CPU iPhone OS 18_7 like Mac OS X) AppleWebKit/605.1.15 (KHTML, like Gecko) Version/26.4 Mobile/15E148 Safari/604.1"
24.203.83.81 - - [31/Aug/2026:15:07:34 -0400] "GET /wp-content/uploads/2021/06/akin-Franz-IMG_7125-1500PX-2.png HTTP/1.1" 200 402357 "https://ekmtoronto.com/" "Mozilla/5.0 (iPhone; CPU iPhone OS 18_7 like Mac OS X) AppleWebKit/605.1.15 (KHTML, like Gecko) Version/26.4 Mobile/15E148 Safari/604.1"
24.203.83.81 - - [31/Aug/2026:15:07:34 -0400] "GET /wp-content/plugins/divi-bars/assets/js/actual.min.js?ver=7.1 HTTP/1.1" 200 475 "https://ekmtoronto.com/" "Mozilla/5.0 (iPhone; CPU iPhone OS 18_7 like Mac OS X) AppleWebKit/605.1.15 (KHTML, like Gecko) Version/26.4 Mobile/15E148 Safari/604.1"
24.203.83.81 - - [31/Aug/2026:15:07:34 -0400] "GET /wp-content/plugins/divi-bars/assets/js/jquery.exitintent.min.js?ver=7.1 HTTP/1.1" 200 427 "https://ekmtoronto.com/" "Mozilla/5.0 (iPhone; CPU iPhone OS 18_7 like Mac OS X) AppleWebKit/605.1.15 (KHTML, like Gecko) Version/26.4 Mobile/15E148 Safari/604.1"
24.203.83.81 - - [31/Aug/2026:15:07:34 -0400] "GET /wp-includes/js/mediaelement/mediaelement-migrate.min.js?ver=7.1 HTTP/1.1" 200 540 "https://ekmtoronto.com/" "Mozilla/5.0 (iPhone; CPU iPhone OS 18_7 like Mac OS X) AppleWebKit/605.1.15 (KHTML, like Gecko) Version/26.4 Mobile/15E148 Safari/604.1"
24.203.83.81 - - [31/Aug/2026:15:07:34 -0400] "GET /wp-includes/js/mediaelement/mediaelement-and-player.min.js?ver=4.2.17 HTTP/1.1" 200 38789 "https://ekmtoronto.com/" "Mozilla/5.0 (iPhone; CPU iPhone OS 18_7 like Mac OS X) AppleWebKit/605.1.15 (KHTML, like Gecko) Version/26.4 Mobile/15E148 Safari/604.1"
24.203.83.81 - - [31/Aug/2026:15:07:34 -0400] "GET /wp-includes/js/mediaelement/wp-mediaelement.min.js?ver=7.1 HTTP/1.1" 200 538 "https://ekmtoronto.com/" "Mozilla/5.0 (iPhone; CPU iPhone OS 18_7 like Mac OS X) AppleWebKit/605.1.15 (KHTML, like Gecko) Version/26.4 Mobile/15E148 Safari/604.1"
24.203.83.81 - - [31/Aug/2026:15:07:34 -0400] "GET /wp-content/themes/Divi/core/admin/fonts/modules/all/modules.woff HTTP/1.1" 200 37328 "https://ekmtoronto.com/" "Mozilla/5.0 (iPhone; CPU iPhone OS 18_7 like Mac OS X) AppleWebKit/605.1.15 (KHTML, like Gecko) Version/26.4 Mobile/15E148 Safari/604.1"
24.203.83.81 - - [31/Aug/2026:15:07:34 -0400] "GET /wp-content/et-cache/228351/et-divi-dynamic-228351-late.css HTTP/1.1" 200 3170 "https://ekmtoronto.com/" "Mozilla/5.0 (iPhone; CPU iPhone OS 18_7 like Mac OS X) AppleWebKit/605.1.15 (KHTML, like Gecko) Version/26.4 Mobile/15E148 Safari/604.1"
24.203.83.81 - - [31/Aug/2026:15:07:34 -0400] "GET /wp-content/uploads/2023/11/Volunteer-Team-Sharp-EKM-7411-WIDE-1500px.jpg HTTP/1.1" 200 148664 "https://ekmtoronto.com/" "Mozilla/5.0 (iPhone; CPU iPhone OS 18_7 like Mac OS X) AppleWebKit/605.1.15 (KHTML, like Gecko) Version/26.4 Mobile/15E148 Safari/604.1"
24.203.83.81 - - [31/Aug/2026:15:07:34 -0400] "GET /wp-content/uploads/2023/11/We-Love-lee-Nicole_7149-1000PXMOB.jpg HTTP/1.1" 200 110730 "https://ekmtoronto.com/" "Mozilla/5.0 (iPhone; CPU iPhone OS 18_7 like Mac OS X) AppleWebKit/605.1.15 (KHTML, like Gecko) Version/26.4 Mobile/15E148 Safari/604.1"
24.203.83.81 - - [31/Aug/2026:15:07:34 -0400] "GET /wp-content/uploads/2023/11/EKM-WHITE-LOGO-150PX.png HTTP/1.1" 200 1362 "https://ekmtoronto.com/" "Mozilla/5.0 (iPhone; CPU iPhone OS 18_7 like Mac OS X) AppleWebKit/605.1.15 (KHTML, like Gecko) Version/26.4 Mobile/15E148 Safari/604.1"
24.203.83.81 - - [31/Aug/2026:15:07:34 -0400] "GET /wp-content/themes/Divi/core/admin/fonts/fontawesome/fa-solid-900.woff2 HTTP/1.1" 200 80265 "https://ekmtoronto.com/" "Mozilla/5.0 (iPhone; CPU iPhone OS 18_7 like Mac OS X) AppleWebKit/605.1.15 (KHTML, like Gecko) Version/26.4 Mobile/15E148 Safari/604.1"
24.203.83.81 - - [31/Aug/2026:15:07:34 -0400] "GET /wp-content/themes/Divi/images/logo.png HTTP/1.1" 200 1740 "https://ekmtoronto.com/" "Mozilla/5.0 (iPhone; CPU iPhone OS 18_7 like Mac OS X) AppleWebKit/605.1.15 (KHTML, like Gecko) Version/26.4 Mobile/15E148 Safari/604.1"
24.203.83.81 - - [31/Aug/2026:15:07:34 -0400] "GET /wp-content/uploads/2023/11/cropped-EKM-SITE-TAB-ICON-512PX-32x32.jpg HTTP/1.1" 200 859 "https://ekmtoronto.com/" "Mozilla/5.0 (iPhone; CPU iPhone OS 18_7 like Mac OS X) AppleWebKit/605.1.15 (KHTML, like Gecko) Version/26.4 Mobile/15E148 Safari/604.1"
24.203.83.81 - - [31/Aug/2026:15:07:34 -0400] "GET /wp-content/uploads/2023/11/cropped-EKM-SITE-TAB-ICON-512PX-192x192.jpg HTTP/1.1" 200 5240 "https://ekmtoronto.com/" "Mozilla/5.0 (iPhone; CPU iPhone OS 18_7 like Mac OS X) AppleWebKit/605.1.15 (KHTML, like Gecko) Version/26.4 Mobile/15E148 Safari/604.1"
24.203.83.81 - - [31/Aug/2026:15:07:34 -0400] "GET /wp-content/themes/Divi/core/admin/fonts/fontawesome/fa-brands-400.woff2 HTTP/1.1" 200 78493 "https://ekmtoronto.com/" "Mozilla/5.0 (iPhone; CPU iPhone OS 18_7 like Mac OS X) AppleWebKit/605.1.15 (KHTML, like Gecko) Version/26.4 Mobile/15E148 Safari/604.1"
24.203.83.81 - - [31/Aug/2026:15:07:34 -0400] "GET /wp-content/themes/Divi/core/admin/fonts/fontawesome/fa-regular-400.woff2 HTTP/1.1" 200 13571 "https://ekmtoronto.com/" "Mozilla/5.0 (iPhone; CPU iPhone OS 18_7 like Mac OS X) AppleWebKit/605.1.15 (KHTML, like Gecko) Version/26.4 Mobile/15E148 Safari/604.1"
24.203.83.81 - - [31/Aug/2026:15:07:34 -0400] "GET /wp-content/uploads/2021/06/EKM-LOGO-BLACK-IM-150PX.png HTTP/1.1" 404 28393 "https://ekmtoronto.com/" "Mozilla/5.0 (iPhone; CPU iPhone OS 18_7 like Mac OS X) AppleWebKit/605.1.15 (KHTML, like Gecko) Version/26.4 Mobile/15E148 Safari/604.1"
24.203.83.81 - - [31/Aug/2026:15:07:34 -0400] "GET /wp-content/uploads/2022/09/EKM-LOGO-BLACK-IMG_100px.png HTTP/1.1" 404 28393 "https://ekmtoronto.com/" "Mozilla/5.0 (iPhone; CPU iPhone OS 18_7 like Mac OS X) AppleWebKit/605.1.15 (KHTML, like Gecko) Version/26.4 Mobile/15E148 Safari/604.1"
162.241.2.179 - - [31/Aug/2026:15:07:34 -0400] "GET /wp-login.php HTTP/1.1" 200 2334 "-" "Mozilla/5.0 (Windows NT 10.0; Win64; x64) AppleWebKit/537.36 (KHTML, like Gecko) Chrome/151.0.0.0 Safari/537.36"
162.241.2.179 - - [31/Aug/2026:15:07:35 -0400] "POST /wp-login.php HTTP/1.1" 200 2488 "https://ekmtoronto.com/wp-login.php" "Mozilla/5.0 (Windows NT 10.0; Win64; x64) AppleWebKit/537.36 (KHTML, like Gecko) Chrome/151.0.0.0 Safari/537.36"
24.203.83.81 - - [31/Aug/2026:15:07:36 -0400] "GET /wp-content/uploads/2026/08/food-drive-980x551.jpg HTTP/1.1" 200 84369 "https://ekmtoronto.com/" "Mozilla/5.0 (iPhone; CPU iPhone OS 18_7 like Mac OS X) AppleWebKit/605.1.15 (KHTML, like Gecko) Version/26.4 Mobile/15E148 Safari/604.1"
24.203.83.81 - - [31/Aug/2026:15:07:36 -0400] "GET /wp-content/uploads/2023/05/Middaynew-980x551.jpg HTTP/1.1" 200 99305 "https://ekmtoronto.com/" "Mozilla/5.0 (iPhone; CPU iPhone OS 18_7 like Mac OS X) AppleWebKit/605.1.15 (KHTML, like Gecko) Version/26.4 Mobile/15E148 Safari/604.1"
24.203.83.81 - - [31/Aug/2026:15:07:36 -0400] "GET /wp-content/uploads/2026/08/Young-youth-980x552.png HTTP/1.1" 200 744326 "https://ekmtoronto.com/" "Mozilla/5.0 (iPhone; CPU iPhone OS 18_7 like Mac OS X) AppleWebKit/605.1.15 (KHTML, like Gecko) Version/26.4 Mobile/15E148 Safari/604.1"
104.247.76.75 - - [31/Aug/2026:15:08:08 -0400] "POST /wp-cron.php?doing_wp_cron=1788203288.5936748981475830078125 HTTP/1.1" 200 - "-" "WordPress/7.1; https://ekmtoronto.com"
24.203.83.81 - - [31/Aug/2026:15:08:08 -0400] "GET /contact-us/ HTTP/1.1" 200 33365 "https://ekmtoronto.com/" "Mozilla/5.0 (iPhone; CPU iPhone OS 18_7 like Mac OS X) AppleWebKit/605.1.15 (KHTML, like Gecko) Version/26.4 Mobile/15E148 Safari/604.1"
24.203.83.81 - - [31/Aug/2026:15:08:08 -0400] "GET /wp-content/et-cache/227701/et-divi-dynamic-227701-late.css?ver=1788114656 HTTP/1.1" 200 2533 "https://ekmtoronto.com/contact-us/" "Mozilla/5.0 (iPhone; CPU iPhone OS 18_7 like Mac OS X) AppleWebKit/605.1.15 (KHTML, like Gecko) Version/26.4 Mobile/15E148 Safari/604.1"
24.203.83.81 - - [31/Aug/2026:15:08:08 -0400] "GET /wp-content/et-cache/227701/et-divi-dynamic-227701.css?ver=1788114656 HTTP/1.1" 200 7172 "https://ekmtoronto.com/contact-us/" "Mozilla/5.0 (iPhone; CPU iPhone OS 18_7 like Mac OS X) AppleWebKit/605.1.15 (KHTML, like Gecko) Version/26.4 Mobile/15E148 Safari/604.1"
24.203.83.81 - - [31/Aug/2026:15:08:08 -0400] "GET /wp-content/et-cache/227701/et-divi-dynamic-227701-late.css HTTP/1.1" 200 2533 "https://ekmtoronto.com/contact-us/" "Mozilla/5.0 (iPhone; CPU iPhone OS 18_7 like Mac OS X) AppleWebKit/605.1.15 (KHTML, like Gecko) Version/26.4 Mobile/15E148 Safari/604.1"
24.203.83.81 - - [31/Aug/2026:15:08:08 -0400] "GET /wp-content/et-cache/227701/et-core-unified-deferred-227701.min.css?ver=1788114658 HTTP/1.1" 200 4277 "https://ekmtoronto.com/contact-us/" "Mozilla/5.0 (iPhone; CPU iPhone OS 18_7 like Mac OS X) AppleWebKit/605.1.15 (KHTML, like Gecko) Version/26.4 Mobile/15E148 Safari/604.1"
24.203.83.81 - - [31/Aug/2026:15:08:08 -0400] "GET /wp-content/uploads/2023/11/Raquel-Lucie-Hug-IMG_7172-1200pxMOB.jpg HTTP/1.1" 200 112139 "https://ekmtoronto.com/contact-us/" "Mozilla/5.0 (iPhone; CPU iPhone OS 18_7 like Mac OS X) AppleWebKit/605.1.15 (KHTML, like Gecko) Version/26.4 Mobile/15E148 Safari/604.1"
24.203.83.81 - - [31/Aug/2026:15:08:08 -0400] "GET /wp-content/uploads/2021/06/EKM-LOGO-BLACK-IM-150PX.png HTTP/1.1" 404 28393 "https://ekmtoronto.com/contact-us/" "Mozilla/5.0 (iPhone; CPU iPhone OS 18_7 like Mac OS X) AppleWebKit/605.1.15 (KHTML, like Gecko) Version/26.4 Mobile/15E148 Safari/604.1"
24.203.83.81 - - [31/Aug/2026:15:08:08 -0400] "GET /wp-content/uploads/2022/09/EKM-LOGO-BLACK-IMG_100px.png HTTP/1.1" 404 28393 "https://ekmtoronto.com/contact-us/" "Mozilla/5.0 (iPhone; CPU iPhone OS 18_7 like Mac OS X) AppleWebKit/605.1.15 (KHTML, like Gecko) Version/26.4 Mobile/15E148 Safari/604.1"
43.166.255.122 - - [31/Aug/2026:15:09:19 -0400] "GET / HTTP/1.1" 200 39824 "http://www.ekmtoronto.com" "Mozilla/5.0 (iPhone; CPU iPhone OS 13_2_3 like Mac OS X) AppleWebKit/605.1.15 (KHTML, like Gecko) Version/13.0.3 Mobile/15E148 Safari/604.1"
104.247.76.75 - - [31/Aug/2026:15:10:39 -0400] "POST /wp-cron.php?doing_wp_cron=1788203439.9220540523529052734375 HTTP/1.1" 200 - "-" "WordPress/7.1; https://ekmtoronto.com"
66.249.65.135 - - [31/Aug/2026:15:10:39 -0400] "GET /?sale/search/detail/?ITMCODE=g7u2n6s8i6g4h9t0174 HTTP/1.1" 301 - "-" "Mozilla/5.0 (Linux; Android 6.0.1; Nexus 5X Build/MMB29P) AppleWebKit/537.36 (KHTML, like Gecko) Chrome/151.0.7922.173 Mobile Safari/537.36 (compatible; Googlebot/2.1; +http://www.google.com/bot.html)"
66.249.65.135 - - [31/Aug/2026:15:10:45 -0400] "GET /?sale%2Fsearch%2Fdetail%2F%3FITMCODE=g7u2n6s8i6g4h9t0174 HTTP/1.1" 200 39887 "-" "Mozilla/5.0 (Linux; Android 6.0.1; Nexus 5X Build/MMB29P) AppleWebKit/537.36 (KHTML, like Gecko) Chrome/151.0.7922.173 Mobile Safari/537.36 (compatible; Googlebot/2.1; +http://www.google.com/bot.html)"
104.247.76.75 - - [31/Aug/2026:15:11:21 -0400] "POST /wp-cron.php?doing_wp_cron=1788203481.2533121109008789062500 HTTP/1.1" 200 - "-" "WordPress/7.1; https://ekmtoronto.com"
66.249.65.134 - - [31/Aug/2026:15:11:21 -0400] "GET /?sale/search/detail/?ITMCODE=t1a3c2t8i9c9i2a6n077 HTTP/1.1" 301 - "-" "Mozilla/5.0 (Linux; Android 6.0.1; Nexus 5X Build/MMB29P) AppleWebKit/537.36 (KHTML, like Gecko) Chrome/151.0.7922.173 Mobile Safari/537.36 (compatible; Googlebot/2.1; +http://www.google.com/bot.html)"
66.249.65.134 - - [31/Aug/2026:15:11:26 -0400] "GET /?sale%2Fsearch%2Fdetail%2F%3FITMCODE=t1a3c2t8i9c9i2a6n077 HTTP/1.1" 200 39888 "-" "Mozilla/5.0 (Linux; Android 6.0.1; Nexus 5X Build/MMB29P) AppleWebKit/537.36 (KHTML, like Gecko) Chrome/151.0.7922.173 Mobile Safari/537.36 (compatible; Googlebot/2.1; +http://www.google.com/bot.html)"
104.247.76.75 - - [31/Aug/2026:15:12:35 -0400] "POST /wp-cron.php?doing_wp_cron=1788203555.5585210323333740234375 HTTP/1.1" 200 - "-" "WordPress/7.1; https://ekmtoronto.com"
66.249.65.135 - - [31/Aug/2026:15:12:35 -0400] "GET /?k=9596473379603 HTTP/1.1" 200 39843 "-" "Mozilla/5.0 (Linux; Android 6.0.1; Nexus 5X Build/MMB29P) AppleWebKit/537.36 (KHTML, like Gecko) Chrome/151.0.7922.173 Mobile Safari/537.36 (compatible; Googlebot/2.1; +http://www.google.com/bot.html)"
104.247.76.75 - - [31/Aug/2026:15:13:21 -0400] "POST /wp-cron.php?doing_wp_cron=1788203601.2065320014953613281250 HTTP/1.1" 200 - "-" "WordPress/7.1; https://ekmtoronto.com"
84.246.212.174 - - [31/Aug/2026:15:13:21 -0400] "GET /wp-login.php HTTP/1.1" 200 2334 "-" "84.246.212.174"
84.246.212.174 - - [31/Aug/2026:15:13:21 -0400] "POST /wp-login.php HTTP/1.1" 200 2468 "https://ekmtoronto.com/wp-login.php" "84.246.212.174"
104.247.76.75 - - [31/Aug/2026:15:14:35 -0400] "POST /wp-cron.php?doing_wp_cron=1788203675.9260060787200927734375 HTTP/1.1" 200 - "-" "WordPress/7.1; https://ekmtoronto.com"
193.36.224.33 - - [31/Aug/2026:15:14:35 -0400] "POST /wp-login.php HTTP/1.1" 200 7716 "-" "Mozilla/5.0"
104.247.76.75 - - [31/Aug/2026:15:16:26 -0400] "POST /wp-cron.php?doing_wp_cron=1788203786.1181709766387939453125 HTTP/1.1" 200 - "-" "WordPress/7.1; https://ekmtoronto.com"
66.249.65.134 - - [31/Aug/2026:15:16:25 -0400] "GET /?k=6296582408400 HTTP/1.1" 200 39842 "-" "Mozilla/5.0 (Linux; Android 6.0.1; Nexus 5X Build/MMB29P) AppleWebKit/537.36 (KHTML, like Gecko) Chrome/151.0.7922.173 Mobile Safari/537.36 (compatible; Googlebot/2.1; +http://www.google.com/bot.html)"
104.247.76.75 - - [31/Aug/2026:15:17:46 -0400] "POST /wp-cron.php?doing_wp_cron=1788203866.1430239677429199218750 HTTP/1.1" 200 - "-" "WordPress/7.1; https://ekmtoronto.com"
181.117.185.182 - - [31/Aug/2026:15:17:45 -0400] "GET /connect/ HTTP/1.1" 404 29355 "-" "Mozilla/5.0 (Macintosh; Intel Mac OS X 11.1; rv:130.0) Gecko/20100101 Firefox/130.0"
104.247.76.75 - - [31/Aug/2026:15:18:26 -0400] "POST /wp-cron.php?doing_wp_cron=1788203906.1606059074401855468750 HTTP/1.1" 200 - "-" "WordPress/7.1; https://ekmtoronto.com"
66.249.65.134 - - [31/Aug/2026:15:18:25 -0400] "GET /?k=27979162036900 HTTP/1.1" 200 39842 "-" "Mozilla/5.0 (Linux; Android 6.0.1; Nexus 5X Build/MMB29P) AppleWebKit/537.36 (KHTML, like Gecko) Chrome/151.0.7922.173 Mobile Safari/537.36 (compatible; Googlebot/2.1; +http://www.google.com/bot.html)"
147.90.209.67 - - [31/Aug/2026:15:18:56 -0400] "GET / HTTP/1.1" 200 39828 "http://ekmtoronto.com/" "Mozilla/5.0 (Windows NT 10.0; Win64; x64; rv:126.0) Gecko/20100101 Firefox/126.0"
104.247.76.75 - - [31/Aug/2026:15:21:04 -0400] "POST /wp-cron.php?doing_wp_cron=1788204064.4309999942779541015625 HTTP/1.1" 200 - "-" "WordPress/7.1; https://ekmtoronto.com"
162.241.2.220 - - [31/Aug/2026:15:21:04 -0400] "GET /wp-login.php HTTP/1.1" 200 2334 "-" "Mozilla/5.0 (Windows NT 10.0; Win64; x64) AppleWebKit/537.36 (KHTML, like Gecko) Chrome/151.0.0.0 Safari/537.36"
162.241.2.220 - - [31/Aug/2026:15:21:04 -0400] "POST /wp-login.php HTTP/1.1" 200 2488 "https://ekmtoronto.com/wp-login.php" "Mozilla/5.0 (Windows NT 10.0; Win64; x64) AppleWebKit/537.36 (KHTML, like Gecko) Chrome/151.0.0.0 Safari/537.36"
104.247.76.75 - - [31/Aug/2026:15:22:31 -0400] "POST /wp-cron.php?doing_wp_cron=1788204151.5848290920257568359375 HTTP/1.1" 200 - "-" "WordPress/7.1; https://ekmtoronto.com"
114.119.155.121 - - [31/Aug/2026:15:22:31 -0400] "GET /wp-sitemap-users-1.xml HTTP/1.1" 200 187 "https://ekmtoronto.com/wp-sitemap.xml" "Mozilla/5.0 (Linux; Android 7.0;) AppleWebKit/537.36 (KHTML, like Gecko) Mobile Safari/537.36 (compatible; PetalBot;+https://webmaster.petalsearch.com/site/petalbot)"
104.234.19.139 - - [31/Aug/2026:15:22:47 -0400] "POST /wp-login.php HTTP/1.1" 200 7716 "-" "Mozilla/5.0"
104.247.76.75 - - [31/Aug/2026:15:23:07 -0400] "POST /wp-cron.php?doing_wp_cron=1788204187.5160040855407714843750 HTTP/1.1" 200 - "-" "WordPress/7.1; https://ekmtoronto.com"
66.249.65.134 - - [31/Aug/2026:15:23:07 -0400] "GET /?sale/search/detail/?ITMCODE=c1a1p1r9i0c9o8r6n040 HTTP/1.1" 301 - "-" "Mozilla/5.0 (Linux; Android 6.0.1; Nexus 5X Build/MMB29P) AppleWebKit/537.36 (KHTML, like Gecko) Chrome/151.0.7922.173 Mobile Safari/537.36 (compatible; Googlebot/2.1; +http://www.google.com/bot.html)"
66.249.65.135 - - [31/Aug/2026:15:23:23 -0400] "GET /?sale%2Fsearch%2Fdetail%2F%3FITMCODE=c1a1p1r9i0c9o8r6n040 HTTP/1.1" 200 39888 "-" "Mozilla/5.0 (Linux; Android 6.0.1; Nexus 5X Build/MMB29P) AppleWebKit/537.36 (KHTML, like Gecko) Chrome/151.0.7922.173 Mobile Safari/537.36 (compatible; Googlebot/2.1; +http://www.google.com/bot.html)"
104.247.76.75 - - [31/Aug/2026:15:25:24 -0400] "POST /wp-cron.php?doing_wp_cron=1788204324.4285700321197509765625 HTTP/1.1" 200 - "-" "WordPress/7.1; https://ekmtoronto.com"
114.119.130.175 - - [31/Aug/2026:15:25:24 -0400] "GET /wp-sitemap-taxonomies-category-1.xml HTTP/1.1" 200 191 "https://ekmtoronto.com/wp-sitemap.xml" "Mozilla/5.0 (Linux; Android 7.0;) AppleWebKit/537.36 (KHTML, like Gecko) Mobile Safari/537.36 (compatible; PetalBot;+https://webmaster.petalsearch.com/site/petalbot)"
104.247.76.75 - - [31/Aug/2026:15:26:49 -0400] "POST /wp-cron.php?doing_wp_cron=1788204409.5947179794311523437500 HTTP/1.1" 200 - "-" "WordPress/7.1; https://ekmtoronto.com"
74.125.212.238 - - [31/Aug/2026:15:26:49 -0400] "GET /.well-known/traffic-advice HTTP/1.1" 404 29352 "-" "Chrome Privacy Preserving Prefetch Proxy"
104.247.76.75 - - [31/Aug/2026:15:26:49 -0400] "POST /wp-cron.php?doing_wp_cron=1788204409.7942290306091308593750 HTTP/1.1" 200 - "-" "WordPress/7.1; https://ekmtoronto.com"
162.120.186.91 - - [31/Aug/2026:15:26:49 -0400] "GET /our-team/ HTTP/1.1" 200 28100 "https://www.google.com/" "Mozilla/5.0 (Macintosh; Intel Mac OS X 10_15_7) AppleWebKit/537.36 (KHTML, like Gecko) Chrome/152.0.0.0 Safari/537.36"
174.89.169.56 - - [31/Aug/2026:15:26:53 -0400] "GET /wp-content/et-cache/227700/et-core-unified-deferred-227700.min.css?ver=1788112683 HTTP/1.1" 200 2317 "https://ekmtoronto.com/our-team/" "Mozilla/5.0 (Macintosh; Intel Mac OS X 10_15_7) AppleWebKit/537.36 (KHTML, like Gecko) Chrome/152.0.0.0 Safari/537.36"
174.89.169.56 - - [31/Aug/2026:15:26:53 -0400] "GET /wp-content/et-cache/227700/et-divi-dynamic-227700-late.css?ver=1788112682 HTTP/1.1" 200 1419 "https://ekmtoronto.com/our-team/" "Mozilla/5.0 (Macintosh; Intel Mac OS X 10_15_7) AppleWebKit/537.36 (KHTML, like Gecko) Chrome/152.0.0.0 Safari/537.36"
174.89.169.56 - - [31/Aug/2026:15:26:53 -0400] "GET /wp-content/et-cache/227700/et-divi-dynamic-227700.css?ver=1788112682 HTTP/1.1" 200 7277 "https://ekmtoronto.com/our-team/" "Mozilla/5.0 (Macintosh; Intel Mac OS X 10_15_7) AppleWebKit/537.36 (KHTML, like Gecko) Chrome/152.0.0.0 Safari/537.36"
174.89.169.56 - - [31/Aug/2026:15:26:53 -0400] "GET /wp-content/plugins/divi-bars/assets/css/main.css?ver=1.9.6 HTTP/1.1" 200 2832 "https://ekmtoronto.com/our-team/" "Mozilla/5.0 (Macintosh; Intel Mac OS X 10_15_7) AppleWebKit/537.36 (KHTML, like Gecko) Chrome/152.0.0.0 Safari/537.36"
174.89.169.56 - - [31/Aug/2026:15:26:53 -0400] "GET /wp-includes/js/jquery/jquery-migrate.min.js?ver=3.4.1 HTTP/1.1" 200 4872 "https://ekmtoronto.com/our-team/" "Mozilla/5.0 (Macintosh; Intel Mac OS X 10_15_7) AppleWebKit/537.36 (KHTML, like Gecko) Chrome/152.0.0.0 Safari/537.36"
174.89.169.56 - - [31/Aug/2026:15:26:53 -0400] "GET /wp-content/themes/Divi/core/admin/js/common.js?ver=4.27.8 HTTP/1.1" 200 566 "https://ekmtoronto.com/our-team/" "Mozilla/5.0 (Macintosh; Intel Mac OS X 10_15_7) AppleWebKit/537.36 (KHTML, like Gecko) Chrome/152.0.0.0 Safari/537.36"
174.89.169.56 - - [31/Aug/2026:15:26:53 -0400] "GET /wp-includes/js/jquery/jquery.min.js?ver=3.7.1 HTTP/1.1" 200 30368 "https://ekmtoronto.com/our-team/" "Mozilla/5.0 (Macintosh; Intel Mac OS X 10_15_7) AppleWebKit/537.36 (KHTML, like Gecko) Chrome/152.0.0.0 Safari/537.36"
174.89.169.56 - - [31/Aug/2026:15:26:53 -0400] "GET /wp-content/plugins/divi-bars/assets/js/main.js?ver=1.9.6 HTTP/1.1" 200 10054 "https://ekmtoronto.com/our-team/" "Mozilla/5.0 (Macintosh; Intel Mac OS X 10_15_7) AppleWebKit/537.36 (KHTML, like Gecko) Chrome/152.0.0.0 Safari/537.36"
174.89.169.56 - - [31/Aug/2026:15:26:53 -0400] "GET /wp-content/et-cache/227700/et-divi-dynamic-227700-late.css HTTP/1.1" 200 1419 "https://ekmtoronto.com/our-team/" "Mozilla/5.0 (Macintosh; Intel Mac OS X 10_15_7) AppleWebKit/537.36 (KHTML, like Gecko) Chrome/152.0.0.0 Safari/537.36"
174.89.169.56 - - [31/Aug/2026:15:26:53 -0400] "GET /wp-content/plugins/divi-bars/assets/js/main.helper.js?ver=1.9.6 HTTP/1.1" 200 - "https://ekmtoronto.com/our-team/" "Mozilla/5.0 (Macintosh; Intel Mac OS X 10_15_7) AppleWebKit/537.36 (KHTML, like Gecko) Chrome/152.0.0.0 Safari/537.36"
174.89.169.56 - - [31/Aug/2026:15:26:53 -0400] "GET /wp-content/plugins/divi-bars/assets/js/actual.min.js?ver=7.1 HTTP/1.1" 200 475 "https://ekmtoronto.com/our-team/" "Mozilla/5.0 (Macintosh; Intel Mac OS X 10_15_7) AppleWebKit/537.36 (KHTML, like Gecko) Chrome/152.0.0.0 Safari/537.36"
174.89.169.56 - - [31/Aug/2026:15:26:53 -0400] "GET /wp-content/themes/Divi/core/admin/fonts/modules/all/modules.woff HTTP/1.1" 200 37328 "https://ekmtoronto.com/our-team/" "Mozilla/5.0 (Macintosh; Intel Mac OS X 10_15_7) AppleWebKit/537.36 (KHTML, like Gecko) Chrome/152.0.0.0 Safari/537.36"
174.89.169.56 - - [31/Aug/2026:15:26:53 -0400] "GET /wp-content/uploads/2024/09/Pastor-colvin.png HTTP/1.1" 200 137321 "https://ekmtoronto.com/our-team/" "Mozilla/5.0 (Macintosh; Intel Mac OS X 10_15_7) AppleWebKit/537.36 (KHTML, like Gecko) Chrome/152.0.0.0 Safari/537.36"
174.89.169.56 - - [31/Aug/2026:15:26:53 -0400] "GET /wp-content/plugins/divi-bars/assets/js/jquery.exitintent.min.js?ver=7.1 HTTP/1.1" 200 427 "https://ekmtoronto.com/our-team/" "Mozilla/5.0 (Macintosh; Intel Mac OS X 10_15_7) AppleWebKit/537.36 (KHTML, like Gecko) Chrome/152.0.0.0 Safari/537.36"
174.89.169.56 - - [31/Aug/2026:15:26:53 -0400] "GET /wp-content/themes/Divi/core/admin/fonts/fontawesome/fa-brands-400.woff2 HTTP/1.1" 200 78493 "https://ekmtoronto.com/our-team/" "Mozilla/5.0 (Macintosh; Intel Mac OS X 10_15_7) AppleWebKit/537.36 (KHTML, like Gecko) Chrome/152.0.0.0 Safari/537.36"
174.89.169.56 - - [31/Aug/2026:15:26:53 -0400] "GET /wp-content/themes/Divi/js/scripts.min.js?ver=4.27.8 HTTP/1.1" 200 99754 "https://ekmtoronto.com/our-team/" "Mozilla/5.0 (Macintosh; Intel Mac OS X 10_15_7) AppleWebKit/537.36 (KHTML, like Gecko) Chrome/152.0.0.0 Safari/537.36"
174.89.169.56 - - [31/Aug/2026:15:26:53 -0400] "GET /wp-content/themes/Divi/images/logo.png HTTP/1.1" 200 1740 "https://ekmtoronto.com/our-team/" "Mozilla/5.0 (Macintosh; Intel Mac OS X 10_15_7) AppleWebKit/537.36 (KHTML, like Gecko) Chrome/152.0.0.0 Safari/537.36"
174.89.169.56 - - [31/Aug/2026:15:26:53 -0400] "GET /wp-content/themes/Divi/core/admin/fonts/fontawesome/fa-solid-900.woff2 HTTP/1.1" 200 80265 "https://ekmtoronto.com/our-team/" "Mozilla/5.0 (Macintosh; Intel Mac OS X 10_15_7) AppleWebKit/537.36 (KHTML, like Gecko) Chrome/152.0.0.0 Safari/537.36"
174.89.169.56 - - [31/Aug/2026:15:26:53 -0400] "GET /wp-content/uploads/2024/09/pastor-Mo.png HTTP/1.1" 200 255940 "https://ekmtoronto.com/our-team/" "Mozilla/5.0 (Macintosh; Intel Mac OS X 10_15_7) AppleWebKit/537.36 (KHTML, like Gecko) Chrome/152.0.0.0 Safari/537.36"
174.89.169.56 - - [31/Aug/2026:15:26:53 -0400] "GET /wp-content/uploads/2023/11/EKM-WHITE-LOGO-150PX.png HTTP/1.1" 200 1362 "https://ekmtoronto.com/our-team/" "Mozilla/5.0 (Macintosh; Intel Mac OS X 10_15_7) AppleWebKit/537.36 (KHTML, like Gecko) Chrome/152.0.0.0 Safari/537.36"
174.89.169.56 - - [31/Aug/2026:15:26:53 -0400] "GET /wp-content/uploads/2024/10/NICKI-663A8287-2000px-scaled.jpg HTTP/1.1" 200 694459 "https://ekmtoronto.com/our-team/" "Mozilla/5.0 (Macintosh; Intel Mac OS X 10_15_7) AppleWebKit/537.36 (KHTML, like Gecko) Chrome/152.0.0.0 Safari/537.36"
174.89.169.56 - - [31/Aug/2026:15:26:53 -0400] "GET /wp-content/uploads/2024/10/KADEEM-663A8274-2000PX2.jpg HTTP/1.1" 200 669346 "https://ekmtoronto.com/our-team/" "Mozilla/5.0 (Macintosh; Intel Mac OS X 10_15_7) AppleWebKit/537.36 (KHTML, like Gecko) Chrome/152.0.0.0 Safari/537.36"
174.89.169.56 - - [31/Aug/2026:15:26:53 -0400] "GET /wp-content/uploads/2023/11/cropped-EKM-SITE-TAB-ICON-512PX-32x32.jpg HTTP/1.1" 200 859 "https://ekmtoronto.com/our-team/" "Mozilla/5.0 (Macintosh; Intel Mac OS X 10_15_7) AppleWebKit/537.36 (KHTML, like Gecko) Chrome/152.0.0.0 Safari/537.36"
174.89.169.56 - - [31/Aug/2026:15:27:04 -0400] "GET /wp-content/uploads/2023/11/KAREN-IMG_6661-REV-1000PX.jpg HTTP/1.1" 200 121118 "https://ekmtoronto.com/our-team/" "Mozilla/5.0 (Macintosh; Intel Mac OS X 10_15_7) AppleWebKit/537.36 (KHTML, like Gecko) Chrome/152.0.0.0 Safari/537.36"
174.89.169.56 - - [31/Aug/2026:15:27:04 -0400] "GET /wp-content/uploads/2024/10/JOVAN-663A8268-2500px5-scaled.jpg HTTP/1.1" 200 884750 "https://ekmtoronto.com/our-team/" "Mozilla/5.0 (Macintosh; Intel Mac OS X 10_15_7) AppleWebKit/537.36 (KHTML, like Gecko) Chrome/152.0.0.0 Safari/537.36"
174.89.169.56 - - [31/Aug/2026:15:27:04 -0400] "GET /wp-content/uploads/2024/10/MARVIA-663A8292-2000PX4.jpg HTTP/1.1" 200 752971 "https://ekmtoronto.com/our-team/" "Mozilla/5.0 (Macintosh; Intel Mac OS X 10_15_7) AppleWebKit/537.36 (KHTML, like Gecko) Chrome/152.0.0.0 Safari/537.36"
174.89.169.56 - - [31/Aug/2026:15:27:10 -0400] "GET /our-team/ HTTP/1.1" 200 28100 "https://ekmtoronto.com/our-team/" "Mozilla/5.0 (Macintosh; Intel Mac OS X 10_15_7) AppleWebKit/537.36 (KHTML, like Gecko) Chrome/152.0.0.0 Safari/537.36"
174.89.169.56 - - [31/Aug/2026:15:27:10 -0400] "GET /wp-content/themes/Divi/core/admin/fonts/fontawesome/fa-regular-400.woff2 HTTP/1.1" 200 13571 "https://ekmtoronto.com/our-team/" "Mozilla/5.0 (Macintosh; Intel Mac OS X 10_15_7) AppleWebKit/537.36 (KHTML, like Gecko) Chrome/152.0.0.0 Safari/537.36"
174.89.169.56 - - [31/Aug/2026:15:27:18 -0400] "GET / HTTP/1.1" 200 39825 "https://ekmtoronto.com/our-team/" "Mozilla/5.0 (Macintosh; Intel Mac OS X 10_15_7) AppleWebKit/537.36 (KHTML, like Gecko) Chrome/152.0.0.0 Safari/537.36"
174.89.169.56 - - [31/Aug/2026:15:27:19 -0400] "GET /wp-content/et-cache/228351/et-divi-dynamic-228351-late.css?ver=1788111647 HTTP/1.1" 200 3170 "https://ekmtoronto.com/" "Mozilla/5.0 (Macintosh; Intel Mac OS X 10_15_7) AppleWebKit/537.36 (KHTML, like Gecko) Chrome/152.0.0.0 Safari/537.36"
174.89.169.56 - - [31/Aug/2026:15:27:19 -0400] "GET /wp-content/et-cache/228351/et-divi-dynamic-228351.css?ver=1788111647 HTTP/1.1" 200 11161 "https://ekmtoronto.com/" "Mozilla/5.0 (Macintosh; Intel Mac OS X 10_15_7) AppleWebKit/537.36 (KHTML, like Gecko) Chrome/152.0.0.0 Safari/537.36"
174.89.169.56 - - [31/Aug/2026:15:27:19 -0400] "GET /wp-content/et-cache/228351/et-core-unified-deferred-228351.min.css?ver=1788111648 HTTP/1.1" 200 3945 "https://ekmtoronto.com/" "Mozilla/5.0 (Macintosh; Intel Mac OS X 10_15_7) AppleWebKit/537.36 (KHTML, like Gecko) Chrome/152.0.0.0 Safari/537.36"
174.89.169.56 - - [31/Aug/2026:15:27:19 -0400] "GET /wp-content/plugins/divi-overlays/assets/css/animate.min.css?ver=4.1.1 HTTP/1.1" 200 5272 "https://ekmtoronto.com/" "Mozilla/5.0 (Macintosh; Intel Mac OS X 10_15_7) AppleWebKit/537.36 (KHTML, like Gecko) Chrome/152.0.0.0 Safari/537.36"
174.89.169.56 - - [31/Aug/2026:15:27:19 -0400] "GET /wp-content/plugins/divi-overlays/assets/css/custom_animations.css?ver=2.9.7.9 HTTP/1.1" 200 886 "https://ekmtoronto.com/" "Mozilla/5.0 (Macintosh; Intel Mac OS X 10_15_7) AppleWebKit/537.36 (KHTML, like Gecko) Chrome/152.0.0.0 Safari/537.36"
174.89.169.56 - - [31/Aug/2026:15:27:19 -0400] "GET /wp-content/plugins/divi-overlays/assets/css/style.css?ver=2.9.7.9 HTTP/1.1" 200 2232 "https://ekmtoronto.com/" "Mozilla/5.0 (Macintosh; Intel Mac OS X 10_15_7) AppleWebKit/537.36 (KHTML, like Gecko) Chrome/152.0.0.0 Safari/537.36"
174.89.169.56 - - [31/Aug/2026:15:27:19 -0400] "GET /wp-includes/js/mediaelement/mediaelementplayer-legacy.min.css?ver=4.2.17 HTTP/1.1" 200 2592 "https://ekmtoronto.com/" "Mozilla/5.0 (Macintosh; Intel Mac OS X 10_15_7) AppleWebKit/537.36 (KHTML, like Gecko) Chrome/152.0.0.0 Safari/537.36"
174.89.169.56 - - [31/Aug/2026:15:27:19 -0400] "GET /wp-includes/js/mediaelement/wp-mediaelement.min.css?ver=7.1 HTTP/1.1" 200 1156 "https://ekmtoronto.com/" "Mozilla/5.0 (Macintosh; Intel Mac OS X 10_15_7) AppleWebKit/537.36 (KHTML, like Gecko) Chrome/152.0.0.0 Safari/537.36"
174.89.169.56 - - [31/Aug/2026:15:27:19 -0400] "GET /wp-content/themes/Divi/includes/builder/feature/dynamic-assets/assets/js/jquery.fitvids.js?ver=4.27.8 HTTP/1.1" 200 1341 "https://ekmtoronto.com/" "Mozilla/5.0 (Macintosh; Intel Mac OS X 10_15_7) AppleWebKit/537.36 (KHTML, like Gecko) Chrome/152.0.0.0 Safari/537.36"
174.89.169.56 - - [31/Aug/2026:15:27:19 -0400] "GET /wp-content/themes/Divi/includes/builder/feature/dynamic-assets/assets/js/easypiechart.js?ver=4.27.8 HTTP/1.1" 200 3118 "https://ekmtoronto.com/" "Mozilla/5.0 (Macintosh; Intel Mac OS X 10_15_7) AppleWebKit/537.36 (KHTML, like Gecko) Chrome/152.0.0.0 Safari/537.36"
174.89.169.56 - - [31/Aug/2026:15:27:19 -0400] "GET /wp-content/themes/Divi/includes/builder/feature/dynamic-assets/assets/js/salvattore.js?ver=4.27.8 HTTP/1.1" 200 3412 "https://ekmtoronto.com/" "Mozilla/5.0 (Macintosh; Intel Mac OS X 10_15_7) AppleWebKit/537.36 (KHTML, like Gecko) Chrome/152.0.0.0 Safari/537.36"
174.89.169.56 - - [31/Aug/2026:15:27:19 -0400] "GET /wp-content/et-cache/228351/et-divi-dynamic-228351-late.css HTTP/1.1" 200 3170 "https://ekmtoronto.com/" "Mozilla/5.0 (Macintosh; Intel Mac OS X 10_15_7) AppleWebKit/537.36 (KHTML, like Gecko) Chrome/152.0.0.0 Safari/537.36"
174.89.169.56 - - [31/Aug/2026:15:27:19 -0400] "GET /wp-content/plugins/divi-overlays/assets/js/jquery.exitintent.js?ver=2.9.7.9 HTTP/1.1" 200 398 "https://ekmtoronto.com/" "Mozilla/5.0 (Macintosh; Intel Mac OS X 10_15_7) AppleWebKit/537.36 (KHTML, like Gecko) Chrome/152.0.0.0 Safari/537.36"
174.89.169.56 - - [31/Aug/2026:15:27:19 -0400] "GET /wp-content/uploads/2023/11/Volunteer-Team-Sharp-EKM-7411-WIDE-1500px.jpg HTTP/1.1" 200 148664 "https://ekmtoronto.com/" "Mozilla/5.0 (Macintosh; Intel Mac OS X 10_15_7) AppleWebKit/537.36 (KHTML, like Gecko) Chrome/152.0.0.0 Safari/537.36"
174.89.169.56 - - [31/Aug/2026:15:27:19 -0400] "GET /wp-content/plugins/divi-overlays/assets/js/custom.js?ver=2.9.7.9 HTTP/1.1" 200 12334 "https://ekmtoronto.com/" "Mozilla/5.0 (Macintosh; Intel Mac OS X 10_15_7) AppleWebKit/537.36 (KHTML, like Gecko) Chrome/152.0.0.0 Safari/537.36"
174.89.169.56 - - [31/Aug/2026:15:27:19 -0400] "GET /wp-content/uploads/2021/06/akin-Franz-IMG_7125-1500PX-2.png HTTP/1.1" 200 402357 "https://ekmtoronto.com/" "Mozilla/5.0 (Macintosh; Intel Mac OS X 10_15_7) AppleWebKit/537.36 (KHTML, like Gecko) Chrome/152.0.0.0 Safari/537.36"
174.89.169.56 - - [31/Aug/2026:15:27:19 -0400] "GET /wp-includes/js/mediaelement/mediaelement-migrate.min.js?ver=7.1 HTTP/1.1" 200 540 "https://ekmtoronto.com/" "Mozilla/5.0 (Macintosh; Intel Mac OS X 10_15_7) AppleWebKit/537.36 (KHTML, like Gecko) Chrome/152.0.0.0 Safari/537.36"
174.89.169.56 - - [31/Aug/2026:15:27:19 -0400] "GET /wp-content/uploads/2023/11/We-Love-lee-Nicole_7149-2400px-1.jpg HTTP/1.1" 200 310266 "https://ekmtoronto.com/" "Mozilla/5.0 (Macintosh; Intel Mac OS X 10_15_7) AppleWebKit/537.36 (KHTML, like Gecko) Chrome/152.0.0.0 Safari/537.36"
174.89.169.56 - - [31/Aug/2026:15:27:19 -0400] "GET /wp-includes/js/mediaelement/mediaelement-and-player.min.js?ver=4.2.17 HTTP/1.1" 200 38789 "https://ekmtoronto.com/" "Mozilla/5.0 (Macintosh; Intel Mac OS X 10_15_7) AppleWebKit/537.36 (KHTML, like Gecko) Chrome/152.0.0.0 Safari/537.36"
174.89.169.56 - - [31/Aug/2026:15:27:19 -0400] "GET /wp-includes/js/mediaelement/wp-mediaelement.min.js?ver=7.1 HTTP/1.1" 200 538 "https://ekmtoronto.com/" "Mozilla/5.0 (Macintosh; Intel Mac OS X 10_15_7) AppleWebKit/537.36 (KHTML, like Gecko) Chrome/152.0.0.0 Safari/537.36"
174.89.169.56 - - [31/Aug/2026:15:27:19 -0400] "GET /wp-content/uploads/2021/06/EKM-LOGO-BLACK-IM-150PX.png HTTP/1.1" 404 28393 "https://ekmtoronto.com/" "Mozilla/5.0 (Macintosh; Intel Mac OS X 10_15_7) AppleWebKit/537.36 (KHTML, like Gecko) Chrome/152.0.0.0 Safari/537.36"
174.89.169.56 - - [31/Aug/2026:15:27:20 -0400] "GET /our-team/ HTTP/1.1" 200 28100 "https://ekmtoronto.com/" "Mozilla/5.0 (Macintosh; Intel Mac OS X 10_15_7) AppleWebKit/537.36 (KHTML, like Gecko) Chrome/152.0.0.0 Safari/537.36"
174.89.169.56 - - [31/Aug/2026:15:27:22 -0400] "GET /our-beliefs/ HTTP/1.1" 200 27147 "https://ekmtoronto.com/our-team/" "Mozilla/5.0 (Macintosh; Intel Mac OS X 10_15_7) AppleWebKit/537.36 (KHTML, like Gecko) Chrome/152.0.0.0 Safari/537.36"
174.89.169.56 - - [31/Aug/2026:15:27:22 -0400] "GET /wp-content/et-cache/2262/et-divi-dynamic-2262-late.css?ver=1788141824 HTTP/1.1" 200 1756 "https://ekmtoronto.com/our-beliefs/" "Mozilla/5.0 (Macintosh; Intel Mac OS X 10_15_7) AppleWebKit/537.36 (KHTML, like Gecko) Chrome/152.0.0.0 Safari/537.36"
174.89.169.56 - - [31/Aug/2026:15:27:22 -0400] "GET /wp-content/et-cache/2262/et-core-unified-deferred-2262.min.css?ver=1788141824 HTTP/1.1" 200 3124 "https://ekmtoronto.com/our-beliefs/" "Mozilla/5.0 (Macintosh; Intel Mac OS X 10_15_7) AppleWebKit/537.36 (KHTML, like Gecko) Chrome/152.0.0.0 Safari/537.36"
174.89.169.56 - - [31/Aug/2026:15:27:22 -0400] "GET /wp-content/et-cache/2262/et-divi-dynamic-2262.css?ver=1788141824 HTTP/1.1" 200 7277 "https://ekmtoronto.com/our-beliefs/" "Mozilla/5.0 (Macintosh; Intel Mac OS X 10_15_7) AppleWebKit/537.36 (KHTML, like Gecko) Chrome/152.0.0.0 Safari/537.36"
174.89.169.56 - - [31/Aug/2026:15:27:22 -0400] "GET /wp-content/et-cache/2262/et-divi-dynamic-2262-late.css HTTP/1.1" 200 1756 "https://ekmtoronto.com/our-beliefs/" "Mozilla/5.0 (Macintosh; Intel Mac OS X 10_15_7) AppleWebKit/537.36 (KHTML, like Gecko) Chrome/152.0.0.0 Safari/537.36"
174.89.169.56 - - [31/Aug/2026:15:27:22 -0400] "GET /wp-content/uploads/2023/11/Sermon-Pastor-Mo-IMG_2077-1500px.jpg HTTP/1.1" 200 93292 "https://ekmtoronto.com/wp-content/et-cache/2262/et-core-unified-deferred-2262.min.css?ver=1788141824" "Mozilla/5.0 (Macintosh; Intel Mac OS X 10_15_7) AppleWebKit/537.36 (KHTML, like Gecko) Chrome/152.0.0.0 Safari/537.36"
66.249.65.136 - - [31/Aug/2026:15:27:45 -0400] "GET /?sale/search/detail/?ITMCODE=p1r1o2m4i6s8e8d8p0r1e5dicate HTTP/1.1" 301 - "-" "Mozilla/5.0 (Linux; Android 6.0.1; Nexus 5X Build/MMB29P) AppleWebKit/537.36 (KHTML, like Gecko) Chrome/151.0.7922.173 Mobile Safari/537.36 (compatible; Googlebot/2.1; +http://www.google.com/bot.html)"
104.247.76.75 - - [31/Aug/2026:15:28:00 -0400] "POST /wp-cron.php?doing_wp_cron=1788204480.2079949378967285156250 HTTP/1.1" 200 - "-" "WordPress/7.1; https://ekmtoronto.com"
200.130.101.130 - - [31/Aug/2026:15:28:00 -0400] "GET /wp-json/wp/v2/users/me HTTP/1.1" 401 102 "-" "200.130.101.130"
66.249.65.134 - - [31/Aug/2026:15:28:04 -0400] "GET /?k=02627147263810 HTTP/1.1" 200 39842 "-" "Mozilla/5.0 (Linux; Android 6.0.1; Nexus 5X Build/MMB29P) AppleWebKit/537.36 (KHTML, like Gecko) Chrome/151.0.7922.173 Mobile Safari/537.36 (compatible; Googlebot/2.1; +http://www.google.com/bot.html)"
66.249.65.135 - - [31/Aug/2026:15:28:09 -0400] "GET /?k=85036135792401 HTTP/1.1" 200 39844 "-" "Mozilla/5.0 (Linux; Android 6.0.1; Nexus 5X Build/MMB29P) AppleWebKit/537.36 (KHTML, like Gecko) Chrome/151.0.7922.173 Mobile Safari/537.36 (compatible; Googlebot/2.1; +http://www.google.com/bot.html)"
66.249.65.134 - - [31/Aug/2026:15:28:13 -0400] "GET /?sale/search/detail/?ITMCODE=a8s1s1e8m1b7l0y224 HTTP/1.1" 301 - "-" "Mozilla/5.0 (Linux; Android 6.0.1; Nexus 5X Build/MMB29P) AppleWebKit/537.36 (KHTML, like Gecko) Chrome/151.0.7922.173 Mobile Safari/537.36 (compatible; Googlebot/2.1; +http://www.google.com/bot.html)"
66.249.65.134 - - [31/Aug/2026:15:28:18 -0400] "GET /?sale%2Fsearch%2Fdetail%2F%3FITMCODE=a8s1s1e8m1b7l0y224 HTTP/1.1" 200 39886 "-" "Mozilla/5.0 (Linux; Android 6.0.1; Nexus 5X Build/MMB29P) AppleWebKit/537.36 (KHTML, like Gecko) Chrome/151.0.7922.173 Mobile Safari/537.36 (compatible; Googlebot/2.1; +http://www.google.com/bot.html)"
114.119.165.200 - - [31/Aug/2026:15:28:19 -0400] "GET /wp-sitemap-posts-post-1.xml HTTP/1.1" 200 342 "https://ekmtoronto.com/wp-sitemap.xml" "Mozilla/5.0 (Linux; Android 7.0;) AppleWebKit/537.36 (KHTML, like Gecko) Mobile Safari/537.36 (compatible; PetalBot;+https://webmaster.petalsearch.com/site/petalbot)"
66.249.65.134 - - [31/Aug/2026:15:28:27 -0400] "GET /?sale/search/detail/?ITMCODE=m7i3s3i2m5p2r4o0v1e2 HTTP/1.1" 301 - "-" "Mozilla/5.0 (Linux; Android 6.0.1; Nexus 5X Build/MMB29P) AppleWebKit/537.36 (KHTML, like Gecko) Chrome/151.0.7922.173 Mobile Safari/537.36 (compatible; Googlebot/2.1; +http://www.google.com/bot.html)"
66.249.65.134 - - [31/Aug/2026:15:28:31 -0400] "GET /?sale%2Fsearch%2Fdetail%2F%3FITMCODE=m7i3s3i2m5p2r4o0v1e2 HTTP/1.1" 200 39889 "-" "Mozilla/5.0 (Linux; Android 6.0.1; Nexus 5X Build/MMB29P) AppleWebKit/537.36 (KHTML, like Gecko) Chrome/151.0.7922.173 Mobile Safari/537.36 (compatible; Googlebot/2.1; +http://www.google.com/bot.html)"
104.247.76.75 - - [31/Aug/2026:15:30:42 -0400] "POST /wp-cron.php?doing_wp_cron=1788204642.8310990333557128906250 HTTP/1.1" 200 - "-" "WordPress/7.1; https://ekmtoronto.com"
43.173.181.35 - - [31/Aug/2026:15:30:42 -0400] "GET /?p=238058 HTTP/1.1" 404 29355 "-" "Mozilla/5.0 (Windows NT 10.0; Win64; x64) AppleWebKit/537.36 (KHTML, like Gecko) Chrome/111.0.0.0 Safari/537.36"
104.234.19.133 - - [31/Aug/2026:15:30:57 -0400] "POST /wp-login.php HTTP/1.1" 200 7716 "-" "Mozilla/5.0"
104.247.76.75 - - [31/Aug/2026:15:31:11 -0400] "POST /wp-cron.php?doing_wp_cron=1788204671.9219028949737548828125 HTTP/1.1" 200 - "-" "WordPress/7.1; https://ekmtoronto.com"
114.119.153.84 - - [31/Aug/2026:15:31:11 -0400] "GET /youth-and-young-adults/ HTTP/1.1" 200 28798 "https://ekmtoronto.com/wp-sitemap-posts-post-1.xml" "Mozilla/5.0 (Linux; Android 7.0;) AppleWebKit/537.36 (HTML, like Gecko) Mobile Safari/537.36 (compatible; PetalBot;+https://webmaster.petalsearch.com/site/petalbot)"
66.249.65.135 - - [31/Aug/2026:15:31:22 -0400] "GET /?sale/search/detail/?ITMCODE=m2u1s0a9e0425769 HTTP/1.1" 301 - "-" "Mozilla/5.0 (Linux; Android 6.0.1; Nexus 5X Build/MMB29P) AppleWebKit/537.36 (KHTML, like Gecko) Chrome/151.0.7922.173 Mobile Safari/537.36 (compatible; Googlebot/2.1; +http://www.google.com/bot.html)"
