99.224.204.51 - - [31/Aug/2026:19:00:41 -0400] "GET /wp-content/themes/Divi/images/logo.png HTTP/1.1" 200 1740 "https://ekmtoronto.com/" "Mozilla/5.0 (Linux; Android 10; K) AppleWebKit/537.36 (KHTML, like Gecko) Chrome/152.0.0.0 Mobile Safari/537.36"
99.224.204.51 - - [31/Aug/2026:19:00:41 -0400] "GET /wp-includes/js/mediaelement/wp-mediaelement.min.js?ver=7.1 HTTP/1.1" 200 538 "https://ekmtoronto.com/" "Mozilla/5.0 (Linux; Android 10; K) AppleWebKit/537.36 (KHTML, like Gecko) Chrome/152.0.0.0 Mobile Safari/537.36"
99.224.204.51 - - [31/Aug/2026:19:00:42 -0400] "GET /wp-content/uploads/2022/09/EKM-LOGO-BLACK-IMG_100px.png HTTP/1.1" 404 28394 "https://ekmtoronto.com/" "Mozilla/5.0 (Linux; Android 10; K) AppleWebKit/537.36 (KHTML, like Gecko) Chrome/152.0.0.0 Mobile Safari/537.36"
99.224.204.51 - - [31/Aug/2026:19:00:44 -0400] "GET /wp-content/uploads/2026/08/food-drive-980x551.jpg HTTP/1.1" 200 84369 "https://ekmtoronto.com/" "Mozilla/5.0 (Linux; Android 10; K) AppleWebKit/537.36 (KHTML, like Gecko) Chrome/152.0.0.0 Mobile Safari/537.36"
99.224.204.51 - - [31/Aug/2026:19:00:44 -0400] "GET /wp-content/uploads/2025/02/GLOW-UP2-980x551.jpg HTTP/1.1" 200 66171 "https://ekmtoronto.com/" "Mozilla/5.0 (Linux; Android 10; K) AppleWebKit/537.36 (KHTML, like Gecko) Chrome/152.0.0.0 Mobile Safari/537.36"
99.224.204.51 - - [31/Aug/2026:19:00:44 -0400] "GET /wp-content/uploads/2023/05/Middaynew-980x551.jpg HTTP/1.1" 200 99305 "https://ekmtoronto.com/" "Mozilla/5.0 (Linux; Android 10; K) AppleWebKit/537.36 (KHTML, like Gecko) Chrome/152.0.0.0 Mobile Safari/537.36"
99.224.204.51 - - [31/Aug/2026:19:00:44 -0400] "GET /wp-content/uploads/2026/08/Young-youth-980x552.png HTTP/1.1" 200 744326 "https://ekmtoronto.com/" "Mozilla/5.0 (Linux; Android 10; K) AppleWebKit/537.36 (KHTML, like Gecko) Chrome/152.0.0.0 Mobile Safari/537.36"
99.224.204.51 - - [31/Aug/2026:19:00:53 -0400] "GET /open-table-food-drive/ HTTP/1.1" 200 28962 "https://ekmtoronto.com/" "Mozilla/5.0 (Linux; Android 10; K) AppleWebKit/537.36 (KHTML, like Gecko) Chrome/152.0.0.0 Mobile Safari/537.36"
99.224.204.51 - - [31/Aug/2026:19:00:54 -0400] "GET /wp-content/uploads/2024/10/water-baptism-980x551.png HTTP/1.1" 200 12764 "https://ekmtoronto.com/" "Mozilla/5.0 (Linux; Android 10; K) AppleWebKit/537.36 (KHTML, like Gecko) Chrome/152.0.0.0 Mobile Safari/537.36"
104.247.76.75 - - [31/Aug/2026:19:01:00 -0400] "POST /wp-cron.php?doing_wp_cron=1788217260.2668681144714355468750 HTTP/1.1" 200 - "-" "WordPress/7.1; https://ekmtoronto.com"
99.224.204.51 - - [31/Aug/2026:19:00:59 -0400] "GET /youth-and-young-adults/ HTTP/1.1" 200 28798 "https://ekmtoronto.com/" "Mozilla/5.0 (Linux; Android 10; K) AppleWebKit/537.36 (KHTML, like Gecko) Chrome/152.0.0.0 Mobile Safari/537.36"
99.224.204.51 - - [31/Aug/2026:19:01:00 -0400] "GET /wp-content/uploads/2024/09/intercession-980x551.jpeg HTTP/1.1" 200 42780 "https://ekmtoronto.com/" "Mozilla/5.0 (Linux; Android 10; K) AppleWebKit/537.36 (KHTML, like Gecko) Chrome/152.0.0.0 Mobile Safari/537.36"
99.224.204.51 - - [31/Aug/2026:19:01:01 -0400] "GET /glow-up-a-friday-morning-devotional/ HTTP/1.1" 200 29587 "https://ekmtoronto.com/" "Mozilla/5.0 (Linux; Android 10; K) AppleWebKit/537.36 (KHTML, like Gecko) Chrome/152.0.0.0 Mobile Safari/537.36"
99.224.204.51 - - [31/Aug/2026:19:01:02 -0400] "GET /baptism-2/ HTTP/1.1" 200 29063 "https://ekmtoronto.com/" "Mozilla/5.0 (Linux; Android 10; K) AppleWebKit/537.36 (KHTML, like Gecko) Chrome/152.0.0.0 Mobile Safari/537.36"
99.224.204.51 - - [31/Aug/2026:19:01:03 -0400] "GET /intercession/ HTTP/1.1" 200 28932 "https://ekmtoronto.com/" "Mozilla/5.0 (Linux; Android 10; K) AppleWebKit/537.36 (KHTML, like Gecko) Chrome/152.0.0.0 Mobile Safari/537.36"
99.224.204.51 - - [31/Aug/2026:19:01:04 -0400] "GET /midday-breakaway/ HTTP/1.1" 200 29035 "https://ekmtoronto.com/" "Mozilla/5.0 (Linux; Android 10; K) AppleWebKit/537.36 (KHTML, like Gecko) Chrome/152.0.0.0 Mobile Safari/537.36"
99.224.204.51 - - [31/Aug/2026:19:01:05 -0400] "GET /open-table-food-drive/ HTTP/1.1" 200 28962 "https://ekmtoronto.com/" "Mozilla/5.0 (Linux; Android 10; K) AppleWebKit/537.36 (KHTML, like Gecko) Chrome/152.0.0.0 Mobile Safari/537.36"
99.224.204.51 - - [31/Aug/2026:19:01:12 -0400] "GET /glow-up-a-friday-morning-devotional/ HTTP/1.1" 200 29587 "https://ekmtoronto.com/" "Mozilla/5.0 (Linux; Android 10; K) AppleWebKit/537.36 (KHTML, like Gecko) Chrome/152.0.0.0 Mobile Safari/537.36"
99.224.204.51 - - [31/Aug/2026:19:01:13 -0400] "GET /baptism-2/ HTTP/1.1" 200 29063 "https://ekmtoronto.com/" "Mozilla/5.0 (Linux; Android 10; K) AppleWebKit/537.36 (KHTML, like Gecko) Chrome/152.0.0.0 Mobile Safari/537.36"
99.224.204.51 - - [31/Aug/2026:19:01:14 -0400] "GET /intercession/ HTTP/1.1" 200 28932 "https://ekmtoronto.com/" "Mozilla/5.0 (Linux; Android 10; K) AppleWebKit/537.36 (KHTML, like Gecko) Chrome/152.0.0.0 Mobile Safari/537.36"
99.224.204.51 - - [31/Aug/2026:19:01:15 -0400] "GET /midday-breakaway/ HTTP/1.1" 200 29035 "https://ekmtoronto.com/" "Mozilla/5.0 (Linux; Android 10; K) AppleWebKit/537.36 (KHTML, like Gecko) Chrome/152.0.0.0 Mobile Safari/537.36"
66.249.65.134 - - [31/Aug/2026:19:01:17 -0400] "GET /?k=6890210527903 HTTP/1.1" 200 39843 "-" "Mozilla/5.0 (Linux; Android 6.0.1; Nexus 5X Build/MMB29P) AppleWebKit/537.36 (KHTML, like Gecko) Chrome/151.0.7922.173 Mobile Safari/537.36 (compatible; Googlebot/2.1; +http://www.google.com/bot.html)"
66.249.65.134 - - [31/Aug/2026:19:01:18 -0400] "GET /?sale%2Fsearch%2Fdetail%2F%3FITMCODE=u8n3d6e1r9s2k2y9554 HTTP/1.1" 200 39886 "-" "Mozilla/5.0 (Linux; Android 6.0.1; Nexus 5X Build/MMB29P) AppleWebKit/537.36 (KHTML, like Gecko) Chrome/151.0.7922.173 Mobile Safari/537.36 (compatible; Googlebot/2.1; +http://www.google.com/bot.html)"
104.247.76.75 - - [31/Aug/2026:19:04:10 -0400] "POST /wp-cron.php?doing_wp_cron=1788217450.3375580310821533203125 HTTP/1.1" 200 - "-" "WordPress/7.1; https://ekmtoronto.com"
193.36.224.35 - - [31/Aug/2026:19:04:10 -0400] "POST /wp-login.php HTTP/1.1" 200 7716 "-" "Mozilla/5.0"
66.249.65.135 - - [31/Aug/2026:19:04:21 -0400] "GET /?k=0227130991308 HTTP/1.1" 200 39843 "-" "Mozilla/5.0 (Linux; Android 6.0.1; Nexus 5X Build/MMB29P) AppleWebKit/537.36 (KHTML, like Gecko) Chrome/151.0.7922.173 Mobile Safari/537.36 (compatible; Googlebot/2.1; +http://www.google.com/bot.html)"
104.247.76.75 - - [31/Aug/2026:19:05:23 -0400] "POST /wp-cron.php?doing_wp_cron=1788217523.3101871013641357421875 HTTP/1.1" 200 - "-" "WordPress/7.1; https://ekmtoronto.com"
66.249.65.135 - - [31/Aug/2026:19:05:22 -0400] "GET /?k=0215090311603 HTTP/1.1" 200 39843 "-" "Mozilla/5.0 (Linux; Android 6.0.1; Nexus 5X Build/MMB29P) AppleWebKit/537.36 (KHTML, like Gecko) Chrome/151.0.7922.173 Mobile Safari/537.36 (compatible; Googlebot/2.1; +http://www.google.com/bot.html)"
104.247.76.75 - - [31/Aug/2026:19:06:23 -0400] "POST /wp-cron.php?doing_wp_cron=1788217583.7442979812622070312500 HTTP/1.1" 200 - "-" "WordPress/7.1; https://ekmtoronto.com"
66.249.65.135 - - [31/Aug/2026:19:06:23 -0400] "GET /?k=8077727069902 HTTP/1.1" 200 39843 "-" "Mozilla/5.0 (Linux; Android 6.0.1; Nexus 5X Build/MMB29P) AppleWebKit/537.36 (KHTML, like Gecko) Chrome/151.0.7922.173 Mobile Safari/537.36 (compatible; Googlebot/2.1; +http://www.google.com/bot.html)"
104.247.76.75 - - [31/Aug/2026:19:07:23 -0400] "POST /wp-cron.php?doing_wp_cron=1788217643.4084010124206542968750 HTTP/1.1" 200 - "-" "WordPress/7.1; https://ekmtoronto.com"
66.249.65.134 - - [31/Aug/2026:19:07:22 -0400] "GET /?k=17168153831300 HTTP/1.1" 200 39843 "-" "Mozilla/5.0 (Linux; Android 6.0.1; Nexus 5X Build/MMB29P) AppleWebKit/537.36 (KHTML, like Gecko) Chrome/151.0.7922.173 Mobile Safari/537.36 (compatible; Googlebot/2.1; +http://www.google.com/bot.html)"
104.247.76.75 - - [31/Aug/2026:19:10:24 -0400] "POST /wp-cron.php?doing_wp_cron=1788217824.5327939987182617187500 HTTP/1.1" 200 - "-" "WordPress/7.1; https://ekmtoronto.com"
66.249.65.134 - - [31/Aug/2026:19:10:24 -0400] "GET /?k=7071198611800 HTTP/1.1" 200 39841 "-" "Mozilla/5.0 (Linux; Android 6.0.1; Nexus 5X Build/MMB29P) AppleWebKit/537.36 (KHTML, like Gecko) Chrome/151.0.7922.173 Mobile Safari/537.36 (compatible; Googlebot/2.1; +http://www.google.com/bot.html)"
66.249.65.134 - - [31/Aug/2026:19:10:24 -0400] "GET /?sale/search/detail/?ITMCODE=f9l1y6s1p6e7c0k8048 HTTP/1.1" 301 - "-" "Mozilla/5.0 (Linux; Android 6.0.1; Nexus 5X Build/MMB29P) AppleWebKit/537.36 (KHTML, like Gecko) Chrome/151.0.7922.173 Mobile Safari/537.36 (compatible; Googlebot/2.1; +http://www.google.com/bot.html)"
66.249.65.135 - - [31/Aug/2026:19:10:27 -0400] "GET /?sale%2Fsearch%2Fdetail%2F%3FITMCODE=f9l1y6s1p6e7c0k8048 HTTP/1.1" 200 39888 "-" "Mozilla/5.0 (Linux; Android 6.0.1; Nexus 5X Build/MMB29P) AppleWebKit/537.36 (KHTML, like Gecko) Chrome/151.0.7922.173 Mobile Safari/537.36 (compatible; Googlebot/2.1; +http://www.google.com/bot.html)"
104.247.76.75 - - [31/Aug/2026:19:11:54 -0400] "POST /wp-cron.php?doing_wp_cron=1788217914.6688549518585205078125 HTTP/1.1" 200 - "-" "WordPress/7.1; https://ekmtoronto.com"
66.249.65.135 - - [31/Aug/2026:19:11:54 -0400] "GET /?sale/search/detail/?ITMCODE=c8r7i9t5i8c5i1z9e77 HTTP/1.1" 301 - "-" "Mozilla/5.0 (Linux; Android 6.0.1; Nexus 5X Build/MMB29P) AppleWebKit/537.36 (KHTML, like Gecko) Chrome/151.0.7922.173 Mobile Safari/537.36 (compatible; Googlebot/2.1; +http://www.google.com/bot.html)"
66.249.65.134 - - [31/Aug/2026:19:11:55 -0400] "GET /?sale%2Fsearch%2Fdetail%2F%3FITMCODE=c8r7i9t5i8c5i1z9e77 HTTP/1.1" 200 39887 "-" "Mozilla/5.0 (Linux; Android 6.0.1; Nexus 5X Build/MMB29P) AppleWebKit/537.36 (KHTML, like Gecko) Chrome/151.0.7922.173 Mobile Safari/537.36 (compatible; Googlebot/2.1; +http://www.google.com/bot.html)"
104.247.76.75 - - [31/Aug/2026:19:12:30 -0400] "POST /wp-cron.php?doing_wp_cron=1788217950.6300959587097167968750 HTTP/1.1" 200 - "-" "WordPress/7.1; https://ekmtoronto.com"
207.46.13.64 - - [31/Aug/2026:19:12:30 -0400] "GET /sitemap.xml HTTP/1.1" 301 - "-" "Mozilla/5.0 AppleWebKit/537.36 (KHTML, like Gecko; compatible; bingbot/2.0; +http://www.bing.com/bingbot.htm) Chrome/116.0.1938.76 Safari/537.36"
207.46.13.64 - - [31/Aug/2026:19:12:31 -0400] "GET / HTTP/1.1" 200 39821 "-" "Mozilla/5.0 AppleWebKit/537.36 (KHTML, like Gecko; compatible; bingbot/2.0; +http://www.bing.com/bingbot.htm) Chrome/116.0.1938.76 Safari/537.36"
193.36.224.89 - - [31/Aug/2026:19:12:33 -0400] "POST /wp-login.php HTTP/1.1" 200 7716 "-" "Mozilla/5.0"
104.247.76.75 - - [31/Aug/2026:19:14:26 -0400] "POST /wp-cron.php?doing_wp_cron=1788218066.3420450687408447265625 HTTP/1.1" 200 - "-" "WordPress/7.1; https://ekmtoronto.com"
66.249.65.136 - - [31/Aug/2026:19:14:25 -0400] "GET /?k=9987193505701 HTTP/1.1" 200 39843 "-" "Mozilla/5.0 (Linux; Android 6.0.1; Nexus 5X Build/MMB29P) AppleWebKit/537.36 (KHTML, like Gecko) Chrome/151.0.7922.173 Mobile Safari/537.36 (compatible; Googlebot/2.1; +http://www.google.com/bot.html)"
104.247.76.75 - - [31/Aug/2026:19:15:33 -0400] "POST /wp-cron.php?doing_wp_cron=1788218133.0609540939331054687500 HTTP/1.1" 200 - "-" "WordPress/7.1; https://ekmtoronto.com"
66.249.65.135 - - [31/Aug/2026:19:15:32 -0400] "GET /?sale/search/detail/?ITMCODE=g9e1t2t0a7b8l4e7114 HTTP/1.1" 301 - "-" "Mozilla/5.0 (Linux; Android 6.0.1; Nexus 5X Build/MMB29P) AppleWebKit/537.36 (KHTML, like Gecko) Chrome/151.0.7922.173 Mobile Safari/537.36 (compatible; Googlebot/2.1; +http://www.google.com/bot.html)"
66.249.65.135 - - [31/Aug/2026:19:15:33 -0400] "GET /?sale%2Fsearch%2Fdetail%2F%3FITMCODE=g9e1t2t0a7b8l4e7114 HTTP/1.1" 200 39887 "-" "Mozilla/5.0 (Linux; Android 6.0.1; Nexus 5X Build/MMB29P) AppleWebKit/537.36 (KHTML, like Gecko) Chrome/151.0.7922.173 Mobile Safari/537.36 (compatible; Googlebot/2.1; +http://www.google.com/bot.html)"
66.249.65.134 - - [31/Aug/2026:19:15:35 -0400] "GET /?sale/search/detail/?ITMCODE=s6p4u2n3g7e017579 HTTP/1.1" 301 - "-" "Mozilla/5.0 (Linux; Android 6.0.1; Nexus 5X Build/MMB29P) AppleWebKit/537.36 (KHTML, like Gecko) Chrome/151.0.7922.173 Mobile Safari/537.36 (compatible; Googlebot/2.1; +http://www.google.com/bot.html)"
66.249.65.135 - - [31/Aug/2026:19:15:36 -0400] "GET /?sale%2Fsearch%2Fdetail%2F%3FITMCODE=s6p4u2n3g7e017579 HTTP/1.1" 200 39886 "-" "Mozilla/5.0 (Linux; Android 6.0.1; Nexus 5X Build/MMB29P) AppleWebKit/537.36 (KHTML, like Gecko) Chrome/151.0.7922.173 Mobile Safari/537.36 (compatible; Googlebot/2.1; +http://www.google.com/bot.html)"
104.247.76.75 - - [31/Aug/2026:19:16:51 -0400] "POST /wp-cron.php?doing_wp_cron=1788218211.8546330928802490234375 HTTP/1.1" 200 - "-" "WordPress/7.1; https://ekmtoronto.com"
220.151.9.22 - - [31/Aug/2026:19:16:51 -0400] "GET / HTTP/1.1" 200 39826 "-" "Mozilla/5.0 (X11; Linux x86_64) AppleWebKit/537.36 (KHTML, like Gecko) Chrome/91.0.4472.124 Safari/537.36"
69.171.230.114 - - [31/Aug/2026:19:17:23 -0400] "GET /robots.txt HTTP/1.1" 206 110 "-" "facebookexternalhit/1.1 (+http://www.facebook.com/externalhit_uatext.php)"
104.247.76.75 - - [31/Aug/2026:19:18:50 -0400] "POST /wp-cron.php?doing_wp_cron=1788218330.8248529434204101562500 HTTP/1.1" 200 - "-" "WordPress/7.1; https://ekmtoronto.com"
66.249.65.136 - - [31/Aug/2026:19:18:50 -0400] "GET /?k=4183242413501 HTTP/1.1" 200 39843 "-" "Mozilla/5.0 (Linux; Android 6.0.1; Nexus 5X Build/MMB29P) AppleWebKit/537.36 (KHTML, like Gecko) Chrome/151.0.7922.173 Mobile Safari/537.36 (compatible; Googlebot/2.1; +http://www.google.com/bot.html)"
104.247.76.75 - - [31/Aug/2026:19:19:43 -0400] "POST /wp-cron.php?doing_wp_cron=1788218383.8486180305480957031250 HTTP/1.1" 200 - "-" "WordPress/7.1; https://ekmtoronto.com"
216.222.198.186 - - [31/Aug/2026:19:19:43 -0400] "GET /wp-login.php HTTP/1.1" 200 2334 "-" "Mozilla/5.0 (Windows NT 10.0; Win64; x64) AppleWebKit/537.36 (KHTML, like Gecko) Chrome/151.0.0.0 Safari/537.36"
216.222.198.186 - - [31/Aug/2026:19:19:43 -0400] "POST /wp-login.php HTTP/1.1" 200 2468 "https://ekmtoronto.com/wp-login.php" "Mozilla/5.0 (Windows NT 10.0; Win64; x64) AppleWebKit/537.36 (KHTML, like Gecko) Chrome/151.0.0.0 Safari/537.36"
52.139.44.162 - - [31/Aug/2026:19:20:14 -0400] "GET /wp-admin/network/plugins.php HTTP/1.1" 302 - "-" "-"
52.139.44.162 - - [31/Aug/2026:19:20:14 -0400] "GET /wp-login.php?redirect_to=https%3A%2F%2Fmail.ekmtoronto.com%2Fwp-admin%2Fnetwork%2Fplugins.php&reauth=1 HTTP/1.1" 200 7327 "-" "-"
104.234.19.136 - - [31/Aug/2026:19:20:57 -0400] "POST /wp-login.php HTTP/1.1" 200 7716 "-" "Mozilla/5.0"
104.247.76.75 - - [31/Aug/2026:19:21:51 -0400] "POST /wp-cron.php?doing_wp_cron=1788218511.8715569972991943359375 HTTP/1.1" 200 - "-" "WordPress/7.1; https://ekmtoronto.com"
66.249.65.135 - - [31/Aug/2026:19:21:51 -0400] "GET /item/9028285162 HTTP/1.1" 404 29356 "-" "Mozilla/5.0 (Linux; Android 6.0.1; Nexus 5X Build/MMB29P) AppleWebKit/537.36 (KHTML, like Gecko) Chrome/151.0.7922.173 Mobile Safari/537.36 (compatible; Googlebot/2.1; +http://www.google.com/bot.html)"
20.151.200.44 - - [31/Aug/2026:19:23:28 -0400] "GET /wp-content/plugins/fix/up.php HTTP/1.1" 404 28390 "-" "Mozilla/5.0"
168.205.101.29 - - [31/Aug/2026:19:23:31 -0400] "POST /xmlrpc.php HTTP/1.1" 200 403 "-" "Mozilla/5.0 (X11; Ubuntu; Linux x86_64; arm64) AppleWebKit/537.36 (KHTML, like Gecko) Edge/88.0.0.0 Safari/537.36"
104.247.76.75 - - [31/Aug/2026:19:24:37 -0400] "POST /wp-cron.php?doing_wp_cron=1788218677.5400669574737548828125 HTTP/1.1" 200 - "-" "WordPress/7.1; https://ekmtoronto.com"
62.60.130.232 - - [31/Aug/2026:19:24:37 -0400] "GET /wp-content/86TQGYXPlsC.php?pass=IrOvEDMGUiF HTTP/1.1" 404 29356 "www.google.com" "Mozlila/5.0 (Linux; Android 7.0; SM-G892A Bulid/NRD90M; wv) AppleWebKit/537.36 (KHTML, like Gecko) Version/4.0 Chrome/60.0.3112.107 Moblie Safari/537.36"
66.249.65.134 - - [31/Aug/2026:19:24:55 -0400] "GET /?sale/search/detail/?ITMCODE=p1a8r2o9k4e2t2783 HTTP/1.1" 301 - "-" "Mozilla/5.0 (Linux; Android 6.0.1; Nexus 5X Build/MMB29P) AppleWebKit/537.36 (KHTML, like Gecko) Chrome/151.0.7922.173 Mobile Safari/537.36 (compatible; Googlebot/2.1; +http://www.google.com/bot.html)"
66.249.65.135 - - [31/Aug/2026:19:24:56 -0400] "GET /?sale%2Fsearch%2Fdetail%2F%3FITMCODE=p1a8r2o9k4e2t2783 HTTP/1.1" 200 39885 "-" "Mozilla/5.0 (Linux; Android 6.0.1; Nexus 5X Build/MMB29P) AppleWebKit/537.36 (KHTML, like Gecko) Chrome/151.0.7922.173 Mobile Safari/537.36 (compatible; Googlebot/2.1; +http://www.google.com/bot.html)"
66.249.65.135 - - [31/Aug/2026:19:25:57 -0400] "GET /?k=1036590641106 HTTP/1.1" 200 39843 "-" "Mozilla/5.0 (Linux; Android 6.0.1; Nexus 5X Build/MMB29P) AppleWebKit/537.36 (KHTML, like Gecko) Chrome/151.0.7922.173 Mobile Safari/537.36 (compatible; Googlebot/2.1; +http://www.google.com/bot.html)"
20.151.10.161 - - [31/Aug/2026:19:25:58 -0400] "GET /wp-admin/network/plugins.php HTTP/1.1" 302 - "-" "-"
20.151.10.161 - - [31/Aug/2026:19:25:58 -0400] "GET /wp-login.php?redirect_to=https%3A%2F%2Fwww.ekmtoronto.flapstart.com%2Fwp-admin%2Fnetwork%2Fplugins.php&reauth=1 HTTP/1.1" 200 7336 "-" "-"
66.249.65.134 - - [31/Aug/2026:19:25:58 -0400] "GET /?sale/search/detail/?ITMCODE=s5p7a1r9i6d0a5e488 HTTP/1.1" 301 - "-" "Mozilla/5.0 (Linux; Android 6.0.1; Nexus 5X Build/MMB29P) AppleWebKit/537.36 (KHTML, like Gecko) Chrome/151.0.7922.173 Mobile Safari/537.36 (compatible; Googlebot/2.1; +http://www.google.com/bot.html)"
66.249.65.134 - - [31/Aug/2026:19:25:59 -0400] "GET /?sale%2Fsearch%2Fdetail%2F%3FITMCODE=s5p7a1r9i6d0a5e488 HTTP/1.1" 200 39887 "-" "Mozilla/5.0 (Linux; Android 6.0.1; Nexus 5X Build/MMB29P) AppleWebKit/537.36 (KHTML, like Gecko) Chrome/151.0.7922.173 Mobile Safari/537.36 (compatible; Googlebot/2.1; +http://www.google.com/bot.html)"
104.247.76.75 - - [31/Aug/2026:19:27:06 -0400] "POST /wp-cron.php?doing_wp_cron=1788218826.4714589118957519531250 HTTP/1.1" 200 - "-" "WordPress/7.1; https://ekmtoronto.com"
218.219.100.142 - - [31/Aug/2026:19:27:06 -0400] "GET /?sale/search/detail/?ITMCODE=b5r3e3a7d4b1i0n8089 HTTP/1.1" 301 - "https://search.yahoo.co.jp/" "Mozilla/5.0 (Windows NT 10.0; Win64; x64) AppleWebKit/537.36 (KHTML, like Gecko) Chrome/152.0.0.0 Safari/537.36 Edg/152.0.0.0"
218.219.100.142 - - [31/Aug/2026:19:27:06 -0400] "GET /?sale%2Fsearch%2Fdetail%2F%3FITMCODE=b5r3e3a7d4b1i0n8089 HTTP/1.1" 200 39889 "https://search.yahoo.co.jp/" "Mozilla/5.0 (Windows NT 10.0; Win64; x64) AppleWebKit/537.36 (KHTML, like Gecko) Chrome/152.0.0.0 Safari/537.36 Edg/152.0.0.0"
218.219.100.142 - - [31/Aug/2026:19:27:09 -0400] "GET /wp-content/et-cache/228351/et-divi-dynamic-228351-late.css?ver=1788111647 HTTP/1.1" 200 3170 "https://ekmtoronto.com/?sale%2Fsearch%2Fdetail%2F%3FITMCODE=b5r3e3a7d4b1i0n8089" "Mozilla/5.0 (Windows NT 10.0; Win64; x64) AppleWebKit/537.36 (KHTML, like Gecko) Chrome/152.0.0.0 Safari/537.36 Edg/152.0.0.0"
218.219.100.142 - - [31/Aug/2026:19:27:09 -0400] "GET /wp-content/et-cache/228351/et-divi-dynamic-228351.css?ver=1788111647 HTTP/1.1" 200 11161 "https://ekmtoronto.com/?sale%2Fsearch%2Fdetail%2F%3FITMCODE=b5r3e3a7d4b1i0n8089" "Mozilla/5.0 (Windows NT 10.0; Win64; x64) AppleWebKit/537.36 (KHTML, like Gecko) Chrome/152.0.0.0 Safari/537.36 Edg/152.0.0.0"
218.219.100.142 - - [31/Aug/2026:19:27:09 -0400] "GET /wp-content/plugins/divi-bars/assets/css/main.css?ver=1.9.6 HTTP/1.1" 200 2832 "https://ekmtoronto.com/?sale%2Fsearch%2Fdetail%2F%3FITMCODE=b5r3e3a7d4b1i0n8089" "Mozilla/5.0 (Windows NT 10.0; Win64; x64) AppleWebKit/537.36 (KHTML, like Gecko) Chrome/152.0.0.0 Safari/537.36 Edg/152.0.0.0"
218.219.100.142 - - [31/Aug/2026:19:27:09 -0400] "GET /wp-content/et-cache/228351/et-core-unified-deferred-228351.min.css?ver=1788111648 HTTP/1.1" 200 3945 "https://ekmtoronto.com/?sale%2Fsearch%2Fdetail%2F%3FITMCODE=b5r3e3a7d4b1i0n8089" "Mozilla/5.0 (Windows NT 10.0; Win64; x64) AppleWebKit/537.36 (KHTML, like Gecko) Chrome/152.0.0.0 Safari/537.36 Edg/152.0.0.0"
218.219.100.142 - - [31/Aug/2026:19:27:09 -0400] "GET /wp-content/plugins/divi-overlays/assets/css/animate.min.css?ver=4.1.1 HTTP/1.1" 200 5272 "https://ekmtoronto.com/?sale%2Fsearch%2Fdetail%2F%3FITMCODE=b5r3e3a7d4b1i0n8089" "Mozilla/5.0 (Windows NT 10.0; Win64; x64) AppleWebKit/537.36 (KHTML, like Gecko) Chrome/152.0.0.0 Safari/537.36 Edg/152.0.0.0"
218.219.100.142 - - [31/Aug/2026:19:27:09 -0400] "GET /wp-content/plugins/divi-overlays/assets/css/custom_animations.css?ver=2.9.7.9 HTTP/1.1" 200 886 "https://ekmtoronto.com/?sale%2Fsearch%2Fdetail%2F%3FITMCODE=b5r3e3a7d4b1i0n8089" "Mozilla/5.0 (Windows NT 10.0; Win64; x64) AppleWebKit/537.36 (KHTML, like Gecko) Chrome/152.0.0.0 Safari/537.36 Edg/152.0.0.0"
218.219.100.142 - - [31/Aug/2026:19:27:09 -0400] "GET /wp-content/plugins/divi-overlays/assets/css/style.css?ver=2.9.7.9 HTTP/1.1" 200 2232 "https://ekmtoronto.com/?sale%2Fsearch%2Fdetail%2F%3FITMCODE=b5r3e3a7d4b1i0n8089" "Mozilla/5.0 (Windows NT 10.0; Win64; x64) AppleWebKit/537.36 (KHTML, like Gecko) Chrome/152.0.0.0 Safari/537.36 Edg/152.0.0.0"
218.219.100.142 - - [31/Aug/2026:19:27:09 -0400] "GET /wp-includes/js/mediaelement/mediaelementplayer-legacy.min.css?ver=4.2.17 HTTP/1.1" 200 2592 "https://ekmtoronto.com/?sale%2Fsearch%2Fdetail%2F%3FITMCODE=b5r3e3a7d4b1i0n8089" "Mozilla/5.0 (Windows NT 10.0; Win64; x64) AppleWebKit/537.36 (KHTML, like Gecko) Chrome/152.0.0.0 Safari/537.36 Edg/152.0.0.0"
218.219.100.142 - - [31/Aug/2026:19:27:09 -0400] "GET /wp-includes/js/mediaelement/wp-mediaelement.min.css?ver=7.1 HTTP/1.1" 200 1156 "https://ekmtoronto.com/?sale%2Fsearch%2Fdetail%2F%3FITMCODE=b5r3e3a7d4b1i0n8089" "Mozilla/5.0 (Windows NT 10.0; Win64; x64) AppleWebKit/537.36 (KHTML, like Gecko) Chrome/152.0.0.0 Safari/537.36 Edg/152.0.0.0"
218.219.100.142 - - [31/Aug/2026:19:27:09 -0400] "GET /wp-includes/js/jquery/jquery-migrate.min.js?ver=3.4.1 HTTP/1.1" 200 4872 "https://ekmtoronto.com/?sale%2Fsearch%2Fdetail%2F%3FITMCODE=b5r3e3a7d4b1i0n8089" "Mozilla/5.0 (Windows NT 10.0; Win64; x64) AppleWebKit/537.36 (KHTML, like Gecko) Chrome/152.0.0.0 Safari/537.36 Edg/152.0.0.0"
218.219.100.142 - - [31/Aug/2026:19:27:09 -0400] "GET /wp-includes/js/jquery/jquery.min.js?ver=3.7.1 HTTP/1.1" 200 30368 "https://ekmtoronto.com/?sale%2Fsearch%2Fdetail%2F%3FITMCODE=b5r3e3a7d4b1i0n8089" "Mozilla/5.0 (Windows NT 10.0; Win64; x64) AppleWebKit/537.36 (KHTML, like Gecko) Chrome/152.0.0.0 Safari/537.36 Edg/152.0.0.0"
218.219.100.142 - - [31/Aug/2026:19:27:10 -0400] "GET /wp-content/uploads/2021/06/EKM-LOGO-BLACK-IM-150PX.png HTTP/1.1" 404 28393 "https://ekmtoronto.com/?sale%2Fsearch%2Fdetail%2F%3FITMCODE=b5r3e3a7d4b1i0n8089" "Mozilla/5.0 (Windows NT 10.0; Win64; x64) AppleWebKit/537.36 (KHTML, like Gecko) Chrome/152.0.0.0 Safari/537.36 Edg/152.0.0.0"
218.219.100.142 - - [31/Aug/2026:19:27:11 -0400] "GET /wp-content/themes/Divi/includes/builder/feature/dynamic-assets/assets/js/jquery.fitvids.js?ver=4.27.8 HTTP/1.1" 200 1341 "https://ekmtoronto.com/?sale%2Fsearch%2Fdetail%2F%3FITMCODE=b5r3e3a7d4b1i0n8089" "Mozilla/5.0 (Windows NT 10.0; Win64; x64) AppleWebKit/537.36 (KHTML, like Gecko) Chrome/152.0.0.0 Safari/537.36 Edg/152.0.0.0"
218.219.100.142 - - [31/Aug/2026:19:27:11 -0400] "GET /wp-content/themes/Divi/includes/builder/feature/dynamic-assets/assets/js/easypiechart.js?ver=4.27.8 HTTP/1.1" 200 3118 "https://ekmtoronto.com/?sale%2Fsearch%2Fdetail%2F%3FITMCODE=b5r3e3a7d4b1i0n8089" "Mozilla/5.0 (Windows NT 10.0; Win64; x64) AppleWebKit/537.36 (KHTML, like Gecko) Chrome/152.0.0.0 Safari/537.36 Edg/152.0.0.0"
218.219.100.142 - - [31/Aug/2026:19:27:11 -0400] "GET /wp-content/themes/Divi/includes/builder/feature/dynamic-assets/assets/js/salvattore.js?ver=4.27.8 HTTP/1.1" 200 3412 "https://ekmtoronto.com/?sale%2Fsearch%2Fdetail%2F%3FITMCODE=b5r3e3a7d4b1i0n8089" "Mozilla/5.0 (Windows NT 10.0; Win64; x64) AppleWebKit/537.36 (KHTML, like Gecko) Chrome/152.0.0.0 Safari/537.36 Edg/152.0.0.0"
218.219.100.142 - - [31/Aug/2026:19:27:11 -0400] "GET /wp-content/themes/Divi/core/admin/js/common.js?ver=4.27.8 HTTP/1.1" 200 566 "https://ekmtoronto.com/?sale%2Fsearch%2Fdetail%2F%3FITMCODE=b5r3e3a7d4b1i0n8089" "Mozilla/5.0 (Windows NT 10.0; Win64; x64) AppleWebKit/537.36 (KHTML, like Gecko) Chrome/152.0.0.0 Safari/537.36 Edg/152.0.0.0"
218.219.100.142 - - [31/Aug/2026:19:27:12 -0400] "GET /wp-content/et-cache/228351/et-divi-dynamic-228351-late.css HTTP/1.1" 200 3170 "https://ekmtoronto.com/?sale%2Fsearch%2Fdetail%2F%3FITMCODE=b5r3e3a7d4b1i0n8089" "Mozilla/5.0 (Windows NT 10.0; Win64; x64) AppleWebKit/537.36 (KHTML, like Gecko) Chrome/152.0.0.0 Safari/537.36 Edg/152.0.0.0"
218.219.100.142 - - [31/Aug/2026:19:27:11 -0400] "GET /wp-content/themes/Divi/core/admin/fonts/modules/all/modules.woff HTTP/1.1" 200 37328 "https://ekmtoronto.com/?sale%2Fsearch%2Fdetail%2F%3FITMCODE=b5r3e3a7d4b1i0n8089" "Mozilla/5.0 (Windows NT 10.0; Win64; x64) AppleWebKit/537.36 (KHTML, like Gecko) Chrome/152.0.0.0 Safari/537.36 Edg/152.0.0.0"
218.219.100.142 - - [31/Aug/2026:19:27:10 -0400] "GET /wp-content/uploads/2023/11/Volunteer-Team-Sharp-EKM-7411-WIDE-1500px.jpg HTTP/1.1" 200 148664 "https://ekmtoronto.com/?sale%2Fsearch%2Fdetail%2F%3FITMCODE=b5r3e3a7d4b1i0n8089" "Mozilla/5.0 (Windows NT 10.0; Win64; x64) AppleWebKit/537.36 (KHTML, like Gecko) Chrome/152.0.0.0 Safari/537.36 Edg/152.0.0.0"
218.219.100.142 - - [31/Aug/2026:19:27:12 -0400] "GET /wp-content/themes/Divi/core/admin/fonts/fontawesome/fa-solid-900.woff2 HTTP/1.1" 200 80265 "https://ekmtoronto.com/?sale%2Fsearch%2Fdetail%2F%3FITMCODE=b5r3e3a7d4b1i0n8089" "Mozilla/5.0 (Windows NT 10.0; Win64; x64) AppleWebKit/537.36 (KHTML, like Gecko) Chrome/152.0.0.0 Safari/537.36 Edg/152.0.0.0"
218.219.100.142 - - [31/Aug/2026:19:27:11 -0400] "GET /wp-content/themes/Divi/js/scripts.min.js?ver=4.27.8 HTTP/1.1" 200 99754 "https://ekmtoronto.com/?sale%2Fsearch%2Fdetail%2F%3FITMCODE=b5r3e3a7d4b1i0n8089" "Mozilla/5.0 (Windows NT 10.0; Win64; x64) AppleWebKit/537.36 (KHTML, like Gecko) Chrome/152.0.0.0 Safari/537.36 Edg/152.0.0.0"
218.219.100.142 - - [31/Aug/2026:19:27:09 -0400] "GET /wp-content/uploads/2021/06/akin-Franz-IMG_7125-1500PX-2.png HTTP/1.1" 200 402357 "https://ekmtoronto.com/?sale%2Fsearch%2Fdetail%2F%3FITMCODE=b5r3e3a7d4b1i0n8089" "Mozilla/5.0 (Windows NT 10.0; Win64; x64) AppleWebKit/537.36 (KHTML, like Gecko) Chrome/152.0.0.0 Safari/537.36 Edg/152.0.0.0"
218.219.100.142 - - [31/Aug/2026:19:27:11 -0400] "GET /wp-content/uploads/2023/11/We-Love-lee-Nicole_7149-2400px-1.jpg HTTP/1.1" 200 310266 "https://ekmtoronto.com/?sale%2Fsearch%2Fdetail%2F%3FITMCODE=b5r3e3a7d4b1i0n8089" "Mozilla/5.0 (Windows NT 10.0; Win64; x64) AppleWebKit/537.36 (KHTML, like Gecko) Chrome/152.0.0.0 Safari/537.36 Edg/152.0.0.0"
168.205.101.29 - - [31/Aug/2026:19:28:58 -0400] "POST /xmlrpc.php HTTP/1.1" 200 403 "-" "Mozilla/5.0 (X11; Ubuntu; Linux x86_64; x64) AppleWebKit/537.36 (KHTML, like Gecko) Firefox/92.0.0.0 Safari/537.36"
104.247.76.75 - - [31/Aug/2026:19:29:36 -0400] "POST /wp-cron.php?doing_wp_cron=1788218976.4670360088348388671875 HTTP/1.1" 200 - "-" "WordPress/7.1; https://ekmtoronto.com"
193.36.224.33 - - [31/Aug/2026:19:29:36 -0400] "POST /wp-login.php HTTP/1.1" 200 7716 "-" "Mozilla/5.0"
168.205.101.29 - - [31/Aug/2026:19:29:42 -0400] "POST /xmlrpc.php HTTP/1.1" 200 403 "-" "Mozilla/5.0 (Windows NT 6.3; x86) AppleWebKit/537.36 (KHTML, like Gecko) Safari/12.0.0.0 Safari/537.36"
104.247.76.75 - - [31/Aug/2026:19:30:03 -0400] "POST /wp-cron.php?doing_wp_cron=1788219003.0361039638519287109375 HTTP/1.1" 200 - "-" "WordPress/7.1; https://ekmtoronto.com"
51.81.163.77 - - [31/Aug/2026:19:30:02 -0400] "GET /robots.txt HTTP/1.1" 200 110 "-" "Mozilla/5.0 (compatible; AhrefsBot/7.0; +http://ahrefs.com/robot/)"
66.249.65.136 - - [31/Aug/2026:19:30:03 -0400] "GET /?k=30657154083103 HTTP/1.1" 200 39844 "-" "Mozilla/5.0 (Linux; Android 6.0.1; Nexus 5X Build/MMB29P) AppleWebKit/537.36 (KHTML, like Gecko) Chrome/151.0.7922.173 Mobile Safari/537.36 (compatible; Googlebot/2.1; +http://www.google.com/bot.html)"
51.81.164.197 - - [31/Aug/2026:19:30:04 -0400] "GET /sitemap.xml HTTP/1.1" 301 - "-" "Mozilla/5.0 (compatible; AhrefsBot/7.0; +http://ahrefs.com/robot/)"
51.81.164.197 - - [31/Aug/2026:19:30:04 -0400] "GET / HTTP/1.1" 200 39821 "-" "Mozilla/5.0 (compatible; AhrefsBot/7.0; +http://ahrefs.com/robot/)"
66.249.65.134 - - [31/Aug/2026:19:30:06 -0400] "GET /wp-content/plugins/divi-overlays/assets/css/custom_animations.css?ver=2.9.7.9 HTTP/1.1" 200 886 "https://ekmtoronto.com/?k=30657154083103" "Mozilla/5.0 (Linux; Android 6.0.1; Nexus 5X Build/MMB29P) AppleWebKit/537.36 (KHTML, like Gecko) Chrome/151.0.7922.173 Mobile Safari/537.36 (compatible; Googlebot/2.1; +http://www.google.com/bot.html)"
168.205.101.29 - - [31/Aug/2026:19:30:20 -0400] "POST /xmlrpc.php HTTP/1.1" 200 403 "-" "Mozilla/5.0 (Windows NT 6.2; x64) AppleWebKit/537.36 (KHTML, like Gecko) Chrome/103.0.0.0 Safari/537.36"
175.178.110.121 - - [31/Aug/2026:19:30:35 -0400] "GET / HTTP/1.1" 200 39825 "http://www.ekmtoronto.com" "Mozilla/5.0 (iPhone; CPU iPhone OS 13_2_3 like Mac OS X) AppleWebKit/605.1.15 (KHTML, like Gecko) Version/13.0.3 Mobile/15E148 Safari/604.1"
168.205.101.29 - - [31/Aug/2026:19:30:56 -0400] "POST /xmlrpc.php HTTP/1.1" 200 403 "-" "Mozilla/5.0 (X11; Ubuntu; Linux x86_64; x86) AppleWebKit/537.36 (KHTML, like Gecko) Edge/95.0.0.0 Safari/537.36"
168.205.101.29 - - [31/Aug/2026:19:31:30 -0400] "POST /xmlrpc.php HTTP/1.1" 406 300 "-" "Mozilla/5.0 (Windows NT 6.3; arm64) AppleWebKit/537.36 (KHTML, like Gecko) Safari/14.0.0.0 Safari/537.36"
104.247.76.75 - - [31/Aug/2026:19:32:01 -0400] "POST /wp-cron.php?doing_wp_cron=1788219121.2405810356140136718750 HTTP/1.1" 200 - "-" "WordPress/7.1; https://ekmtoronto.com"
168.205.101.29 - - [31/Aug/2026:19:32:01 -0400] "POST /xmlrpc.php HTTP/1.1" 200 403 "-" "Mozilla/5.0 (Macintosh; Intel Mac OS X 10_15_7; x64) AppleWebKit/537.36 (KHTML, like Gecko) Safari/11.0.0.0 Safari/537.36"
168.205.101.29 - - [31/Aug/2026:19:32:26 -0400] "POST /xmlrpc.php HTTP/1.1" 200 403 "-" "Mozilla/5.0 (X11; Ubuntu; Linux x86_64; arm64) AppleWebKit/537.36 (KHTML, like Gecko) Opera/80.0.0.0 Safari/537.36"
168.205.101.29 - - [31/Aug/2026:19:32:54 -0400] "POST /xmlrpc.php HTTP/1.1" 200 403 "-" "Mozilla/5.0 (X11; Ubuntu; Linux x86_64; x86) AppleWebKit/537.36 (KHTML, like Gecko) Chrome/109.0.0.0 Safari/537.36"
168.205.101.29 - - [31/Aug/2026:19:33:22 -0400] "POST /xmlrpc.php HTTP/1.1" 406 300 "-" "Mozilla/5.0 (Linux; Android 10; arm64) AppleWebKit/537.36 (KHTML, like Gecko) Firefox/95.0.0.0 Safari/537.36"
168.205.101.29 - - [31/Aug/2026:19:33:50 -0400] "POST /xmlrpc.php HTTP/1.1" 200 403 "-" "Mozilla/5.0 (Linux; Android 10; x86) AppleWebKit/537.36 (KHTML, like Gecko) Opera/75.0.0.0 Safari/537.36"
104.247.76.75 - - [31/Aug/2026:19:34:25 -0400] "POST /wp-cron.php?doing_wp_cron=1788219265.2268559932708740234375 HTTP/1.1" 200 - "-" "WordPress/7.1; https://ekmtoronto.com"
168.205.101.29 - - [31/Aug/2026:19:34:25 -0400] "POST /xmlrpc.php HTTP/1.1" 200 403 "-" "Mozilla/5.0 (Windows NT 10.0; arm64) AppleWebKit/537.36 (KHTML, like Gecko) Safari/14.0.0.0 Safari/537.36"
168.205.101.29 - - [31/Aug/2026:19:34:55 -0400] "POST /xmlrpc.php HTTP/1.1" 200 403 "-" "Mozilla/5.0 (Windows NT 6.2; x64) AppleWebKit/537.36 (KHTML, like Gecko) Chrome/109.0.0.0 Safari/537.36"
104.247.76.75 - - [31/Aug/2026:19:35:27 -0400] "POST /wp-cron.php?doing_wp_cron=1788219327.5561599731445312500000 HTTP/1.1" 200 - "-" "WordPress/7.1; https://ekmtoronto.com"
168.205.101.29 - - [31/Aug/2026:19:35:27 -0400] "POST /xmlrpc.php HTTP/1.1" 200 403 "-" "Mozilla/5.0 (X11; Ubuntu; Linux x86_64; x86) AppleWebKit/537.36 (KHTML, like Gecko) Edge/81.0.0.0 Safari/537.36"
168.205.101.29 - - [31/Aug/2026:19:35:55 -0400] "POST /xmlrpc.php HTTP/1.1" 406 300 "-" "Mozilla/5.0 (Linux; Android 10; arm64) AppleWebKit/537.36 (KHTML, like Gecko) Edge/83.0.0.0 Safari/537.36"
168.205.101.29 - - [31/Aug/2026:19:36:20 -0400] "POST /xmlrpc.php HTTP/1.1" 200 403 "-" "Mozilla/5.0 (Windows NT 6.2; arm64) AppleWebKit/537.36 (KHTML, like Gecko) Safari/15.0.0.0 Safari/537.36"
168.205.101.29 - - [31/Aug/2026:19:36:48 -0400] "POST /xmlrpc.php HTTP/1.1" 200 403 "-" "Mozilla/5.0 (Windows NT 10.0; x64) AppleWebKit/537.36 (KHTML, like Gecko) Safari/12.0.0.0 Safari/537.36"
104.247.76.75 - - [31/Aug/2026:19:37:14 -0400] "POST /wp-cron.php?doing_wp_cron=1788219434.0446829795837402343750 HTTP/1.1" 200 - "-" "WordPress/7.1; https://ekmtoronto.com"
168.205.101.29 - - [31/Aug/2026:19:37:13 -0400] "POST /xmlrpc.php HTTP/1.1" 200 403 "-" "Mozilla/5.0 (Windows NT 6.3; x86) AppleWebKit/537.36 (KHTML, like Gecko) Chrome/109.0.0.0 Safari/537.36"
5.230.133.140 - - [31/Aug/2026:19:37:16 -0400] "GET /images/images/index.php HTTP/1.1" 200 12810 "-" "-"
168.205.101.29 - - [31/Aug/2026:19:37:34 -0400] "POST /xmlrpc.php HTTP/1.1" 406 300 "-" "Mozilla/5.0 (Windows NT 6.2; arm64) AppleWebKit/537.36 (KHTML, like Gecko) Safari/12.0.0.0 Safari/537.36"
168.205.101.29 - - [31/Aug/2026:19:37:58 -0400] "POST /xmlrpc.php HTTP/1.1" 200 403 "-" "Mozilla/5.0 (Linux; Android 10; x86) AppleWebKit/537.36 (KHTML, like Gecko) Chrome/80.0.0.0 Safari/537.36"
104.247.76.75 - - [31/Aug/2026:19:38:13 -0400] "POST /wp-cron.php?doing_wp_cron=1788219493.5107820034027099609375 HTTP/1.1" 200 - "-" "WordPress/7.1; https://ekmtoronto.com"
193.36.224.31 - - [31/Aug/2026:19:38:13 -0400] "POST /wp-login.php HTTP/1.1" 200 7716 "-" "Mozilla/5.0"
168.205.101.29 - - [31/Aug/2026:19:38:20 -0400] "POST /xmlrpc.php HTTP/1.1" 406 300 "-" "Mozilla/5.0 (Linux; Android 10; x86) AppleWebKit/537.36 (KHTML, like Gecko) Safari/10.0.0.0 Safari/537.36"
168.205.101.29 - - [31/Aug/2026:19:38:39 -0400] "POST /xmlrpc.php HTTP/1.1" 200 403 "-" "Mozilla/5.0 (Windows NT 6.3; x86) AppleWebKit/537.36 (KHTML, like Gecko) Opera/79.0.0.0 Safari/537.36"
168.205.101.29 - - [31/Aug/2026:19:38:58 -0400] "POST /xmlrpc.php HTTP/1.1" 406 300 "-" "Mozilla/5.0 (Linux; Android 10; x86) AppleWebKit/537.36 (KHTML, like Gecko) Edge/92.0.0.0 Safari/537.36"
104.247.76.75 - - [31/Aug/2026:19:39:11 -0400] "POST /wp-cron.php?doing_wp_cron=1788219551.4449939727783203125000 HTTP/1.1" 200 - "-" "WordPress/7.1; https://ekmtoronto.com"
66.249.65.134 - - [31/Aug/2026:19:39:11 -0400] "GET /?sale/search/detail/?ITMCODE=i2d1r7i8a7l5i2n2e554 HTTP/1.1" 301 - "-" "Mozilla/5.0 (Linux; Android 6.0.1; Nexus 5X Build/MMB29P) AppleWebKit/537.36 (KHTML, like Gecko) Chrome/151.0.7922.173 Mobile Safari/537.36 (compatible; Googlebot/2.1; +http://www.google.com/bot.html)"
66.249.65.136 - - [31/Aug/2026:19:39:12 -0400] "GET /?sale%2Fsearch%2Fdetail%2F%3FITMCODE=i2d1r7i8a7l5i2n2e554 HTTP/1.1" 200 39887 "-" "Mozilla/5.0 (Linux; Android 6.0.1; Nexus 5X Build/MMB29P) AppleWebKit/537.36 (KHTML, like Gecko) Chrome/151.0.7922.173 Mobile Safari/537.36 (compatible; Googlebot/2.1; +http://www.google.com/bot.html)"
66.249.65.135 - - [31/Aug/2026:19:39:19 -0400] "GET /wp-content/plugins/divi-overlays/assets/css/animate.min.css?ver=4.1.1 HTTP/1.1" 200 5272 "https://ekmtoronto.com/?sale%2Fsearch%2Fdetail%2F%3FITMCODE=i2d1r7i8a7l5i2n2e554" "Mozilla/5.0 (Linux; Android 6.0.1; Nexus 5X Build/MMB29P) AppleWebKit/537.36 (KHTML, like Gecko) Chrome/151.0.7922.173 Mobile Safari/537.36 (compatible; Googlebot/2.1; +http://www.google.com/bot.html)"
66.249.65.135 - - [31/Aug/2026:19:39:20 -0400] "GET /wp-content/plugins/divi-bars/assets/js/main.js?ver=1.9.6 HTTP/1.1" 200 10054 "https://ekmtoronto.com/?sale%2Fsearch%2Fdetail%2F%3FITMCODE=i2d1r7i8a7l5i2n2e554" "Mozilla/5.0 (Linux; Android 6.0.1; Nexus 5X Build/MMB29P) AppleWebKit/537.36 (KHTML, like Gecko) Chrome/151.0.7922.173 Mobile Safari/537.36 (compatible; Googlebot/2.1; +http://www.google.com/bot.html)"
168.205.101.29 - - [31/Aug/2026:19:39:20 -0400] "POST /xmlrpc.php HTTP/1.1" 200 403 "-" "Mozilla/5.0 (X11; Ubuntu; Linux x86_64; x64) AppleWebKit/537.36 (KHTML, like Gecko) Firefox/88.0.0.0 Safari/537.36"
168.205.101.29 - - [31/Aug/2026:19:39:46 -0400] "POST /xmlrpc.php HTTP/1.1" 200 403 "-" "Mozilla/5.0 (Macintosh; Intel Mac OS X 10_15_7; x86) AppleWebKit/537.36 (KHTML, like Gecko) Firefox/91.0.0.0 Safari/537.36"
168.205.101.29 - - [31/Aug/2026:19:40:08 -0400] "POST /xmlrpc.php HTTP/1.1" 406 300 "-" "Mozilla/5.0 (Macintosh; Intel Mac OS X 10_15_7; arm64) AppleWebKit/537.36 (KHTML, like Gecko) Chrome/91.0.0.0 Safari/537.36"
104.247.76.75 - - [31/Aug/2026:19:40:20 -0400] "POST /wp-cron.php?doing_wp_cron=1788219620.2478530406951904296875 HTTP/1.1" 200 - "-" "WordPress/7.1; https://ekmtoronto.com"
66.249.65.136 - - [31/Aug/2026:19:40:19 -0400] "GET /?k=67291165020700 HTTP/1.1" 200 39842 "-" "Mozilla/5.0 (Linux; Android 6.0.1; Nexus 5X Build/MMB29P) AppleWebKit/537.36 (KHTML, like Gecko) Chrome/151.0.7922.173 Mobile Safari/537.36 (compatible; Googlebot/2.1; +http://www.google.com/bot.html)"
66.249.65.134 - - [31/Aug/2026:19:40:23 -0400] "GET /?k=9893056507609 HTTP/1.1" 200 39844 "-" "Mozilla/5.0 (Linux; Android 6.0.1; Nexus 5X Build/MMB29P) AppleWebKit/537.36 (KHTML, like Gecko) Chrome/151.0.7922.173 Mobile Safari/537.36 (compatible; Googlebot/2.1; +http://www.google.com/bot.html)"
66.249.65.134 - - [31/Aug/2026:19:40:27 -0400] "GET /wp-content/plugins/divi-bars/assets/css/main.css?ver=1.9.6 HTTP/1.1" 200 2832 "https://ekmtoronto.com/?k=67291165020700" "Mozilla/5.0 (Linux; Android 6.0.1; Nexus 5X Build/MMB29P) AppleWebKit/537.36 (KHTML, like Gecko) Chrome/151.0.7922.173 Mobile Safari/537.36 (compatible; Googlebot/2.1; +http://www.google.com/bot.html)"
66.249.65.134 - - [31/Aug/2026:19:40:28 -0400] "GET /wp-content/plugins/divi-overlays/assets/js/custom.js?ver=2.9.7.9 HTTP/1.1" 200 12334 "https://ekmtoronto.com/?k=67291165020700" "Mozilla/5.0 (Linux; Android 6.0.1; Nexus 5X Build/MMB29P) AppleWebKit/537.36 (KHTML, like Gecko) Chrome/151.0.7922.173 Mobile Safari/537.36 (compatible; Googlebot/2.1; +http://www.google.com/bot.html)"
168.205.101.29 - - [31/Aug/2026:19:40:29 -0400] "POST /xmlrpc.php HTTP/1.1" 200 403 "-" "Mozilla/5.0 (Windows NT 6.2; x64) AppleWebKit/537.36 (KHTML, like Gecko) Safari/10.0.0.0 Safari/537.36"
168.205.101.29 - - [31/Aug/2026:19:40:50 -0400] "POST /xmlrpc.php HTTP/1.1" 200 403 "-" "Mozilla/5.0 (Windows NT 10.0; x64) AppleWebKit/537.36 (KHTML, like Gecko) Firefox/88.0.0.0 Safari/537.36"
104.247.76.75 - - [31/Aug/2026:19:41:10 -0400] "POST /wp-cron.php?doing_wp_cron=1788219670.2700240612030029296875 HTTP/1.1" 200 - "-" "WordPress/7.1; https://ekmtoronto.com"
168.205.101.29 - - [31/Aug/2026:19:41:10 -0400] "POST /xmlrpc.php HTTP/1.1" 200 403 "-" "Mozilla/5.0 (X11; Ubuntu; Linux x86_64; x64) AppleWebKit/537.36 (KHTML, like Gecko) Firefox/71.0.0.0 Safari/537.36"
168.205.101.29 - - [31/Aug/2026:19:41:29 -0400] "POST /xmlrpc.php HTTP/1.1" 200 403 "-" "Mozilla/5.0 (Windows NT 10.0; x64) AppleWebKit/537.36 (KHTML, like Gecko) Safari/12.0.0.0 Safari/537.36"
14.13.149.1 - - [31/Aug/2026:19:41:43 -0400] "GET /?k=88918109071204 HTTP/1.1" 200 39845 "-" "Mozilla/5.0 (Windows NT 10.0; Win64; x64) AppleWebKit/537.36 (KHTML, like Gecko) Chrome/120.0.0.0 Safari/537.36"
14.13.149.1 - - [31/Aug/2026:19:41:51 -0400] "GET /?k=88918109071204 HTTP/1.1" 200 39845 "-" "Mozilla/5.0 (Windows NT 10.0; Win64; x64) AppleWebKit/537.36 (KHTML, like Gecko) Chrome/120.0.0.0 Safari/537.36"
168.205.101.29 - - [31/Aug/2026:19:42:29 -0400] "POST /xmlrpc.php HTTP/1.1" 406 300 "-" "Mozilla/5.0 (Linux; Android 10; x64) AppleWebKit/537.36 (KHTML, like Gecko) Edge/97.0.0.0 Safari/537.36"
168.205.101.29 - - [31/Aug/2026:19:42:56 -0400] "POST /xmlrpc.php HTTP/1.1" 406 300 "-" "Mozilla/5.0 (Macintosh; Intel Mac OS X 10_15_7; arm64) AppleWebKit/537.36 (KHTML, like Gecko) Safari/10.0.0.0 Safari/537.36"
168.205.101.29 - - [31/Aug/2026:19:43:22 -0400] "POST /xmlrpc.php HTTP/1.1" 406 300 "-" "Mozilla/5.0 (Linux; Android 10; arm64) AppleWebKit/537.36 (KHTML, like Gecko) Chrome/88.0.0.0 Safari/537.36"
168.205.101.29 - - [31/Aug/2026:19:43:52 -0400] "POST /xmlrpc.php HTTP/1.1" 200 403 "-" "Mozilla/5.0 (X11; Ubuntu; Linux x86_64; x64) AppleWebKit/537.36 (KHTML, like Gecko) Safari/13.0.0.0 Safari/537.36"
104.247.76.75 - - [31/Aug/2026:19:44:15 -0400] "POST /wp-cron.php?doing_wp_cron=1788219855.8627290725708007812500 HTTP/1.1" 200 - "-" "WordPress/7.1; https://ekmtoronto.com"
168.205.101.29 - - [31/Aug/2026:19:44:15 -0400] "POST /xmlrpc.php HTTP/1.1" 200 403 "-" "Mozilla/5.0 (Macintosh; Intel Mac OS X 10_15_7; x86) AppleWebKit/537.36 (KHTML, like Gecko) Chrome/84.0.0.0 Safari/537.36"
168.205.101.29 - - [31/Aug/2026:19:44:45 -0400] "POST /xmlrpc.php HTTP/1.1" 200 403 "-" "Mozilla/5.0 (Windows NT 10.0; x64) AppleWebKit/537.36 (KHTML, like Gecko) Edge/97.0.0.0 Safari/537.36"
66.249.65.134 - - [31/Aug/2026:19:45:36 -0400] "GET /?sale/search/detail/?ITMCODE=s2e1l5f8s7e0e9k7i7n9g1 HTTP/1.1" 301 - "-" "Mozilla/5.0 (Linux; Android 6.0.1; Nexus 5X Build/MMB29P) AppleWebKit/537.36 (KHTML, like Gecko) Chrome/151.0.7922.173 Mobile Safari/537.36 (compatible; Googlebot/2.1; +http://www.google.com/bot.html)"
66.249.65.134 - - [31/Aug/2026:19:45:36 -0400] "GET /?sale%2Fsearch%2Fdetail%2F%3FITMCODE=s2e1l5f8s7e0e9k7i7n9g1 HTTP/1.1" 200 39890 "-" "Mozilla/5.0 (Linux; Android 6.0.1; Nexus 5X Build/MMB29P) AppleWebKit/537.36 (KHTML, like Gecko) Chrome/151.0.7922.173 Mobile Safari/537.36 (compatible; Googlebot/2.1; +http://www.google.com/bot.html)"
168.205.101.29 - - [31/Aug/2026:19:45:45 -0400] "POST /xmlrpc.php HTTP/1.1" 200 403 "-" "Mozilla/5.0 (Macintosh; Intel Mac OS X 10_15_7; x86) AppleWebKit/537.36 (KHTML, like Gecko) Chrome/89.0.0.0 Safari/537.36"
104.247.76.75 - - [31/Aug/2026:19:46:15 -0400] "POST /wp-cron.php?doing_wp_cron=1788219975.1222639083862304687500 HTTP/1.1" 200 - "-" "WordPress/7.1; https://ekmtoronto.com"
168.205.101.29 - - [31/Aug/2026:19:46:15 -0400] "POST /xmlrpc.php HTTP/1.1" 200 403 "-" "Mozilla/5.0 (Windows NT 10.0; x86) AppleWebKit/537.36 (KHTML, like Gecko) Edge/90.0.0.0 Safari/537.36"
193.36.224.97 - - [31/Aug/2026:19:46:32 -0400] "POST /wp-login.php HTTP/1.1" 200 7716 "-" "Mozilla/5.0"
168.205.101.29 - - [31/Aug/2026:19:46:40 -0400] "POST /xmlrpc.php HTTP/1.1" 406 300 "-" "Mozilla/5.0 (Windows NT 6.3; arm64) AppleWebKit/537.36 (KHTML, like Gecko) Firefox/90.0.0.0 Safari/537.36"
104.247.76.75 - - [31/Aug/2026:19:47:01 -0400] "POST /wp-cron.php?doing_wp_cron=1788220021.1655380725860595703125 HTTP/1.1" 200 - "-" "WordPress/7.1; https://ekmtoronto.com"
66.249.65.136 - - [31/Aug/2026:19:47:00 -0400] "GET /?k=2376744740000 HTTP/1.1" 200 39842 "-" "Mozilla/5.0 (Linux; Android 6.0.1; Nexus 5X Build/MMB29P) AppleWebKit/537.36 (KHTML, like Gecko) Chrome/151.0.7922.173 Mobile Safari/537.36 (compatible; Googlebot/2.1; +http://www.google.com/bot.html)"
68.67.112.10 - - [31/Aug/2026:19:47:04 -0400] "GET /robots.txt HTTP/1.1" 200 110 "-" "Mozilla/5.0 AppleWebKit/537.36 (KHTML, like Gecko; compatible; YouBot/1.0; +https://docs.you.com/youbot; env:prod) Chrome/142.0.0.0 Safari/537.36"
68.67.112.10 - - [31/Aug/2026:19:47:04 -0400] "GET /our-beliefs HTTP/1.1" 301 - "-" "Mozilla/5.0 AppleWebKit/537.36 (KHTML, like Gecko; compatible; YouBot/1.0; +https://docs.you.com/youbot; env:prod) Chrome/142.0.0.0 Safari/537.36"
68.67.112.10 - - [31/Aug/2026:19:47:05 -0400] "GET /our-beliefs/ HTTP/1.1" 200 27145 "-" "Mozilla/5.0 AppleWebKit/537.36 (KHTML, like Gecko; compatible; YouBot/1.0; +https://docs.you.com/youbot; env:prod) Chrome/142.0.0.0 Safari/537.36"
168.205.101.29 - - [31/Aug/2026:19:47:07 -0400] "POST /xmlrpc.php HTTP/1.1" 406 300 "-" "Mozilla/5.0 (Linux; Android 10; x86) AppleWebKit/537.36 (KHTML, like Gecko) Chrome/88.0.0.0 Safari/537.36"
68.183.128.142 - - [31/Aug/2026:19:47:12 -0400] "GET / HTTP/1.1" 200 39827 "-" "Mozilla/5.0 (Windows NT 10.0; Win64; x64) AppleWebKit/537.36"
68.183.128.142 - - [31/Aug/2026:19:47:13 -0400] "POST /?rest_route=/batch/v1 HTTP/1.1" 207 249 "-" "Mozilla/5.0 (Windows NT 10.0; Win64; x64) AppleWebKit/537.36"
68.183.128.142 - - [31/Aug/2026:19:47:13 -0400] "POST /?rest_route=/batch/v1 HTTP/1.1" 207 249 "-" "Mozilla/5.0 (Windows NT 10.0; Win64; x64) AppleWebKit/537.36"
68.183.128.142 - - [31/Aug/2026:19:47:13 -0400] "POST /?rest_route=/batch/v1 HTTP/1.1" 207 249 "-" "Mozilla/5.0 (Windows NT 10.0; Win64; x64) AppleWebKit/537.36"
68.183.128.142 - - [31/Aug/2026:19:47:13 -0400] "POST /?rest_route=/batch/v1 HTTP/1.1" 207 249 "-" "Mozilla/5.0 (Windows NT 10.0; Win64; x64) AppleWebKit/537.36"
68.183.128.142 - - [31/Aug/2026:19:47:13 -0400] "POST /?rest_route=/batch/v1 HTTP/1.1" 207 249 "-" "Mozilla/5.0 (Windows NT 10.0; Win64; x64) AppleWebKit/537.36"
68.183.128.142 - - [31/Aug/2026:19:47:13 -0400] "POST /?rest_route=/batch/v1 HTTP/1.1" 207 249 "-" "Mozilla/5.0 (Windows NT 10.0; Win64; x64) AppleWebKit/537.36"
168.205.101.29 - - [31/Aug/2026:19:47:43 -0400] "POST /xmlrpc.php HTTP/1.1" 200 403 "-" "Mozilla/5.0 (Windows NT 6.3; x86) AppleWebKit/537.36 (KHTML, like Gecko) Edge/90.0.0.0 Safari/537.36"
168.205.101.29 - - [31/Aug/2026:19:48:51 -0400] "POST /xmlrpc.php HTTP/1.1" 406 300 "-" "Mozilla/5.0 (Macintosh; Intel Mac OS X 10_15_7; arm64) AppleWebKit/537.36 (KHTML, like Gecko) Firefox/72.0.0.0 Safari/537.36"
168.205.101.29 - - [31/Aug/2026:19:49:16 -0400] "POST /xmlrpc.php HTTP/1.1" 200 403 "-" "Mozilla/5.0 (Windows NT 6.2; x86) AppleWebKit/537.36 (KHTML, like Gecko) Firefox/78.0.0.0 Safari/537.36"
213.32.77.104 - - [31/Aug/2026:19:49:40 -0400] "GET /wp-login.php HTTP/1.1" 200 2334 "-" "213.32.77.104"
213.32.77.104 - - [31/Aug/2026:19:49:40 -0400] "POST /wp-login.php HTTP/1.1" 200 2468 "https://ekmtoronto.com/wp-login.php" "213.32.77.104"
168.205.101.29 - - [31/Aug/2026:19:49:43 -0400] "POST /xmlrpc.php HTTP/1.1" 406 300 "-" "Mozilla/5.0 (Macintosh; Intel Mac OS X 10_15_7; arm64) AppleWebKit/537.36 (KHTML, like Gecko) Edge/99.0.0.0 Safari/537.36"
154.94.2.85 - - [31/Aug/2026:19:49:55 -0400] "GET /wp-content/uploads/2023/05/Middaynew-480x270.jpg HTTP/1.1" 200 26638 "-" "Mozilla/5.0 (compatible; crawler)"
104.247.76.75 - - [31/Aug/2026:19:50:07 -0400] "POST /wp-cron.php?doing_wp_cron=1788220207.8845369815826416015625 HTTP/1.1" 200 - "-" "WordPress/7.1; https://ekmtoronto.com"
80.150.6.150 - - [31/Aug/2026:19:50:07 -0400] "GET /wp-login.php HTTP/1.1" 200 2334 "-" "Mozilla/5.0 (Windows NT 10.0; Win64; x64) AppleWebKit/537.36 (KHTML, like Gecko) Chrome/151.0.0.0 Safari/537.36"
80.150.6.150 - - [31/Aug/2026:19:50:07 -0400] "POST /wp-login.php HTTP/1.1" 200 2488 "https://ekmtoronto.com/wp-login.php" "Mozilla/5.0 (Windows NT 10.0; Win64; x64) AppleWebKit/537.36 (KHTML, like Gecko) Chrome/151.0.0.0 Safari/537.36"
168.205.101.29 - - [31/Aug/2026:19:50:09 -0400] "POST /xmlrpc.php HTTP/1.1" 406 300 "-" "Mozilla/5.0 (Linux; Android 10; x64) AppleWebKit/537.36 (KHTML, like Gecko) Edge/95.0.0.0 Safari/537.36"
168.205.101.29 - - [31/Aug/2026:19:50:43 -0400] "POST /xmlrpc.php HTTP/1.1" 406 300 "-" "Mozilla/5.0 (Linux; Android 10; x86) AppleWebKit/537.36 (KHTML, like Gecko) Safari/15.0.0.0 Safari/537.36"
104.247.76.75 - - [31/Aug/2026:19:51:06 -0400] "POST /wp-cron.php?doing_wp_cron=1788220265.9189980030059814453125 HTTP/1.1" 200 - "-" "WordPress/7.1; https://ekmtoronto.com"
168.205.101.29 - - [31/Aug/2026:19:51:05 -0400] "POST /xmlrpc.php HTTP/1.1" 200 403 "-" "Mozilla/5.0 (Windows NT 10.0; x86) AppleWebKit/537.36 (KHTML, like Gecko) Safari/12.0.0.0 Safari/537.36"
168.205.101.29 - - [31/Aug/2026:19:51:27 -0400] "POST /xmlrpc.php HTTP/1.1" 406 300 "-" "Mozilla/5.0 (Windows NT 6.3; arm64) AppleWebKit/537.36 (KHTML, like Gecko) Chrome/89.0.0.0 Safari/537.36"
168.205.101.29 - - [31/Aug/2026:19:51:48 -0400] "POST /xmlrpc.php HTTP/1.1" 406 300 "-" "Mozilla/5.0 (X11; Ubuntu; Linux x86_64; arm64) AppleWebKit/537.36 (KHTML, like Gecko) Firefox/80.0.0.0 Safari/537.36"
168.205.101.29 - - [31/Aug/2026:19:52:16 -0400] "POST /xmlrpc.php HTTP/1.1" 406 300 "-" "Mozilla/5.0 (Linux; Android 10; x86) AppleWebKit/537.36 (KHTML, like Gecko) Edge/98.0.0.0 Safari/537.36"
66.249.65.136 - - [31/Aug/2026:19:52:16 -0400] "GET /?sale%2Fsearch%2Fdetail%2F%3FITMCODE=b8l2e5b5b0e7d2613 HTTP/1.1" 200 39885 "-" "Mozilla/5.0 (Linux; Android 6.0.1; Nexus 5X Build/MMB29P) AppleWebKit/537.36 (KHTML, like Gecko) Chrome/151.0.7922.173 Mobile Safari/537.36 (compatible; Googlebot/2.1; +http://www.google.com/bot.html)"
66.249.65.135 - - [31/Aug/2026:19:52:58 -0400] "GET /?k=54079115235202 HTTP/1.1" 200 39843 "-" "Mozilla/5.0 (Linux; Android 6.0.1; Nexus 5X Build/MMB29P) AppleWebKit/537.36 (KHTML, like Gecko) Chrome/151.0.7922.173 Mobile Safari/537.36 (compatible; Googlebot/2.1; +http://www.google.com/bot.html)"
66.249.65.134 - - [31/Aug/2026:19:53:07 -0400] "GET /wp-includes/js/mediaelement/mediaelementplayer-legacy.min.css?ver=4.2.17 HTTP/1.1" 200 2592 "https://ekmtoronto.com/?k=54079115235202" "Mozilla/5.0 (Linux; Android 6.0.1; Nexus 5X Build/MMB29P) AppleWebKit/537.36 (KHTML, like Gecko) Chrome/151.0.7922.173 Mobile Safari/537.36 (compatible; Googlebot/2.1; +http://www.google.com/bot.html)"
104.247.76.75 - - [31/Aug/2026:19:53:22 -0400] "POST /wp-cron.php?doing_wp_cron=1788220402.7722489833831787109375 HTTP/1.1" 200 - "-" "WordPress/7.1; https://ekmtoronto.com"
168.205.101.29 - - [31/Aug/2026:19:53:22 -0400] "POST /xmlrpc.php HTTP/1.1" 200 403 "-" "Mozilla/5.0 (Windows NT 6.3; x86) AppleWebKit/537.36 (KHTML, like Gecko) Chrome/93.0.0.0 Safari/537.36"
168.205.101.29 - - [31/Aug/2026:19:53:49 -0400] "POST /xmlrpc.php HTTP/1.1" 406 300 "-" "Mozilla/5.0 (X11; Ubuntu; Linux x86_64; arm64) AppleWebKit/537.36 (KHTML, like Gecko) Chrome/101.0.0.0 Safari/537.36"
104.247.76.75 - - [31/Aug/2026:19:54:09 -0400] "POST /wp-cron.php?doing_wp_cron=1788220449.2253360748291015625000 HTTP/1.1" 200 - "-" "WordPress/7.1; https://ekmtoronto.com"
168.205.101.29 - - [31/Aug/2026:19:54:09 -0400] "POST /xmlrpc.php HTTP/1.1" 200 403 "-" "Mozilla/5.0 (Windows NT 10.0; x64) AppleWebKit/537.36 (KHTML, like Gecko) Edge/80.0.0.0 Safari/537.36"
168.205.101.29 - - [31/Aug/2026:19:54:31 -0400] "POST /xmlrpc.php HTTP/1.1" 406 300 "-" "Mozilla/5.0 (X11; Ubuntu; Linux x86_64; arm64) AppleWebKit/537.36 (KHTML, like Gecko) Chrome/83.0.0.0 Safari/537.36"
193.36.224.36 - - [31/Aug/2026:19:54:45 -0400] "POST /wp-login.php HTTP/1.1" 200 7716 "-" "Mozilla/5.0"
