168.205.101.29 - - [31/Aug/2026:19:55:01 -0400] "POST /xmlrpc.php HTTP/1.1" 406 300 "-" "Mozilla/5.0 (X11; Ubuntu; Linux x86_64; arm64) AppleWebKit/537.36 (KHTML, like Gecko) Edge/100.0.0.0 Safari/537.36"
168.205.101.29 - - [31/Aug/2026:19:55:55 -0400] "POST /xmlrpc.php HTTP/1.1" 406 300 "-" "Mozilla/5.0 (X11; Ubuntu; Linux x86_64; arm64) AppleWebKit/537.36 (KHTML, like Gecko) Firefox/97.0.0.0 Safari/537.36"
168.205.101.29 - - [31/Aug/2026:19:56:26 -0400] "POST /xmlrpc.php HTTP/1.1" 406 300 "-" "Mozilla/5.0 (Macintosh; Intel Mac OS X 10_15_7; arm64) AppleWebKit/537.36 (KHTML, like Gecko) Chrome/89.0.0.0 Safari/537.36"
168.205.101.29 - - [31/Aug/2026:19:56:54 -0400] "POST /xmlrpc.php HTTP/1.1" 406 300 "-" "Mozilla/5.0 (Linux; Android 10; x86) AppleWebKit/537.36 (KHTML, like Gecko) Opera/73.0.0.0 Safari/537.36"
104.247.76.75 - - [31/Aug/2026:19:57:22 -0400] "POST /wp-cron.php?doing_wp_cron=1788220642.1372919082641601562500 HTTP/1.1" 200 - "-" "WordPress/7.1; https://ekmtoronto.com"
168.205.101.29 - - [31/Aug/2026:19:57:22 -0400] "POST /xmlrpc.php HTTP/1.1" 200 403 "-" "Mozilla/5.0 (Windows NT 6.3; x86) AppleWebKit/537.36 (KHTML, like Gecko) Chrome/104.0.0.0 Safari/537.36"
87.250.224.203 - - [31/Aug/2026:19:57:34 -0400] "GET /robots.txt HTTP/1.1" 200 115 "-" "Mozilla/5.0 (compatible; YandexBot/3.0; +http://yandex.com/bots)"
5.255.231.188 - - [31/Aug/2026:19:57:35 -0400] "GET /ekm-kids-summer-sunday/ HTTP/1.1" 404 29352 "-" "Mozilla/5.0 (compatible; YandexBot/3.0; +http://yandex.com/bots)"
168.205.101.29 - - [31/Aug/2026:19:57:47 -0400] "POST /xmlrpc.php HTTP/1.1" 406 300 "-" "Mozilla/5.0 (Linux; Android 10; x86) AppleWebKit/537.36 (KHTML, like Gecko) Firefox/80.0.0.0 Safari/537.36"
104.247.76.75 - - [31/Aug/2026:19:58:19 -0400] "POST /wp-cron.php?doing_wp_cron=1788220699.5824739933013916015625 HTTP/1.1" 200 - "-" "WordPress/7.1; https://ekmtoronto.com"
168.205.101.29 - - [31/Aug/2026:19:58:19 -0400] "POST /xmlrpc.php HTTP/1.1" 200 403 "-" "Mozilla/5.0 (Windows NT 6.2; x64) AppleWebKit/537.36 (KHTML, like Gecko) Edge/98.0.0.0 Safari/537.36"
168.205.101.29 - - [31/Aug/2026:19:58:44 -0400] "POST /xmlrpc.php HTTP/1.1" 200 403 "-" "Mozilla/5.0 (Windows NT 6.2; x64) AppleWebKit/537.36 (KHTML, like Gecko) Opera/63.0.0.0 Safari/537.36"
104.247.76.75 - - [31/Aug/2026:19:59:12 -0400] "POST /wp-cron.php?doing_wp_cron=1788220752.3023760318756103515625 HTTP/1.1" 200 - "-" "WordPress/7.1; https://ekmtoronto.com"
168.205.101.29 - - [31/Aug/2026:19:59:12 -0400] "POST /xmlrpc.php HTTP/1.1" 200 403 "-" "Mozilla/5.0 (Macintosh; Intel Mac OS X 10_15_7; x86) AppleWebKit/537.36 (KHTML, like Gecko) Chrome/88.0.0.0 Safari/537.36"
94.154.43.158 - - [31/Aug/2026:19:59:26 -0400] "GET /.env HTTP/1.1" 406 300 "-" "Mozilla/5.0 (Windows NT 10.0; Win64; x64) AppleWebKit/537.36 (KHTML, like Gecko) Chrome/147.0.0.0 Safari/537.36"
168.205.101.29 - - [31/Aug/2026:19:59:43 -0400] "POST /xmlrpc.php HTTP/1.1" 200 403 "-" "Mozilla/5.0 (Macintosh; Intel Mac OS X 10_15_7; x64) AppleWebKit/537.36 (KHTML, like Gecko) Chrome/94.0.0.0 Safari/537.36"
168.205.101.29 - - [31/Aug/2026:20:00:38 -0400] "POST /xmlrpc.php HTTP/1.1" 406 300 "-" "Mozilla/5.0 (Linux; Android 10; x64) AppleWebKit/537.36 (KHTML, like Gecko) Opera/61.0.0.0 Safari/537.36"
104.247.76.75 - - [31/Aug/2026:20:01:07 -0400] "POST /wp-cron.php?doing_wp_cron=1788220867.6195230484008789062500 HTTP/1.1" 200 - "-" "WordPress/7.1; https://ekmtoronto.com"
168.205.101.29 - - [31/Aug/2026:20:01:07 -0400] "POST /xmlrpc.php HTTP/1.1" 200 403 "-" "Mozilla/5.0 (Windows NT 6.3; x64) AppleWebKit/537.36 (KHTML, like Gecko) Edge/100.0.0.0 Safari/537.36"
168.205.101.29 - - [31/Aug/2026:20:01:32 -0400] "POST /xmlrpc.php HTTP/1.1" 200 403 "-" "Mozilla/5.0 (Windows NT 10.0; x64) AppleWebKit/537.36 (KHTML, like Gecko) Firefox/75.0.0.0 Safari/537.36"
66.249.65.134 - - [31/Aug/2026:20:01:45 -0400] "GET /?sale/search/detail/?ITMCODE=p2r1o3t9o0n7o5p8s6i3s9 HTTP/1.1" 301 - "-" "Mozilla/5.0 (Linux; Android 6.0.1; Nexus 5X Build/MMB29P) AppleWebKit/537.36 (KHTML, like Gecko) Chrome/152.0.7977.64 Mobile Safari/537.36 (compatible; Googlebot/2.1; +http://www.google.com/bot.html)"
66.249.65.134 - - [31/Aug/2026:20:01:46 -0400] "GET /?sale%2Fsearch%2Fdetail%2F%3FITMCODE=p2r1o3t9o0n7o5p8s6i3s9 HTTP/1.1" 200 39891 "-" "Mozilla/5.0 (Linux; Android 6.0.1; Nexus 5X Build/MMB29P) AppleWebKit/537.36 (KHTML, like Gecko) Chrome/152.0.7977.64 Mobile Safari/537.36 (compatible; Googlebot/2.1; +http://www.google.com/bot.html)"
66.249.65.134 - - [31/Aug/2026:20:01:48 -0400] "GET /?k=1962021236813 HTTP/1.1" 200 39841 "-" "Mozilla/5.0 (Linux; Android 6.0.1; Nexus 5X Build/MMB29P) AppleWebKit/537.36 (KHTML, like Gecko) Chrome/151.0.7922.173 Mobile Safari/537.36 (compatible; Googlebot/2.1; +http://www.google.com/bot.html)"
104.247.76.75 - - [31/Aug/2026:20:02:30 -0400] "POST /wp-cron.php?doing_wp_cron=1788220950.0046770572662353515625 HTTP/1.1" 200 - "-" "WordPress/7.1; https://ekmtoronto.com"
66.249.65.136 - - [31/Aug/2026:20:02:29 -0400] "GET /?sale/search/detail/?ITMCODE=t3a6u6t4o1m5e3r3i1c HTTP/1.1" 301 - "-" "Mozilla/5.0 (Linux; Android 6.0.1; Nexus 5X Build/MMB29P) AppleWebKit/537.36 (KHTML, like Gecko) Chrome/151.0.7922.173 Mobile Safari/537.36 (compatible; Googlebot/2.1; +http://www.google.com/bot.html)"
66.249.65.135 - - [31/Aug/2026:20:02:30 -0400] "GET /?sale%2Fsearch%2Fdetail%2F%3FITMCODE=t3a6u6t4o1m5e3r3i1c HTTP/1.1" 200 39887 "-" "Mozilla/5.0 (Linux; Android 6.0.1; Nexus 5X Build/MMB29P) AppleWebKit/537.36 (KHTML, like Gecko) Chrome/151.0.7922.173 Mobile Safari/537.36 (compatible; Googlebot/2.1; +http://www.google.com/bot.html)"
66.249.65.134 - - [31/Aug/2026:20:02:42 -0400] "GET /wp-content/themes/Divi/js/scripts.min.js?ver=4.27.8 HTTP/1.1" 200 99754 "https://ekmtoronto.com/?sale%2Fsearch%2Fdetail%2F%3FITMCODE=t3a6u6t4o1m5e3r3i1c" "Mozilla/5.0 (Linux; Android 6.0.1; Nexus 5X Build/MMB29P) AppleWebKit/537.36 (KHTML, like Gecko) Chrome/151.0.7922.173 Mobile Safari/537.36 (compatible; Googlebot/2.1; +http://www.google.com/bot.html)"
168.205.101.29 - - [31/Aug/2026:20:02:51 -0400] "POST /xmlrpc.php HTTP/1.1" 200 403 "-" "Mozilla/5.0 (Windows NT 6.2; x86) AppleWebKit/537.36 (KHTML, like Gecko) Firefox/92.0.0.0 Safari/537.36"
104.247.76.75 - - [31/Aug/2026:20:03:08 -0400] "POST /wp-cron.php?doing_wp_cron=1788220988.4843668937683105468750 HTTP/1.1" 200 - "-" "WordPress/7.1; https://ekmtoronto.com"
136.144.19.189 - - [31/Aug/2026:20:03:08 -0400] "POST /wp-login.php HTTP/1.1" 200 7716 "-" "Mozilla/5.0"
168.205.101.29 - - [31/Aug/2026:20:03:13 -0400] "POST /xmlrpc.php HTTP/1.1" 406 300 "-" "Mozilla/5.0 (Windows NT 6.2; arm64) AppleWebKit/537.36 (KHTML, like Gecko) Safari/13.0.0.0 Safari/537.36"
168.205.101.29 - - [31/Aug/2026:20:03:28 -0400] "POST /xmlrpc.php HTTP/1.1" 200 403 "-" "Mozilla/5.0 (Macintosh; Intel Mac OS X 10_15_7; x64) AppleWebKit/537.36 (KHTML, like Gecko) Chrome/90.0.0.0 Safari/537.36"
168.205.101.29 - - [31/Aug/2026:20:03:43 -0400] "POST /xmlrpc.php HTTP/1.1" 406 300 "-" "Mozilla/5.0 (Linux; Android 10; arm64) AppleWebKit/537.36 (KHTML, like Gecko) Opera/61.0.0.0 Safari/537.36"
168.205.101.29 - - [31/Aug/2026:20:03:58 -0400] "POST /xmlrpc.php HTTP/1.1" 406 300 "-" "Mozilla/5.0 (X11; Ubuntu; Linux x86_64; arm64) AppleWebKit/537.36 (KHTML, like Gecko) Firefox/80.0.0.0 Safari/537.36"
104.247.76.75 - - [31/Aug/2026:20:04:02 -0400] "POST /wp-cron.php?doing_wp_cron=1788221042.2996520996093750000000 HTTP/1.1" 200 - "-" "WordPress/7.1; https://ekmtoronto.com"
85.208.96.193 - - [31/Aug/2026:20:04:02 -0400] "GET /robots.txt HTTP/1.1" 200 110 "-" "Mozilla/5.0 (compatible; SemrushBot/7~bl; +http://www.semrush.com/bot.html)"
185.191.171.2 - - [31/Aug/2026:20:04:03 -0400] "GET /prayer-request/ HTTP/1.1" 404 29353 "-" "Mozilla/5.0 (compatible; SemrushBot/7~bl; +http://www.semrush.com/bot.html)"
168.205.101.29 - - [31/Aug/2026:20:04:11 -0400] "POST /xmlrpc.php HTTP/1.1" 200 403 "-" "Mozilla/5.0 (Windows NT 10.0; x86) AppleWebKit/537.36 (KHTML, like Gecko) Firefox/72.0.0.0 Safari/537.36"
168.205.101.29 - - [31/Aug/2026:20:04:25 -0400] "POST /xmlrpc.php HTTP/1.1" 200 403 "-" "Mozilla/5.0 (Windows NT 6.3; x86) AppleWebKit/537.36 (KHTML, like Gecko) Chrome/108.0.0.0 Safari/537.36"
168.205.101.29 - - [31/Aug/2026:20:04:40 -0400] "POST /xmlrpc.php HTTP/1.1" 406 300 "-" "Mozilla/5.0 (Windows NT 6.3; arm64) AppleWebKit/537.36 (KHTML, like Gecko) Edge/88.0.0.0 Safari/537.36"
168.205.101.29 - - [31/Aug/2026:20:04:55 -0400] "POST /xmlrpc.php HTTP/1.1" 200 403 "-" "Mozilla/5.0 (Macintosh; Intel Mac OS X 10_15_7; x64) AppleWebKit/537.36 (KHTML, like Gecko) Opera/69.0.0.0 Safari/537.36"
104.247.76.75 - - [31/Aug/2026:20:05:10 -0400] "POST /wp-cron.php?doing_wp_cron=1788221110.8397819995880126953125 HTTP/1.1" 200 - "-" "WordPress/7.1; https://ekmtoronto.com"
168.205.101.29 - - [31/Aug/2026:20:05:10 -0400] "POST /xmlrpc.php HTTP/1.1" 200 403 "-" "Mozilla/5.0 (Macintosh; Intel Mac OS X 10_15_7; x86) AppleWebKit/537.36 (KHTML, like Gecko) Safari/10.0.0.0 Safari/537.36"
168.205.101.29 - - [31/Aug/2026:20:05:25 -0400] "POST /xmlrpc.php HTTP/1.1" 406 300 "-" "Mozilla/5.0 (Linux; Android 10; x64) AppleWebKit/537.36 (KHTML, like Gecko) Chrome/83.0.0.0 Safari/537.36"
168.205.101.29 - - [31/Aug/2026:20:05:38 -0400] "POST /xmlrpc.php HTTP/1.1" 406 300 "-" "Mozilla/5.0 (Windows NT 6.2; arm64) AppleWebKit/537.36 (KHTML, like Gecko) Opera/70.0.0.0 Safari/537.36"
168.205.101.29 - - [31/Aug/2026:20:05:53 -0400] "POST /xmlrpc.php HTTP/1.1" 406 300 "-" "Mozilla/5.0 (Linux; Android 10; arm64) AppleWebKit/537.36 (KHTML, like Gecko) Edge/90.0.0.0 Safari/537.36"
104.247.76.75 - - [31/Aug/2026:20:06:08 -0400] "POST /wp-cron.php?doing_wp_cron=1788221168.0265901088714599609375 HTTP/1.1" 200 - "-" "WordPress/7.1; https://ekmtoronto.com"
168.205.101.29 - - [31/Aug/2026:20:06:07 -0400] "POST /xmlrpc.php HTTP/1.1" 200 403 "-" "Mozilla/5.0 (Windows NT 10.0; x86) AppleWebKit/537.36 (KHTML, like Gecko) Edge/93.0.0.0 Safari/537.36"
168.205.101.29 - - [31/Aug/2026:20:06:21 -0400] "POST /xmlrpc.php HTTP/1.1" 406 300 "-" "Mozilla/5.0 (Windows NT 6.2; arm64) AppleWebKit/537.36 (KHTML, like Gecko) Edge/88.0.0.0 Safari/537.36"
168.205.101.29 - - [31/Aug/2026:20:06:34 -0400] "POST /xmlrpc.php HTTP/1.1" 200 403 "-" "Mozilla/5.0 (Windows NT 6.3; x64) AppleWebKit/537.36 (KHTML, like Gecko) Edge/83.0.0.0 Safari/537.36"
168.205.101.29 - - [31/Aug/2026:20:06:49 -0400] "POST /xmlrpc.php HTTP/1.1" 406 300 "-" "Mozilla/5.0 (Windows NT 6.3; arm64) AppleWebKit/537.36 (KHTML, like Gecko) Chrome/88.0.0.0 Safari/537.36"
104.247.76.75 - - [31/Aug/2026:20:07:06 -0400] "POST /wp-cron.php?doing_wp_cron=1788221226.2767529487609863281250 HTTP/1.1" 200 - "-" "WordPress/7.1; https://ekmtoronto.com"
168.205.101.29 - - [31/Aug/2026:20:07:06 -0400] "POST /xmlrpc.php HTTP/1.1" 200 403 "-" "Mozilla/5.0 (Macintosh; Intel Mac OS X 10_15_7; x64) AppleWebKit/537.36 (KHTML, like Gecko) Chrome/86.0.0.0 Safari/537.36"
168.205.101.29 - - [31/Aug/2026:20:07:21 -0400] "POST /xmlrpc.php HTTP/1.1" 200 403 "-" "Mozilla/5.0 (Macintosh; Intel Mac OS X 10_15_7; x64) AppleWebKit/537.36 (KHTML, like Gecko) Opera/80.0.0.0 Safari/537.36"
168.205.101.29 - - [31/Aug/2026:20:07:40 -0400] "POST /xmlrpc.php HTTP/1.1" 406 300 "-" "Mozilla/5.0 (Windows NT 10.0; arm64) AppleWebKit/537.36 (KHTML, like Gecko) Safari/11.0.0.0 Safari/537.36"
168.205.101.29 - - [31/Aug/2026:20:07:58 -0400] "POST /xmlrpc.php HTTP/1.1" 200 403 "-" "Mozilla/5.0 (Macintosh; Intel Mac OS X 10_15_7; x64) AppleWebKit/537.36 (KHTML, like Gecko) Opera/74.0.0.0 Safari/537.36"
104.247.76.75 - - [31/Aug/2026:20:08:06 -0400] "POST /wp-cron.php?doing_wp_cron=1788221286.0373170375823974609375 HTTP/1.1" 200 - "-" "WordPress/7.1; https://ekmtoronto.com"
66.249.65.134 - - [31/Aug/2026:20:08:05 -0400] "GET /?k=69121197521200 HTTP/1.1" 200 39842 "-" "Mozilla/5.0 (Linux; Android 6.0.1; Nexus 5X Build/MMB29P) AppleWebKit/537.36 (KHTML, like Gecko) Chrome/151.0.7922.173 Mobile Safari/537.36 (compatible; Googlebot/2.1; +http://www.google.com/bot.html)"
168.205.101.29 - - [31/Aug/2026:20:08:13 -0400] "POST /xmlrpc.php HTTP/1.1" 200 403 "-" "Mozilla/5.0 (Macintosh; Intel Mac OS X 10_15_7; x86) AppleWebKit/537.36 (KHTML, like Gecko) Edge/96.0.0.0 Safari/537.36"
66.249.65.135 - - [31/Aug/2026:20:08:16 -0400] "GET /wp-includes/js/mediaelement/wp-mediaelement.min.css?ver=7.1 HTTP/1.1" 200 1156 "https://ekmtoronto.com/?k=69121197521200" "Mozilla/5.0 (Linux; Android 6.0.1; Nexus 5X Build/MMB29P) AppleWebKit/537.36 (KHTML, like Gecko) Chrome/151.0.7922.173 Mobile Safari/537.36 (compatible; Googlebot/2.1; +http://www.google.com/bot.html)"
168.205.101.29 - - [31/Aug/2026:20:08:35 -0400] "POST /xmlrpc.php HTTP/1.1" 406 300 "-" "Mozilla/5.0 (X11; Ubuntu; Linux x86_64; arm64) AppleWebKit/537.36 (KHTML, like Gecko) Edge/90.0.0.0 Safari/537.36"
168.205.101.29 - - [31/Aug/2026:20:08:52 -0400] "POST /xmlrpc.php HTTP/1.1" 200 403 "-" "Mozilla/5.0 (Windows NT 6.2; x64) AppleWebKit/537.36 (KHTML, like Gecko) Edge/94.0.0.0 Safari/537.36"
168.205.101.29 - - [31/Aug/2026:20:09:08 -0400] "POST /xmlrpc.php HTTP/1.1" 406 300 "-" "Mozilla/5.0 (X11; Ubuntu; Linux x86_64; arm64) AppleWebKit/537.36 (KHTML, like Gecko) Chrome/114.0.0.0 Safari/537.36"
104.247.76.75 - - [31/Aug/2026:20:09:10 -0400] "POST /wp-cron.php?doing_wp_cron=1788221350.0140969753265380859375 HTTP/1.1" 200 - "-" "WordPress/7.1; https://ekmtoronto.com"
66.249.65.136 - - [31/Aug/2026:20:09:09 -0400] "GET /?k=58202157348804 HTTP/1.1" 200 39843 "-" "Mozilla/5.0 (Linux; Android 6.0.1; Nexus 5X Build/MMB29P) AppleWebKit/537.36 (KHTML, like Gecko) Chrome/151.0.7922.173 Mobile Safari/537.36 (compatible; Googlebot/2.1; +http://www.google.com/bot.html)"
168.205.101.29 - - [31/Aug/2026:20:09:27 -0400] "POST /xmlrpc.php HTTP/1.1" 200 403 "-" "Mozilla/5.0 (Windows NT 6.3; x86) AppleWebKit/537.36 (KHTML, like Gecko) Edge/91.0.0.0 Safari/537.36"
43.173.180.2 - - [31/Aug/2026:20:10:14 -0400] "GET /monday-night-bible-study HTTP/1.1" 404 29356 "-" "Mozilla/5.0 (Windows NT 10.0; Win64; x64) AppleWebKit/537.36 (KHTML, like Gecko) Chrome/109.0.0.0 Safari/537.36"
104.247.76.75 - - [31/Aug/2026:20:11:14 -0400] "POST /wp-cron.php?doing_wp_cron=1788221474.9577610492706298828125 HTTP/1.1" 200 - "-" "WordPress/7.1; https://ekmtoronto.com"
151.242.17.99 - - [31/Aug/2026:20:11:14 -0400] "GET /accesson.php HTTP/1.1" 404 29356 "-" "Mozilla/5.0 (compatible; MSIE 10.0; Windows NT 10.0; Win64; x64; Trident/6.0)"
151.242.17.99 - - [31/Aug/2026:20:11:15 -0400] "GET /efec1480495e.php HTTP/1.1" 404 29356 "https://ekmtoronto.com/accesson.php" "Mozilla/5.0 (compatible; MSIE 10.0; Windows NT 10.0; Win64; x64; Trident/6.0)"
216.73.216.201 - - [31/Aug/2026:20:11:17 -0400] "GET /robots.txt HTTP/1.1" 200 110 "-" "Mozilla/5.0 AppleWebKit/537.36 (KHTML, like Gecko; compatible; ClaudeBot/1.0; +claudebot@anthropic.com)"
216.73.216.201 - - [31/Aug/2026:20:11:17 -0400] "GET /wp-sitemap.xml HTTP/1.1" 200 235 "-" "Mozilla/5.0 AppleWebKit/537.36 (KHTML, like Gecko; compatible; ClaudeBot/1.0; +claudebot@anthropic.com)"
104.247.76.75 - - [31/Aug/2026:20:13:27 -0400] "POST /wp-cron.php?doing_wp_cron=1788221607.8384850025177001953125 HTTP/1.1" 200 - "-" "WordPress/7.1; https://ekmtoronto.com"
45.148.10.74 - - [31/Aug/2026:20:13:27 -0400] "GET /wp-json/gravitysmtp/v1/tests/mock-data?page=gravitysmtp-settings HTTP/1.1" 404 117 "-" "Mozilla/5.0 (X11; Linux x86_64; rv:1.9.5.20) Gecko/ Firefox/3.8"
104.247.76.75 - - [31/Aug/2026:20:16:08 -0400] "POST /wp-cron.php?doing_wp_cron=1788221768.6858599185943603515625 HTTP/1.1" 200 - "-" "WordPress/7.1; https://ekmtoronto.com"
69.165.232.70 - - [31/Aug/2026:20:16:08 -0400] "GET /care/ HTTP/1.1" 200 37641 "https://ekmtoronto.com/contact-us/" "Mozilla/5.0 (Windows NT 10.0; Win64; x64) AppleWebKit/537.36 (KHTML, like Gecko) Chrome/152.0.0.0 Safari/537.36"
69.165.232.70 - - [31/Aug/2026:20:16:08 -0400] "GET /wp-includes/css/admin-bar.min.css?ver=7.1 HTTP/1.1" 200 4009 "https://ekmtoronto.com/care/" "Mozilla/5.0 (Windows NT 10.0; Win64; x64) AppleWebKit/537.36 (KHTML, like Gecko) Chrome/152.0.0.0 Safari/537.36"
69.165.232.70 - - [31/Aug/2026:20:16:08 -0400] "GET /wp-includes/css/dashicons.min.css?ver=7.1 HTTP/1.1" 200 35721 "https://ekmtoronto.com/care/" "Mozilla/5.0 (Windows NT 10.0; Win64; x64) AppleWebKit/537.36 (KHTML, like Gecko) Chrome/152.0.0.0 Safari/537.36"
69.165.232.70 - - [31/Aug/2026:20:16:08 -0400] "GET /wp-includes/css/dist/theme/design-tokens.min.css?ver=7.1 HTTP/1.1" 200 1519 "https://ekmtoronto.com/care/" "Mozilla/5.0 (Windows NT 10.0; Win64; x64) AppleWebKit/537.36 (KHTML, like Gecko) Chrome/152.0.0.0 Safari/537.36"
69.165.232.70 - - [31/Aug/2026:20:16:08 -0400] "GET /wp-includes/css/dist/components/style.min.css?ver=7.1 HTTP/1.1" 200 15146 "https://ekmtoronto.com/care/" "Mozilla/5.0 (Windows NT 10.0; Win64; x64) AppleWebKit/537.36 (KHTML, like Gecko) Chrome/152.0.0.0 Safari/537.36"
69.165.232.70 - - [31/Aug/2026:20:16:08 -0400] "GET /wp-content/plugins/google-analytics-for-wordpress/lite/assets/admin-bar/insights.css?ver=eb298a0d16dee87dcb1b HTTP/1.1" 200 1696 "https://ekmtoronto.com/care/" "Mozilla/5.0 (Windows NT 10.0; Win64; x64) AppleWebKit/537.36 (KHTML, like Gecko) Chrome/152.0.0.0 Safari/537.36"
69.165.232.70 - - [31/Aug/2026:20:16:08 -0400] "GET /wp-content/et-cache/2009/et-divi-dynamic-2009-late.css?ver=1788144341 HTTP/1.1" 200 2798 "https://ekmtoronto.com/care/" "Mozilla/5.0 (Windows NT 10.0; Win64; x64) AppleWebKit/537.36 (KHTML, like Gecko) Chrome/152.0.0.0 Safari/537.36"
69.165.232.70 - - [31/Aug/2026:20:16:08 -0400] "GET /wp-content/et-cache/2009/et-divi-dynamic-2009.css?ver=1788144341 HTTP/1.1" 200 7172 "https://ekmtoronto.com/care/" "Mozilla/5.0 (Windows NT 10.0; Win64; x64) AppleWebKit/537.36 (KHTML, like Gecko) Chrome/152.0.0.0 Safari/537.36"
69.165.232.70 - - [31/Aug/2026:20:16:08 -0400] "GET /wp-content/plugins/divi-bars/assets/css/main.css?ver=1.9.6 HTTP/1.1" 200 2832 "https://ekmtoronto.com/care/" "Mozilla/5.0 (Windows NT 10.0; Win64; x64) AppleWebKit/537.36 (KHTML, like Gecko) Chrome/152.0.0.0 Safari/537.36"
69.165.232.70 - - [31/Aug/2026:20:16:08 -0400] "GET /wp-content/et-cache/2009/et-core-unified-deferred-2009.min.css?ver=1788144342 HTTP/1.1" 200 5361 "https://ekmtoronto.com/care/" "Mozilla/5.0 (Windows NT 10.0; Win64; x64) AppleWebKit/537.36 (KHTML, like Gecko) Chrome/152.0.0.0 Safari/537.36"
69.165.232.70 - - [31/Aug/2026:20:16:08 -0400] "GET /wp-content/plugins/divi-overlays/assets/css/custom_animations.css?ver=2.9.7.9 HTTP/1.1" 200 886 "https://ekmtoronto.com/care/" "Mozilla/5.0 (Windows NT 10.0; Win64; x64) AppleWebKit/537.36 (KHTML, like Gecko) Chrome/152.0.0.0 Safari/537.36"
69.165.232.70 - - [31/Aug/2026:20:16:08 -0400] "GET /wp-content/plugins/divi-overlays/assets/css/animate.min.css?ver=4.1.1 HTTP/1.1" 200 5272 "https://ekmtoronto.com/care/" "Mozilla/5.0 (Windows NT 10.0; Win64; x64) AppleWebKit/537.36 (KHTML, like Gecko) Chrome/152.0.0.0 Safari/537.36"
69.165.232.70 - - [31/Aug/2026:20:16:08 -0400] "GET /wp-content/plugins/divi-overlays/assets/css/style.css?ver=2.9.7.9 HTTP/1.1" 200 2232 "https://ekmtoronto.com/care/" "Mozilla/5.0 (Windows NT 10.0; Win64; x64) AppleWebKit/537.36 (KHTML, like Gecko) Chrome/152.0.0.0 Safari/537.36"
69.165.232.70 - - [31/Aug/2026:20:16:08 -0400] "GET /wp-content/uploads/2023/11/Prayer-Ret_9006-1200PX-980x402.jpg HTTP/1.1" 200 47968 "https://ekmtoronto.com/care/" "Mozilla/5.0 (Windows NT 10.0; Win64; x64) AppleWebKit/537.36 (KHTML, like Gecko) Chrome/152.0.0.0 Safari/537.36"
69.165.232.70 - - [31/Aug/2026:20:16:09 -0400] "GET /wp-content/et-cache/2009/et-divi-dynamic-2009-late.css HTTP/1.1" 200 2798 "https://ekmtoronto.com/care/" "Mozilla/5.0 (Windows NT 10.0; Win64; x64) AppleWebKit/537.36 (KHTML, like Gecko) Chrome/152.0.0.0 Safari/537.36"
69.165.232.70 - - [31/Aug/2026:20:16:08 -0400] "GET /wp-content/uploads/2023/11/Water-Baptism-Lamar1500px-1280x503.jpg HTTP/1.1" 200 96239 "https://ekmtoronto.com/care/" "Mozilla/5.0 (Windows NT 10.0; Win64; x64) AppleWebKit/537.36 (KHTML, like Gecko) Chrome/152.0.0.0 Safari/537.36"
69.165.232.70 - - [31/Aug/2026:20:16:09 -0400] "GET /wp-includes/js/hoverintent-js.min.js?ver=2.2.1 HTTP/1.1" 200 718 "https://ekmtoronto.com/care/" "Mozilla/5.0 (Windows NT 10.0; Win64; x64) AppleWebKit/537.36 (KHTML, like Gecko) Chrome/152.0.0.0 Safari/537.36"
69.165.232.70 - - [31/Aug/2026:20:16:09 -0400] "GET /wp-includes/js/admin-bar.min.js?ver=7.1 HTTP/1.1" 200 1357 "https://ekmtoronto.com/care/" "Mozilla/5.0 (Windows NT 10.0; Win64; x64) AppleWebKit/537.36 (KHTML, like Gecko) Chrome/152.0.0.0 Safari/537.36"
69.165.232.70 - - [31/Aug/2026:20:16:09 -0400] "GET /wp-includes/js/underscore.min.js?ver=1.13.8 HTTP/1.1" 200 7372 "https://ekmtoronto.com/care/" "Mozilla/5.0 (Windows NT 10.0; Win64; x64) AppleWebKit/537.36 (KHTML, like Gecko) Chrome/152.0.0.0 Safari/537.36"
69.165.232.70 - - [31/Aug/2026:20:16:09 -0400] "GET /wp-includes/js/jquery/jquery.min.js?ver=3.7.1 HTTP/1.1" 200 30368 "https://ekmtoronto.com/care/" "Mozilla/5.0 (Windows NT 10.0; Win64; x64) AppleWebKit/537.36 (KHTML, like Gecko) Chrome/152.0.0.0 Safari/537.36"
69.165.232.70 - - [31/Aug/2026:20:16:08 -0400] "GET /wp-content/uploads/2021/06/EKM-LOGO-BLACK-IM-150PX.png HTTP/1.1" 404 31198 "https://ekmtoronto.com/care/" "Mozilla/5.0 (Windows NT 10.0; Win64; x64) AppleWebKit/537.36 (KHTML, like Gecko) Chrome/152.0.0.0 Safari/537.36"
69.165.232.70 - - [31/Aug/2026:20:16:09 -0400] "GET /wp-includes/js/jquery/jquery-migrate.min.js?ver=3.4.1 HTTP/1.1" 200 4872 "https://ekmtoronto.com/care/" "Mozilla/5.0 (Windows NT 10.0; Win64; x64) AppleWebKit/537.36 (KHTML, like Gecko) Chrome/152.0.0.0 Safari/537.36"
69.165.232.70 - - [31/Aug/2026:20:16:09 -0400] "GET /wp-includes/js/wp-util.min.js?ver=7.1 HTTP/1.1" 200 754 "https://ekmtoronto.com/care/" "Mozilla/5.0 (Windows NT 10.0; Win64; x64) AppleWebKit/537.36 (KHTML, like Gecko) Chrome/152.0.0.0 Safari/537.36"
69.165.232.70 - - [31/Aug/2026:20:16:09 -0400] "GET /wp-includes/js/dist/vendor/react.min.js?ver=18.3.1.1 HTTP/1.1" 200 4263 "https://ekmtoronto.com/care/" "Mozilla/5.0 (Windows NT 10.0; Win64; x64) AppleWebKit/537.36 (KHTML, like Gecko) Chrome/152.0.0.0 Safari/537.36"
69.165.232.70 - - [31/Aug/2026:20:16:09 -0400] "GET /wp-includes/js/dist/vendor/react-jsx-runtime.min.js?ver=18.3.1 HTTP/1.1" 200 664 "https://ekmtoronto.com/care/" "Mozilla/5.0 (Windows NT 10.0; Win64; x64) AppleWebKit/537.36 (KHTML, like Gecko) Chrome/152.0.0.0 Safari/537.36"
69.165.232.70 - - [31/Aug/2026:20:16:09 -0400] "GET /wp-includes/js/dist/vendor/react-dom.min.js?ver=18.3.1.1 HTTP/1.1" 200 42994 "https://ekmtoronto.com/care/" "Mozilla/5.0 (Windows NT 10.0; Win64; x64) AppleWebKit/537.36 (KHTML, like Gecko) Chrome/152.0.0.0 Safari/537.36"
69.165.232.70 - - [31/Aug/2026:20:16:09 -0400] "GET /wp-includes/js/dist/escape-html.min.js?ver=87ebe53e97bba59805a5 HTTP/1.1" 200 613 "https://ekmtoronto.com/care/" "Mozilla/5.0 (Windows NT 10.0; Win64; x64) AppleWebKit/537.36 (KHTML, like Gecko) Chrome/152.0.0.0 Safari/537.36"
69.165.232.70 - - [31/Aug/2026:20:16:09 -0400] "GET /wp-includes/js/dist/element.min.js?ver=4a4370b2b349066fd440 HTTP/1.1" 200 5213 "https://ekmtoronto.com/care/" "Mozilla/5.0 (Windows NT 10.0; Win64; x64) AppleWebKit/537.36 (KHTML, like Gecko) Chrome/152.0.0.0 Safari/537.36"
69.165.232.70 - - [31/Aug/2026:20:16:09 -0400] "GET /wp-includes/js/dist/hooks.min.js?ver=f0f188028580e8dc1255 HTTP/1.1" 200 1860 "https://ekmtoronto.com/care/" "Mozilla/5.0 (Windows NT 10.0; Win64; x64) AppleWebKit/537.36 (KHTML, like Gecko) Chrome/152.0.0.0 Safari/537.36"
69.165.232.70 - - [31/Aug/2026:20:16:09 -0400] "GET /wp-includes/js/dist/i18n.min.js?ver=1dfe7db3940c23ea9216 HTTP/1.1" 200 2492 "https://ekmtoronto.com/care/" "Mozilla/5.0 (Windows NT 10.0; Win64; x64) AppleWebKit/537.36 (KHTML, like Gecko) Chrome/152.0.0.0 Safari/537.36"
69.165.232.70 - - [31/Aug/2026:20:16:09 -0400] "GET /wp-content/plugins/google-analytics-for-wordpress/lite/assets/admin-bar/index.js?ver=eb298a0d16dee87dcb1b HTTP/1.1" 200 4323 "https://ekmtoronto.com/care/" "Mozilla/5.0 (Windows NT 10.0; Win64; x64) AppleWebKit/537.36 (KHTML, like Gecko) Chrome/152.0.0.0 Safari/537.36"
69.165.232.70 - - [31/Aug/2026:20:16:09 -0400] "GET /wp-content/themes/Divi/core/admin/js/common.js?ver=4.27.8 HTTP/1.1" 200 566 "https://ekmtoronto.com/care/" "Mozilla/5.0 (Windows NT 10.0; Win64; x64) AppleWebKit/537.36 (KHTML, like Gecko) Chrome/152.0.0.0 Safari/537.36"
69.165.232.70 - - [31/Aug/2026:20:16:09 -0400] "GET /wp-content/plugins/divi-overlays/assets/js/jquery.exitintent.js?ver=2.9.7.9 HTTP/1.1" 200 398 "https://ekmtoronto.com/care/" "Mozilla/5.0 (Windows NT 10.0; Win64; x64) AppleWebKit/537.36 (KHTML, like Gecko) Chrome/152.0.0.0 Safari/537.36"
69.165.232.70 - - [31/Aug/2026:20:16:09 -0400] "GET /wp-content/themes/Divi/js/scripts.min.js?ver=4.27.8 HTTP/1.1" 200 99754 "https://ekmtoronto.com/care/" "Mozilla/5.0 (Windows NT 10.0; Win64; x64) AppleWebKit/537.36 (KHTML, like Gecko) Chrome/152.0.0.0 Safari/537.36"
69.165.232.70 - - [31/Aug/2026:20:16:09 -0400] "GET /wp-content/plugins/divi-bars/assets/js/main.js?ver=1.9.6 HTTP/1.1" 200 10054 "https://ekmtoronto.com/care/" "Mozilla/5.0 (Windows NT 10.0; Win64; x64) AppleWebKit/537.36 (KHTML, like Gecko) Chrome/152.0.0.0 Safari/537.36"
69.165.232.70 - - [31/Aug/2026:20:16:09 -0400] "GET /wp-content/plugins/divi-overlays/assets/js/custom.js?ver=2.9.7.9 HTTP/1.1" 200 12334 "https://ekmtoronto.com/care/" "Mozilla/5.0 (Windows NT 10.0; Win64; x64) AppleWebKit/537.36 (KHTML, like Gecko) Chrome/152.0.0.0 Safari/537.36"
69.165.232.70 - - [31/Aug/2026:20:16:09 -0400] "GET /wp-content/plugins/divi-bars/assets/js/main.helper.js?ver=1.9.6 HTTP/1.1" 200 - "https://ekmtoronto.com/care/" "Mozilla/5.0 (Windows NT 10.0; Win64; x64) AppleWebKit/537.36 (KHTML, like Gecko) Chrome/152.0.0.0 Safari/537.36"
69.165.232.70 - - [31/Aug/2026:20:16:09 -0400] "GET /wp-content/plugins/divi-bars/assets/js/actual.min.js?ver=7.1 HTTP/1.1" 200 475 "https://ekmtoronto.com/care/" "Mozilla/5.0 (Windows NT 10.0; Win64; x64) AppleWebKit/537.36 (KHTML, like Gecko) Chrome/152.0.0.0 Safari/537.36"
69.165.232.70 - - [31/Aug/2026:20:16:09 -0400] "GET /wp-content/plugins/divi-bars/assets/js/jquery.exitintent.min.js?ver=7.1 HTTP/1.1" 200 427 "https://ekmtoronto.com/care/" "Mozilla/5.0 (Windows NT 10.0; Win64; x64) AppleWebKit/537.36 (KHTML, like Gecko) Chrome/152.0.0.0 Safari/537.36"
69.165.232.70 - - [31/Aug/2026:20:16:09 -0400] "GET /wp-content/uploads/2023/11/hugg-and-prayer-2500-px3.jpg HTTP/1.1" 200 292099 "https://ekmtoronto.com/care/" "Mozilla/5.0 (Windows NT 10.0; Win64; x64) AppleWebKit/537.36 (KHTML, like Gecko) Chrome/152.0.0.0 Safari/537.36"
69.165.232.70 - - [31/Aug/2026:20:16:09 -0400] "GET /youth-and-young-adults/ HTTP/1.1" 200 31625 "https://ekmtoronto.com/" "Mozilla/5.0 (Windows NT 10.0; Win64; x64) AppleWebKit/537.36 (KHTML, like Gecko) Chrome/152.0.0.0 Safari/537.36"
69.165.232.70 - - [31/Aug/2026:20:16:09 -0400] "GET /wp-content/et-cache/238003/et-divi-dynamic-tb-25-tb-26-tb-27-238003.css?ver=1788144300 HTTP/1.1" 200 1157 "https://ekmtoronto.com/youth-and-young-adults/" "Mozilla/5.0 (Windows NT 10.0; Win64; x64) AppleWebKit/537.36 (KHTML, like Gecko) Chrome/152.0.0.0 Safari/537.36"
69.165.232.70 - - [31/Aug/2026:20:16:09 -0400] "GET /wp-content/et-cache/238003/et-divi-dynamic-tb-25-tb-26-tb-27-238003-late.css?ver=1788144300 HTTP/1.1" 200 1419 "https://ekmtoronto.com/youth-and-young-adults/" "Mozilla/5.0 (Windows NT 10.0; Win64; x64) AppleWebKit/537.36 (KHTML, like Gecko) Chrome/152.0.0.0 Safari/537.36"
69.165.232.70 - - [31/Aug/2026:20:16:09 -0400] "GET /wp-content/uploads/2022/10/White-lines-1920px.png HTTP/1.1" 404 31194 "https://ekmtoronto.com/care/" "Mozilla/5.0 (Windows NT 10.0; Win64; x64) AppleWebKit/537.36 (KHTML, like Gecko) Chrome/152.0.0.0 Safari/537.36"
69.165.232.70 - - [31/Aug/2026:20:16:09 -0400] "GET /wp-content/et-cache/238003/et-core-unified-tb-25-tb-26-tb-27-deferred-238003.min.css?ver=1788144301 HTTP/1.1" 200 2485 "https://ekmtoronto.com/youth-and-young-adults/" "Mozilla/5.0 (Windows NT 10.0; Win64; x64) AppleWebKit/537.36 (KHTML, like Gecko) Chrome/152.0.0.0 Safari/537.36"
69.165.232.70 - - [31/Aug/2026:20:16:09 -0400] "GET /wp-content/et-cache/238003/et-core-unified-238003.min.css?ver=1788144301 HTTP/1.1" 200 1124 "https://ekmtoronto.com/youth-and-young-adults/" "Mozilla/5.0 (Windows NT 10.0; Win64; x64) AppleWebKit/537.36 (KHTML, like Gecko) Chrome/152.0.0.0 Safari/537.36"
69.165.232.70 - - [31/Aug/2026:20:16:09 -0400] "GET /wp-content/themes/Divi/core/admin/fonts/modules/all/modules.woff HTTP/1.1" 200 37328 "https://ekmtoronto.com/care/" "Mozilla/5.0 (Windows NT 10.0; Win64; x64) AppleWebKit/537.36 (KHTML, like Gecko) Chrome/152.0.0.0 Safari/537.36"
69.165.232.70 - - [31/Aug/2026:20:16:09 -0400] "GET /wp-content/et-cache/238003/et-divi-dynamic-tb-25-tb-26-tb-27-238003-late.css HTTP/1.1" 200 1419 "https://ekmtoronto.com/youth-and-young-adults/" "Mozilla/5.0 (Windows NT 10.0; Win64; x64) AppleWebKit/537.36 (KHTML, like Gecko) Chrome/152.0.0.0 Safari/537.36"
69.165.232.70 - - [31/Aug/2026:20:16:09 -0400] "GET /wp-content/themes/Divi/core/admin/fonts/fontawesome/fa-solid-900.woff2 HTTP/1.1" 200 80265 "https://ekmtoronto.com/care/" "Mozilla/5.0 (Windows NT 10.0; Win64; x64) AppleWebKit/537.36 (KHTML, like Gecko) Chrome/152.0.0.0 Safari/537.36"
69.165.232.70 - - [31/Aug/2026:20:16:09 -0400] "GET /wp-content/uploads/2022/10/White-lines-Right-to-left-1920px.png HTTP/1.1" 404 31203 "https://ekmtoronto.com/wp-content/et-cache/2009/et-core-unified-deferred-2009.min.css?ver=1788144342" "Mozilla/5.0 (Windows NT 10.0; Win64; x64) AppleWebKit/537.36 (KHTML, like Gecko) Chrome/152.0.0.0 Safari/537.36"
69.165.232.70 - - [31/Aug/2026:20:16:09 -0400] "GET /wp-content/uploads/2021/06/EKM-LOGO-175PX-VR1.png HTTP/1.1" 404 31195 "https://ekmtoronto.com/youth-and-young-adults/" "Mozilla/5.0 (Windows NT 10.0; Win64; x64) AppleWebKit/537.36 (KHTML, like Gecko) Chrome/152.0.0.0 Safari/537.36"
69.165.232.70 - - [31/Aug/2026:20:16:10 -0400] "POST /wp-admin/admin-ajax.php HTTP/1.1" 200 1326 "https://ekmtoronto.com/youth-and-young-adults/" "Mozilla/5.0 (Windows NT 10.0; Win64; x64) AppleWebKit/537.36 (KHTML, like Gecko) Chrome/152.0.0.0 Safari/537.36"
69.165.232.70 - - [31/Aug/2026:20:16:09 -0400] "POST /wp-admin/admin-ajax.php HTTP/1.1" 200 1326 "https://ekmtoronto.com/care/" "Mozilla/5.0 (Windows NT 10.0; Win64; x64) AppleWebKit/537.36 (KHTML, like Gecko) Chrome/152.0.0.0 Safari/537.36"
104.247.76.75 - - [31/Aug/2026:20:16:10 -0400] "POST /wp-admin/admin-ajax.php?action=as_async_request_queue_runner&nonce=c6b24fcc30 HTTP/1.1" 200 - "-" "WordPress/7.1; https://ekmtoronto.com"
69.165.232.70 - - [31/Aug/2026:20:16:55 -0400] "GET /wp-content/uploads/2023/11/PRAYING_MG_9006-800PX.jpg HTTP/1.1" 200 65635 "https://ekmtoronto.com/care/" "Mozilla/5.0 (Windows NT 10.0; Win64; x64) AppleWebKit/537.36 (KHTML, like Gecko) Chrome/152.0.0.0 Safari/537.36"
69.165.232.70 - - [31/Aug/2026:20:16:55 -0400] "GET /wp-content/uploads/2024/01/baptism-Lamar-600px2-480x418.jpg HTTP/1.1" 200 27041 "https://ekmtoronto.com/care/" "Mozilla/5.0 (Windows NT 10.0; Win64; x64) AppleWebKit/537.36 (KHTML, like Gecko) Chrome/152.0.0.0 Safari/537.36"
69.165.232.70 - - [31/Aug/2026:20:16:56 -0400] "GET /wp-content/uploads/2023/11/Bearnard-Baby-Wife-IMG_7518-800px-CP.jpg HTTP/1.1" 200 65205 "https://ekmtoronto.com/care/" "Mozilla/5.0 (Windows NT 10.0; Win64; x64) AppleWebKit/537.36 (KHTML, like Gecko) Chrome/152.0.0.0 Safari/537.36"
69.165.232.70 - - [31/Aug/2026:20:16:55 -0400] "GET /wp-content/uploads/2023/11/Prayer-over-MO-IMG_8034-MOB.jpg HTTP/1.1" 200 64354 "https://ekmtoronto.com/care/" "Mozilla/5.0 (Windows NT 10.0; Win64; x64) AppleWebKit/537.36 (KHTML, like Gecko) Chrome/152.0.0.0 Safari/537.36"
104.247.76.75 - - [31/Aug/2026:20:17:00 -0400] "POST /wp-cron.php?doing_wp_cron=1788221820.4203429222106933593750 HTTP/1.1" 200 - "-" "WordPress/7.1; https://ekmtoronto.com"
66.249.65.134 - - [31/Aug/2026:20:17:00 -0400] "GET /?sale/search/detail/?ITMCODE=c4e2l8e5b3r4a3t8i5n6g8 HTTP/1.1" 301 - "-" "Mozilla/5.0 (Linux; Android 6.0.1; Nexus 5X Build/MMB29P) AppleWebKit/537.36 (KHTML, like Gecko) Chrome/151.0.7922.173 Mobile Safari/537.36 (compatible; Googlebot/2.1; +http://www.google.com/bot.html)"
66.249.65.135 - - [31/Aug/2026:20:17:01 -0400] "GET /?sale%2Fsearch%2Fdetail%2F%3FITMCODE=c4e2l8e5b3r4a3t8i5n6g8 HTTP/1.1" 200 39891 "-" "Mozilla/5.0 (Linux; Android 6.0.1; Nexus 5X Build/MMB29P) AppleWebKit/537.36 (KHTML, like Gecko) Chrome/151.0.7922.173 Mobile Safari/537.36 (compatible; Googlebot/2.1; +http://www.google.com/bot.html)"
66.249.65.135 - - [31/Aug/2026:20:17:08 -0400] "GET /wp-content/themes/Divi/includes/builder/feature/dynamic-assets/assets/js/jquery.fitvids.js?ver=4.27.8 HTTP/1.1" 200 1341 "https://ekmtoronto.com/?sale%2Fsearch%2Fdetail%2F%3FITMCODE=c4e2l8e5b3r4a3t8i5n6g8" "Mozilla/5.0 (Linux; Android 6.0.1; Nexus 5X Build/MMB29P) AppleWebKit/537.36 (KHTML, like Gecko) Chrome/151.0.7922.173 Mobile Safari/537.36 (compatible; Googlebot/2.1; +http://www.google.com/bot.html)"
104.247.76.75 - - [31/Aug/2026:20:18:16 -0400] "POST /wp-cron.php?doing_wp_cron=1788221896.1576039791107177734375 HTTP/1.1" 200 - "-" "WordPress/7.1; https://ekmtoronto.com"
66.249.65.135 - - [31/Aug/2026:20:18:15 -0400] "GET /?k=21046116270810 HTTP/1.1" 200 39843 "-" "Mozilla/5.0 (Linux; Android 6.0.1; Nexus 5X Build/MMB29P) AppleWebKit/537.36 (KHTML, like Gecko) Chrome/151.0.7922.173 Mobile Safari/537.36 (compatible; Googlebot/2.1; +http://www.google.com/bot.html)"
99.251.226.36 - - [31/Aug/2026:20:18:41 -0400] "GET /wp-content/uploads/2021/06/EKM-LOGO-BLACK-IM-150PX.png HTTP/1.1" 404 28393 "https://ekmtoronto.com/contact-us/" "Mozilla/5.0 (iPhone; CPU iPhone OS 18_7 like Mac OS X) AppleWebKit/605.1.15 (KHTML, like Gecko) Version/26.6 Mobile/15E148 Safari/604.1"
99.251.226.36 - - [31/Aug/2026:20:18:41 -0400] "GET /wp-content/uploads/2022/09/EKM-LOGO-BLACK-IMG_100px.png HTTP/1.1" 404 28393 "https://ekmtoronto.com/contact-us/" "Mozilla/5.0 (iPhone; CPU iPhone OS 18_7 like Mac OS X) AppleWebKit/605.1.15 (KHTML, like Gecko) Version/26.6 Mobile/15E148 Safari/604.1"
66.249.65.135 - - [31/Aug/2026:20:18:55 -0400] "GET /item/4028675273 HTTP/1.1" 404 29357 "-" "Mozilla/5.0 (Linux; Android 6.0.1; Nexus 5X Build/MMB29P) AppleWebKit/537.36 (KHTML, like Gecko) Chrome/151.0.7922.173 Mobile Safari/537.36 (compatible; Googlebot/2.1; +http://www.google.com/bot.html)"
123.18.142.115 - - [31/Aug/2026:20:18:59 -0400] "GET /monday-night-bible-study HTTP/1.1" 404 29356 "-" "Mozilla/5.0 (Windows NT 10.0; Win64; x64) AppleWebKit/537.36 (KHTML, like Gecko) Chrome/106.0.5249.119 Safari/537.36"
104.247.76.75 - - [31/Aug/2026:20:19:37 -0400] "POST /wp-cron.php?doing_wp_cron=1788221977.0258960723876953125000 HTTP/1.1" 200 - "-" "WordPress/7.1; https://ekmtoronto.com"
213.180.203.9 - - [31/Aug/2026:20:19:36 -0400] "GET /robots.txt HTTP/1.1" 200 115 "-" "Mozilla/5.0 (compatible; YandexBot/3.0; +http://yandex.com/bots)"
95.108.213.87 - - [31/Aug/2026:20:19:37 -0400] "GET /baptism/ HTTP/1.1" 301 - "-" "Mozilla/5.0 (compatible; YandexBot/3.0; +http://yandex.com/bots)"
87.250.224.111 - - [31/Aug/2026:20:19:38 -0400] "GET /baptism-2/ HTTP/1.1" 200 29059 "-" "Mozilla/5.0 (compatible; YandexBot/3.0; +http://yandex.com/bots)"
104.234.19.140 - - [31/Aug/2026:20:19:58 -0400] "POST /wp-login.php HTTP/1.1" 200 7716 "-" "Mozilla/5.0"
43.154.127.188 - - [31/Aug/2026:20:21:53 -0400] "GET / HTTP/1.1" 200 39824 "http://ekmtoronto.com" "Mozilla/5.0 (iPhone; CPU iPhone OS 13_2_3 like Mac OS X) AppleWebKit/605.1.15 (KHTML, like Gecko) Version/13.0.3 Mobile/15E148 Safari/604.1"
104.247.76.75 - - [31/Aug/2026:20:27:31 -0400] "POST /wp-cron.php?doing_wp_cron=1788222451.9266569614410400390625 HTTP/1.1" 200 - "-" "WordPress/7.1; https://ekmtoronto.com"
66.249.65.136 - - [31/Aug/2026:20:27:31 -0400] "GET /?sale/search/detail/?ITMCODE=u4n3d1r0e6a5m6e0d117 HTTP/1.1" 301 - "-" "Mozilla/5.0 (Linux; Android 6.0.1; Nexus 5X Build/MMB29P) AppleWebKit/537.36 (KHTML, like Gecko) Chrome/151.0.7922.173 Mobile Safari/537.36 (compatible; Googlebot/2.1; +http://www.google.com/bot.html)"
66.249.65.135 - - [31/Aug/2026:20:27:32 -0400] "GET /?sale%2Fsearch%2Fdetail%2F%3FITMCODE=u4n3d1r0e6a5m6e0d117 HTTP/1.1" 200 39888 "-" "Mozilla/5.0 (Linux; Android 6.0.1; Nexus 5X Build/MMB29P) AppleWebKit/537.36 (KHTML, like Gecko) Chrome/151.0.7922.173 Mobile Safari/537.36 (compatible; Googlebot/2.1; +http://www.google.com/bot.html)"
104.247.76.75 - - [31/Aug/2026:20:29:16 -0400] "POST /wp-cron.php?doing_wp_cron=1788222556.3626699447631835937500 HTTP/1.1" 200 - "-" "WordPress/7.1; https://ekmtoronto.com"
136.144.19.180 - - [31/Aug/2026:20:29:16 -0400] "POST /wp-login.php HTTP/1.1" 200 7716 "-" "Mozilla/5.0"
66.249.65.136 - - [31/Aug/2026:20:29:33 -0400] "GET /item/1030122838 HTTP/1.1" 404 29357 "-" "Mozilla/5.0 (Linux; Android 6.0.1; Nexus 5X Build/MMB29P) AppleWebKit/537.36 (KHTML, like Gecko) Chrome/151.0.7922.173 Mobile Safari/537.36 (compatible; Googlebot/2.1; +http://www.google.com/bot.html)"
161.35.123.224 - - [31/Aug/2026:20:30:41 -0400] "GET / HTTP/1.1" 200 39826 "-" "Mozilla/5.0 (X11; Linux x86_64; rv:142.0) Gecko/20100101 Firefox/142.0"
161.35.123.224 - - [31/Aug/2026:20:30:42 -0400] "GET /wp-content/uploads/2023/11/cropped-EKM-SITE-TAB-ICON-512PX-32x32.jpg HTTP/1.1" 200 859 "https://ekmtoronto.com/" "Mozilla/5.0 (X11; Linux x86_64; rv:142.0) Gecko/20100101 Firefox/142.0"
104.247.76.75 - - [31/Aug/2026:20:31:35 -0400] "POST /wp-cron.php?doing_wp_cron=1788222695.6505839824676513671875 HTTP/1.1" 200 - "-" "WordPress/7.1; https://ekmtoronto.com"
66.249.65.136 - - [31/Aug/2026:20:31:35 -0400] "GET /?k=2816930066000 HTTP/1.1" 200 39842 "-" "Mozilla/5.0 (Linux; Android 6.0.1; Nexus 5X Build/MMB29P) AppleWebKit/537.36 (KHTML, like Gecko) Chrome/151.0.7922.173 Mobile Safari/537.36 (compatible; Googlebot/2.1; +http://www.google.com/bot.html)"
66.249.65.134 - - [31/Aug/2026:20:31:42 -0400] "GET /wp-includes/js/jquery/jquery-migrate.min.js?ver=3.4.1 HTTP/1.1" 200 4872 "https://ekmtoronto.com/?k=2816930066000" "Mozilla/5.0 (Linux; Android 6.0.1; Nexus 5X Build/MMB29P) AppleWebKit/537.36 (KHTML, like Gecko) Chrome/151.0.7922.173 Mobile Safari/537.36 (compatible; Googlebot/2.1; +http://www.google.com/bot.html)"
104.247.76.75 - - [31/Aug/2026:20:32:09 -0400] "POST /wp-cron.php?doing_wp_cron=1788222729.7315280437469482421875 HTTP/1.1" 200 - "-" "WordPress/7.1; https://ekmtoronto.com"
130.185.123.55 - - [31/Aug/2026:20:32:09 -0400] "GET /wp-login.php HTTP/1.1" 200 2334 "-" "Mozilla/5.0 (Windows NT 10.0; Win64; x64) AppleWebKit/537.36 (KHTML, like Gecko) Chrome/151.0.0.0 Safari/537.36"
130.185.123.55 - - [31/Aug/2026:20:32:09 -0400] "POST /wp-login.php HTTP/1.1" 200 2469 "https://ekmtoronto.com/wp-login.php" "Mozilla/5.0 (Windows NT 10.0; Win64; x64) AppleWebKit/537.36 (KHTML, like Gecko) Chrome/151.0.0.0 Safari/537.36"
161.153.12.160 - - [31/Aug/2026:20:32:53 -0400] "GET /robots.txt HTTP/1.1" 200 110 "-" "AteveSearchSourceUrlDiscovery/0.1 (+mailto:crawler@example.com)"
161.153.12.160 - - [31/Aug/2026:20:32:57 -0400] "GET / HTTP/1.1" 200 39821 "-" "AteveSearchSourceUrlDiscovery/0.1 (+mailto:crawler@example.com)"
161.153.12.160 - - [31/Aug/2026:20:32:59 -0400] "GET /sitemap.xml HTTP/1.1" 301 - "-" "AteveSearchSourceUrlDiscovery/0.1 (+mailto:crawler@example.com)"
104.247.76.75 - - [31/Aug/2026:20:33:02 -0400] "POST /wp-cron.php?doing_wp_cron=1788222782.7307639122009277343750 HTTP/1.1" 200 - "-" "WordPress/7.1; https://ekmtoronto.com"
161.153.12.160 - - [31/Aug/2026:20:33:02 -0400] "GET / HTTP/1.1" 200 39821 "-" "AteveSearchSourceUrlDiscovery/0.1 (+mailto:crawler@example.com)"
161.153.12.160 - - [31/Aug/2026:20:33:24 -0400] "GET /xmlrpc.php HTTP/1.1" 405 60 "-" "AteveSearchSourceUrlDiscovery/0.1 (+mailto:crawler@example.com)"
161.153.12.160 - - [31/Aug/2026:20:33:28 -0400] "GET /comments/feed/ HTTP/1.1" 200 1821 "-" "AteveSearchSourceUrlDiscovery/0.1 (+mailto:crawler@example.com)"
161.153.12.160 - - [31/Aug/2026:20:33:32 -0400] "GET /wp-json/oembed/1.0/embed?url=https://ekmtoronto.com/ HTTP/1.1" 200 1061 "-" "AteveSearchSourceUrlDiscovery/0.1 (+mailto:crawler@example.com)"
161.153.12.160 - - [31/Aug/2026:20:33:35 -0400] "GET /feed/ HTTP/1.1" 200 3718 "-" "AteveSearchSourceUrlDiscovery/0.1 (+mailto:crawler@example.com)"
161.153.12.160 - - [31/Aug/2026:20:33:36 -0400] "GET /wp-json/ HTTP/1.1" 200 15839 "-" "AteveSearchSourceUrlDiscovery/0.1 (+mailto:crawler@example.com)"
161.153.12.160 - - [31/Aug/2026:20:33:37 -0400] "GET /wp-json/wp/v2/pages/228351 HTTP/1.1" 200 9038 "-" "AteveSearchSourceUrlDiscovery/0.1 (+mailto:crawler@example.com)"
161.153.12.160 - - [31/Aug/2026:20:33:40 -0400] "GET /xmlrpc.php?rsd= HTTP/1.1" 200 303 "-" "AteveSearchSourceUrlDiscovery/0.1 (+mailto:crawler@example.com)"
161.153.12.160 - - [31/Aug/2026:20:33:42 -0400] "GET /our-team/ HTTP/1.1" 200 28098 "-" "AteveSearchSourceUrlDiscovery/0.1 (+mailto:crawler@example.com)"
161.153.12.160 - - [31/Aug/2026:20:33:44 -0400] "GET /our-beliefs/ HTTP/1.1" 200 27145 "-" "AteveSearchSourceUrlDiscovery/0.1 (+mailto:crawler@example.com)"
161.153.12.160 - - [31/Aug/2026:20:33:46 -0400] "GET /events/ HTTP/1.1" 200 44669 "-" "AteveSearchSourceUrlDiscovery/0.1 (+mailto:crawler@example.com)"
161.153.12.160 - - [31/Aug/2026:20:33:48 -0400] "GET /?page_id=2009 HTTP/1.1" 404 29353 "-" "AteveSearchSourceUrlDiscovery/0.1 (+mailto:crawler@example.com)"
161.153.12.160 - - [31/Aug/2026:20:33:50 -0400] "GET /contact-us/ HTTP/1.1" 200 33362 "-" "AteveSearchSourceUrlDiscovery/0.1 (+mailto:crawler@example.com)"
104.247.76.75 - - [31/Aug/2026:20:34:07 -0400] "POST /wp-cron.php?doing_wp_cron=1788222847.4928450584411621093750 HTTP/1.1" 200 - "-" "WordPress/7.1; https://ekmtoronto.com"
161.153.12.160 - - [31/Aug/2026:20:34:07 -0400] "GET /give/ HTTP/1.1" 200 39421 "-" "AteveSearchSourceUrlDiscovery/0.1 (+mailto:crawler@example.com)"
161.153.12.160 - - [31/Aug/2026:20:34:07 -0400] "GET /open-table-food-drive/ HTTP/1.1" 200 28957 "-" "AteveSearchSourceUrlDiscovery/0.1 (+mailto:crawler@example.com)"
161.153.12.160 - - [31/Aug/2026:20:34:10 -0400] "GET /youth-and-young-adults/ HTTP/1.1" 200 28793 "-" "AteveSearchSourceUrlDiscovery/0.1 (+mailto:crawler@example.com)"
161.153.12.160 - - [31/Aug/2026:20:34:12 -0400] "GET /glow-up-a-friday-morning-devotional/ HTTP/1.1" 200 29582 "-" "AteveSearchSourceUrlDiscovery/0.1 (+mailto:crawler@example.com)"
161.153.12.160 - - [31/Aug/2026:20:34:23 -0400] "GET /intercession/ HTTP/1.1" 200 28927 "-" "AteveSearchSourceUrlDiscovery/0.1 (+mailto:crawler@example.com)"
161.153.12.160 - - [31/Aug/2026:20:34:24 -0400] "GET /baptism-2/ HTTP/1.1" 200 29059 "-" "AteveSearchSourceUrlDiscovery/0.1 (+mailto:crawler@example.com)"
161.153.12.160 - - [31/Aug/2026:20:34:29 -0400] "GET /midday-breakaway/ HTTP/1.1" 200 29031 "-" "AteveSearchSourceUrlDiscovery/0.1 (+mailto:crawler@example.com)"
161.153.12.160 - - [31/Aug/2026:20:34:33 -0400] "GET /wp-json/wp/v2/pages/227700 HTTP/1.1" 200 5772 "-" "AteveSearchSourceUrlDiscovery/0.1 (+mailto:crawler@example.com)"
161.153.12.160 - - [31/Aug/2026:20:34:41 -0400] "GET /wp-json/oembed/1.0/embed?url=https://ekmtoronto.com/our-team/ HTTP/1.1" 200 1073 "-" "AteveSearchSourceUrlDiscovery/0.1 (+mailto:crawler@example.com)"
161.153.12.160 - - [31/Aug/2026:20:34:43 -0400] "GET /?p=227700 HTTP/1.1" 301 - "-" "AteveSearchSourceUrlDiscovery/0.1 (+mailto:crawler@example.com)"
161.153.12.160 - - [31/Aug/2026:20:34:44 -0400] "GET /our-team/ HTTP/1.1" 200 28098 "-" "AteveSearchSourceUrlDiscovery/0.1 (+mailto:crawler@example.com)"
93.89.225.85 - - [31/Aug/2026:20:35:43 -0400] "GET /wp-login.php HTTP/1.1" 200 2334 "-" "Mozilla/5.0 (Windows NT 10.0; Win64; x64) AppleWebKit/537.36 (KHTML, like Gecko) Chrome/151.0.0.0 Safari/537.36"
93.89.225.85 - - [31/Aug/2026:20:35:46 -0400] "POST /wp-login.php HTTP/1.1" 200 2490 "https://ekmtoronto.com/wp-login.php" "Mozilla/5.0 (Windows NT 10.0; Win64; x64) AppleWebKit/537.36 (KHTML, like Gecko) Chrome/151.0.0.0 Safari/537.36"
34.138.55.142 - - [31/Aug/2026:20:36:53 -0400] "GET / HTTP/1.1" 401 53 "-" "Mozilla/5.0 (Macintosh; Intel Mac OS X 10_15_7) AppleWebKit/537.36 (KHTML, like Gecko) Chrome/147.0.0.0 Safari/537.36"
34.138.55.142 - - [31/Aug/2026:20:36:53 -0400] "GET /z9x8c7v6b5-debug-trigger-webdisk.ekmtoronto.com HTTP/1.1" 401 53 "-" "Mozilla/5.0 (Macintosh; Intel Mac OS X 10_15_7) AppleWebKit/537.36 (KHTML, like Gecko) Chrome/147.0.0.0 Safari/537.36"
34.138.55.142 - - [31/Aug/2026:20:36:53 -0400] "GET /wp-json HTTP/1.1" 401 53 "-" "Mozilla/5.0 (Macintosh; Intel Mac OS X 10_15_7) AppleWebKit/537.36 (KHTML, like Gecko) Chrome/147.0.0.0 Safari/537.36"
34.138.55.142 - - [31/Aug/2026:20:36:53 -0400] "GET /settings%2F.env HTTP/1.1" 404 236 "-" "Mozilla/5.0 (Macintosh; Intel Mac OS X 10_15_7) AppleWebKit/537.36 (KHTML, like Gecko) Chrome/147.0.0.0 Safari/537.36"
34.138.55.142 - - [31/Aug/2026:20:36:53 -0400] "GET /rclone.conf HTTP/1.1" 401 53 "-" "Mozilla/5.0 (Macintosh; Intel Mac OS X 10_15_7) AppleWebKit/537.36 (KHTML, like Gecko) Chrome/147.0.0.0 Safari/537.36"
34.138.55.142 - - [31/Aug/2026:20:36:53 -0400] "GET /dashboard%2F.env HTTP/1.1" 404 236 "-" "Mozilla/5.0 (Macintosh; Intel Mac OS X 10_15_7) AppleWebKit/537.36 (KHTML, like Gecko) Chrome/147.0.0.0 Safari/537.36"
34.138.55.142 - - [31/Aug/2026:20:36:53 -0400] "GET /api%2F.env HTTP/1.1" 404 236 "-" "Mozilla/5.0 (Macintosh; Intel Mac OS X 10_15_7) AppleWebKit/537.36 (KHTML, like Gecko) Chrome/147.0.0.0 Safari/537.36"
34.138.55.142 - - [31/Aug/2026:20:36:53 -0400] "GET /@fs/.env?raw&url?? HTTP/1.1" 406 300 "-" "Mozilla/5.0 (Macintosh; Intel Mac OS X 10_15_7) AppleWebKit/537.36 (KHTML, like Gecko) Chrome/147.0.0.0 Safari/537.36"
34.138.55.142 - - [31/Aug/2026:20:36:53 -0400] "GET /storage/logs/laravel.log HTTP/1.1" 401 53 "-" "Mozilla/5.0 (Macintosh; Intel Mac OS X 10_15_7) AppleWebKit/537.36 (KHTML, like Gecko) Chrome/147.0.0.0 Safari/537.36"
34.138.55.142 - - [31/Aug/2026:20:36:53 -0400] "GET /@fs/.env?url&raw?? HTTP/1.1" 406 300 "-" "Mozilla/5.0 (Macintosh; Intel Mac OS X 10_15_7) AppleWebKit/537.36 (KHTML, like Gecko) Chrome/147.0.0.0 Safari/537.36"
34.138.55.142 - - [31/Aug/2026:20:36:53 -0400] "POST /graphql HTTP/1.1" 401 53 "https://webdisk.ekmtoronto.com" "Mozilla/5.0 (Macintosh; Intel Mac OS X 10_15_7) AppleWebKit/537.36 (KHTML, like Gecko) Chrome/147.0.0.0 Safari/537.36"
34.138.55.142 - - [31/Aug/2026:20:36:54 -0400] "GET /wp-config.php.old HTTP/1.1" 403 228 "-" "Mozilla/5.0 (Macintosh; Intel Mac OS X 10_15_7) AppleWebKit/537.36 (KHTML, like Gecko) Chrome/147.0.0.0 Safari/537.36"
34.138.55.142 - - [31/Aug/2026:20:36:54 -0400] "GET /@fs/.env?import&?raw?? HTTP/1.1" 406 300 "-" "Mozilla/5.0 (Macintosh; Intel Mac OS X 10_15_7) AppleWebKit/537.36 (KHTML, like Gecko) Chrome/147.0.0.0 Safari/537.36"
34.138.55.142 - - [31/Aug/2026:20:36:54 -0400] "GET /wp-config.php.bak HTTP/1.1" 403 228 "-" "Mozilla/5.0 (Macintosh; Intel Mac OS X 10_15_7) AppleWebKit/537.36 (KHTML, like Gecko) Chrome/147.0.0.0 Safari/537.36"
34.138.55.142 - - [31/Aug/2026:20:36:54 -0400] "GET /laravel/.env HTTP/1.1" 406 300 "-" "Mozilla/5.0 (Macintosh; Intel Mac OS X 10_15_7) AppleWebKit/537.36 (KHTML, like Gecko) Chrome/147.0.0.0 Safari/537.36"
34.138.55.142 - - [31/Aug/2026:20:36:54 -0400] "POST /v1/graphql HTTP/1.1" 401 53 "https://webdisk.ekmtoronto.com" "Mozilla/5.0 (Macintosh; Intel Mac OS X 10_15_7) AppleWebKit/537.36 (KHTML, like Gecko) Chrome/147.0.0.0 Safari/537.36"
34.138.55.142 - - [31/Aug/2026:20:36:54 -0400] "GET /.env.php.bak HTTP/1.1" 406 300 "-" "Mozilla/5.0 (Macintosh; Intel Mac OS X 10_15_7) AppleWebKit/537.36 (KHTML, like Gecko) Chrome/147.0.0.0 Safari/537.36"
34.138.55.142 - - [31/Aug/2026:20:36:54 -0400] "GET /core/.env HTTP/1.1" 406 300 "-" "Mozilla/5.0 (Macintosh; Intel Mac OS X 10_15_7) AppleWebKit/537.36 (KHTML, like Gecko) Chrome/147.0.0.0 Safari/537.36"
34.138.55.142 - - [31/Aug/2026:20:36:54 -0400] "GET /config/.env.php HTTP/1.1" 406 300 "-" "Mozilla/5.0 (Macintosh; Intel Mac OS X 10_15_7) AppleWebKit/537.36 (KHTML, like Gecko) Chrome/147.0.0.0 Safari/537.36"
34.138.55.142 - - [31/Aug/2026:20:36:54 -0400] "GET /auth.json HTTP/1.1" 401 53 "-" "Mozilla/5.0 (Macintosh; Intel Mac OS X 10_15_7) AppleWebKit/537.36 (KHTML, like Gecko) Chrome/147.0.0.0 Safari/537.36"
34.138.55.142 - - [31/Aug/2026:20:36:54 -0400] "GET /configuration.php.bak HTTP/1.1" 401 53 "-" "Mozilla/5.0 (Macintosh; Intel Mac OS X 10_15_7) AppleWebKit/537.36 (KHTML, like Gecko) Chrome/147.0.0.0 Safari/537.36"
34.138.55.142 - - [31/Aug/2026:20:36:54 -0400] "GET /config.php.bak HTTP/1.1" 401 53 "-" "Mozilla/5.0 (Macintosh; Intel Mac OS X 10_15_7) AppleWebKit/537.36 (KHTML, like Gecko) Chrome/147.0.0.0 Safari/537.36"
34.138.55.142 - - [31/Aug/2026:20:36:54 -0400] "GET /.env.swp HTTP/1.1" 406 300 "-" "Mozilla/5.0 (Macintosh; Intel Mac OS X 10_15_7) AppleWebKit/537.36 (KHTML, like Gecko) Chrome/147.0.0.0 Safari/537.36"
34.138.55.142 - - [31/Aug/2026:20:36:54 -0400] "GET /.env.dev HTTP/1.1" 406 300 "-" "Mozilla/5.0 (Macintosh; Intel Mac OS X 10_15_7) AppleWebKit/537.36 (KHTML, like Gecko) Chrome/147.0.0.0 Safari/537.36"
34.138.55.142 - - [31/Aug/2026:20:36:54 -0400] "GET /storage/.env HTTP/1.1" 406 300 "-" "Mozilla/5.0 (Macintosh; Intel Mac OS X 10_15_7) AppleWebKit/537.36 (KHTML, like Gecko) Chrome/147.0.0.0 Safari/537.36"
34.138.55.142 - - [31/Aug/2026:20:36:54 -0400] "GET /public/.env HTTP/1.1" 406 300 "-" "Mozilla/5.0 (Macintosh; Intel Mac OS X 10_15_7) AppleWebKit/537.36 (KHTML, like Gecko) Chrome/147.0.0.0 Safari/537.36"
34.138.55.142 - - [31/Aug/2026:20:36:54 -0400] "GET /web/.env HTTP/1.1" 406 300 "-" "Mozilla/5.0 (Macintosh; Intel Mac OS X 10_15_7) AppleWebKit/537.36 (KHTML, like Gecko) Chrome/147.0.0.0 Safari/537.36"
34.138.55.142 - - [31/Aug/2026:20:36:54 -0400] "GET /wp-config.php~ HTTP/1.1" 403 228 "-" "Mozilla/5.0 (Macintosh; Intel Mac OS X 10_15_7) AppleWebKit/537.36 (KHTML, like Gecko) Chrome/147.0.0.0 Safari/537.36"
