66.249.65.135 - - [31/Aug/2026:23:09:45 -0400] "GET /?sale/search/detail/?ITMCODE=c1o4l0e5s0l4a5w8173 HTTP/1.1" 301 - "-" "Mozilla/5.0 (Linux; Android 6.0.1; Nexus 5X Build/MMB29P) AppleWebKit/537.36 (KHTML, like Gecko) Chrome/151.0.7922.173 Mobile Safari/537.36 (compatible; Googlebot/2.1; +http://www.google.com/bot.html)"
66.249.65.135 - - [31/Aug/2026:23:09:46 -0400] "GET /?sale%2Fsearch%2Fdetail%2F%3FITMCODE=c1o4l0e5s0l4a5w8173 HTTP/1.1" 200 38611 "-" "Mozilla/5.0 (Linux; Android 6.0.1; Nexus 5X Build/MMB29P) AppleWebKit/537.36 (KHTML, like Gecko) Chrome/151.0.7922.173 Mobile Safari/537.36 (compatible; Googlebot/2.1; +http://www.google.com/bot.html)"
66.249.65.134 - - [31/Aug/2026:23:09:53 -0400] "GET /wp-content/et-cache/228351/et-core-unified-deferred-228351.min.css?ver=1785888000 HTTP/1.1" 200 3614 "https://ekmtoronto.com/?sale%2Fsearch%2Fdetail%2F%3FITMCODE=c1o4l0e5s0l4a5w8173" "Mozilla/5.0 (Linux; Android 6.0.1; Nexus 5X Build/MMB29P) AppleWebKit/537.36 (KHTML, like Gecko) Chrome/151.0.7922.173 Mobile Safari/537.36 (compatible; Googlebot/2.1; +http://www.google.com/bot.html)"
104.247.76.75 - - [31/Aug/2026:23:11:14 -0400] "POST /wp-admin/admin-ajax.php?action=as_async_request_queue_runner&nonce=c43b41fd28 HTTP/1.1" 200 - "-" "WordPress/7.1; https://ekmtoronto.com"
104.247.76.75 - - [31/Aug/2026:23:12:03 -0400] "POST /wp-cron.php?doing_wp_cron=1788232323.3701910972595214843750 HTTP/1.1" 200 - "-" "WordPress/7.1; https://ekmtoronto.com"
45.146.55.240 - - [31/Aug/2026:23:12:03 -0400] "POST /wp-login.php HTTP/1.1" 200 2482 "-" "Mozilla/5.0 (Macintosh; Intel Mac OS X 10_15_7) AppleWebKit/605.1.15 Version/17.0 Safari/605.1.15"
104.247.76.75 - - [31/Aug/2026:23:12:03 -0400] "POST /wp-cron.php?doing_wp_cron=1788232323.4527080059051513671875 HTTP/1.1" 200 - "-" "WordPress/7.1; https://ekmtoronto.com"
91.193.232.61 - - [31/Aug/2026:23:12:03 -0400] "POST /wp-login.php HTTP/1.1" 200 2462 "-" "Mozilla/5.0 (Windows NT 10.0; Win64; rv:143.0) Gecko/20100101 Firefox/143.0"
66.249.65.136 - - [31/Aug/2026:23:12:11 -0400] "GET /?k=15371151097804 HTTP/1.1" 200 38571 "-" "Mozilla/5.0 (Linux; Android 6.0.1; Nexus 5X Build/MMB29P) AppleWebKit/537.36 (KHTML, like Gecko) Chrome/151.0.7922.173 Mobile Safari/537.36 (compatible; Googlebot/2.1; +http://www.google.com/bot.html)"
104.247.76.75 - - [31/Aug/2026:23:15:31 -0400] "POST /wp-cron.php?doing_wp_cron=1788232531.0025091171264648437500 HTTP/1.1" 200 - "-" "WordPress/7.1; https://ekmtoronto.com"
66.249.65.134 - - [31/Aug/2026:23:15:30 -0400] "GET /?k=1076439567501 HTTP/1.1" 200 38571 "-" "Mozilla/5.0 (Linux; Android 6.0.1; Nexus 5X Build/MMB29P) AppleWebKit/537.36 (KHTML, like Gecko) Chrome/151.0.7922.173 Mobile Safari/537.36 (compatible; Googlebot/2.1; +http://www.google.com/bot.html)"
104.247.76.75 - - [31/Aug/2026:23:18:17 -0400] "POST /wp-cron.php?doing_wp_cron=1788232697.7522070407867431640625 HTTP/1.1" 200 - "-" "WordPress/7.1; https://ekmtoronto.com"
45.146.55.229 - - [31/Aug/2026:23:18:17 -0400] "POST /wp-login.php HTTP/1.1" 200 2482 "-" "Mozilla/5.0 (Windows NT 10.0; Win64; rv:143.0) Gecko/20100101 Firefox/143.0"
91.193.232.56 - - [31/Aug/2026:23:18:17 -0400] "POST /wp-login.php HTTP/1.1" 200 2462 "-" "Mozilla/5.0 (Windows NT 10.0; Win64; x64) AppleWebKit/537.36 Chrome/129.0.0.0 Safari/537.36"
104.247.76.75 - - [31/Aug/2026:23:21:23 -0400] "POST /wp-cron.php?doing_wp_cron=1788232883.6115729808807373046875 HTTP/1.1" 200 - "-" "WordPress/7.1; https://ekmtoronto.com"
43.172.196.190 - - [31/Aug/2026:23:21:23 -0400] "GET /?p=1 HTTP/1.1" 404 29359 "-" "Mozilla/5.0 (Windows NT 10.0; Win64; x64) AppleWebKit/537.36 (KHTML, like Gecko) Chrome/110.0.0.0 Safari/537.36"
43.173.181.243 - - [31/Aug/2026:23:21:25 -0400] "GET /wp-content/et-cache/notfound/et-divi-dynamic-tb-24.css?ver=1788230089 HTTP/1.1" 200 1157 "https://ekmtoronto.com/?p=1" "Mozilla/5.0 (Windows NT 10.0; Win64; x64) AppleWebKit/537.36 (KHTML, like Gecko) Chrome/110.0.0.0 Safari/537.36"
43.173.174.37 - - [31/Aug/2026:23:21:25 -0400] "GET /wp-content/plugins/divi-bars/assets/js/jquery.exitintent.min.js?ver=7.1 HTTP/1.1" 200 427 "https://ekmtoronto.com/?p=1" "Mozilla/5.0 (Windows NT 10.0; Win64; x64) AppleWebKit/537.36 (KHTML, like Gecko) Chrome/110.0.0.0 Safari/537.36"
43.173.179.103 - - [31/Aug/2026:23:21:25 -0400] "GET /wp-content/plugins/divi-bars/assets/js/actual.min.js?ver=7.1 HTTP/1.1" 200 475 "https://ekmtoronto.com/?p=1" "Mozilla/5.0 (Windows NT 10.0; Win64; x64) AppleWebKit/537.36 (KHTML, like Gecko) Chrome/110.0.0.0 Safari/537.36"
104.247.76.75 - - [31/Aug/2026:23:22:21 -0400] "POST /wp-cron.php?doing_wp_cron=1788232941.0301039218902587890625 HTTP/1.1" 200 - "-" "WordPress/7.1; https://ekmtoronto.com"
66.249.65.134 - - [31/Aug/2026:23:22:20 -0400] "GET /?k=21490153005401 HTTP/1.1" 200 38571 "-" "Mozilla/5.0 (Linux; Android 6.0.1; Nexus 5X Build/MMB29P) AppleWebKit/537.36 (KHTML, like Gecko) Chrome/151.0.7922.173 Mobile Safari/537.36 (compatible; Googlebot/2.1; +http://www.google.com/bot.html)"
66.249.65.134 - - [31/Aug/2026:23:22:21 -0400] "GET /?sale/search/detail/?ITMCODE=g4o8l2t2e5r3766 HTTP/1.1" 301 - "-" "Mozilla/5.0 (Linux; Android 6.0.1; Nexus 5X Build/MMB29P) AppleWebKit/537.36 (KHTML, like Gecko) Chrome/151.0.7922.173 Mobile Safari/537.36 (compatible; Googlebot/2.1; +http://www.google.com/bot.html)"
66.249.65.134 - - [31/Aug/2026:23:22:22 -0400] "GET /?sale%2Fsearch%2Fdetail%2F%3FITMCODE=g4o8l2t2e5r3766 HTTP/1.1" 200 38608 "-" "Mozilla/5.0 (Linux; Android 6.0.1; Nexus 5X Build/MMB29P) AppleWebKit/537.36 (KHTML, like Gecko) Chrome/151.0.7922.173 Mobile Safari/537.36 (compatible; Googlebot/2.1; +http://www.google.com/bot.html)"
66.222.136.119 - - [31/Aug/2026:23:22:45 -0400] "GET /our-beliefs/ HTTP/1.1" 200 27153 "https://ekmtoronto.com/our-team/" "Mozilla/5.0 (iPhone; CPU iPhone OS 26_1_0 like Mac OS X) AppleWebKit/605.1.15 (KHTML, like Gecko) CriOS/152.0.7977.64 Mobile/15E148 Safari/604.1"
66.222.136.119 - - [31/Aug/2026:23:22:46 -0400] "GET /wp-content/plugins/divi-bars/assets/js/actual.min.js?ver=7.1 HTTP/1.1" 200 475 "https://ekmtoronto.com/our-beliefs/" "Mozilla/5.0 (iPhone; CPU iPhone OS 26_1_0 like Mac OS X) AppleWebKit/605.1.15 (KHTML, like Gecko) CriOS/152.0.7977.64 Mobile/15E148 Safari/604.1"
66.222.136.119 - - [31/Aug/2026:23:22:46 -0400] "GET /wp-content/plugins/divi-bars/assets/js/jquery.exitintent.min.js?ver=7.1 HTTP/1.1" 200 427 "https://ekmtoronto.com/our-beliefs/" "Mozilla/5.0 (iPhone; CPU iPhone OS 26_1_0 like Mac OS X) AppleWebKit/605.1.15 (KHTML, like Gecko) CriOS/152.0.7977.64 Mobile/15E148 Safari/604.1"
66.222.136.119 - - [31/Aug/2026:23:22:46 -0400] "GET /wp-content/uploads/2023/11/Sermon-Pastor-Mo-IMG_2077-1500px.jpg HTTP/1.1" 200 93292 "https://ekmtoronto.com/our-beliefs/" "Mozilla/5.0 (iPhone; CPU iPhone OS 26_1_0 like Mac OS X) AppleWebKit/605.1.15 (KHTML, like Gecko) CriOS/152.0.7977.64 Mobile/15E148 Safari/604.1"
104.247.76.75 - - [31/Aug/2026:23:23:01 -0400] "POST /wp-cron.php?doing_wp_cron=1788232981.4561810493469238281250 HTTP/1.1" 200 - "-" "WordPress/7.1; https://ekmtoronto.com"
66.249.65.134 - - [31/Aug/2026:23:23:01 -0400] "GET /?k=78881124096301 HTTP/1.1" 200 38572 "-" "Mozilla/5.0 (Linux; Android 6.0.1; Nexus 5X Build/MMB29P) AppleWebKit/537.36 (KHTML, like Gecko) Chrome/151.0.7922.173 Mobile Safari/537.36 (compatible; Googlebot/2.1; +http://www.google.com/bot.html)"
104.247.76.75 - - [31/Aug/2026:23:24:24 -0400] "POST /wp-cron.php?doing_wp_cron=1788233064.8785610198974609375000 HTTP/1.1" 200 - "-" "WordPress/7.1; https://ekmtoronto.com"
45.146.55.238 - - [31/Aug/2026:23:24:24 -0400] "POST /wp-login.php HTTP/1.1" 200 2482 "-" "Mozilla/5.0 (Macintosh; Intel Mac OS X 10_15_7) AppleWebKit/605.1.15 Version/17.0 Safari/605.1.15"
104.247.76.75 - - [31/Aug/2026:23:24:24 -0400] "POST /wp-cron.php?doing_wp_cron=1788233064.9659829139709472656250 HTTP/1.1" 200 - "-" "WordPress/7.1; https://ekmtoronto.com"
45.146.55.244 - - [31/Aug/2026:23:24:24 -0400] "POST /wp-login.php HTTP/1.1" 200 2462 "-" "Mozilla/5.0 (Macintosh; Intel Mac OS X 10_15_7) AppleWebKit/605.1.15 Version/17.0 Safari/605.1.15"
66.249.65.136 - - [31/Aug/2026:23:25:14 -0400] "GET /?sale/search/detail/?ITMCODE=p5e2l5l5e8t280050 HTTP/1.1" 301 - "-" "Mozilla/5.0 (Linux; Android 6.0.1; Nexus 5X Build/MMB29P) AppleWebKit/537.36 (KHTML, like Gecko) Chrome/151.0.7922.173 Mobile Safari/537.36 (compatible; Googlebot/2.1; +http://www.google.com/bot.html)"
66.249.65.136 - - [31/Aug/2026:23:25:15 -0400] "GET /?sale%2Fsearch%2Fdetail%2F%3FITMCODE=p5e2l5l5e8t280050 HTTP/1.1" 200 38609 "-" "Mozilla/5.0 (Linux; Android 6.0.1; Nexus 5X Build/MMB29P) AppleWebKit/537.36 (KHTML, like Gecko) Chrome/151.0.7922.173 Mobile Safari/537.36 (compatible; Googlebot/2.1; +http://www.google.com/bot.html)"
104.247.76.75 - - [31/Aug/2026:23:26:01 -0400] "POST /wp-cron.php?doing_wp_cron=1788233161.6615839004516601562500 HTTP/1.1" 200 - "-" "WordPress/7.1; https://ekmtoronto.com"
99.239.213.38 - - [31/Aug/2026:23:26:01 -0400] "GET / HTTP/1.1" 200 38554 "-" "Mozilla/5.0 (Macintosh; Intel Mac OS X 10_15_7) AppleWebKit/605.1.15 (KHTML, like Gecko)"
99.239.213.38 - - [31/Aug/2026:23:26:01 -0400] "GET /wp-content/et-cache/228351/et-divi-dynamic-228351-late.css?ver=1788229087 HTTP/1.1" 200 3170 "https://ekmtoronto.com/" "Mozilla/5.0 (Macintosh; Intel Mac OS X 10_15_7) AppleWebKit/605.1.15 (KHTML, like Gecko)"
99.239.213.38 - - [31/Aug/2026:23:26:01 -0400] "GET /wp-content/plugins/divi-overlays/assets/css/style.css?ver=2.9.7.9 HTTP/1.1" 200 2232 "https://ekmtoronto.com/" "Mozilla/5.0 (Macintosh; Intel Mac OS X 10_15_7) AppleWebKit/605.1.15 (KHTML, like Gecko)"
99.239.213.38 - - [31/Aug/2026:23:26:01 -0400] "GET /wp-includes/js/mediaelement/mediaelementplayer-legacy.min.css?ver=4.2.17 HTTP/1.1" 200 2592 "https://ekmtoronto.com/" "Mozilla/5.0 (Macintosh; Intel Mac OS X 10_15_7) AppleWebKit/605.1.15 (KHTML, like Gecko)"
99.239.213.38 - - [31/Aug/2026:23:26:01 -0400] "GET /wp-includes/js/mediaelement/wp-mediaelement.min.css?ver=7.1 HTTP/1.1" 200 1156 "https://ekmtoronto.com/" "Mozilla/5.0 (Macintosh; Intel Mac OS X 10_15_7) AppleWebKit/605.1.15 (KHTML, like Gecko)"
99.239.213.38 - - [31/Aug/2026:23:26:01 -0400] "GET /wp-content/plugins/divi-bars/assets/css/main.css?ver=1.9.6 HTTP/1.1" 200 2832 "https://ekmtoronto.com/" "Mozilla/5.0 (Macintosh; Intel Mac OS X 10_15_7) AppleWebKit/605.1.15 (KHTML, like Gecko)"
99.239.213.38 - - [31/Aug/2026:23:26:01 -0400] "GET /wp-content/et-cache/228351/et-divi-dynamic-228351.css?ver=1788229087 HTTP/1.1" 200 11161 "https://ekmtoronto.com/" "Mozilla/5.0 (Macintosh; Intel Mac OS X 10_15_7) AppleWebKit/605.1.15 (KHTML, like Gecko)"
99.239.213.38 - - [31/Aug/2026:23:26:01 -0400] "GET /wp-content/et-cache/228351/et-core-unified-deferred-228351.min.css?ver=1788229087 HTTP/1.1" 200 3614 "https://ekmtoronto.com/" "Mozilla/5.0 (Macintosh; Intel Mac OS X 10_15_7) AppleWebKit/605.1.15 (KHTML, like Gecko)"
99.239.213.38 - - [31/Aug/2026:23:26:01 -0400] "GET /wp-content/plugins/divi-overlays/assets/css/animate.min.css?ver=4.1.1 HTTP/1.1" 200 5272 "https://ekmtoronto.com/" "Mozilla/5.0 (Macintosh; Intel Mac OS X 10_15_7) AppleWebKit/605.1.15 (KHTML, like Gecko)"
99.239.213.38 - - [31/Aug/2026:23:26:01 -0400] "GET /wp-content/plugins/divi-overlays/assets/css/custom_animations.css?ver=2.9.7.9 HTTP/1.1" 200 886 "https://ekmtoronto.com/" "Mozilla/5.0 (Macintosh; Intel Mac OS X 10_15_7) AppleWebKit/605.1.15 (KHTML, like Gecko)"
99.239.213.38 - - [31/Aug/2026:23:26:01 -0400] "GET /wp-content/uploads/2023/11/Volunteer-Team-Sharp-EKM-7411-WIDE-1500px.jpg HTTP/1.1" 200 148664 "https://ekmtoronto.com/" "Mozilla/5.0 (Macintosh; Intel Mac OS X 10_15_7) AppleWebKit/605.1.15 (KHTML, like Gecko)"
99.239.213.38 - - [31/Aug/2026:23:26:01 -0400] "GET /wp-content/themes/Divi/core/admin/fonts/modules/all/modules.woff HTTP/1.1" 200 37328 "https://ekmtoronto.com/" "Mozilla/5.0 (Macintosh; Intel Mac OS X 10_15_7) AppleWebKit/605.1.15 (KHTML, like Gecko)"
99.239.213.38 - - [31/Aug/2026:23:26:01 -0400] "GET /wp-content/themes/Divi/images/logo.png HTTP/1.1" 200 1740 "https://ekmtoronto.com/" "Mozilla/5.0 (Macintosh; Intel Mac OS X 10_15_7) AppleWebKit/605.1.15 (KHTML, like Gecko)"
99.239.213.38 - - [31/Aug/2026:23:26:01 -0400] "GET /wp-content/uploads/2021/06/EKM-LOGO-BLACK-IM-150PX.png HTTP/1.1" 404 28396 "https://ekmtoronto.com/" "Mozilla/5.0 (Macintosh; Intel Mac OS X 10_15_7) AppleWebKit/605.1.15 (KHTML, like Gecko)"
99.239.213.38 - - [31/Aug/2026:23:26:01 -0400] "GET /wp-content/uploads/2023/11/We-Love-lee-Nicole_7149-2400px-1.jpg HTTP/1.1" 200 310266 "https://ekmtoronto.com/" "Mozilla/5.0 (Macintosh; Intel Mac OS X 10_15_7) AppleWebKit/605.1.15 (KHTML, like Gecko)"
20.63.81.20 - - [31/Aug/2026:23:26:38 -0400] "GET /wp-login.php HTTP/1.1" 200 7303 "-" "-"
20.63.81.20 - - [31/Aug/2026:23:26:47 -0400] "GET /wp-login.php?action=register HTTP/1.1" 302 - "-" "-"
20.63.81.20 - - [31/Aug/2026:23:26:47 -0400] "GET /wp-login.php?registration=disabled HTTP/1.1" 200 7495 "-" "-"
47.128.56.122 - - [31/Aug/2026:23:26:57 -0400] "GET /robots.txt HTTP/1.1" 200 115 "-" "Mozilla/5.0 (iPhone; CPU iPhone OS 7_1_2 like Mac OS X) AppleWebKit/537.36 (KHTML, like Gecko) Version/7.0 Mobile Safari/537.36 (compatible; Bytespider; https://bytedance.sg.larkoffice.com/docx/K5bxdypulop3IIxrJb0lOjLVgFe)"
34.69.88.119 - - [31/Aug/2026:23:28:18 -0400] "GET /wp-content/uploads/2022/09/EKM-WHITE-LOGO-150PX.png HTTP/1.1" 404 28396 "https://thefathershousecentre.com/" "\"Mozilla/5.0 (Macintosh; Intel Mac OS X 10_15_7) AppleWebKit/537.36 (KHTML, like Gecko) Chrome/127.0.0.0 Safari/537.36\""
104.247.76.75 - - [31/Aug/2026:23:30:41 -0400] "POST /wp-cron.php?doing_wp_cron=1788233441.5589599609375000000000 HTTP/1.1" 200 - "-" "WordPress/7.1; https://ekmtoronto.com"
91.193.232.68 - - [31/Aug/2026:23:30:41 -0400] "POST /wp-login.php HTTP/1.1" 200 2482 "-" "Mozilla/5.0 (Windows NT 10.0; Win64; x64) AppleWebKit/537.36 Chrome/129.0.0.0 Safari/537.36"
45.146.55.233 - - [31/Aug/2026:23:30:41 -0400] "POST /wp-login.php HTTP/1.1" 200 2462 "-" "Mozilla/5.0 (Macintosh; Intel Mac OS X 10_15_7) AppleWebKit/605.1.15 Version/17.0 Safari/605.1.15"
103.75.187.25 - - [31/Aug/2026:23:30:51 -0400] "GET /wp-login.php HTTP/1.1" 200 2334 "-" "103.75.187.25"
103.75.187.25 - - [31/Aug/2026:23:30:52 -0400] "POST /wp-login.php HTTP/1.1" 200 2469 "https://ekmtoronto.com/wp-login.php" "103.75.187.25"
104.247.76.75 - - [31/Aug/2026:23:35:06 -0400] "POST /wp-cron.php?doing_wp_cron=1788233706.5685191154479980468750 HTTP/1.1" 200 - "-" "WordPress/7.1; https://ekmtoronto.com"
66.249.65.135 - - [31/Aug/2026:23:35:06 -0400] "GET /?sale/search/detail/?ITMCODE=m1o3t7i9v0a2t1e45 HTTP/1.1" 301 - "-" "Mozilla/5.0 (Linux; Android 6.0.1; Nexus 5X Build/MMB29P) AppleWebKit/537.36 (KHTML, like Gecko) Chrome/151.0.7922.173 Mobile Safari/537.36 (compatible; Googlebot/2.1; +http://www.google.com/bot.html)"
66.249.65.135 - - [31/Aug/2026:23:35:07 -0400] "GET /?sale%2Fsearch%2Fdetail%2F%3FITMCODE=m1o3t7i9v0a2t1e45 HTTP/1.1" 200 38610 "-" "Mozilla/5.0 (Linux; Android 6.0.1; Nexus 5X Build/MMB29P) AppleWebKit/537.36 (KHTML, like Gecko) Chrome/151.0.7922.173 Mobile Safari/537.36 (compatible; Googlebot/2.1; +http://www.google.com/bot.html)"
66.249.65.136 - - [31/Aug/2026:23:35:08 -0400] "GET /?k=1874291797700 HTTP/1.1" 200 38569 "-" "Mozilla/5.0 (Linux; Android 6.0.1; Nexus 5X Build/MMB29P) AppleWebKit/537.36 (KHTML, like Gecko) Chrome/151.0.7922.173 Mobile Safari/537.36 (compatible; Googlebot/2.1; +http://www.google.com/bot.html)"
66.249.65.134 - - [31/Aug/2026:23:35:53 -0400] "GET /?k=37350131965001 HTTP/1.1" 200 38571 "-" "Mozilla/5.0 (Linux; Android 6.0.1; Nexus 5X Build/MMB29P) AppleWebKit/537.36 (KHTML, like Gecko) Chrome/151.0.7922.173 Mobile Safari/537.36 (compatible; Googlebot/2.1; +http://www.google.com/bot.html)"
104.247.76.75 - - [31/Aug/2026:23:36:43 -0400] "POST /wp-cron.php?doing_wp_cron=1788233803.8573091030120849609375 HTTP/1.1" 200 - "-" "WordPress/7.1; https://ekmtoronto.com"
66.249.65.136 - - [31/Aug/2026:23:36:43 -0400] "GET /?k=43960134634004 HTTP/1.1" 200 38572 "-" "Mozilla/5.0 (Linux; Android 6.0.1; Nexus 5X Build/MMB29P) AppleWebKit/537.36 (KHTML, like Gecko) Chrome/151.0.7922.173 Mobile Safari/537.36 (compatible; Googlebot/2.1; +http://www.google.com/bot.html)"
91.193.232.58 - - [31/Aug/2026:23:36:45 -0400] "POST /wp-login.php HTTP/1.1" 200 2482 "-" "Mozilla/5.0 (Windows NT 10.0; Win64; x64) AppleWebKit/537.36 Chrome/129.0.0.0 Safari/537.36"
45.146.55.228 - - [31/Aug/2026:23:36:45 -0400] "POST /wp-login.php HTTP/1.1" 200 2462 "-" "Mozilla/5.0 (Windows NT 10.0; Win64; x64) AppleWebKit/537.36 Chrome/129.0.0.0 Safari/537.36"
104.247.76.75 - - [31/Aug/2026:23:37:15 -0400] "POST /wp-cron.php?doing_wp_cron=1788233835.2573421001434326171875 HTTP/1.1" 200 - "-" "WordPress/7.1; https://ekmtoronto.com"
114.119.158.126 - - [31/Aug/2026:23:37:15 -0400] "GET /give HTTP/1.1" 301 - "https://ekmtoronto.com/give" "Mozilla/5.0 (Linux; Android 7.0;) AppleWebKit/537.36 (HTML, like Gecko) Mobile Safari/537.36 (compatible; PetalBot;+https://webmaster.petalsearch.com/site/petalbot)"
114.119.158.126 - - [31/Aug/2026:23:37:15 -0400] "GET /give/ HTTP/1.1" 200 39426 "https://ekmtoronto.com/give" "Mozilla/5.0 (Linux; Android 7.0;) AppleWebKit/537.36 (HTML, like Gecko) Mobile Safari/537.36 (compatible; PetalBot;+https://webmaster.petalsearch.com/site/petalbot)"
100.31.42.59 - - [31/Aug/2026:23:37:54 -0400] "GET / HTTP/1.1" 301 - "-" "Mozilla/5.0 (Macintosh; Intel Mac OS X 10_15_7) AppleWebKit/537.36 (KHTML, like Gecko) Chrome/108.0.0.0 Safari/537.36"
100.31.42.59 - - [31/Aug/2026:23:37:54 -0400] "GET / HTTP/1.1" 200 38553 "-" "Mozilla/5.0 (Macintosh; Intel Mac OS X 10_15_7) AppleWebKit/537.36 (KHTML, like Gecko) Chrome/108.0.0.0 Safari/537.36"
20.151.200.44 - - [31/Aug/2026:23:38:36 -0400] "GET /wp-content/plugins/fix/up.php HTTP/1.1" 404 28393 "-" "Mozilla/5.0"
104.247.76.75 - - [31/Aug/2026:23:39:34 -0400] "POST /wp-cron.php?doing_wp_cron=1788233974.4042088985443115234375 HTTP/1.1" 200 - "-" "WordPress/7.1; https://ekmtoronto.com"
66.249.65.136 - - [31/Aug/2026:23:39:34 -0400] "GET /our-team/ HTTP/1.1" 200 28107 "-" "Mozilla/5.0 (Linux; Android 6.0.1; Nexus 5X Build/MMB29P) AppleWebKit/537.36 (KHTML, like Gecko) Chrome/151.0.7922.173 Mobile Safari/537.36 (compatible; Googlebot/2.1; +http://www.google.com/bot.html)"
66.249.65.135 - - [31/Aug/2026:23:39:37 -0400] "GET /wp-includes/js/mediaelement/mediaelementplayer-legacy.min.css?ver=4.2.17 HTTP/1.1" 200 2592 "https://ekmtoronto.com/?k=43960134634004" "Mozilla/5.0 (Linux; Android 6.0.1; Nexus 5X Build/MMB29P) AppleWebKit/537.36 (KHTML, like Gecko) Chrome/151.0.7922.173 Mobile Safari/537.36 (compatible; Googlebot/2.1; +http://www.google.com/bot.html)"
66.249.65.134 - - [31/Aug/2026:23:39:38 -0400] "GET /wp-content/plugins/divi-bars/assets/js/main.js?ver=1.9.6 HTTP/1.1" 200 10054 "https://ekmtoronto.com/?k=43960134634004" "Mozilla/5.0 (Linux; Android 6.0.1; Nexus 5X Build/MMB29P) AppleWebKit/537.36 (KHTML, like Gecko) Chrome/151.0.7922.173 Mobile Safari/537.36 (compatible; Googlebot/2.1; +http://www.google.com/bot.html)"
66.249.65.134 - - [31/Aug/2026:23:39:42 -0400] "GET /wp-content/et-cache/227700/et-divi-dynamic-227700.css?ver=1785888000 HTTP/1.1" 200 7277 "https://ekmtoronto.com/our-team/" "Mozilla/5.0 (Linux; Android 6.0.1; Nexus 5X Build/MMB29P) AppleWebKit/537.36 (KHTML, like Gecko) Chrome/151.0.7922.173 Mobile Safari/537.36 (compatible; Googlebot/2.1; +http://www.google.com/bot.html)"
66.249.65.134 - - [31/Aug/2026:23:39:43 -0400] "GET /wp-content/et-cache/227700/et-core-unified-deferred-227700.min.css?ver=1785888000 HTTP/1.1" 200 2317 "https://ekmtoronto.com/our-team/" "Mozilla/5.0 (Linux; Android 6.0.1; Nexus 5X Build/MMB29P) AppleWebKit/537.36 (KHTML, like Gecko) Chrome/151.0.7922.173 Mobile Safari/537.36 (compatible; Googlebot/2.1; +http://www.google.com/bot.html)"
66.249.65.134 - - [31/Aug/2026:23:39:44 -0400] "GET /wp-content/et-cache/227700/et-divi-dynamic-227700-late.css HTTP/1.1" 200 1419 "https://ekmtoronto.com/our-team/" "Mozilla/5.0 (Linux; Android 6.0.1; Nexus 5X Build/MMB29P) AppleWebKit/537.36 (KHTML, like Gecko) Chrome/151.0.7922.173 Mobile Safari/537.36 (compatible; Googlebot/2.1; +http://www.google.com/bot.html)"
66.249.65.134 - - [31/Aug/2026:23:39:45 -0400] "GET /wp-content/et-cache/227700/et-divi-dynamic-227700-late.css?ver=1785888000 HTTP/1.1" 200 1419 "https://ekmtoronto.com/our-team/" "Mozilla/5.0 (Linux; Android 6.0.1; Nexus 5X Build/MMB29P) AppleWebKit/537.36 (KHTML, like Gecko) Chrome/151.0.7922.173 Mobile Safari/537.36 (compatible; Googlebot/2.1; +http://www.google.com/bot.html)"
91.98.186.91 - - [31/Aug/2026:23:39:52 -0400] "GET /wp-login.php HTTP/1.1" 200 2334 "-" "Mozilla/5.0 (Windows NT 10.0; Win64; x64) AppleWebKit/537.36 (KHTML, like Gecko) Chrome/151.0.0.0 Safari/537.36"
91.98.186.91 - - [31/Aug/2026:23:39:52 -0400] "POST /wp-login.php HTTP/1.1" 200 2490 "https://ekmtoronto.com/wp-login.php" "Mozilla/5.0 (Windows NT 10.0; Win64; x64) AppleWebKit/537.36 (KHTML, like Gecko) Chrome/151.0.0.0 Safari/537.36"
104.247.76.75 - - [31/Aug/2026:23:43:00 -0400] "POST /wp-cron.php?doing_wp_cron=1788234180.3269929885864257812500 HTTP/1.1" 200 - "-" "WordPress/7.1; https://ekmtoronto.com"
69.163.181.218 - - [31/Aug/2026:23:43:00 -0400] "GET /wp-login.php HTTP/1.1" 200 2334 "-" "69.163.181.218"
91.193.232.57 - - [31/Aug/2026:23:43:01 -0400] "POST /wp-login.php HTTP/1.1" 200 2482 "-" "Mozilla/5.0 (Windows NT 10.0; Win64; rv:143.0) Gecko/20100101 Firefox/143.0"
91.193.232.77 - - [31/Aug/2026:23:43:01 -0400] "POST /wp-login.php HTTP/1.1" 200 2462 "-" "Mozilla/5.0 (Windows NT 10.0; Win64; rv:143.0) Gecko/20100101 Firefox/143.0"
69.163.181.218 - - [31/Aug/2026:23:43:08 -0400] "GET /wp-json/wp/v2/users/me HTTP/1.1" 401 102 "-" "69.163.181.218"
66.249.65.135 - - [31/Aug/2026:23:43:42 -0400] "GET /?k=22959195799708 HTTP/1.1" 200 38573 "-" "Mozilla/5.0 (Linux; Android 6.0.1; Nexus 5X Build/MMB29P) AppleWebKit/537.36 (KHTML, like Gecko) Chrome/151.0.7922.173 Mobile Safari/537.36 (compatible; Googlebot/2.1; +http://www.google.com/bot.html)"
104.247.76.75 - - [31/Aug/2026:23:45:13 -0400] "POST /wp-cron.php?doing_wp_cron=1788234313.8860330581665039062500 HTTP/1.1" 200 - "-" "WordPress/7.1; https://ekmtoronto.com"
45.227.253.15 - - [31/Aug/2026:23:45:13 -0400] "GET /index.php/jk HTTP/1.1" 301 - "-" "Mozilla/5.0 (Windows NT 6.3; WOW64; rv:74.0) Gecko/20100101 Firefox/74.0"
45.227.253.15 - - [31/Aug/2026:23:45:14 -0400] "GET /jk HTTP/1.1" 404 29359 "https://ekmtoronto.com/index.php/jk" "Mozilla/5.0 (Windows NT 6.3; WOW64; rv:74.0) Gecko/20100101 Firefox/74.0"
104.247.76.75 - - [31/Aug/2026:23:46:38 -0400] "POST /wp-cron.php?doing_wp_cron=1788234398.0878601074218750000000 HTTP/1.1" 200 - "-" "WordPress/7.1; https://ekmtoronto.com"
43.173.173.87 - - [31/Aug/2026:23:46:37 -0400] "GET /?page_id=2 HTTP/1.1" 404 29359 "-" "Mozilla/5.0 (Windows NT 10.0; Win64; x64) AppleWebKit/537.36 (KHTML, like Gecko) Chrome/105.0.0.0 Safari/537.3"
104.247.76.75 - - [31/Aug/2026:23:47:41 -0400] "POST /wp-cron.php?doing_wp_cron=1788234461.1127750873565673828125 HTTP/1.1" 200 - "-" "WordPress/7.1; https://ekmtoronto.com"
66.249.65.134 - - [31/Aug/2026:23:47:40 -0400] "GET /?k=88286157274510 HTTP/1.1" 200 38571 "-" "Mozilla/5.0 (Linux; Android 6.0.1; Nexus 5X Build/MMB29P) AppleWebKit/537.36 (KHTML, like Gecko) Chrome/151.0.7922.173 Mobile Safari/537.36 (compatible; Googlebot/2.1; +http://www.google.com/bot.html)"
66.249.65.136 - - [31/Aug/2026:23:47:41 -0400] "GET /?sale/search/detail/?ITMCODE=m6o4r7p0h0o1l2o6g9i5c HTTP/1.1" 301 - "-" "Mozilla/5.0 (Linux; Android 6.0.1; Nexus 5X Build/MMB29P) AppleWebKit/537.36 (KHTML, like Gecko) Chrome/151.0.7922.173 Mobile Safari/537.36 (compatible; Googlebot/2.1; +http://www.google.com/bot.html)"
66.249.65.136 - - [31/Aug/2026:23:47:42 -0400] "GET /?k=59799107665705 HTTP/1.1" 200 38572 "-" "Mozilla/5.0 (Linux; Android 6.0.1; Nexus 5X Build/MMB29P) AppleWebKit/537.36 (KHTML, like Gecko) Chrome/151.0.7922.173 Mobile Safari/537.36 (compatible; Googlebot/2.1; +http://www.google.com/bot.html)"
66.249.65.135 - - [31/Aug/2026:23:47:43 -0400] "GET /?sale%2Fsearch%2Fdetail%2F%3FITMCODE=m6o4r7p0h0o1l2o6g9i5c HTTP/1.1" 200 38614 "-" "Mozilla/5.0 (Linux; Android 6.0.1; Nexus 5X Build/MMB29P) AppleWebKit/537.36 (KHTML, like Gecko) Chrome/151.0.7922.173 Mobile Safari/537.36 (compatible; Googlebot/2.1; +http://www.google.com/bot.html)"
66.249.65.134 - - [31/Aug/2026:23:47:45 -0400] "GET /?k=62321179313600 HTTP/1.1" 200 38570 "-" "Mozilla/5.0 (Linux; Android 6.0.1; Nexus 5X Build/MMB29P) AppleWebKit/537.36 (KHTML, like Gecko) Chrome/151.0.7922.173 Mobile Safari/537.36 (compatible; Googlebot/2.1; +http://www.google.com/bot.html)"
104.247.76.75 - - [31/Aug/2026:23:49:08 -0400] "POST /wp-cron.php?doing_wp_cron=1788234548.7925949096679687500000 HTTP/1.1" 200 - "-" "WordPress/7.1; https://ekmtoronto.com"
45.146.55.239 - - [31/Aug/2026:23:49:08 -0400] "POST /wp-login.php HTTP/1.1" 200 2482 "-" "Mozilla/5.0 (Windows NT 10.0; Win64; rv:143.0) Gecko/20100101 Firefox/143.0"
91.193.232.73 - - [31/Aug/2026:23:49:08 -0400] "POST /wp-login.php HTTP/1.1" 200 2462 "-" "Mozilla/5.0 (Windows NT 10.0; Win64; x64) AppleWebKit/537.36 Chrome/129.0.0.0 Safari/537.36"
66.249.65.136 - - [31/Aug/2026:23:49:38 -0400] "GET /031000654.htm HTTP/1.1" 404 29360 "-" "Mozilla/5.0 (Linux; Android 6.0.1; Nexus 5X Build/MMB29P) AppleWebKit/537.36 (KHTML, like Gecko) Chrome/151.0.7922.173 Mobile Safari/537.36 (compatible; Googlebot/2.1; +http://www.google.com/bot.html)"
207.46.13.14 - - [31/Aug/2026:23:49:58 -0400] "GET /social-squad HTTP/1.1" 301 - "-" "Mozilla/5.0 AppleWebKit/537.36 (KHTML, like Gecko; compatible; bingbot/2.0; +http://www.bing.com/bingbot.htm) Chrome/116.0.1938.76 Safari/537.36"
104.247.76.75 - - [31/Aug/2026:23:50:23 -0400] "POST /wp-cron.php?doing_wp_cron=1788234623.5587229728698730468750 HTTP/1.1" 200 - "-" "WordPress/7.1; https://ekmtoronto.com"
66.249.65.136 - - [31/Aug/2026:23:50:23 -0400] "GET /?k=0737492146704 HTTP/1.1" 200 38570 "-" "Mozilla/5.0 (Linux; Android 6.0.1; Nexus 5X Build/MMB29P) AppleWebKit/537.36 (KHTML, like Gecko) Chrome/151.0.7922.173 Mobile Safari/537.36 (compatible; Googlebot/2.1; +http://www.google.com/bot.html)"
66.249.65.136 - - [31/Aug/2026:23:50:24 -0400] "GET /?sale/search/detail/?ITMCODE=s3t3r7a1i7t4w8a7i7s9t0coat HTTP/1.1" 301 - "-" "Mozilla/5.0 (Linux; Android 6.0.1; Nexus 5X Build/MMB29P) AppleWebKit/537.36 (KHTML, like Gecko) Chrome/151.0.7922.173 Mobile Safari/537.36 (compatible; Googlebot/2.1; +http://www.google.com/bot.html)"
66.249.65.134 - - [31/Aug/2026:23:50:25 -0400] "GET /?sale%2Fsearch%2Fdetail%2F%3FITMCODE=s3t3r7a1i7t4w8a7i7s9t0coat HTTP/1.1" 200 38617 "-" "Mozilla/5.0 (Linux; Android 6.0.1; Nexus 5X Build/MMB29P) AppleWebKit/537.36 (KHTML, like Gecko) Chrome/151.0.7922.173 Mobile Safari/537.36 (compatible; Googlebot/2.1; +http://www.google.com/bot.html)"
173.252.87.53 - - [31/Aug/2026:23:50:46 -0400] "GET /robots.txt HTTP/1.1" 206 110 "-" "facebookexternalhit/1.1 (+http://www.facebook.com/externalhit_uatext.php)"
66.249.65.134 - - [31/Aug/2026:23:51:07 -0400] "GET /wp-content/plugins/divi-overlays/assets/css/custom_animations.css?ver=2.9.7.9 HTTP/1.1" 200 886 "https://ekmtoronto.com/?sale%2Fsearch%2Fdetail%2F%3FITMCODE=m6o4r7p0h0o1l2o6g9i5c" "Mozilla/5.0 (Linux; Android 6.0.1; Nexus 5X Build/MMB29P) AppleWebKit/537.36 (KHTML, like Gecko) Chrome/151.0.7922.173 Mobile Safari/537.36 (compatible; Googlebot/2.1; +http://www.google.com/bot.html)"
66.249.65.134 - - [31/Aug/2026:23:51:08 -0400] "GET /wp-includes/js/jquery/jquery-migrate.min.js?ver=3.4.1 HTTP/1.1" 200 4872 "https://ekmtoronto.com/?sale%2Fsearch%2Fdetail%2F%3FITMCODE=m6o4r7p0h0o1l2o6g9i5c" "Mozilla/5.0 (Linux; Android 6.0.1; Nexus 5X Build/MMB29P) AppleWebKit/537.36 (KHTML, like Gecko) Chrome/151.0.7922.173 Mobile Safari/537.36 (compatible; Googlebot/2.1; +http://www.google.com/bot.html)"
104.247.76.75 - - [31/Aug/2026:23:51:30 -0400] "POST /wp-cron.php?doing_wp_cron=1788234690.5706970691680908203125 HTTP/1.1" 200 - "-" "WordPress/7.1; https://ekmtoronto.com"
66.249.65.134 - - [31/Aug/2026:23:51:30 -0400] "GET /?sale/search/detail/?ITMCODE=s1a2l9a9m4a5n1d4r6i9d3ae HTTP/1.1" 301 - "-" "Mozilla/5.0 (Linux; Android 6.0.1; Nexus 5X Build/MMB29P) AppleWebKit/537.36 (KHTML, like Gecko) Chrome/151.0.7922.173 Mobile Safari/537.36 (compatible; Googlebot/2.1; +http://www.google.com/bot.html)"
66.249.65.135 - - [31/Aug/2026:23:51:31 -0400] "GET /?sale%2Fsearch%2Fdetail%2F%3FITMCODE=s1a2l9a9m4a5n1d4r6i9d3ae HTTP/1.1" 200 38616 "-" "Mozilla/5.0 (Linux; Android 6.0.1; Nexus 5X Build/MMB29P) AppleWebKit/537.36 (KHTML, like Gecko) Chrome/151.0.7922.173 Mobile Safari/537.36 (compatible; Googlebot/2.1; +http://www.google.com/bot.html)"
104.247.76.75 - - [31/Aug/2026:23:52:55 -0400] "POST /wp-cron.php?doing_wp_cron=1788234775.9716908931732177734375 HTTP/1.1" 200 - "-" "WordPress/7.1; https://ekmtoronto.com"
50.6.207.27 - - [31/Aug/2026:23:52:55 -0400] "GET /wp-login.php HTTP/1.1" 200 2334 "-" "Mozilla/5.0 (Windows NT 10.0; Win64; x64) AppleWebKit/537.36 (KHTML, like Gecko) Chrome/151.0.0.0 Safari/537.36"
50.6.207.27 - - [31/Aug/2026:23:52:56 -0400] "POST /wp-login.php HTTP/1.1" 200 2469 "https://ekmtoronto.com/wp-login.php" "Mozilla/5.0 (Windows NT 10.0; Win64; x64) AppleWebKit/537.36 (KHTML, like Gecko) Chrome/151.0.0.0 Safari/537.36"
104.247.76.75 - - [31/Aug/2026:23:53:06 -0400] "POST /wp-cron.php?doing_wp_cron=1788234786.6193430423736572265625 HTTP/1.1" 200 - "-" "WordPress/7.1; https://ekmtoronto.com"
162.241.252.11 - - [31/Aug/2026:23:53:06 -0400] "GET /wp-login.php HTTP/1.1" 200 2334 "-" "Mozilla/5.0 (Windows NT 10.0; Win64; x64) AppleWebKit/537.36 (KHTML, like Gecko) Chrome/151.0.0.0 Safari/537.36"
162.241.252.11 - - [31/Aug/2026:23:53:06 -0400] "POST /wp-login.php HTTP/1.1" 200 2490 "https://ekmtoronto.com/wp-login.php" "Mozilla/5.0 (Windows NT 10.0; Win64; x64) AppleWebKit/537.36 (KHTML, like Gecko) Chrome/151.0.0.0 Safari/537.36"
104.247.76.75 - - [31/Aug/2026:23:54:21 -0400] "POST /wp-cron.php?doing_wp_cron=1788234861.0357480049133300781250 HTTP/1.1" 200 - "-" "WordPress/7.1; https://ekmtoronto.com"
66.249.65.135 - - [31/Aug/2026:23:54:20 -0400] "GET /?sale/search/detail/?ITMCODE=f3o7r7g7a7t45898 HTTP/1.1" 301 - "-" "Mozilla/5.0 (Linux; Android 6.0.1; Nexus 5X Build/MMB29P) AppleWebKit/537.36 (KHTML, like Gecko) Chrome/151.0.7922.173 Mobile Safari/537.36 (compatible; Googlebot/2.1; +http://www.google.com/bot.html)"
66.249.65.135 - - [31/Aug/2026:23:54:22 -0400] "GET /?sale%2Fsearch%2Fdetail%2F%3FITMCODE=f3o7r7g7a7t45898 HTTP/1.1" 200 38609 "-" "Mozilla/5.0 (Linux; Android 6.0.1; Nexus 5X Build/MMB29P) AppleWebKit/537.36 (KHTML, like Gecko) Chrome/151.0.7922.173 Mobile Safari/537.36 (compatible; Googlebot/2.1; +http://www.google.com/bot.html)"
114.119.140.161 - - [31/Aug/2026:23:54:52 -0400] "GET /contact-us HTTP/1.1" 301 - "https://ekmtoronto.com/give" "Mozilla/5.0 (Linux; Android 7.0;) AppleWebKit/537.36 (HTML, like Gecko) Mobile Safari/537.36 (compatible; PetalBot;+https://webmaster.petalsearch.com/site/petalbot)"
114.119.140.161 - - [31/Aug/2026:23:54:53 -0400] "GET /contact-us/ HTTP/1.1" 200 33367 "https://ekmtoronto.com/give" "Mozilla/5.0 (Linux; Android 7.0;) AppleWebKit/537.36 (HTML, like Gecko) Mobile Safari/537.36 (compatible; PetalBot;+https://webmaster.petalsearch.com/site/petalbot)"
104.247.76.75 - - [31/Aug/2026:23:55:01 -0400] "POST /wp-cron.php?doing_wp_cron=1788234901.3957760334014892578125 HTTP/1.1" 200 - "-" "WordPress/7.1; https://ekmtoronto.com"
66.249.65.135 - - [31/Aug/2026:23:55:01 -0400] "GET /?sale/search/detail/?ITMCODE=u5n3p9r1e2c2e2d5e6n9t7ed HTTP/1.1" 301 - "-" "Mozilla/5.0 (Linux; Android 6.0.1; Nexus 5X Build/MMB29P) AppleWebKit/537.36 (KHTML, like Gecko) Chrome/151.0.7922.173 Mobile Safari/537.36 (compatible; Googlebot/2.1; +http://www.google.com/bot.html)"
66.249.65.134 - - [31/Aug/2026:23:55:02 -0400] "GET /?sale%2Fsearch%2Fdetail%2F%3FITMCODE=u5n3p9r1e2c2e2d5e6n9t7ed HTTP/1.1" 200 38615 "-" "Mozilla/5.0 (Linux; Android 6.0.1; Nexus 5X Build/MMB29P) AppleWebKit/537.36 (KHTML, like Gecko) Chrome/151.0.7922.173 Mobile Safari/537.36 (compatible; Googlebot/2.1; +http://www.google.com/bot.html)"
91.193.232.60 - - [31/Aug/2026:23:55:22 -0400] "POST /wp-login.php HTTP/1.1" 200 2482 "-" "Mozilla/5.0 (Windows NT 10.0; Win64; x64) AppleWebKit/537.36 Chrome/129.0.0.0 Safari/537.36"
91.193.232.60 - - [31/Aug/2026:23:55:22 -0400] "POST /wp-login.php HTTP/1.1" 200 2462 "-" "Mozilla/5.0 (Macintosh; Intel Mac OS X 10_15_7) AppleWebKit/605.1.15 Version/17.0 Safari/605.1.15"
46.191.191.71 - - [31/Aug/2026:23:55:56 -0400] "GET /glow-up-a-friday-morning-devotional/ HTTP/1.1" 200 29585 "-" "Mozilla/5.0 (Macintosh; Intel Mac OS X 15.3; rv:128.0) Gecko/20100101 Firefox/128.0"
104.247.76.75 - - [31/Aug/2026:23:57:35 -0400] "POST /wp-cron.php?doing_wp_cron=1788235055.1456069946289062500000 HTTP/1.1" 200 - "-" "WordPress/7.1; https://ekmtoronto.com"
66.249.65.136 - - [31/Aug/2026:23:57:35 -0400] "GET /?sale/search/detail/?ITMCODE=g9l2o4s0s2o7g6r5a1p4h2ical HTTP/1.1" 301 - "-" "Mozilla/5.0 (Linux; Android 6.0.1; Nexus 5X Build/MMB29P) AppleWebKit/537.36 (KHTML, like Gecko) Chrome/151.0.7922.173 Mobile Safari/537.36 (compatible; Googlebot/2.1; +http://www.google.com/bot.html)"
66.249.65.134 - - [31/Aug/2026:23:57:37 -0400] "GET /?sale%2Fsearch%2Fdetail%2F%3FITMCODE=g9l2o4s0s2o7g6r5a1p4h2ical HTTP/1.1" 200 38617 "-" "Mozilla/5.0 (Linux; Android 6.0.1; Nexus 5X Build/MMB29P) AppleWebKit/537.36 (KHTML, like Gecko) Chrome/151.0.7922.173 Mobile Safari/537.36 (compatible; Googlebot/2.1; +http://www.google.com/bot.html)"
104.247.76.75 - - [31/Aug/2026:23:58:46 -0400] "POST /wp-cron.php?doing_wp_cron=1788235126.7843229770660400390625 HTTP/1.1" 200 - "-" "WordPress/7.1; https://ekmtoronto.com"
43.173.176.118 - - [31/Aug/2026:23:58:46 -0400] "GET /ekm-coming-soon/ HTTP/1.1" 200 24259 "-" "Mozilla/5.0 (Windows NT 10.0; Win64; x64) AppleWebKit/537.36 (KHTML, like Gecko) Chrome/106.0.5249.119 Safari/537.36"
104.247.76.75 - - [01/Sep/2026:00:01:25 -0400] "POST /wp-cron.php?doing_wp_cron=1788235285.0966339111328125000000 HTTP/1.1" 200 - "-" "WordPress/7.1; https://ekmtoronto.com"
66.249.65.134 - - [01/Sep/2026:00:01:25 -0400] "GET /?sale/search/detail/?ITMCODE=n6e1e5l7b1h7u2n8d3e4r8 HTTP/1.1" 301 - "-" "Mozilla/5.0 (Linux; Android 6.0.1; Nexus 5X Build/MMB29P) AppleWebKit/537.36 (KHTML, like Gecko) Chrome/151.0.7922.173 Mobile Safari/537.36 (compatible; Googlebot/2.1; +http://www.google.com/bot.html)"
66.249.65.134 - - [01/Sep/2026:00:01:25 -0400] "GET /?sale%2Fsearch%2Fdetail%2F%3FITMCODE=n6e1e5l7b1h7u2n8d3e4r8 HTTP/1.1" 200 38614 "-" "Mozilla/5.0 (Linux; Android 6.0.1; Nexus 5X Build/MMB29P) AppleWebKit/537.36 (KHTML, like Gecko) Chrome/151.0.7922.173 Mobile Safari/537.36 (compatible; Googlebot/2.1; +http://www.google.com/bot.html)"
91.193.232.66 - - [01/Sep/2026:00:01:39 -0400] "POST /wp-login.php HTTP/1.1" 200 2482 "-" "Mozilla/5.0 (Macintosh; Intel Mac OS X 10_15_7) AppleWebKit/605.1.15 Version/17.0 Safari/605.1.15"
45.146.55.248 - - [01/Sep/2026:00:01:39 -0400] "POST /wp-login.php HTTP/1.1" 200 2462 "-" "Mozilla/5.0 (Macintosh; Intel Mac OS X 10_15_7) AppleWebKit/605.1.15 Version/17.0 Safari/605.1.15"
104.247.76.75 - - [01/Sep/2026:00:02:33 -0400] "POST /wp-cron.php?doing_wp_cron=1788235353.6919629573822021484375 HTTP/1.1" 200 - "-" "WordPress/7.1; https://ekmtoronto.com"
15.235.98.95 - - [01/Sep/2026:00:02:33 -0400] "GET /robots.txt HTTP/1.1" 200 110 "-" "Mozilla/5.0 (compatible; AhrefsBot/7.0; +http://ahrefs.com/robot/)"
51.161.37.90 - - [01/Sep/2026:00:02:34 -0400] "GET /sitemap.xml HTTP/1.1" 301 - "-" "Mozilla/5.0 (compatible; AhrefsBot/7.0; +http://ahrefs.com/robot/)"
51.161.37.90 - - [01/Sep/2026:00:02:35 -0400] "GET / HTTP/1.1" 200 38549 "-" "Mozilla/5.0 (compatible; AhrefsBot/7.0; +http://ahrefs.com/robot/)"
104.247.76.75 - - [01/Sep/2026:00:06:34 -0400] "POST /wp-cron.php?doing_wp_cron=1788235594.0950369834899902343750 HTTP/1.1" 200 - "-" "WordPress/7.1; https://ekmtoronto.com"
66.249.65.136 - - [01/Sep/2026:00:06:33 -0400] "GET /?k=80087137602601 HTTP/1.1" 200 38572 "-" "Mozilla/5.0 (Linux; Android 6.0.1; Nexus 5X Build/MMB29P) AppleWebKit/537.36 (KHTML, like Gecko) Chrome/151.0.7922.173 Mobile Safari/537.36 (compatible; Googlebot/2.1; +http://www.google.com/bot.html)"
66.249.65.135 - - [01/Sep/2026:00:06:52 -0400] "GET /?sale/search/detail/?ITMCODE=t4i5p7p5l1i5n8g7h2o9use HTTP/1.1" 301 - "-" "Mozilla/5.0 (Linux; Android 6.0.1; Nexus 5X Build/MMB29P) AppleWebKit/537.36 (KHTML, like Gecko) Chrome/151.0.7922.173 Mobile Safari/537.36 (compatible; Googlebot/2.1; +http://www.google.com/bot.html)"
66.249.65.134 - - [01/Sep/2026:00:06:53 -0400] "GET /?sale%2Fsearch%2Fdetail%2F%3FITMCODE=t4i5p7p5l1i5n8g7h2o9use HTTP/1.1" 200 38615 "-" "Mozilla/5.0 (Linux; Android 6.0.1; Nexus 5X Build/MMB29P) AppleWebKit/537.36 (KHTML, like Gecko) Chrome/151.0.7922.173 Mobile Safari/537.36 (compatible; Googlebot/2.1; +http://www.google.com/bot.html)"
104.247.76.75 - - [01/Sep/2026:00:07:25 -0400] "POST /wp-cron.php?doing_wp_cron=1788235645.3970909118652343750000 HTTP/1.1" 200 - "-" "WordPress/7.1; https://ekmtoronto.com"
129.121.74.194 - - [01/Sep/2026:00:07:25 -0400] "GET /wp-json/wp/v2/users/me HTTP/1.1" 401 102 "-" "Mozilla/5.0 (Windows NT 10.0; Win64; x64) AppleWebKit/537.36 (KHTML, like Gecko) Chrome/151.0.0.0 Safari/537.36"
104.247.76.75 - - [01/Sep/2026:00:08:11 -0400] "POST /wp-cron.php?doing_wp_cron=1788235691.7472460269927978515625 HTTP/1.1" 200 - "-" "WordPress/7.1; https://ekmtoronto.com"
66.249.65.135 - - [01/Sep/2026:00:08:11 -0400] "GET /?k=9131275706100 HTTP/1.1" 200 38571 "-" "Mozilla/5.0 (Linux; Android 6.0.1; Nexus 5X Build/MMB29P) AppleWebKit/537.36 (KHTML, like Gecko) Chrome/151.0.7922.173 Mobile Safari/537.36 (compatible; Googlebot/2.1; +http://www.google.com/bot.html)"
66.249.65.135 - - [01/Sep/2026:00:08:43 -0400] "GET /wp-content/plugins/divi-overlays/assets/js/jquery.exitintent.js?ver=2.9.7.9 HTTP/1.1" 200 398 "https://ekmtoronto.com/?k=9131275706100" "Mozilla/5.0 (Linux; Android 6.0.1; Nexus 5X Build/MMB29P) AppleWebKit/537.36 (KHTML, like Gecko) Chrome/151.0.7922.173 Mobile Safari/537.36 (compatible; Googlebot/2.1; +http://www.google.com/bot.html)"
104.247.76.75 - - [01/Sep/2026:00:10:43 -0400] "POST /wp-cron.php?doing_wp_cron=1788235843.9159529209136962890625 HTTP/1.1" 200 - "-" "WordPress/7.1; https://ekmtoronto.com"
66.249.65.134 - - [01/Sep/2026:00:10:43 -0400] "GET /?k=286906434400 HTTP/1.1" 200 38570 "-" "Mozilla/5.0 (Linux; Android 6.0.1; Nexus 5X Build/MMB29P) AppleWebKit/537.36 (KHTML, like Gecko) Chrome/151.0.7922.173 Mobile Safari/537.36 (compatible; Googlebot/2.1; +http://www.google.com/bot.html)"
66.249.65.135 - - [01/Sep/2026:00:10:44 -0400] "GET /?sale/search/detail/?ITMCODE=g7i2g2a7n5t5i8c3i9d0e4 HTTP/1.1" 301 - "-" "Mozilla/5.0 (Linux; Android 6.0.1; Nexus 5X Build/MMB29P) AppleWebKit/537.36 (KHTML, like Gecko) Chrome/151.0.7922.173 Mobile Safari/537.36 (compatible; Googlebot/2.1; +http://www.google.com/bot.html)"
66.249.65.136 - - [01/Sep/2026:00:10:45 -0400] "GET /?sale%2Fsearch%2Fdetail%2F%3FITMCODE=g7i2g2a7n5t5i8c3i9d0e4 HTTP/1.1" 200 38614 "-" "Mozilla/5.0 (Linux; Android 6.0.1; Nexus 5X Build/MMB29P) AppleWebKit/537.36 (KHTML, like Gecko) Chrome/151.0.7922.173 Mobile Safari/537.36 (compatible; Googlebot/2.1; +http://www.google.com/bot.html)"
66.249.65.135 - - [01/Sep/2026:00:10:53 -0400] "GET /wp-content/plugins/divi-bars/assets/js/main.helper.js?ver=1.9.6 HTTP/1.1" 200 - "https://ekmtoronto.com/?k=286906434400" "Mozilla/5.0 (Linux; Android 6.0.1; Nexus 5X Build/MMB29P) AppleWebKit/537.36 (KHTML, like Gecko) Chrome/151.0.7922.173 Mobile Safari/537.36 (compatible; Googlebot/2.1; +http://www.google.com/bot.html)"
104.247.76.75 - - [01/Sep/2026:00:11:16 -0400] "POST /wp-cron.php?doing_wp_cron=1788235876.2603468894958496093750 HTTP/1.1" 200 - "-" "WordPress/7.1; https://ekmtoronto.com"
66.249.65.135 - - [01/Sep/2026:00:11:16 -0400] "GET /?sale/search/detail/?ITMCODE=c3a2s0s5a4t8e55617 HTTP/1.1" 301 - "-" "Mozilla/5.0 (Linux; Android 6.0.1; Nexus 5X Build/MMB29P) AppleWebKit/537.36 (KHTML, like Gecko) Chrome/151.0.7922.173 Mobile Safari/537.36 (compatible; Googlebot/2.1; +http://www.google.com/bot.html)"
66.249.65.135 - - [01/Sep/2026:00:11:17 -0400] "GET /?sale%2Fsearch%2Fdetail%2F%3FITMCODE=c3a2s0s5a4t8e55617 HTTP/1.1" 200 38611 "-" "Mozilla/5.0 (Linux; Android 6.0.1; Nexus 5X Build/MMB29P) AppleWebKit/537.36 (KHTML, like Gecko) Chrome/151.0.7922.173 Mobile Safari/537.36 (compatible; Googlebot/2.1; +http://www.google.com/bot.html)"
104.247.76.75 - - [01/Sep/2026:00:12:54 -0400] "POST /wp-cron.php?doing_wp_cron=1788235974.1287760734558105468750 HTTP/1.1" 200 - "-" "WordPress/7.1; https://ekmtoronto.com"
66.249.65.134 - - [01/Sep/2026:00:12:54 -0400] "GET /?sale/search/detail/?ITMCODE=p4o2u6l6a0i9n8e7825 HTTP/1.1" 301 - "-" "Mozilla/5.0 (Linux; Android 6.0.1; Nexus 5X Build/MMB29P) AppleWebKit/537.36 (KHTML, like Gecko) Chrome/151.0.7922.173 Mobile Safari/537.36 (compatible; Googlebot/2.1; +http://www.google.com/bot.html)"
66.249.65.134 - - [01/Sep/2026:00:12:55 -0400] "GET /?sale%2Fsearch%2Fdetail%2F%3FITMCODE=p4o2u6l6a0i9n8e7825 HTTP/1.1" 200 38611 "-" "Mozilla/5.0 (Linux; Android 6.0.1; Nexus 5X Build/MMB29P) AppleWebKit/537.36 (KHTML, like Gecko) Chrome/151.0.7922.173 Mobile Safari/537.36 (compatible; Googlebot/2.1; +http://www.google.com/bot.html)"
66.249.65.135 - - [01/Sep/2026:00:12:57 -0400] "GET /?sale/search/detail/?ITMCODE=s5i3l4v2e6r9b1a1c0k00 HTTP/1.1" 301 - "-" "Mozilla/5.0 (Linux; Android 6.0.1; Nexus 5X Build/MMB29P) AppleWebKit/537.36 (KHTML, like Gecko) Chrome/151.0.7922.173 Mobile Safari/537.36 (compatible; Googlebot/2.1; +http://www.google.com/bot.html)"
104.247.76.75 - - [01/Sep/2026:00:12:59 -0400] "POST /wp-cron.php?doing_wp_cron=1788235979.1188390254974365234375 HTTP/1.1" 200 - "-" "WordPress/7.1; https://ekmtoronto.com"
66.249.65.134 - - [01/Sep/2026:00:12:58 -0400] "GET /?sale%2Fsearch%2Fdetail%2F%3FITMCODE=s5i3l4v2e6r9b1a1c0k00 HTTP/1.1" 200 38612 "-" "Mozilla/5.0 (Linux; Android 6.0.1; Nexus 5X Build/MMB29P) AppleWebKit/537.36 (KHTML, like Gecko) Chrome/151.0.7922.173 Mobile Safari/537.36 (compatible; Googlebot/2.1; +http://www.google.com/bot.html)"
104.247.76.75 - - [01/Sep/2026:00:13:37 -0400] "POST /wp-cron.php?doing_wp_cron=1788236017.2021400928497314453125 HTTP/1.1" 200 - "-" "WordPress/7.1; https://ekmtoronto.com"
66.249.65.134 - - [01/Sep/2026:00:13:37 -0400] "GET /?sale/search/detail/?ITMCODE=s0a1v4o3y3761895 HTTP/1.1" 301 - "-" "Mozilla/5.0 (Linux; Android 6.0.1; Nexus 5X Build/MMB29P) AppleWebKit/537.36 (KHTML, like Gecko) Chrome/151.0.7922.173 Mobile Safari/537.36 (compatible; Googlebot/2.1; +http://www.google.com/bot.html)"
66.249.65.134 - - [01/Sep/2026:00:13:38 -0400] "GET /?sale/search/detail/?ITMCODE=p6o7r4t6i3o5n0e7r44 HTTP/1.1" 301 - "-" "Mozilla/5.0 (Linux; Android 6.0.1; Nexus 5X Build/MMB29P) AppleWebKit/537.36 (KHTML, like Gecko) Chrome/151.0.7922.173 Mobile Safari/537.36 (compatible; Googlebot/2.1; +http://www.google.com/bot.html)"
66.249.65.136 - - [01/Sep/2026:00:13:39 -0400] "GET /?sale%2Fsearch%2Fdetail%2F%3FITMCODE=s0a1v4o3y3761895 HTTP/1.1" 200 38610 "-" "Mozilla/5.0 (Linux; Android 6.0.1; Nexus 5X Build/MMB29P) AppleWebKit/537.36 (KHTML, like Gecko) Chrome/151.0.7922.173 Mobile Safari/537.36 (compatible; Googlebot/2.1; +http://www.google.com/bot.html)"
66.249.65.136 - - [01/Sep/2026:00:13:40 -0400] "GET /?sale%2Fsearch%2Fdetail%2F%3FITMCODE=p6o7r4t6i3o5n0e7r44 HTTP/1.1" 200 38610 "-" "Mozilla/5.0 (Linux; Android 6.0.1; Nexus 5X Build/MMB29P) AppleWebKit/537.36 (KHTML, like Gecko) Chrome/151.0.7922.173 Mobile Safari/537.36 (compatible; Googlebot/2.1; +http://www.google.com/bot.html)"
66.249.65.136 - - [01/Sep/2026:00:14:20 -0400] "GET /wp-content/plugins/divi-overlays/assets/js/jquery.exitintent.js?ver=2.9.7.9 HTTP/1.1" 200 398 "https://ekmtoronto.com/?sale%2Fsearch%2Fdetail%2F%3FITMCODE=s0a1v4o3y3761895" "Mozilla/5.0 (Linux; Android 6.0.1; Nexus 5X Build/MMB29P) AppleWebKit/537.36 (KHTML, like Gecko) Chrome/151.0.7922.173 Mobile Safari/537.36 (compatible; Googlebot/2.1; +http://www.google.com/bot.html)"
66.249.65.135 - - [01/Sep/2026:00:14:29 -0400] "GET /?sale/search/detail/?ITMCODE=a6f2f9e9c2t3u4o2u0s40 HTTP/1.1" 301 - "-" "Mozilla/5.0 (Linux; Android 6.0.1; Nexus 5X Build/MMB29P) AppleWebKit/537.36 (KHTML, like Gecko) Chrome/151.0.7922.173 Mobile Safari/537.36 (compatible; Googlebot/2.1; +http://www.google.com/bot.html)"
66.249.65.135 - - [01/Sep/2026:00:14:30 -0400] "GET /?sale%2Fsearch%2Fdetail%2F%3FITMCODE=a6f2f9e9c2t3u4o2u0s40 HTTP/1.1" 200 38612 "-" "Mozilla/5.0 (Linux; Android 6.0.1; Nexus 5X Build/MMB29P) AppleWebKit/537.36 (KHTML, like Gecko) Chrome/151.0.7922.173 Mobile Safari/537.36 (compatible; Googlebot/2.1; +http://www.google.com/bot.html)"
104.247.76.75 - - [01/Sep/2026:00:15:35 -0400] "POST /wp-cron.php?doing_wp_cron=1788236135.1955070495605468750000 HTTP/1.1" 200 - "-" "WordPress/7.1; https://ekmtoronto.com"
66.249.65.136 - - [01/Sep/2026:00:15:34 -0400] "GET /?k=9882197203700 HTTP/1.1" 200 38570 "-" "Mozilla/5.0 (Linux; Android 6.0.1; Nexus 5X Build/MMB29P) AppleWebKit/537.36 (KHTML, like Gecko) Chrome/151.0.7922.173 Mobile Safari/537.36 (compatible; Googlebot/2.1; +http://www.google.com/bot.html)"
104.247.76.75 - - [01/Sep/2026:00:16:12 -0400] "POST /wp-cron.php?doing_wp_cron=1788236172.9835081100463867187500 HTTP/1.1" 200 - "-" "WordPress/7.1; https://ekmtoronto.com"
216.73.216.201 - - [01/Sep/2026:00:16:12 -0400] "GET /robots.txt HTTP/1.1" 200 110 "-" "Mozilla/5.0 AppleWebKit/537.36 (KHTML, like Gecko; compatible; ClaudeBot/1.0; +claudebot@anthropic.com)"
216.73.216.201 - - [01/Sep/2026:00:16:13 -0400] "GET /wp-sitemap.xml HTTP/1.1" 200 235 "-" "Mozilla/5.0 AppleWebKit/537.36 (KHTML, like Gecko; compatible; ClaudeBot/1.0; +claudebot@anthropic.com)"
104.247.76.75 - - [01/Sep/2026:00:17:53 -0400] "POST /wp-cron.php?doing_wp_cron=1788236273.6048591136932373046875 HTTP/1.1" 200 - "-" "WordPress/7.1; https://ekmtoronto.com"
66.249.65.136 - - [01/Sep/2026:00:17:53 -0400] "GET /?k=91829193120302 HTTP/1.1" 200 38571 "-" "Mozilla/5.0 (Linux; Android 6.0.1; Nexus 5X Build/MMB29P) AppleWebKit/537.36 (KHTML, like Gecko) Chrome/151.0.7922.173 Mobile Safari/537.36 (compatible; Googlebot/2.1; +http://www.google.com/bot.html)"
66.249.65.136 - - [01/Sep/2026:00:18:38 -0400] "GET /wp-includes/js/jquery/jquery-migrate.min.js?ver=3.4.1 HTTP/1.1" 200 4872 "https://ekmtoronto.com/?sale%2Fsearch%2Fdetail%2F%3FITMCODE=g7i2g2a7n5t5i8c3i9d0e4" "Mozilla/5.0 (Linux; Android 6.0.1; Nexus 5X Build/MMB29P) AppleWebKit/537.36 (KHTML, like Gecko) Chrome/151.0.7922.173 Mobile Safari/537.36 (compatible; Googlebot/2.1; +http://www.google.com/bot.html)"
66.249.65.134 - - [01/Sep/2026:00:18:39 -0400] "GET /wp-includes/js/mediaelement/mediaelement-and-player.min.js?ver=4.2.17 HTTP/1.1" 200 38789 "https://ekmtoronto.com/?sale%2Fsearch%2Fdetail%2F%3FITMCODE=g7i2g2a7n5t5i8c3i9d0e4" "Mozilla/5.0 (Linux; Android 6.0.1; Nexus 5X Build/MMB29P) AppleWebKit/537.36 (KHTML, like Gecko) Chrome/151.0.7922.173 Mobile Safari/537.36 (compatible; Googlebot/2.1; +http://www.google.com/bot.html)"
104.247.76.75 - - [01/Sep/2026:00:18:51 -0400] "POST /wp-cron.php?doing_wp_cron=1788236331.0238330364227294921875 HTTP/1.1" 200 - "-" "WordPress/7.1; https://ekmtoronto.com"
66.249.65.135 - - [01/Sep/2026:00:18:50 -0400] "GET /?k=34084176674003 HTTP/1.1" 200 38572 "-" "Mozilla/5.0 (Linux; Android 6.0.1; Nexus 5X Build/MMB29P) AppleWebKit/537.36 (KHTML, like Gecko) Chrome/151.0.7922.173 Mobile Safari/537.36 (compatible; Googlebot/2.1; +http://www.google.com/bot.html)"
104.247.76.75 - - [01/Sep/2026:00:20:10 -0400] "POST /wp-cron.php?doing_wp_cron=1788236410.6377708911895751953125 HTTP/1.1" 200 - "-" "WordPress/7.1; https://ekmtoronto.com"
37.114.144.209 - - [01/Sep/2026:00:20:09 -0400] "GET /wp-admin/admin-ajax.php?action=wdpsso_step1&redirect= HTTP/1.1" 302 - "-" "Mozilla/5.0 (Windows NT 10.0; Win64; x64) AppleWebKit/537.36 (KHTML, like Gecko) Chrome/120.0.0.0 Safari/537.36"
104.247.76.75 - - [01/Sep/2026:00:20:09 -0400] "POST /wp-admin/admin-ajax.php?action=as_async_request_queue_runner&nonce=c43b41fd28 HTTP/1.1" 200 - "-" "WordPress/7.1; https://ekmtoronto.com"
66.249.65.135 - - [01/Sep/2026:00:20:19 -0400] "GET /?sale/search/detail/?ITMCODE=x5y4l2y6l7e4n8e4605 HTTP/1.1" 301 - "-" "Mozilla/5.0 (Linux; Android 6.0.1; Nexus 5X Build/MMB29P) AppleWebKit/537.36 (KHTML, like Gecko) Chrome/151.0.7922.173 Mobile Safari/537.36 (compatible; Googlebot/2.1; +http://www.google.com/bot.html)"
66.249.65.134 - - [01/Sep/2026:00:20:21 -0400] "GET /?sale%2Fsearch%2Fdetail%2F%3FITMCODE=x5y4l2y6l7e4n8e4605 HTTP/1.1" 200 38613 "-" "Mozilla/5.0 (Linux; Android 6.0.1; Nexus 5X Build/MMB29P) AppleWebKit/537.36 (KHTML, like Gecko) Chrome/151.0.7922.173 Mobile Safari/537.36 (compatible; Googlebot/2.1; +http://www.google.com/bot.html)"
104.247.76.75 - - [01/Sep/2026:00:21:02 -0400] "POST /wp-cron.php?doing_wp_cron=1788236462.0750479698181152343750 HTTP/1.1" 200 - "-" "WordPress/7.1; https://ekmtoronto.com"
66.249.65.136 - - [01/Sep/2026:00:21:01 -0400] "GET /?k=97793195812806 HTTP/1.1" 200 38571 "-" "Mozilla/5.0 (Linux; Android 6.0.1; Nexus 5X Build/MMB29P) AppleWebKit/537.36 (KHTML, like Gecko) Chrome/151.0.7922.173 Mobile Safari/537.36 (compatible; Googlebot/2.1; +http://www.google.com/bot.html)"
104.247.76.75 - - [01/Sep/2026:00:21:07 -0400] "POST /wp-cron.php?doing_wp_cron=1788236467.0871260166168212890625 HTTP/1.1" 200 - "-" "WordPress/7.1; https://ekmtoronto.com"
66.249.65.134 - - [01/Sep/2026:00:21:39 -0400] "GET /?sale/search/detail/?ITMCODE=b2o4o0z7e0768279 HTTP/1.1" 301 - "-" "Mozilla/5.0 (Linux; Android 6.0.1; Nexus 5X Build/MMB29P) AppleWebKit/537.36 (KHTML, like Gecko) Chrome/151.0.7922.173 Mobile Safari/537.36 (compatible; Googlebot/2.1; +http://www.google.com/bot.html)"
