66.249.65.135 - - [31/Aug/2026:15:31:32 -0400] "GET /?sale%2Fsearch%2Fdetail%2F%3FITMCODE=m2u1s0a9e0425769 HTTP/1.1" 200 39886 "-" "Mozilla/5.0 (Linux; Android 6.0.1; Nexus 5X Build/MMB29P) AppleWebKit/537.36 (KHTML, like Gecko) Chrome/151.0.7922.173 Mobile Safari/537.36 (compatible; Googlebot/2.1; +http://www.google.com/bot.html)"
4.246.67.126 - - [31/Aug/2026:15:31:38 -0400] "GET / HTTP/1.1" 200 139248 "-" "Mozilla/5.0 (Windows NT 10.0; Win64; x64) AppleWebKit/537.36 (KHTML, like Gecko) Chrome/126.0 Safari/537.36"
104.247.76.75 - - [31/Aug/2026:15:32:17 -0400] "POST /wp-cron.php?doing_wp_cron=1788204737.4233639240264892578125 HTTP/1.1" 200 - "-" "WordPress/7.1; https://ekmtoronto.com"
66.249.65.134 - - [31/Aug/2026:15:32:17 -0400] "GET /?sale/search/detail/?ITMCODE=s6q3u6e9e6g4e9e4i4n8g9 HTTP/1.1" 301 - "-" "Mozilla/5.0 (Linux; Android 6.0.1; Nexus 5X Build/MMB29P) AppleWebKit/537.36 (KHTML, like Gecko) Chrome/151.0.7922.173 Mobile Safari/537.36 (compatible; Googlebot/2.1; +http://www.google.com/bot.html)"
66.249.65.134 - - [31/Aug/2026:15:32:22 -0400] "GET /?sale%2Fsearch%2Fdetail%2F%3FITMCODE=s6q3u6e9e6g4e9e4i4n8g9 HTTP/1.1" 200 39891 "-" "Mozilla/5.0 (Linux; Android 6.0.1; Nexus 5X Build/MMB29P) AppleWebKit/537.36 (KHTML, like Gecko) Chrome/151.0.7922.173 Mobile Safari/537.36 (compatible; Googlebot/2.1; +http://www.google.com/bot.html)"
104.247.76.75 - - [31/Aug/2026:15:34:06 -0400] "POST /wp-cron.php?doing_wp_cron=1788204846.1487979888916015625000 HTTP/1.1" 200 - "-" "WordPress/7.1; https://ekmtoronto.com"
114.119.140.161 - - [31/Aug/2026:15:34:05 -0400] "GET /open-table-food-drive/ HTTP/1.1" 200 28962 "https://ekmtoronto.com/wp-sitemap-posts-post-1.xml" "Mozilla/5.0 (Linux; Android 7.0;) AppleWebKit/537.36 (HTML, like Gecko) Mobile Safari/537.36 (compatible; PetalBot;+https://webmaster.petalsearch.com/site/petalbot)"
104.247.76.75 - - [31/Aug/2026:15:35:01 -0400] "POST /wp-cron.php?doing_wp_cron=1788204901.0064139366149902343750 HTTP/1.1" 200 - "-" "WordPress/7.1; https://ekmtoronto.com"
66.249.65.136 - - [31/Aug/2026:15:35:00 -0400] "GET /?sale/search/detail/?ITMCODE=a1r1a8t7o0r0y6004 HTTP/1.1" 301 - "-" "Mozilla/5.0 (Linux; Android 6.0.1; Nexus 5X Build/MMB29P) AppleWebKit/537.36 (KHTML, like Gecko) Chrome/151.0.7922.173 Mobile Safari/537.36 (compatible; Googlebot/2.1; +http://www.google.com/bot.html)"
66.249.65.135 - - [31/Aug/2026:15:35:06 -0400] "GET /?sale%2Fsearch%2Fdetail%2F%3FITMCODE=a1r1a8t7o0r0y6004 HTTP/1.1" 200 39885 "-" "Mozilla/5.0 (Linux; Android 6.0.1; Nexus 5X Build/MMB29P) AppleWebKit/537.36 (KHTML, like Gecko) Chrome/151.0.7922.173 Mobile Safari/537.36 (compatible; Googlebot/2.1; +http://www.google.com/bot.html)"
66.249.65.134 - - [31/Aug/2026:15:35:11 -0400] "GET /?k=81662147384301 HTTP/1.1" 200 39844 "-" "Mozilla/5.0 (Linux; Android 6.0.1; Nexus 5X Build/MMB29P) AppleWebKit/537.36 (KHTML, like Gecko) Chrome/151.0.7922.173 Mobile Safari/537.36 (compatible; Googlebot/2.1; +http://www.google.com/bot.html)"
66.249.65.134 - - [31/Aug/2026:15:35:30 -0400] "GET /?k=79631109552602 HTTP/1.1" 200 39845 "-" "Mozilla/5.0 (Linux; Android 6.0.1; Nexus 5X Build/MMB29P) AppleWebKit/537.36 (KHTML, like Gecko) Chrome/151.0.7922.173 Mobile Safari/537.36 (compatible; Googlebot/2.1; +http://www.google.com/bot.html)"
104.247.76.75 - - [31/Aug/2026:15:36:02 -0400] "POST /wp-cron.php?doing_wp_cron=1788204962.8760480880737304687500 HTTP/1.1" 200 - "-" "WordPress/7.1; https://ekmtoronto.com"
66.249.65.135 - - [31/Aug/2026:15:36:02 -0400] "GET /?sale/search/detail/?ITMCODE=s0o4m9p1n1e86649 HTTP/1.1" 301 - "-" "Mozilla/5.0 (Linux; Android 6.0.1; Nexus 5X Build/MMB29P) AppleWebKit/537.36 (KHTML, like Gecko) Chrome/151.0.7922.173 Mobile Safari/537.36 (compatible; Googlebot/2.1; +http://www.google.com/bot.html)"
66.249.65.134 - - [31/Aug/2026:15:36:07 -0400] "GET /?sale%2Fsearch%2Fdetail%2F%3FITMCODE=s0o4m9p1n1e86649 HTTP/1.1" 200 39885 "-" "Mozilla/5.0 (Linux; Android 6.0.1; Nexus 5X Build/MMB29P) AppleWebKit/537.36 (KHTML, like Gecko) Chrome/151.0.7922.173 Mobile Safari/537.36 (compatible; Googlebot/2.1; +http://www.google.com/bot.html)"
104.247.76.75 - - [31/Aug/2026:15:37:01 -0400] "POST /wp-cron.php?doing_wp_cron=1788205021.0092589855194091796875 HTTP/1.1" 200 - "-" "WordPress/7.1; https://ekmtoronto.com"
114.119.151.206 - - [31/Aug/2026:15:37:00 -0400] "GET /wp-sitemap-posts-page-1.xml HTTP/1.1" 200 504 "https://ekmtoronto.com/wp-sitemap.xml" "Mozilla/5.0 (Linux; Android 7.0;) AppleWebKit/537.36 (KHTML, like Gecko) Mobile Safari/537.36 (compatible; PetalBot;+https://webmaster.petalsearch.com/site/petalbot)"
104.247.76.75 - - [31/Aug/2026:15:38:01 -0400] "POST /wp-cron.php?doing_wp_cron=1788205081.5489239692687988281250 HTTP/1.1" 200 - "-" "WordPress/7.1; https://ekmtoronto.com"
47.128.32.13 - - [31/Aug/2026:15:38:01 -0400] "GET / HTTP/1.1" 200 39821 "-" "Mozilla/5.0 (compatible; Bytespider; spider-feedback@bytedance.com) AppleWebKit/537.36 (KHTML, like Gecko) Chrome/70.0.0.0 Safari/537.36"
47.128.32.13 - - [31/Aug/2026:15:38:02 -0400] "GET /wp-content/et-cache/228351/et-divi-dynamic-228351.css?ver=1788111647 HTTP/1.1" 200 11161 "https://ekmtoronto.com/" "Mozilla/5.0 (compatible; Bytespider; spider-feedback@bytedance.com) AppleWebKit/537.36 (KHTML, like Gecko) Chrome/70.0.0.0 Safari/537.36"
47.128.32.13 - - [31/Aug/2026:15:38:02 -0400] "GET /wp-content/et-cache/228351/et-divi-dynamic-228351-late.css?ver=1788111647 HTTP/1.1" 200 3170 "https://ekmtoronto.com/" "Mozilla/5.0 (compatible; Bytespider; spider-feedback@bytedance.com) AppleWebKit/537.36 (KHTML, like Gecko) Chrome/70.0.0.0 Safari/537.36"
47.128.32.13 - - [31/Aug/2026:15:38:02 -0400] "GET /wp-content/plugins/divi-bars/assets/css/main.css?ver=1.9.6 HTTP/1.1" 200 2832 "https://ekmtoronto.com/" "Mozilla/5.0 (compatible; Bytespider; spider-feedback@bytedance.com) AppleWebKit/537.36 (KHTML, like Gecko) Chrome/70.0.0.0 Safari/537.36"
47.128.32.13 - - [31/Aug/2026:15:38:03 -0400] "GET /wp-content/et-cache/228351/et-core-unified-deferred-228351.min.css?ver=1788111648 HTTP/1.1" 200 3945 "https://ekmtoronto.com/" "Mozilla/5.0 (compatible; Bytespider; spider-feedback@bytedance.com) AppleWebKit/537.36 (KHTML, like Gecko) Chrome/70.0.0.0 Safari/537.36"
47.128.32.13 - - [31/Aug/2026:15:38:03 -0400] "GET /wp-content/plugins/divi-overlays/assets/css/custom_animations.css?ver=2.9.7.9 HTTP/1.1" 200 886 "https://ekmtoronto.com/" "Mozilla/5.0 (compatible; Bytespider; spider-feedback@bytedance.com) AppleWebKit/537.36 (KHTML, like Gecko) Chrome/70.0.0.0 Safari/537.36"
47.128.32.13 - - [31/Aug/2026:15:38:03 -0400] "GET /wp-content/plugins/divi-overlays/assets/css/animate.min.css?ver=4.1.1 HTTP/1.1" 200 5272 "https://ekmtoronto.com/" "Mozilla/5.0 (compatible; Bytespider; spider-feedback@bytedance.com) AppleWebKit/537.36 (KHTML, like Gecko) Chrome/70.0.0.0 Safari/537.36"
47.128.32.13 - - [31/Aug/2026:15:38:03 -0400] "GET /wp-includes/js/mediaelement/mediaelementplayer-legacy.min.css?ver=4.2.17 HTTP/1.1" 200 2592 "https://ekmtoronto.com/" "Mozilla/5.0 (compatible; Bytespider; spider-feedback@bytedance.com) AppleWebKit/537.36 (KHTML, like Gecko) Chrome/70.0.0.0 Safari/537.36"
47.128.32.13 - - [31/Aug/2026:15:38:03 -0400] "GET /wp-includes/js/mediaelement/wp-mediaelement.min.css?ver=7.1 HTTP/1.1" 200 1156 "https://ekmtoronto.com/" "Mozilla/5.0 (compatible; Bytespider; spider-feedback@bytedance.com) AppleWebKit/537.36 (KHTML, like Gecko) Chrome/70.0.0.0 Safari/537.36"
47.128.32.13 - - [31/Aug/2026:15:38:03 -0400] "GET /wp-content/plugins/divi-overlays/assets/css/style.css?ver=2.9.7.9 HTTP/1.1" 200 2232 "https://ekmtoronto.com/" "Mozilla/5.0 (compatible; Bytespider; spider-feedback@bytedance.com) AppleWebKit/537.36 (KHTML, like Gecko) Chrome/70.0.0.0 Safari/537.36"
47.128.32.13 - - [31/Aug/2026:15:38:03 -0400] "GET /wp-content/uploads/2021/06/akin-Franz-IMG_7125-1500PX-2-480x203.png HTTP/1.1" 206 500 "https://ekmtoronto.com/" "Mozilla/5.0 (compatible; Bytespider; spider-feedback@bytedance.com) AppleWebKit/537.36 (KHTML, like Gecko) Chrome/70.0.0.0 Safari/537.36"
47.128.32.13 - - [31/Aug/2026:15:38:03 -0400] "GET /wp-content/uploads/2023/11/Volunteer-Team-Sharp-EKM-7411-WIDE-1500px-480x233.jpg HTTP/1.1" 206 500 "https://ekmtoronto.com/" "Mozilla/5.0 (compatible; Bytespider; spider-feedback@bytedance.com) AppleWebKit/537.36 (KHTML, like Gecko) Chrome/70.0.0.0 Safari/537.36"
47.128.32.13 - - [31/Aug/2026:15:38:03 -0400] "GET /wp-content/themes/Divi/images/logo.png HTTP/1.1" 206 500 "https://ekmtoronto.com/" "Mozilla/5.0 (compatible; Bytespider; spider-feedback@bytedance.com) AppleWebKit/537.36 (KHTML, like Gecko) Chrome/70.0.0.0 Safari/537.36"
47.128.32.13 - - [31/Aug/2026:15:38:03 -0400] "GET /wp-content/uploads/2023/11/We-Love-lee-Nicole_7149-1000PXMOB.jpg HTTP/1.1" 206 500 "https://ekmtoronto.com/" "Mozilla/5.0 (compatible; Bytespider; spider-feedback@bytedance.com) AppleWebKit/537.36 (KHTML, like Gecko) Chrome/70.0.0.0 Safari/537.36"
47.128.32.13 - - [31/Aug/2026:15:38:03 -0400] "GET /wp-content/uploads/2023/11/EKM-WHITE-LOGO-150PX.png HTTP/1.1" 206 500 "https://ekmtoronto.com/" "Mozilla/5.0 (compatible; Bytespider; spider-feedback@bytedance.com) AppleWebKit/537.36 (KHTML, like Gecko) Chrome/70.0.0.0 Safari/537.36"
47.128.32.13 - - [31/Aug/2026:15:38:04 -0400] "GET /wp-content/uploads/2026/08/Young-youth-480x270.png HTTP/1.1" 206 500 "https://ekmtoronto.com/" "Mozilla/5.0 (compatible; Bytespider; spider-feedback@bytedance.com) AppleWebKit/537.36 (KHTML, like Gecko) Chrome/70.0.0.0 Safari/537.36"
47.128.32.13 - - [31/Aug/2026:15:38:04 -0400] "GET /wp-content/uploads/2026/08/food-drive-480x270.jpg HTTP/1.1" 206 500 "https://ekmtoronto.com/" "Mozilla/5.0 (compatible; Bytespider; spider-feedback@bytedance.com) AppleWebKit/537.36 (KHTML, like Gecko) Chrome/70.0.0.0 Safari/537.36"
47.128.32.13 - - [31/Aug/2026:15:38:04 -0400] "GET /wp-content/uploads/2025/02/GLOW-UP2-480x270.jpg HTTP/1.1" 206 500 "https://ekmtoronto.com/" "Mozilla/5.0 (compatible; Bytespider; spider-feedback@bytedance.com) AppleWebKit/537.36 (KHTML, like Gecko) Chrome/70.0.0.0 Safari/537.36"
47.128.32.13 - - [31/Aug/2026:15:38:03 -0400] "GET /wp-content/uploads/2021/06/EKM-LOGO-BLACK-IM-150PX.png HTTP/1.1" 404 197547 "https://ekmtoronto.com/" "Mozilla/5.0 (compatible; Bytespider; spider-feedback@bytedance.com) AppleWebKit/537.36 (KHTML, like Gecko) Chrome/70.0.0.0 Safari/537.36"
104.247.76.75 - - [31/Aug/2026:15:39:39 -0400] "POST /wp-cron.php?doing_wp_cron=1788205179.4109539985656738281250 HTTP/1.1" 200 - "-" "WordPress/7.1; https://ekmtoronto.com"
69.165.75.187 - - [31/Aug/2026:15:39:39 -0400] "GET /index.php?rest_route=/wp/v2/posts&per_page=100&_fields=id%2Ccomment_status&page=1 HTTP/1.1" 200 97 "https://ekmtoronto.com" "Mozilla/5.0 (Macintosh; Intel Mac OS X 10_15_7) AppleWebKit/605.1.15 (KHTML, like Gecko) Version/18.3.1 Safari/605.1.15"
69.165.75.187 - - [31/Aug/2026:15:39:39 -0400] "POST /wp-comments-post.php HTTP/1.1" 302 - "https://ekmtoronto.com" "Mozilla/5.0 (Macintosh; Intel Mac OS X 10_15_7) AppleWebKit/605.1.15 (KHTML, like Gecko) Version/18.3.1 Safari/605.1.15"
69.165.75.187 - - [31/Aug/2026:15:39:40 -0400] "GET /index.php?rest_route=/wp/v2/comments&post=237194&search=whatispin77pro HTTP/1.1" 200 550 "https://ekmtoronto.com" "Mozilla/5.0 (Macintosh; Intel Mac OS X 10_15_7) AppleWebKit/605.1.15 (KHTML, like Gecko) Version/18.3.1 Safari/605.1.15"
114.119.132.228 - - [31/Aug/2026:15:39:55 -0400] "GET /wp-sitemap-posts-divi_overlay-1.xml HTTP/1.1" 200 461 "https://ekmtoronto.com/wp-sitemap.xml" "Mozilla/5.0 (Linux; Android 7.0;) AppleWebKit/537.36 (KHTML, like Gecko) Mobile Safari/537.36 (compatible; PetalBot;+https://webmaster.petalsearch.com/site/petalbot)"
104.247.76.75 - - [31/Aug/2026:15:41:21 -0400] "POST /wp-cron.php?doing_wp_cron=1788205281.6825869083404541015625 HTTP/1.1" 200 - "-" "WordPress/7.1; https://ekmtoronto.com"
66.249.65.136 - - [31/Aug/2026:15:41:21 -0400] "GET /?k=21493106301600 HTTP/1.1" 200 39843 "-" "Mozilla/5.0 (Linux; Android 6.0.1; Nexus 5X Build/MMB29P) AppleWebKit/537.36 (KHTML, like Gecko) Chrome/151.0.7922.173 Mobile Safari/537.36 (compatible; Googlebot/2.1; +http://www.google.com/bot.html)"
185.232.64.41 - - [31/Aug/2026:15:41:53 -0400] "GET /wp-login.php HTTP/1.1" 200 2334 "-" "185.232.64.41"
185.232.64.41 - - [31/Aug/2026:15:41:53 -0400] "POST /wp-login.php HTTP/1.1" 200 2468 "https://ekmtoronto.com/wp-login.php" "185.232.64.41"
104.247.76.75 - - [31/Aug/2026:15:42:38 -0400] "POST /wp-cron.php?doing_wp_cron=1788205358.7413990497589111328125 HTTP/1.1" 200 - "-" "WordPress/7.1; https://ekmtoronto.com"
66.249.65.136 - - [31/Aug/2026:15:42:38 -0400] "GET /?sale/search/detail/?ITMCODE=l0a2c2e7r5t4i3a9n8 HTTP/1.1" 301 - "-" "Mozilla/5.0 (Linux; Android 6.0.1; Nexus 5X Build/MMB29P) AppleWebKit/537.36 (KHTML, like Gecko) Chrome/151.0.7922.173 Mobile Safari/537.36 (compatible; Googlebot/2.1; +http://www.google.com/bot.html)"
66.249.65.134 - - [31/Aug/2026:15:42:43 -0400] "GET /?sale%2Fsearch%2Fdetail%2F%3FITMCODE=l0a2c2e7r5t4i3a9n8 HTTP/1.1" 200 39887 "-" "Mozilla/5.0 (Linux; Android 6.0.1; Nexus 5X Build/MMB29P) AppleWebKit/537.36 (KHTML, like Gecko) Chrome/151.0.7922.173 Mobile Safari/537.36 (compatible; Googlebot/2.1; +http://www.google.com/bot.html)"
104.247.76.75 - - [31/Aug/2026:15:43:13 -0400] "POST /wp-cron.php?doing_wp_cron=1788205393.7352650165557861328125 HTTP/1.1" 200 - "-" "WordPress/7.1; https://ekmtoronto.com"
162.241.2.179 - - [31/Aug/2026:15:43:13 -0400] "GET /wp-login.php HTTP/1.1" 200 2334 "-" "Mozilla/5.0 (Windows NT 10.0; Win64; x64) AppleWebKit/537.36 (KHTML, like Gecko) Chrome/151.0.0.0 Safari/537.36"
162.241.2.179 - - [31/Aug/2026:15:43:13 -0400] "POST /wp-login.php HTTP/1.1" 200 2488 "https://ekmtoronto.com/wp-login.php" "Mozilla/5.0 (Windows NT 10.0; Win64; x64) AppleWebKit/537.36 (KHTML, like Gecko) Chrome/151.0.0.0 Safari/537.36"
136.144.19.187 - - [31/Aug/2026:15:43:59 -0400] "POST /wp-login.php HTTP/1.1" 200 7716 "-" "Mozilla/5.0"
104.247.76.75 - - [31/Aug/2026:15:46:01 -0400] "POST /wp-cron.php?doing_wp_cron=1788205561.0262320041656494140625 HTTP/1.1" 200 - "-" "WordPress/7.1; https://ekmtoronto.com"
192.185.81.174 - - [31/Aug/2026:15:46:00 -0400] "GET /wp-login.php HTTP/1.1" 200 2334 "-" "Mozilla/5.0 (Windows NT 10.0; Win64; x64) AppleWebKit/537.36 (KHTML, like Gecko) Chrome/151.0.0.0 Safari/537.36"
192.185.81.174 - - [31/Aug/2026:15:46:01 -0400] "POST /wp-login.php HTTP/1.1" 200 2468 "https://ekmtoronto.com/wp-login.php" "Mozilla/5.0 (Windows NT 10.0; Win64; x64) AppleWebKit/537.36 (KHTML, like Gecko) Chrome/151.0.0.0 Safari/537.36"
192.99.32.10 - - [31/Aug/2026:15:46:21 -0400] "GET /index.php?rest_route=/wp/v2/users HTTP/1.1" 200 316 "-" "Mozilla/5.0 zgrab/0.x"
104.247.76.75 - - [31/Aug/2026:15:47:07 -0400] "POST /wp-cron.php?doing_wp_cron=1788205627.1619379520416259765625 HTTP/1.1" 200 - "-" "WordPress/7.1; https://ekmtoronto.com"
66.249.65.135 - - [31/Aug/2026:15:47:07 -0400] "GET /?sale/search/detail/?ITMCODE=u4n3s8l5u9i2c1e3329 HTTP/1.1" 301 - "-" "Mozilla/5.0 (Linux; Android 6.0.1; Nexus 5X Build/MMB29P) AppleWebKit/537.36 (KHTML, like Gecko) Chrome/151.0.7922.173 Mobile Safari/537.36 (compatible; Googlebot/2.1; +http://www.google.com/bot.html)"
66.249.65.134 - - [31/Aug/2026:15:47:11 -0400] "GET /?sale/search/detail/?ITMCODE=b2u3t2y6r3a5t8e4420 HTTP/1.1" 301 - "-" "Mozilla/5.0 (Linux; Android 6.0.1; Nexus 5X Build/MMB29P) AppleWebKit/537.36 (KHTML, like Gecko) Chrome/151.0.7922.173 Mobile Safari/537.36 (compatible; Googlebot/2.1; +http://www.google.com/bot.html)"
66.249.65.134 - - [31/Aug/2026:15:47:16 -0400] "GET /?sale%2Fsearch%2Fdetail%2F%3FITMCODE=u4n3s8l5u9i2c1e3329 HTTP/1.1" 200 39889 "-" "Mozilla/5.0 (Linux; Android 6.0.1; Nexus 5X Build/MMB29P) AppleWebKit/537.36 (KHTML, like Gecko) Chrome/151.0.7922.173 Mobile Safari/537.36 (compatible; Googlebot/2.1; +http://www.google.com/bot.html)"
66.249.65.134 - - [31/Aug/2026:15:47:21 -0400] "GET /?sale/search/detail/?ITMCODE=m0i9s0a2d8v6e7n8t7u2red HTTP/1.1" 301 - "-" "Mozilla/5.0 (Linux; Android 6.0.1; Nexus 5X Build/MMB29P) AppleWebKit/537.36 (KHTML, like Gecko) Chrome/151.0.7922.173 Mobile Safari/537.36 (compatible; Googlebot/2.1; +http://www.google.com/bot.html)"
66.249.65.134 - - [31/Aug/2026:15:47:25 -0400] "GET /?sale%2Fsearch%2Fdetail%2F%3FITMCODE=b2u3t2y6r3a5t8e4420 HTTP/1.1" 200 39887 "-" "Mozilla/5.0 (Linux; Android 6.0.1; Nexus 5X Build/MMB29P) AppleWebKit/537.36 (KHTML, like Gecko) Chrome/151.0.7922.173 Mobile Safari/537.36 (compatible; Googlebot/2.1; +http://www.google.com/bot.html)"
66.249.65.134 - - [31/Aug/2026:15:47:30 -0400] "GET /?sale%2Fsearch%2Fdetail%2F%3FITMCODE=m0i9s0a2d8v6e7n8t7u2red HTTP/1.1" 200 39890 "-" "Mozilla/5.0 (Linux; Android 6.0.1; Nexus 5X Build/MMB29P) AppleWebKit/537.36 (KHTML, like Gecko) Chrome/151.0.7922.173 Mobile Safari/537.36 (compatible; Googlebot/2.1; +http://www.google.com/bot.html)"
104.247.76.75 - - [31/Aug/2026:15:49:31 -0400] "POST /wp-cron.php?doing_wp_cron=1788205771.4415719509124755859375 HTTP/1.1" 200 - "-" "WordPress/7.1; https://ekmtoronto.com"
66.249.65.134 - - [31/Aug/2026:15:49:31 -0400] "GET /item/4027614720 HTTP/1.1" 404 29356 "-" "Mozilla/5.0 (Linux; Android 6.0.1; Nexus 5X Build/MMB29P) AppleWebKit/537.36 (KHTML, like Gecko) Chrome/151.0.7922.173 Mobile Safari/537.36 (compatible; Googlebot/2.1; +http://www.google.com/bot.html)"
66.249.65.134 - - [31/Aug/2026:15:49:41 -0400] "GET /?sale/search/detail/?ITMCODE=t9o7p8h3i00974 HTTP/1.1" 301 - "-" "Mozilla/5.0 (Linux; Android 6.0.1; Nexus 5X Build/MMB29P) AppleWebKit/537.36 (KHTML, like Gecko) Chrome/151.0.7922.173 Mobile Safari/537.36 (compatible; Googlebot/2.1; +http://www.google.com/bot.html)"
66.249.65.134 - - [31/Aug/2026:15:49:45 -0400] "GET /?k=1070923430600 HTTP/1.1" 200 39843 "-" "Mozilla/5.0 (Linux; Android 6.0.1; Nexus 5X Build/MMB29P) AppleWebKit/537.36 (KHTML, like Gecko) Chrome/151.0.7922.173 Mobile Safari/537.36 (compatible; Googlebot/2.1; +http://www.google.com/bot.html)"
66.249.65.134 - - [31/Aug/2026:15:49:55 -0400] "GET /wp-content/plugins/divi-overlays/assets/css/custom_animations.css?ver=2.9.7.9 HTTP/1.1" 200 886 "https://ekmtoronto.com/?k=1070923430600" "Mozilla/5.0 (Linux; Android 6.0.1; Nexus 5X Build/MMB29P) AppleWebKit/537.36 (KHTML, like Gecko) Chrome/151.0.7922.173 Mobile Safari/537.36 (compatible; Googlebot/2.1; +http://www.google.com/bot.html)"
66.249.65.134 - - [31/Aug/2026:15:49:59 -0400] "GET /?sale/search/detail/?ITMCODE=b4e4i0s8a6243938 HTTP/1.1" 301 - "-" "Mozilla/5.0 (Linux; Android 6.0.1; Nexus 5X Build/MMB29P) AppleWebKit/537.36 (KHTML, like Gecko) Chrome/151.0.7922.173 Mobile Safari/537.36 (compatible; Googlebot/2.1; +http://www.google.com/bot.html)"
104.247.76.75 - - [31/Aug/2026:15:50:05 -0400] "POST /wp-cron.php?doing_wp_cron=1788205805.1834659576416015625000 HTTP/1.1" 200 - "-" "WordPress/7.1; https://ekmtoronto.com"
66.249.65.135 - - [31/Aug/2026:15:50:04 -0400] "GET /?sale%2Fsearch%2Fdetail%2F%3FITMCODE=t9o7p8h3i00974 HTTP/1.1" 200 39883 "-" "Mozilla/5.0 (Linux; Android 6.0.1; Nexus 5X Build/MMB29P) AppleWebKit/537.36 (KHTML, like Gecko) Chrome/151.0.7922.173 Mobile Safari/537.36 (compatible; Googlebot/2.1; +http://www.google.com/bot.html)"
66.249.65.135 - - [31/Aug/2026:15:50:09 -0400] "GET /item/3028629270 HTTP/1.1" 404 29356 "-" "Mozilla/5.0 (Linux; Android 6.0.1; Nexus 5X Build/MMB29P) AppleWebKit/537.36 (KHTML, like Gecko) Chrome/151.0.7922.173 Mobile Safari/537.36 (compatible; Googlebot/2.1; +http://www.google.com/bot.html)"
66.249.65.134 - - [31/Aug/2026:15:50:14 -0400] "GET /?sale%2Fsearch%2Fdetail%2F%3FITMCODE=b4e4i0s8a6243938 HTTP/1.1" 200 39885 "-" "Mozilla/5.0 (Linux; Android 6.0.1; Nexus 5X Build/MMB29P) AppleWebKit/537.36 (KHTML, like Gecko) Chrome/151.0.7922.173 Mobile Safari/537.36 (compatible; Googlebot/2.1; +http://www.google.com/bot.html)"
66.249.65.134 - - [31/Aug/2026:15:50:19 -0400] "GET /?sale/search/detail/?ITMCODE=h1a2e7m1a7t0o6b4i1a68 HTTP/1.1" 301 - "-" "Mozilla/5.0 (Linux; Android 6.0.1; Nexus 5X Build/MMB29P) AppleWebKit/537.36 (KHTML, like Gecko) Chrome/151.0.7922.173 Mobile Safari/537.36 (compatible; Googlebot/2.1; +http://www.google.com/bot.html)"
66.249.65.134 - - [31/Aug/2026:15:50:24 -0400] "GET /?sale%2Fsearch%2Fdetail%2F%3FITMCODE=h1a2e7m1a7t0o6b4i1a68 HTTP/1.1" 200 39890 "-" "Mozilla/5.0 (Linux; Android 6.0.1; Nexus 5X Build/MMB29P) AppleWebKit/537.36 (KHTML, like Gecko) Chrome/151.0.7922.173 Mobile Safari/537.36 (compatible; Googlebot/2.1; +http://www.google.com/bot.html)"
104.247.76.75 - - [31/Aug/2026:15:51:25 -0400] "POST /wp-cron.php?doing_wp_cron=1788205885.3977189064025878906250 HTTP/1.1" 200 - "-" "WordPress/7.1; https://ekmtoronto.com"
66.249.65.134 - - [31/Aug/2026:15:51:24 -0400] "GET /?k=2939543276008 HTTP/1.1" 200 39845 "-" "Mozilla/5.0 (Linux; Android 6.0.1; Nexus 5X Build/MMB29P) AppleWebKit/537.36 (KHTML, like Gecko) Chrome/151.0.7922.173 Mobile Safari/537.36 (compatible; Googlebot/2.1; +http://www.google.com/bot.html)"
66.249.65.134 - - [31/Aug/2026:15:51:29 -0400] "GET /?sale/search/detail/?ITMCODE=l5a3c0k6e5y184057 HTTP/1.1" 301 - "-" "Mozilla/5.0 (Linux; Android 6.0.1; Nexus 5X Build/MMB29P) AppleWebKit/537.36 (KHTML, like Gecko) Chrome/151.0.7922.173 Mobile Safari/537.36 (compatible; Googlebot/2.1; +http://www.google.com/bot.html)"
66.249.65.134 - - [31/Aug/2026:15:51:34 -0400] "GET /?sale%2Fsearch%2Fdetail%2F%3FITMCODE=l5a3c0k6e5y184057 HTTP/1.1" 200 39885 "-" "Mozilla/5.0 (Linux; Android 6.0.1; Nexus 5X Build/MMB29P) AppleWebKit/537.36 (KHTML, like Gecko) Chrome/151.0.7922.173 Mobile Safari/537.36 (compatible; Googlebot/2.1; +http://www.google.com/bot.html)"
47.128.32.20 - - [31/Aug/2026:15:51:37 -0400] "GET /robots.txt HTTP/1.1" 200 110 "-" "Mozilla/5.0 (Linux; Android 5.0) AppleWebKit/537.36 (KHTML, like Gecko) Mobile Safari/537.36 (compatible; Bytespider; spider-feedback@bytedance.com)"
66.249.65.134 - - [31/Aug/2026:15:51:40 -0400] "GET /wp-content/et-cache/228351/et-divi-dynamic-228351-late.css?ver=1785888000 HTTP/1.1" 200 3170 "https://ekmtoronto.com/?sale%2Fsearch%2Fdetail%2F%3FITMCODE=l5a3c0k6e5y184057" "Mozilla/5.0 (Linux; Android 6.0.1; Nexus 5X Build/MMB29P) AppleWebKit/537.36 (KHTML, like Gecko) Chrome/151.0.7922.173 Mobile Safari/537.36 (compatible; Googlebot/2.1; +http://www.google.com/bot.html)"
195.178.110.137 - - [31/Aug/2026:15:51:45 -0400] "GET /.env HTTP/1.1" 406 300 "-" "fasthttp"
195.178.110.137 - - [31/Aug/2026:15:51:46 -0400] "GET /.env.local HTTP/1.1" 406 300 "-" "fasthttp"
195.178.110.137 - - [31/Aug/2026:15:51:46 -0400] "GET /.env.production HTTP/1.1" 406 300 "-" "fasthttp"
195.178.110.137 - - [31/Aug/2026:15:51:46 -0400] "GET /.env.dev HTTP/1.1" 406 300 "-" "fasthttp"
195.178.110.137 - - [31/Aug/2026:15:51:46 -0400] "GET /.env.bak HTTP/1.1" 406 300 "-" "fasthttp"
195.178.110.137 - - [31/Aug/2026:15:51:47 -0400] "GET /.env.old HTTP/1.1" 406 300 "-" "fasthttp"
195.178.110.137 - - [31/Aug/2026:15:51:47 -0400] "GET /.env.save HTTP/1.1" 406 300 "-" "fasthttp"
195.178.110.137 - - [31/Aug/2026:15:51:47 -0400] "GET /.env.backup HTTP/1.1" 406 300 "-" "fasthttp"
104.247.76.75 - - [31/Aug/2026:15:52:23 -0400] "POST /wp-cron.php?doing_wp_cron=1788205943.8845651149749755859375 HTTP/1.1" 200 - "-" "WordPress/7.1; https://ekmtoronto.com"
136.144.19.173 - - [31/Aug/2026:15:52:23 -0400] "POST /wp-login.php HTTP/1.1" 200 7716 "-" "Mozilla/5.0"
66.249.65.135 - - [31/Aug/2026:15:52:37 -0400] "GET /?sale/search/detail/?ITMCODE=p7l5e8u6r3o7c2a6r3p2ous HTTP/1.1" 301 - "-" "Mozilla/5.0 (Linux; Android 6.0.1; Nexus 5X Build/MMB29P) AppleWebKit/537.36 (KHTML, like Gecko) Chrome/151.0.7922.173 Mobile Safari/537.36 (compatible; Googlebot/2.1; +http://www.google.com/bot.html)"
66.249.65.134 - - [31/Aug/2026:15:52:42 -0400] "GET /?sale%2Fsearch%2Fdetail%2F%3FITMCODE=p7l5e8u6r3o7c2a6r3p2ous HTTP/1.1" 200 39892 "-" "Mozilla/5.0 (Linux; Android 6.0.1; Nexus 5X Build/MMB29P) AppleWebKit/537.36 (KHTML, like Gecko) Chrome/151.0.7922.173 Mobile Safari/537.36 (compatible; Googlebot/2.1; +http://www.google.com/bot.html)"
104.247.76.75 - - [31/Aug/2026:15:53:47 -0400] "POST /wp-cron.php?doing_wp_cron=1788206027.8006680011749267578125 HTTP/1.1" 200 - "-" "WordPress/7.1; https://ekmtoronto.com"
66.249.65.136 - - [31/Aug/2026:15:53:47 -0400] "GET /?k=0185273807708 HTTP/1.1" 200 39845 "-" "Mozilla/5.0 (Linux; Android 6.0.1; Nexus 5X Build/MMB29P) AppleWebKit/537.36 (KHTML, like Gecko) Chrome/151.0.7922.173 Mobile Safari/537.36 (compatible; Googlebot/2.1; +http://www.google.com/bot.html)"
192.185.176.171 - - [31/Aug/2026:15:53:54 -0400] "GET /wp-login.php HTTP/1.1" 200 2334 "-" "Mozilla/5.0 (Windows NT 10.0; Win64; x64) AppleWebKit/537.36 (KHTML, like Gecko) Chrome/151.0.0.0 Safari/537.36"
192.185.176.171 - - [31/Aug/2026:15:53:54 -0400] "POST /wp-login.php HTTP/1.1" 200 2488 "https://ekmtoronto.com/wp-login.php" "Mozilla/5.0 (Windows NT 10.0; Win64; x64) AppleWebKit/537.36 (KHTML, like Gecko) Chrome/151.0.0.0 Safari/537.36"
104.247.76.75 - - [31/Aug/2026:15:55:58 -0400] "POST /wp-cron.php?doing_wp_cron=1788206158.3200249671936035156250 HTTP/1.1" 200 - "-" "WordPress/7.1; https://ekmtoronto.com"
66.249.65.134 - - [31/Aug/2026:15:55:58 -0400] "GET /?sale/search/detail/?ITMCODE=g5a5d0h7e5l1i2c763 HTTP/1.1" 301 - "-" "Mozilla/5.0 (Linux; Android 6.0.1; Nexus 5X Build/MMB29P) AppleWebKit/537.36 (KHTML, like Gecko) Chrome/152.0.7977.64 Mobile Safari/537.36 (compatible; Googlebot/2.1; +http://www.google.com/bot.html)"
104.247.76.75 - - [31/Aug/2026:15:56:03 -0400] "POST /wp-cron.php?doing_wp_cron=1788206163.7919290065765380859375 HTTP/1.1" 200 - "-" "WordPress/7.1; https://ekmtoronto.com"
66.249.65.136 - - [31/Aug/2026:15:56:03 -0400] "GET /?sale%2Fsearch%2Fdetail%2F%3FITMCODE=g5a5d0h7e5l1i2c763 HTTP/1.1" 200 39887 "-" "Mozilla/5.0 (Linux; Android 6.0.1; Nexus 5X Build/MMB29P) AppleWebKit/537.36 (KHTML, like Gecko) Chrome/152.0.7977.64 Mobile Safari/537.36 (compatible; Googlebot/2.1; +http://www.google.com/bot.html)"
162.241.203.42 - - [31/Aug/2026:15:56:16 -0400] "GET /wp-login.php HTTP/1.1" 200 2334 "-" "Mozilla/5.0 (Windows NT 10.0; Win64; x64) AppleWebKit/537.36 (KHTML, like Gecko) Chrome/151.0.0.0 Safari/537.36"
162.241.203.42 - - [31/Aug/2026:15:56:16 -0400] "POST /wp-login.php HTTP/1.1" 200 2468 "https://ekmtoronto.com/wp-login.php" "Mozilla/5.0 (Windows NT 10.0; Win64; x64) AppleWebKit/537.36 (KHTML, like Gecko) Chrome/151.0.0.0 Safari/537.36"
104.247.76.75 - - [31/Aug/2026:15:58:23 -0400] "POST /wp-cron.php?doing_wp_cron=1788206303.4948370456695556640625 HTTP/1.1" 200 - "-" "WordPress/7.1; https://ekmtoronto.com"
66.249.65.134 - - [31/Aug/2026:15:58:23 -0400] "GET /?sale/search/detail/?ITMCODE=i9n1d3e4s3t0r7u8c2t2i6ble HTTP/1.1" 301 - "-" "Mozilla/5.0 (Linux; Android 6.0.1; Nexus 5X Build/MMB29P) AppleWebKit/537.36 (KHTML, like Gecko) Chrome/151.0.7922.173 Mobile Safari/537.36 (compatible; Googlebot/2.1; +http://www.google.com/bot.html)"
66.249.65.135 - - [31/Aug/2026:15:58:28 -0400] "GET /?sale%2Fsearch%2Fdetail%2F%3FITMCODE=i9n1d3e4s3t0r7u8c2t2i6ble HTTP/1.1" 200 39892 "-" "Mozilla/5.0 (Linux; Android 6.0.1; Nexus 5X Build/MMB29P) AppleWebKit/537.36 (KHTML, like Gecko) Chrome/151.0.7922.173 Mobile Safari/537.36 (compatible; Googlebot/2.1; +http://www.google.com/bot.html)"
104.247.76.75 - - [31/Aug/2026:16:00:17 -0400] "POST /wp-cron.php?doing_wp_cron=1788206417.0009930133819580078125 HTTP/1.1" 200 - "-" "WordPress/7.1; https://ekmtoronto.com"
66.249.65.136 - - [31/Aug/2026:16:00:16 -0400] "GET /?sale/search/detail/?ITMCODE=p4r2a2i1r9i5e40876 HTTP/1.1" 301 - "-" "Mozilla/5.0 (Linux; Android 6.0.1; Nexus 5X Build/MMB29P) AppleWebKit/537.36 (KHTML, like Gecko) Chrome/151.0.7922.173 Mobile Safari/537.36 (compatible; Googlebot/2.1; +http://www.google.com/bot.html)"
66.249.65.135 - - [31/Aug/2026:16:00:22 -0400] "GET /?sale%2Fsearch%2Fdetail%2F%3FITMCODE=p4r2a2i1r9i5e40876 HTTP/1.1" 200 39886 "-" "Mozilla/5.0 (Linux; Android 6.0.1; Nexus 5X Build/MMB29P) AppleWebKit/537.36 (KHTML, like Gecko) Chrome/151.0.7922.173 Mobile Safari/537.36 (compatible; Googlebot/2.1; +http://www.google.com/bot.html)"
66.249.65.134 - - [31/Aug/2026:16:00:32 -0400] "GET /wp-content/plugins/divi-overlays/assets/css/style.css?ver=2.9.7.9 HTTP/1.1" 200 2232 "https://ekmtoronto.com/?sale%2Fsearch%2Fdetail%2F%3FITMCODE=p4r2a2i1r9i5e40876" "Mozilla/5.0 (Linux; Android 6.0.1; Nexus 5X Build/MMB29P) AppleWebKit/537.36 (KHTML, like Gecko) Chrome/151.0.7922.173 Mobile Safari/537.36 (compatible; Googlebot/2.1; +http://www.google.com/bot.html)"
104.247.76.75 - - [31/Aug/2026:16:01:05 -0400] "POST /wp-cron.php?doing_wp_cron=1788206465.3553841114044189453125 HTTP/1.1" 200 - "-" "WordPress/7.1; https://ekmtoronto.com"
136.144.19.147 - - [31/Aug/2026:16:01:05 -0400] "POST /wp-login.php HTTP/1.1" 200 7716 "-" "Mozilla/5.0"
66.249.65.134 - - [31/Aug/2026:16:01:18 -0400] "GET /?sale/search/detail/?ITMCODE=i2n1c7i9d6e0n5t3075 HTTP/1.1" 301 - "-" "Mozilla/5.0 (Linux; Android 6.0.1; Nexus 5X Build/MMB29P) AppleWebKit/537.36 (KHTML, like Gecko) Chrome/151.0.7922.173 Mobile Safari/537.36 (compatible; Googlebot/2.1; +http://www.google.com/bot.html)"
8.234.142.247 - - [31/Aug/2026:16:01:20 -0400] "GET /.git/config HTTP/1.1" 406 300 "-" "-"
66.249.65.134 - - [31/Aug/2026:16:01:23 -0400] "GET /?sale%2Fsearch%2Fdetail%2F%3FITMCODE=i2n1c7i9d6e0n5t3075 HTTP/1.1" 200 39889 "-" "Mozilla/5.0 (Linux; Android 6.0.1; Nexus 5X Build/MMB29P) AppleWebKit/537.36 (KHTML, like Gecko) Chrome/151.0.7922.173 Mobile Safari/537.36 (compatible; Googlebot/2.1; +http://www.google.com/bot.html)"
66.249.65.134 - - [31/Aug/2026:16:01:29 -0400] "GET /wp-content/et-cache/228351/et-divi-dynamic-228351-late.css?ver=1785888000 HTTP/1.1" 200 3170 "https://ekmtoronto.com/?sale%2Fsearch%2Fdetail%2F%3FITMCODE=i2n1c7i9d6e0n5t3075" "Mozilla/5.0 (Linux; Android 6.0.1; Nexus 5X Build/MMB29P) AppleWebKit/537.36 (KHTML, like Gecko) Chrome/151.0.7922.173 Mobile Safari/537.36 (compatible; Googlebot/2.1; +http://www.google.com/bot.html)"
66.249.65.134 - - [31/Aug/2026:16:01:34 -0400] "GET /wp-content/et-cache/228351/et-core-unified-deferred-228351.min.css?ver=1785888000 HTTP/1.1" 200 3945 "https://ekmtoronto.com/?sale%2Fsearch%2Fdetail%2F%3FITMCODE=i2n1c7i9d6e0n5t3075" "Mozilla/5.0 (Linux; Android 6.0.1; Nexus 5X Build/MMB29P) AppleWebKit/537.36 (KHTML, like Gecko) Chrome/151.0.7922.173 Mobile Safari/537.36 (compatible; Googlebot/2.1; +http://www.google.com/bot.html)"
206.217.129.89 - - [31/Aug/2026:16:02:25 -0400] "GET / HTTP/1.1" 200 40327 "-" "Mozilla/5.0 (Windows NT 10.0; WOW64; rv:47.0) Gecko/20100101 Firefox/47.0"
104.247.76.75 - - [31/Aug/2026:16:03:27 -0400] "POST /wp-cron.php?doing_wp_cron=1788206607.5259139537811279296875 HTTP/1.1" 200 - "-" "WordPress/7.1; https://ekmtoronto.com"
51.81.105.26 - - [31/Aug/2026:16:03:27 -0400] "GET /wp-sitemap.xml HTTP/1.1" 200 235 "-" "Mozilla/5.0 (compatible; AhrefsBot/7.0; +http://ahrefs.com/robot/)"
51.81.111.121 - - [31/Aug/2026:16:03:28 -0400] "GET /wp-sitemap-posts-post-1.xml HTTP/1.1" 200 342 "-" "Mozilla/5.0 (compatible; AhrefsBot/7.0; +http://ahrefs.com/robot/)"
51.81.111.135 - - [31/Aug/2026:16:03:29 -0400] "GET /wp-sitemap-posts-page-1.xml HTTP/1.1" 200 504 "-" "Mozilla/5.0 (compatible; AhrefsBot/7.0; +http://ahrefs.com/robot/)"
51.81.111.8 - - [31/Aug/2026:16:03:31 -0400] "GET /wp-sitemap-posts-divi_overlay-1.xml HTTP/1.1" 200 461 "-" "Mozilla/5.0 (compatible; AhrefsBot/7.0; +http://ahrefs.com/robot/)"
51.81.105.19 - - [31/Aug/2026:16:03:32 -0400] "GET /wp-sitemap-taxonomies-category-1.xml HTTP/1.1" 200 191 "-" "Mozilla/5.0 (compatible; AhrefsBot/7.0; +http://ahrefs.com/robot/)"
51.81.105.17 - - [31/Aug/2026:16:03:33 -0400] "GET /wp-sitemap-users-1.xml HTTP/1.1" 200 187 "-" "Mozilla/5.0 (compatible; AhrefsBot/7.0; +http://ahrefs.com/robot/)"
66.249.65.136 - - [31/Aug/2026:16:03:57 -0400] "GET /?sale/search/detail/?ITMCODE=i0n7d3i5s7s9o3l9v3a8ble HTTP/1.1" 301 - "-" "Mozilla/5.0 (Linux; Android 6.0.1; Nexus 5X Build/MMB29P) AppleWebKit/537.36 (KHTML, like Gecko) Chrome/151.0.7922.173 Mobile Safari/537.36 (compatible; Googlebot/2.1; +http://www.google.com/bot.html)"
104.247.76.75 - - [31/Aug/2026:16:04:02 -0400] "POST /wp-cron.php?doing_wp_cron=1788206642.2846500873565673828125 HTTP/1.1" 200 - "-" "WordPress/7.1; https://ekmtoronto.com"
40.77.167.30 - - [31/Aug/2026:16:04:02 -0400] "GET /?sale/search/detail/?ITMCODE=i6m1p4o0s8e4d96525 HTTP/1.1" 301 - "-" "Mozilla/5.0 AppleWebKit/537.36 (KHTML, like Gecko; compatible; bingbot/2.0; +http://www.bing.com/bingbot.htm) Chrome/116.0.1938.76 Safari/537.36"
66.249.65.136 - - [31/Aug/2026:16:04:02 -0400] "GET /?sale%2Fsearch%2Fdetail%2F%3FITMCODE=i0n7d3i5s7s9o3l9v3a8ble HTTP/1.1" 200 39892 "-" "Mozilla/5.0 (Linux; Android 6.0.1; Nexus 5X Build/MMB29P) AppleWebKit/537.36 (KHTML, like Gecko) Chrome/151.0.7922.173 Mobile Safari/537.36 (compatible; Googlebot/2.1; +http://www.google.com/bot.html)"
104.247.76.75 - - [31/Aug/2026:16:06:05 -0400] "POST /wp-cron.php?doing_wp_cron=1788206765.9831600189208984375000 HTTP/1.1" 200 - "-" "WordPress/7.1; https://ekmtoronto.com"
66.249.65.136 - - [31/Aug/2026:16:06:05 -0400] "GET /?k=9376057620102 HTTP/1.1" 200 39843 "-" "Mozilla/5.0 (Linux; Android 6.0.1; Nexus 5X Build/MMB29P) AppleWebKit/537.36 (KHTML, like Gecko) Chrome/151.0.7922.173 Mobile Safari/537.36 (compatible; Googlebot/2.1; +http://www.google.com/bot.html)"
104.247.76.75 - - [31/Aug/2026:16:07:39 -0400] "POST /wp-cron.php?doing_wp_cron=1788206859.7264299392700195312500 HTTP/1.1" 200 - "-" "WordPress/7.1; https://ekmtoronto.com"
216.73.216.201 - - [31/Aug/2026:16:07:39 -0400] "GET /robots.txt HTTP/1.1" 200 110 "-" "Mozilla/5.0 AppleWebKit/537.36 (KHTML, like Gecko; compatible; ClaudeBot/1.0; +claudebot@anthropic.com)"
216.73.216.201 - - [31/Aug/2026:16:07:40 -0400] "GET /wp-sitemap.xml HTTP/1.1" 200 235 "-" "Mozilla/5.0 AppleWebKit/537.36 (KHTML, like Gecko; compatible; ClaudeBot/1.0; +claudebot@anthropic.com)"
104.247.76.75 - - [31/Aug/2026:16:08:07 -0400] "POST /wp-cron.php?doing_wp_cron=1788206887.3288240432739257812500 HTTP/1.1" 200 - "-" "WordPress/7.1; https://ekmtoronto.com"
66.249.65.135 - - [31/Aug/2026:16:08:07 -0400] "GET /?sale/search/detail/?ITMCODE=h4a1l7t5e8r9s8a6c0k23 HTTP/1.1" 301 - "-" "Mozilla/5.0 (Linux; Android 6.0.1; Nexus 5X Build/MMB29P) AppleWebKit/537.36 (KHTML, like Gecko) Chrome/151.0.7922.173 Mobile Safari/537.36 (compatible; Googlebot/2.1; +http://www.google.com/bot.html)"
66.249.65.135 - - [31/Aug/2026:16:08:12 -0400] "GET /?sale%2Fsearch%2Fdetail%2F%3FITMCODE=h4a1l7t5e8r9s8a6c0k23 HTTP/1.1" 200 39891 "-" "Mozilla/5.0 (Linux; Android 6.0.1; Nexus 5X Build/MMB29P) AppleWebKit/537.36 (KHTML, like Gecko) Chrome/151.0.7922.173 Mobile Safari/537.36 (compatible; Googlebot/2.1; +http://www.google.com/bot.html)"
66.249.65.134 - - [31/Aug/2026:16:08:17 -0400] "GET /?k=8166143002402 HTTP/1.1" 200 39843 "-" "Mozilla/5.0 (Linux; Android 6.0.1; Nexus 5X Build/MMB29P) AppleWebKit/537.36 (KHTML, like Gecko) Chrome/151.0.7922.173 Mobile Safari/537.36 (compatible; Googlebot/2.1; +http://www.google.com/bot.html)"
66.249.65.134 - - [31/Aug/2026:16:08:23 -0400] "GET /wp-includes/js/mediaelement/mediaelementplayer-legacy.min.css?ver=4.2.17 HTTP/1.1" 200 2592 "https://ekmtoronto.com/?k=8166143002402" "Mozilla/5.0 (Linux; Android 6.0.1; Nexus 5X Build/MMB29P) AppleWebKit/537.36 (KHTML, like Gecko) Chrome/151.0.7922.173 Mobile Safari/537.36 (compatible; Googlebot/2.1; +http://www.google.com/bot.html)"
104.247.76.75 - - [31/Aug/2026:16:09:46 -0400] "POST /wp-cron.php?doing_wp_cron=1788206986.3477780818939208984375 HTTP/1.1" 200 - "-" "WordPress/7.1; https://ekmtoronto.com"
66.249.65.135 - - [31/Aug/2026:16:09:45 -0400] "GET /?k=07141151790400 HTTP/1.1" 200 39843 "-" "Mozilla/5.0 (Linux; Android 6.0.1; Nexus 5X Build/MMB29P) AppleWebKit/537.36 (KHTML, like Gecko) Chrome/151.0.7922.173 Mobile Safari/537.36 (compatible; Googlebot/2.1; +http://www.google.com/bot.html)"
104.247.76.75 - - [31/Aug/2026:16:10:06 -0400] "POST /wp-cron.php?doing_wp_cron=1788207006.5870490074157714843750 HTTP/1.1" 200 - "-" "WordPress/7.1; https://ekmtoronto.com"
193.36.224.36 - - [31/Aug/2026:16:10:06 -0400] "POST /wp-login.php HTTP/1.1" 200 7716 "-" "Mozilla/5.0"
110.34.3.165 - - [31/Aug/2026:16:10:19 -0400] "GET /wp-login.php HTTP/1.1" 200 2334 "-" "110.34.3.165"
110.34.3.165 - - [31/Aug/2026:16:10:21 -0400] "POST /wp-login.php HTTP/1.1" 200 2468 "https://ekmtoronto.com/wp-login.php" "110.34.3.165"
104.247.76.75 - - [31/Aug/2026:16:11:22 -0400] "POST /wp-cron.php?doing_wp_cron=1788207082.1169040203094482421875 HTTP/1.1" 200 - "-" "WordPress/7.1; https://ekmtoronto.com"
66.249.65.134 - - [31/Aug/2026:16:11:22 -0400] "GET /?sale/search/detail/?ITMCODE=o8u1t6s3t5r2i2k9e75 HTTP/1.1" 301 - "-" "Mozilla/5.0 (Linux; Android 6.0.1; Nexus 5X Build/MMB29P) AppleWebKit/537.36 (KHTML, like Gecko) Chrome/151.0.7922.173 Mobile Safari/537.36 (compatible; Googlebot/2.1; +http://www.google.com/bot.html)"
66.249.65.135 - - [31/Aug/2026:16:11:27 -0400] "GET /?sale%2Fsearch%2Fdetail%2F%3FITMCODE=o8u1t6s3t5r2i2k9e75 HTTP/1.1" 200 39888 "-" "Mozilla/5.0 (Linux; Android 6.0.1; Nexus 5X Build/MMB29P) AppleWebKit/537.36 (KHTML, like Gecko) Chrome/151.0.7922.173 Mobile Safari/537.36 (compatible; Googlebot/2.1; +http://www.google.com/bot.html)"
66.249.65.135 - - [31/Aug/2026:16:13:25 -0400] "GET /wp-content/themes/Divi/includes/builder/feature/dynamic-assets/assets/js/jquery.fitvids.js?ver=4.27.8 HTTP/1.1" 200 1341 "https://ekmtoronto.com/?sale%2Fsearch%2Fdetail%2F%3FITMCODE=p7l5e8u6r3o7c2a6r3p2ous" "Mozilla/5.0 (Linux; Android 6.0.1; Nexus 5X Build/MMB29P) AppleWebKit/537.36 (KHTML, like Gecko) Chrome/151.0.7922.173 Mobile Safari/537.36 (compatible; Googlebot/2.1; +http://www.google.com/bot.html)"
104.247.76.75 - - [31/Aug/2026:16:15:17 -0400] "POST /wp-cron.php?doing_wp_cron=1788207317.4996919631958007812500 HTTP/1.1" 200 - "-" "WordPress/7.1; https://ekmtoronto.com"
66.249.65.134 - - [31/Aug/2026:16:15:17 -0400] "GET /?sale/search/detail/?ITMCODE=e1x1o1p1h7t8h2a5l3m5i6a HTTP/1.1" 301 - "-" "Mozilla/5.0 (Linux; Android 6.0.1; Nexus 5X Build/MMB29P) AppleWebKit/537.36 (KHTML, like Gecko) Chrome/151.0.7922.173 Mobile Safari/537.36 (compatible; Googlebot/2.1; +http://www.google.com/bot.html)"
66.249.65.134 - - [31/Aug/2026:16:15:22 -0400] "GET /?sale/search/detail/?ITMCODE=m7a1g5n2a0t7e33548 HTTP/1.1" 301 - "-" "Mozilla/5.0 (Linux; Android 6.0.1; Nexus 5X Build/MMB29P) AppleWebKit/537.36 (KHTML, like Gecko) Chrome/151.0.7922.173 Mobile Safari/537.36 (compatible; Googlebot/2.1; +http://www.google.com/bot.html)"
66.249.65.134 - - [31/Aug/2026:16:15:28 -0400] "GET /?k=99171157544201 HTTP/1.1" 200 39844 "-" "Mozilla/5.0 (Linux; Android 6.0.1; Nexus 5X Build/MMB29P) AppleWebKit/537.36 (KHTML, like Gecko) Chrome/151.0.7922.173 Mobile Safari/537.36 (compatible; Googlebot/2.1; +http://www.google.com/bot.html)"
66.249.65.134 - - [31/Aug/2026:16:15:33 -0400] "GET /?sale%2Fsearch%2Fdetail%2F%3FITMCODE=e1x1o1p1h7t8h2a5l3m5i6a HTTP/1.1" 200 39893 "-" "Mozilla/5.0 (Linux; Android 6.0.1; Nexus 5X Build/MMB29P) AppleWebKit/537.36 (KHTML, like Gecko) Chrome/151.0.7922.173 Mobile Safari/537.36 (compatible; Googlebot/2.1; +http://www.google.com/bot.html)"
66.249.65.134 - - [31/Aug/2026:16:15:38 -0400] "GET /?sale%2Fsearch%2Fdetail%2F%3FITMCODE=m7a1g5n2a0t7e33548 HTTP/1.1" 200 39887 "-" "Mozilla/5.0 (Linux; Android 6.0.1; Nexus 5X Build/MMB29P) AppleWebKit/537.36 (KHTML, like Gecko) Chrome/151.0.7922.173 Mobile Safari/537.36 (compatible; Googlebot/2.1; +http://www.google.com/bot.html)"
104.247.76.75 - - [31/Aug/2026:16:16:03 -0400] "POST /wp-cron.php?doing_wp_cron=1788207363.8467180728912353515625 HTTP/1.1" 200 - "-" "WordPress/7.1; https://ekmtoronto.com"
43.172.197.161 - - [31/Aug/2026:16:16:03 -0400] "GET /baptism-2 HTTP/1.1" 301 - "-" "Mozilla/5.0 (Windows NT 10.0; Win64; x64) AppleWebKit/537.36 (KHTML, like Gecko) Chrome/111.0.0.0 Safari/537.36"
43.172.198.50 - - [31/Aug/2026:16:16:04 -0400] "GET /baptism-2/ HTTP/1.1" 200 29062 "-" "Mozilla/5.0 (Windows NT 10.0; Win64; x64) AppleWebKit/537.36 (KHTML, like Gecko) Chrome/111.0.0.0 Safari/537.36"
43.173.173.240 - - [31/Aug/2026:16:16:08 -0400] "GET /wp-content/et-cache/237194/et-core-unified-tb-25-tb-26-tb-27-deferred-237194.min.css?ver=1788130413 HTTP/1.1" 200 2485 "https://ekmtoronto.com/baptism-2/" "Mozilla/5.0 (Windows NT 10.0; Win64; x64) AppleWebKit/537.36 (KHTML, like Gecko) Chrome/111.0.0.0 Safari/537.36"
43.172.196.170 - - [31/Aug/2026:16:16:08 -0400] "GET /wp-content/et-cache/237194/et-core-unified-237194.min.css?ver=1788130413 HTTP/1.1" 200 1124 "https://ekmtoronto.com/baptism-2/" "Mozilla/5.0 (Windows NT 10.0; Win64; x64) AppleWebKit/537.36 (KHTML, like Gecko) Chrome/111.0.0.0 Safari/537.36"
43.172.197.79 - - [31/Aug/2026:16:16:08 -0400] "GET /wp-content/et-cache/237194/et-divi-dynamic-tb-25-tb-26-tb-27-237194.css?ver=1788130413 HTTP/1.1" 200 1883 "https://ekmtoronto.com/baptism-2/" "Mozilla/5.0 (Windows NT 10.0; Win64; x64) AppleWebKit/537.36 (KHTML, like Gecko) Chrome/111.0.0.0 Safari/537.36"
43.172.195.100 - - [31/Aug/2026:16:16:08 -0400] "GET /wp-content/et-cache/237194/et-divi-dynamic-tb-25-tb-26-tb-27-237194-late.css?ver=1788130413 HTTP/1.1" 200 1419 "https://ekmtoronto.com/baptism-2/" "Mozilla/5.0 (Windows NT 10.0; Win64; x64) AppleWebKit/537.36 (KHTML, like Gecko) Chrome/111.0.0.0 Safari/537.36"
43.173.173.26 - - [31/Aug/2026:16:16:09 -0400] "GET /wp-content/et-cache/237194/et-divi-dynamic-tb-25-tb-26-tb-27-237194-late.css HTTP/1.1" 200 1419 "https://ekmtoronto.com/baptism-2/" "Mozilla/5.0 (Windows NT 10.0; Win64; x64) AppleWebKit/537.36 (KHTML, like Gecko) Chrome/111.0.0.0 Safari/537.36"
184.151.190.45 - - [31/Aug/2026:16:16:55 -0400] "GET / HTTP/1.1" 200 39824 "https://www.google.com/" "Mozilla/5.0 (iPhone; CPU iPhone OS 26_1_0 like Mac OS X) AppleWebKit/605.1.15 (KHTML, like Gecko) CriOS/152.0.7977.64 Mobile/15E148 Safari/604.1"
184.151.190.45 - - [31/Aug/2026:16:16:55 -0400] "GET /wp-content/et-cache/228351/et-core-unified-deferred-228351.min.css?ver=1788111648 HTTP/1.1" 200 3945 "https://ekmtoronto.com/" "Mozilla/5.0 (iPhone; CPU iPhone OS 26_1_0 like Mac OS X) AppleWebKit/605.1.15 (KHTML, like Gecko) CriOS/152.0.7977.64 Mobile/15E148 Safari/604.1"
184.151.190.45 - - [31/Aug/2026:16:16:55 -0400] "GET /wp-content/plugins/divi-overlays/assets/css/animate.min.css?ver=4.1.1 HTTP/1.1" 200 5272 "https://ekmtoronto.com/" "Mozilla/5.0 (iPhone; CPU iPhone OS 26_1_0 like Mac OS X) AppleWebKit/605.1.15 (KHTML, like Gecko) CriOS/152.0.7977.64 Mobile/15E148 Safari/604.1"
184.151.190.45 - - [31/Aug/2026:16:16:55 -0400] "GET /wp-content/et-cache/228351/et-divi-dynamic-228351-late.css?ver=1788111647 HTTP/1.1" 200 3170 "https://ekmtoronto.com/" "Mozilla/5.0 (iPhone; CPU iPhone OS 26_1_0 like Mac OS X) AppleWebKit/605.1.15 (KHTML, like Gecko) CriOS/152.0.7977.64 Mobile/15E148 Safari/604.1"
184.151.190.45 - - [31/Aug/2026:16:16:55 -0400] "GET /wp-includes/js/jquery/jquery-migrate.min.js?ver=3.4.1 HTTP/1.1" 200 4872 "https://ekmtoronto.com/" "Mozilla/5.0 (iPhone; CPU iPhone OS 26_1_0 like Mac OS X) AppleWebKit/605.1.15 (KHTML, like Gecko) CriOS/152.0.7977.64 Mobile/15E148 Safari/604.1"
184.151.190.45 - - [31/Aug/2026:16:16:55 -0400] "GET /wp-content/plugins/divi-overlays/assets/css/custom_animations.css?ver=2.9.7.9 HTTP/1.1" 200 886 "https://ekmtoronto.com/" "Mozilla/5.0 (iPhone; CPU iPhone OS 26_1_0 like Mac OS X) AppleWebKit/605.1.15 (KHTML, like Gecko) CriOS/152.0.7977.64 Mobile/15E148 Safari/604.1"
184.151.190.45 - - [31/Aug/2026:16:16:55 -0400] "GET /wp-content/plugins/divi-bars/assets/css/main.css?ver=1.9.6 HTTP/1.1" 200 2832 "https://ekmtoronto.com/" "Mozilla/5.0 (iPhone; CPU iPhone OS 26_1_0 like Mac OS X) AppleWebKit/605.1.15 (KHTML, like Gecko) CriOS/152.0.7977.64 Mobile/15E148 Safari/604.1"
184.151.190.45 - - [31/Aug/2026:16:16:55 -0400] "GET /wp-content/et-cache/228351/et-divi-dynamic-228351.css?ver=1788111647 HTTP/1.1" 200 11161 "https://ekmtoronto.com/" "Mozilla/5.0 (iPhone; CPU iPhone OS 26_1_0 like Mac OS X) AppleWebKit/605.1.15 (KHTML, like Gecko) CriOS/152.0.7977.64 Mobile/15E148 Safari/604.1"
184.151.190.45 - - [31/Aug/2026:16:16:55 -0400] "GET /wp-includes/js/jquery/jquery.min.js?ver=3.7.1 HTTP/1.1" 200 30368 "https://ekmtoronto.com/" "Mozilla/5.0 (iPhone; CPU iPhone OS 26_1_0 like Mac OS X) AppleWebKit/605.1.15 (KHTML, like Gecko) CriOS/152.0.7977.64 Mobile/15E148 Safari/604.1"
184.151.190.45 - - [31/Aug/2026:16:16:55 -0400] "GET /wp-includes/js/mediaelement/mediaelementplayer-legacy.min.css?ver=4.2.17 HTTP/1.1" 200 2592 "https://ekmtoronto.com/" "Mozilla/5.0 (iPhone; CPU iPhone OS 26_1_0 like Mac OS X) AppleWebKit/605.1.15 (KHTML, like Gecko) CriOS/152.0.7977.64 Mobile/15E148 Safari/604.1"
184.151.190.45 - - [31/Aug/2026:16:16:55 -0400] "GET /wp-content/plugins/divi-overlays/assets/css/style.css?ver=2.9.7.9 HTTP/1.1" 200 2232 "https://ekmtoronto.com/" "Mozilla/5.0 (iPhone; CPU iPhone OS 26_1_0 like Mac OS X) AppleWebKit/605.1.15 (KHTML, like Gecko) CriOS/152.0.7977.64 Mobile/15E148 Safari/604.1"
184.151.190.45 - - [31/Aug/2026:16:16:55 -0400] "GET /wp-includes/js/mediaelement/wp-mediaelement.min.css?ver=7.1 HTTP/1.1" 200 1156 "https://ekmtoronto.com/" "Mozilla/5.0 (iPhone; CPU iPhone OS 26_1_0 like Mac OS X) AppleWebKit/605.1.15 (KHTML, like Gecko) CriOS/152.0.7977.64 Mobile/15E148 Safari/604.1"
184.151.190.45 - - [31/Aug/2026:16:16:56 -0400] "GET /wp-content/themes/Divi/core/admin/js/common.js?ver=4.27.8 HTTP/1.1" 200 566 "https://ekmtoronto.com/" "Mozilla/5.0 (iPhone; CPU iPhone OS 26_1_0 like Mac OS X) AppleWebKit/605.1.15 (KHTML, like Gecko) CriOS/152.0.7977.64 Mobile/15E148 Safari/604.1"
184.151.190.45 - - [31/Aug/2026:16:16:56 -0400] "GET /wp-content/themes/Divi/includes/builder/feature/dynamic-assets/assets/js/easypiechart.js?ver=4.27.8 HTTP/1.1" 200 3118 "https://ekmtoronto.com/" "Mozilla/5.0 (iPhone; CPU iPhone OS 26_1_0 like Mac OS X) AppleWebKit/605.1.15 (KHTML, like Gecko) CriOS/152.0.7977.64 Mobile/15E148 Safari/604.1"
184.151.190.45 - - [31/Aug/2026:16:16:56 -0400] "GET /wp-content/themes/Divi/includes/builder/feature/dynamic-assets/assets/js/salvattore.js?ver=4.27.8 HTTP/1.1" 200 3412 "https://ekmtoronto.com/" "Mozilla/5.0 (iPhone; CPU iPhone OS 26_1_0 like Mac OS X) AppleWebKit/605.1.15 (KHTML, like Gecko) CriOS/152.0.7977.64 Mobile/15E148 Safari/604.1"
184.151.190.45 - - [31/Aug/2026:16:16:56 -0400] "GET /wp-content/themes/Divi/includes/builder/feature/dynamic-assets/assets/js/jquery.fitvids.js?ver=4.27.8 HTTP/1.1" 200 1341 "https://ekmtoronto.com/" "Mozilla/5.0 (iPhone; CPU iPhone OS 26_1_0 like Mac OS X) AppleWebKit/605.1.15 (KHTML, like Gecko) CriOS/152.0.7977.64 Mobile/15E148 Safari/604.1"
184.151.190.45 - - [31/Aug/2026:16:16:56 -0400] "GET /wp-content/plugins/divi-overlays/assets/js/jquery.exitintent.js?ver=2.9.7.9 HTTP/1.1" 200 398 "https://ekmtoronto.com/" "Mozilla/5.0 (iPhone; CPU iPhone OS 26_1_0 like Mac OS X) AppleWebKit/605.1.15 (KHTML, like Gecko) CriOS/152.0.7977.64 Mobile/15E148 Safari/604.1"
184.151.190.45 - - [31/Aug/2026:16:16:55 -0400] "GET /wp-content/themes/Divi/js/scripts.min.js?ver=4.27.8 HTTP/1.1" 200 99754 "https://ekmtoronto.com/" "Mozilla/5.0 (iPhone; CPU iPhone OS 26_1_0 like Mac OS X) AppleWebKit/605.1.15 (KHTML, like Gecko) CriOS/152.0.7977.64 Mobile/15E148 Safari/604.1"
184.151.190.45 - - [31/Aug/2026:16:16:56 -0400] "GET /wp-content/plugins/divi-bars/assets/js/jquery.exitintent.min.js?ver=7.1 HTTP/1.1" 200 427 "https://ekmtoronto.com/" "Mozilla/5.0 (iPhone; CPU iPhone OS 26_1_0 like Mac OS X) AppleWebKit/605.1.15 (KHTML, like Gecko) CriOS/152.0.7977.64 Mobile/15E148 Safari/604.1"
184.151.190.45 - - [31/Aug/2026:16:16:56 -0400] "GET /wp-content/plugins/divi-bars/assets/js/main.helper.js?ver=1.9.6 HTTP/1.1" 200 - "https://ekmtoronto.com/" "Mozilla/5.0 (iPhone; CPU iPhone OS 26_1_0 like Mac OS X) AppleWebKit/605.1.15 (KHTML, like Gecko) CriOS/152.0.7977.64 Mobile/15E148 Safari/604.1"
184.151.190.45 - - [31/Aug/2026:16:16:56 -0400] "GET /wp-content/plugins/divi-bars/assets/js/actual.min.js?ver=7.1 HTTP/1.1" 200 475 "https://ekmtoronto.com/" "Mozilla/5.0 (iPhone; CPU iPhone OS 26_1_0 like Mac OS X) AppleWebKit/605.1.15 (KHTML, like Gecko) CriOS/152.0.7977.64 Mobile/15E148 Safari/604.1"
184.151.190.45 - - [31/Aug/2026:16:16:56 -0400] "GET /wp-content/plugins/divi-overlays/assets/js/custom.js?ver=2.9.7.9 HTTP/1.1" 200 12334 "https://ekmtoronto.com/" "Mozilla/5.0 (iPhone; CPU iPhone OS 26_1_0 like Mac OS X) AppleWebKit/605.1.15 (KHTML, like Gecko) CriOS/152.0.7977.64 Mobile/15E148 Safari/604.1"
184.151.190.45 - - [31/Aug/2026:16:16:56 -0400] "GET /wp-content/plugins/divi-bars/assets/js/main.js?ver=1.9.6 HTTP/1.1" 200 10054 "https://ekmtoronto.com/" "Mozilla/5.0 (iPhone; CPU iPhone OS 26_1_0 like Mac OS X) AppleWebKit/605.1.15 (KHTML, like Gecko) CriOS/152.0.7977.64 Mobile/15E148 Safari/604.1"
184.151.190.45 - - [31/Aug/2026:16:16:56 -0400] "GET /wp-includes/js/mediaelement/wp-mediaelement.min.js?ver=7.1 HTTP/1.1" 200 538 "https://ekmtoronto.com/" "Mozilla/5.0 (iPhone; CPU iPhone OS 26_1_0 like Mac OS X) AppleWebKit/605.1.15 (KHTML, like Gecko) CriOS/152.0.7977.64 Mobile/15E148 Safari/604.1"
184.151.190.45 - - [31/Aug/2026:16:16:56 -0400] "GET /wp-includes/js/mediaelement/mediaelement-migrate.min.js?ver=7.1 HTTP/1.1" 200 540 "https://ekmtoronto.com/" "Mozilla/5.0 (iPhone; CPU iPhone OS 26_1_0 like Mac OS X) AppleWebKit/605.1.15 (KHTML, like Gecko) CriOS/152.0.7977.64 Mobile/15E148 Safari/604.1"
184.151.190.45 - - [31/Aug/2026:16:16:56 -0400] "GET /wp-content/et-cache/228351/et-divi-dynamic-228351-late.css HTTP/1.1" 200 3170 "https://ekmtoronto.com/" "Mozilla/5.0 (iPhone; CPU iPhone OS 26_1_0 like Mac OS X) AppleWebKit/605.1.15 (KHTML, like Gecko) CriOS/152.0.7977.64 Mobile/15E148 Safari/604.1"
