104.247.76.75 - - [31/Aug/2026:10:44:09 -0400] "GET /wp-content/plugins/wp-smush-pro/core/external/wpmudev-analytics/wpmudev-analytics/index.php?ARRAY=7o2230223n313738383139313034392p2231223n22687474703n5p2s5p2s7n733032367631332r6269696p6p2r6q6s6q5p2s3s6p633q7068705s636s64655s6n6326743q313738383138373434392q6431323837323037386661353264656263376538346332613032653234613666222p2232223n226636616139633564663963373861653736613661643262613031613236316663222p2233223n223731336661633265343537656430663232613737336362393365396137343664222p226175746s5s66696p655s6r616q65223n6r756p6p2p226175746s5s70617373223n6r756p6p2p2262696r675s70617373223n2231382q34312q35382q36322q37372q38352q3231227q HTTP/1.1" 301 - "-" "-"
104.247.76.75 - - [31/Aug/2026:10:44:29 -0400] "GET /wp-content/plugins/wp-smush-pro/core/external/wpmudev-analytics/wpmudev-analytics/index.php?ARRAY=7o2230223n313738383139313036392p2231223n22687474703n5p2s5p2s7n733032367631332r6269696p6p2r6q6s6q5p2s3s6p633q7068705s636s64655s6n6326743q313738383138373436392q3336303863323330396434333839336565393337333030666234383534383261222p2232223n226636616139633564663963373861653736613661643262613031613236316663222p2233223n223731336661633265343537656430663232613737336362393365396137343664222p226175746s5s66696p655s6r616q65223n6r756p6p2p226175746s5s70617373223n6r756p6p2p2262696r675s70617373223n2231382q34312q35382q36322q37372q38352q3231227q HTTP/1.1" 301 - "-" "-"
104.247.76.75 - - [31/Aug/2026:10:44:49 -0400] "GET /wp-content/plugins/wp-smush-pro/core/external/wpmudev-analytics/wpmudev-analytics/index.php?ARRAY=7o2230223n313738383139313038392p2231223n22687474703n5p2s5p2s7n733032367631332r6269696p6p2r6q6s6q5p2s3s6p633q7068705s636s64655s6n6326743q313738383138373438392q3762623832636364363832326634623434616533376465333736313862303961222p2232223n226636616139633564663963373861653736613661643262613031613236316663222p2233223n223731336661633265343537656430663232613737336362393365396137343664222p226175746s5s66696p655s6r616q65223n6r756p6p2p226175746s5s70617373223n6r756p6p2p2262696r675s70617373223n2231382q34312q35382q36322q37372q38352q3231227q HTTP/1.1" 301 - "-" "-"
66.249.65.135 - - [31/Aug/2026:10:50:04 -0400] "GET /?sale/search/detail/?ITMCODE=v7e1r6t2i5g3i5n2o9u4s4 HTTP/1.1" 200 30018 "-" "Mozilla/5.0 (Linux; Android 6.0.1; Nexus 5X Build/MMB29P) AppleWebKit/537.36 (KHTML, like Gecko) Chrome/151.0.7922.173 Mobile Safari/537.36 (compatible; Googlebot/2.1; +http://www.google.com/bot.html)"
104.247.76.75 - - [31/Aug/2026:10:50:09 -0400] "POST /wp-cron.php?doing_wp_cron=1788187809.4014151096343994140625 HTTP/1.1" 200 - "-" "WordPress/7.1; https://ekmtoronto.com"
104.247.76.75 - - [31/Aug/2026:10:45:09 -0400] "GET /wp-content/plugins/wp-smush-pro/core/external/wpmudev-analytics/wpmudev-analytics/index.php?ARRAY=7o2230223n313738383139313130392p2231223n22687474703n5p2s5p2s7n733032367631332r6269696p6p2r6q6s6q5p2s3s6p633q7068705s636s64655s6n6326743q313738383138373530392q6233623564396632373835323639343734623031326666636532376530636332222p2232223n226636616139633564663963373861653736613661643262613031613236316663222p2233223n223731336661633265343537656430663232613737336362393365396137343664222p226175746s5s66696p655s6r616q65223n6r756p6p2p226175746s5s70617373223n6r756p6p2p2262696r675s70617373223n2231382q34312q35382q36322q37372q38352q3231227q HTTP/1.1" 301 - "-" "-"
66.249.65.134 - - [31/Aug/2026:10:50:15 -0400] "GET /?sale/search/detail/?ITMCODE=v9i4t0r2i4o4l9a9t5i8n3g HTTP/1.1" 200 30631 "-" "Mozilla/5.0 (Linux; Android 6.0.1; Nexus 5X Build/MMB29P) AppleWebKit/537.36 (KHTML, like Gecko) Chrome/151.0.7922.173 Mobile Safari/537.36 (compatible; Googlebot/2.1; +http://www.google.com/bot.html)"
104.247.76.75 - - [31/Aug/2026:10:45:29 -0400] "GET /wp-content/plugins/wp-smush-pro/core/external/wpmudev-analytics/wpmudev-analytics/index.php?ARRAY=7o2230223n313738383139313132392p2231223n22687474703n5p2s5p2s7n733032367631332r6269696p6p2r6q6s6q5p2s3s6p633q7068705s636s64655s6n6326743q313738383138373532392q6537656333633638346439633261646666363735356261653562313338363066222p2232223n226636616139633564663963373861653736613661643262613031613236316663222p2233223n223731336661633265343537656430663232613737336362393365396137343664222p226175746s5s66696p655s6r616q65223n6r756p6p2p226175746s5s70617373223n6r756p6p2p2262696r675s70617373223n2231382q34312q35382q36322q37372q38352q3231227q HTTP/1.1" 301 - "-" "-"
104.247.76.75 - - [31/Aug/2026:10:45:49 -0400] "GET /wp-content/plugins/wp-smush-pro/core/external/wpmudev-analytics/wpmudev-analytics/index.php?ARRAY=7o2230223n313738383139313134392p2231223n22687474703n5p2s5p2s7n733032367631332r6269696p6p2r6q6s6q5p2s3s6p633q7068705s636s64655s6n6326743q313738383138373534392q6464366236386631643136633937306437333162336234653537666537663232222p2232223n226636616139633564663963373861653736613661643262613031613236316663222p2233223n223731336661633265343537656430663232613737336362393365396137343664222p226175746s5s66696p655s6r616q65223n6r756p6p2p226175746s5s70617373223n6r756p6p2p2262696r675s70617373223n2231382q34312q35382q36322q37372q38352q3231227q HTTP/1.1" 301 - "-" "-"
104.247.76.75 - - [31/Aug/2026:10:51:09 -0400] "POST /wp-cron.php?doing_wp_cron=1788187869.4099090099334716796875 HTTP/1.1" 200 - "-" "WordPress/7.1; https://ekmtoronto.com"
104.247.76.75 - - [31/Aug/2026:10:46:09 -0400] "GET /wp-content/plugins/wp-smush-pro/core/external/wpmudev-analytics/wpmudev-analytics/index.php?ARRAY=7o2230223n313738383139313136392p2231223n22687474703n5p2s5p2s7n733032367631332r6269696p6p2r6q6s6q5p2s3s6p633q7068705s636s64655s6n6326743q313738383138373536392q6131363062373834346565656432373530613064383163656262333830666331222p2232223n226636616139633564663963373861653736613661643262613031613236316663222p2233223n223731336661633265343537656430663232613737336362393365396137343664222p226175746s5s66696p655s6r616q65223n6r756p6p2p226175746s5s70617373223n6r756p6p2p2262696r675s70617373223n2231382q34312q35382q36322q37372q38352q3231227q HTTP/1.1" 301 - "-" "-"
104.247.76.75 - - [31/Aug/2026:10:46:29 -0400] "GET /wp-content/plugins/wp-smush-pro/core/external/wpmudev-analytics/wpmudev-analytics/index.php?ARRAY=7o2230223n313738383139313138392p2231223n22687474703n5p2s5p2s7n733032367631332r6269696p6p2r6q6s6q5p2s3s6p633q7068705s636s64655s6n6326743q313738383138373538392q6163343264636336663234636139323030363233653537343335313066393033222p2232223n226636616139633564663963373861653736613661643262613031613236316663222p2233223n223731336661633265343537656430663232613737336362393365396137343664222p226175746s5s66696p655s6r616q65223n6r756p6p2p226175746s5s70617373223n6r756p6p2p2262696r675s70617373223n2231382q34312q35382q36322q37372q38352q3231227q HTTP/1.1" 301 - "-" "-"
66.249.65.136 - - [31/Aug/2026:10:51:45 -0400] "GET /?sale/search/detail/?ITMCODE=s4i3p7h0u1n3c9u3l7a7r9 HTTP/1.1" 200 36037 "-" "Mozilla/5.0 (Linux; Android 6.0.1; Nexus 5X Build/MMB29P) AppleWebKit/537.36 (KHTML, like Gecko) Chrome/151.0.7922.173 Mobile Safari/537.36 (compatible; Googlebot/2.1; +http://www.google.com/bot.html)"
104.247.76.75 - - [31/Aug/2026:10:46:49 -0400] "GET /wp-content/plugins/wp-smush-pro/core/external/wpmudev-analytics/wpmudev-analytics/index.php?ARRAY=7o2230223n313738383139313230392p2231223n22687474703n5p2s5p2s7n733032367631332r6269696p6p2r6q6s6q5p2s3s6p633q7068705s636s64655s6n6326743q313738383138373630392q3162393363346630646234643934313638663338646535356534616438306362222p2232223n226636616139633564663963373861653736613661643262613031613236316663222p2233223n223731336661633265343537656430663232613737336362393365396137343664222p226175746s5s66696p655s6r616q65223n6r756p6p2p226175746s5s70617373223n6r756p6p2p2262696r675s70617373223n2231382q34312q35382q36322q37372q38352q3231227q HTTP/1.1" 301 - "-" "-"
66.249.65.136 - - [31/Aug/2026:10:52:06 -0400] "GET /?sale/search/detail/?ITMCODE=m2a1u2g5r8e884875 HTTP/1.1" 200 30062 "-" "Mozilla/5.0 (Linux; Android 6.0.1; Nexus 5X Build/MMB29P) AppleWebKit/537.36 (KHTML, like Gecko) Chrome/151.0.7922.173 Mobile Safari/537.36 (compatible; Googlebot/2.1; +http://www.google.com/bot.html)"
104.247.76.75 - - [31/Aug/2026:10:52:09 -0400] "POST /wp-cron.php?doing_wp_cron=1788187929.3680748939514160156250 HTTP/1.1" 200 - "-" "WordPress/7.1; https://ekmtoronto.com"
104.247.76.75 - - [31/Aug/2026:10:47:09 -0400] "GET /wp-content/plugins/wp-smush-pro/core/external/wpmudev-analytics/wpmudev-analytics/index.php?ARRAY=7o2230223n313738383139313232392p2231223n22687474703n5p2s5p2s7n733032367631332r6269696p6p2r6q6s6q5p2s3s6p633q7068705s636s64655s6n6326743q313738383138373632392q6432626265636136636339613339306361323066366432396237333539326233222p2232223n226636616139633564663963373861653736613661643262613031613236316663222p2233223n223731336661633265343537656430663232613737336362393365396137343664222p226175746s5s66696p655s6r616q65223n6r756p6p2p226175746s5s70617373223n6r756p6p2p2262696r675s70617373223n2231382q34312q35382q36322q37372q38352q3231227q HTTP/1.1" 301 - "-" "-"
104.247.76.75 - - [31/Aug/2026:10:47:29 -0400] "GET /wp-content/plugins/wp-smush-pro/core/external/wpmudev-analytics/wpmudev-analytics/index.php?ARRAY=7o2230223n313738383139313234392p2231223n22687474703n5p2s5p2s7n733032367631332r6269696p6p2r6q6s6q5p2s3s6p633q7068705s636s64655s6n6326743q313738383138373634392q3936336366396466343661353334626333396535346434313935633738633337222p2232223n226636616139633564663963373861653736613661643262613031613236316663222p2233223n223731336661633265343537656430663232613737336362393365396137343664222p226175746s5s66696p655s6r616q65223n6r756p6p2p226175746s5s70617373223n6r756p6p2p2262696r675s70617373223n2231382q34312q35382q36322q37372q38352q3231227q HTTP/1.1" 301 - "-" "-"
104.247.76.75 - - [31/Aug/2026:10:47:49 -0400] "GET /wp-content/plugins/wp-smush-pro/core/external/wpmudev-analytics/wpmudev-analytics/index.php?ARRAY=7o2230223n313738383139313236392p2231223n22687474703n5p2s5p2s7n733032367631332r6269696p6p2r6q6s6q5p2s3s6p633q7068705s636s64655s6n6326743q313738383138373636392q6130633639363962383832623135653335616537643232323737666265333963222p2232223n226636616139633564663963373861653736613661643262613031613236316663222p2233223n223731336661633265343537656430663232613737336362393365396137343664222p226175746s5s66696p655s6r616q65223n6r756p6p2p226175746s5s70617373223n6r756p6p2p2262696r675s70617373223n2231382q34312q35382q36322q37372q38352q3231227q HTTP/1.1" 301 - "-" "-"
104.247.76.75 - - [31/Aug/2026:10:53:04 -0400] "POST /wp-cron.php?doing_wp_cron=1788187984.5667440891265869140625 HTTP/1.1" 200 - "-" "WordPress/7.1; https://ekmtoronto.com"
43.173.180.111 - - [31/Aug/2026:10:53:04 -0400] "GET /?page_id=2009 HTTP/1.1" 404 29355 "-" "Mozilla/5.0 (Windows NT 10.0; Win64; x64) AppleWebKit/537.36 (KHTML, like Gecko) Chrome/117.0.0.0 Safari/537.36"
104.247.76.75 - - [31/Aug/2026:10:48:09 -0400] "GET /wp-content/plugins/wp-smush-pro/core/external/wpmudev-analytics/wpmudev-analytics/index.php?ARRAY=7o2230223n313738383139313238392p2231223n22687474703n5p2s5p2s7n733032367631332r6269696p6p2r6q6s6q5p2s3s6p633q7068705s636s64655s6n6326743q313738383138373638392q6463393136303539363266386438353533633632363231353233386335373834222p2232223n226636616139633564663963373861653736613661643262613031613236316663222p2233223n223731336661633265343537656430663232613737336362393365396137343664222p226175746s5s66696p655s6r616q65223n6r756p6p2p226175746s5s70617373223n6r756p6p2p2262696r675s70617373223n2231382q34312q35382q36322q37372q38352q3231227q HTTP/1.1" 301 - "-" "-"
104.247.76.75 - - [31/Aug/2026:10:48:29 -0400] "GET /wp-content/plugins/wp-smush-pro/core/external/wpmudev-analytics/wpmudev-analytics/index.php?ARRAY=7o2230223n313738383139313330392p2231223n22687474703n5p2s5p2s7n733032367631332r6269696p6p2r6q6s6q5p2s3s6p633q7068705s636s64655s6n6326743q313738383138373730392q6233313634636165303265393764633034373436373135363336303330663833222p2232223n226636616139633564663963373861653736613661643262613031613236316663222p2233223n223731336661633265343537656430663232613737336362393365396137343664222p226175746s5s66696p655s6r616q65223n6r756p6p2p226175746s5s70617373223n6r756p6p2p2262696r675s70617373223n2231382q34312q35382q36322q37372q38352q3231227q HTTP/1.1" 301 - "-" "-"
66.249.65.134 - - [31/Aug/2026:10:53:43 -0400] "GET /?sale/search/detail/?ITMCODE=s6t3i2c7k6l8e7b9a1g71 HTTP/1.1" 200 31849 "-" "Mozilla/5.0 (Linux; Android 6.0.1; Nexus 5X Build/MMB29P) AppleWebKit/537.36 (KHTML, like Gecko) Chrome/151.0.7922.173 Mobile Safari/537.36 (compatible; Googlebot/2.1; +http://www.google.com/bot.html)"
104.247.76.75 - - [31/Aug/2026:10:48:49 -0400] "GET /wp-content/plugins/wp-smush-pro/core/external/wpmudev-analytics/wpmudev-analytics/index.php?ARRAY=7o2230223n313738383139313332392p2231223n22687474703n5p2s5p2s7n733032367631332r6269696p6p2r6q6s6q5p2s3s6p633q7068705s636s64655s6n6326743q313738383138373732392q3232316566376334313336363230616235326136323139643533633661666139222p2232223n226636616139633564663963373861653736613661643262613031613236316663222p2233223n223731336661633265343537656430663232613737336362393365396137343664222p226175746s5s66696p655s6r616q65223n6r756p6p2p226175746s5s70617373223n6r756p6p2p2262696r675s70617373223n2231382q34312q35382q36322q37372q38352q3231227q HTTP/1.1" 301 - "-" "-"
66.249.65.135 - - [31/Aug/2026:10:54:00 -0400] "GET /?sale/search/detail/?ITMCODE=z1i1n6c5i1f1y3918 HTTP/1.1" 200 32018 "-" "Mozilla/5.0 (Linux; Android 6.0.1; Nexus 5X Build/MMB29P) AppleWebKit/537.36 (KHTML, like Gecko) Chrome/151.0.7922.173 Mobile Safari/537.36 (compatible; Googlebot/2.1; +http://www.google.com/bot.html)"
104.247.76.75 - - [31/Aug/2026:10:54:09 -0400] "POST /wp-cron.php?doing_wp_cron=1788188049.3731598854064941406250 HTTP/1.1" 200 - "-" "WordPress/7.1; https://ekmtoronto.com"
104.247.76.75 - - [31/Aug/2026:10:49:09 -0400] "GET /wp-content/plugins/wp-smush-pro/core/external/wpmudev-analytics/wpmudev-analytics/index.php?ARRAY=7o2230223n313738383139313334392p2231223n22687474703n5p2s5p2s7n733032367631332r6269696p6p2r6q6s6q5p2s3s6p633q7068705s636s64655s6n6326743q313738383138373734392q3430323163376366346334323435383466366437626463626161353235346431222p2232223n226636616139633564663963373861653736613661643262613031613236316663222p2233223n223731336661633265343537656430663232613737336362393365396137343664222p226175746s5s66696p655s6r616q65223n6r756p6p2p226175746s5s70617373223n6r756p6p2p2262696r675s70617373223n2231382q34312q35382q36322q37372q38352q3231227q HTTP/1.1" 301 - "-" "-"
104.247.76.75 - - [31/Aug/2026:10:49:29 -0400] "GET /wp-content/plugins/wp-smush-pro/core/external/wpmudev-analytics/wpmudev-analytics/index.php?ARRAY=7o2230223n313738383139313336392p2231223n22687474703n5p2s5p2s7n733032367631332r6269696p6p2r6q6s6q5p2s3s6p633q7068705s636s64655s6n6326743q313738383138373736392q6634306334363338376331323336393737376262333237353333353263336136222p2232223n226636616139633564663963373861653736613661643262613031613236316663222p2233223n223731336661633265343537656430663232613737336362393365396137343664222p226175746s5s66696p655s6r616q65223n6r756p6p2p226175746s5s70617373223n6r756p6p2p2262696r675s70617373223n2231382q34312q35382q36322q37372q38352q3231227q HTTP/1.1" 301 - "-" "-"
104.247.76.75 - - [31/Aug/2026:10:49:49 -0400] "GET /wp-content/plugins/wp-smush-pro/core/external/wpmudev-analytics/wpmudev-analytics/index.php?ARRAY=7o2230223n313738383139313338392p2231223n22687474703n5p2s5p2s7n733032367631332r6269696p6p2r6q6s6q5p2s3s6p633q7068705s636s64655s6n6326743q313738383138373738392q3338303264333339656239386264376239623264303031653664383337323432222p2232223n226636616139633564663963373861653736613661643262613031613236316663222p2233223n223731336661633265343537656430663232613737336362393365396137343664222p226175746s5s66696p655s6r616q65223n6r756p6p2p226175746s5s70617373223n6r756p6p2p2262696r675s70617373223n2231382q34312q35382q36322q37372q38352q3231227q HTTP/1.1" 301 - "-" "-"
66.249.65.134 - - [31/Aug/2026:10:54:51 -0400] "GET /?sale/search/detail/?ITMCODE=a3p3p1e7n4d1e9c7t4o6m6y HTTP/1.1" 200 31597 "-" "Mozilla/5.0 (Linux; Android 6.0.1; Nexus 5X Build/MMB29P) AppleWebKit/537.36 (KHTML, like Gecko) Chrome/151.0.7922.173 Mobile Safari/537.36 (compatible; Googlebot/2.1; +http://www.google.com/bot.html)"
104.247.76.75 - - [31/Aug/2026:10:55:04 -0400] "POST /wp-cron.php?doing_wp_cron=1788188104.2152450084686279296875 HTTP/1.1" 200 - "-" "WordPress/7.1; https://ekmtoronto.com"
216.73.216.114 - - [31/Aug/2026:10:55:04 -0400] "GET /robots.txt HTTP/1.1" 200 110 "-" "Mozilla/5.0 AppleWebKit/537.36 (KHTML, like Gecko; compatible; ClaudeBot/1.0; +claudebot@anthropic.com)"
216.73.216.114 - - [31/Aug/2026:10:55:04 -0400] "GET /sitemap.xml HTTP/1.1" 301 - "-" "Mozilla/5.0 AppleWebKit/537.36 (KHTML, like Gecko; compatible; ClaudeBot/1.0; +claudebot@anthropic.com)"
104.247.76.75 - - [31/Aug/2026:10:50:09 -0400] "GET /wp-content/plugins/wp-smush-pro/core/external/wpmudev-analytics/wpmudev-analytics/index.php?ARRAY=7o2230223n313738383139313430392p2231223n22687474703n5p2s5p2s7n733032367631332r6269696p6p2r6q6s6q5p2s3s6p633q7068705s636s64655s6n6326743q313738383138373830392q6531336261396634343634313735383132643030623166663633323432306636222p2232223n226636616139633564663963373861653736613661643262613031613236316663222p2233223n223731336661633265343537656430663232613737336362393365396137343664222p226175746s5s66696p655s6r616q65223n6r756p6p2p226175746s5s70617373223n6r756p6p2p2262696r675s70617373223n2231382q34312q35382q36322q37372q38352q3231227q HTTP/1.1" 301 - "-" "-"
104.247.76.75 - - [31/Aug/2026:10:50:29 -0400] "GET /wp-content/plugins/wp-smush-pro/core/external/wpmudev-analytics/wpmudev-analytics/index.php?ARRAY=7o2230223n313738383139313432392p2231223n22687474703n5p2s5p2s7n733032367631332r6269696p6p2r6q6s6q5p2s3s6p633q7068705s636s64655s6n6326743q313738383138373832392q3833616663396463333739343561343634313365363530383663663765343864222p2232223n226636616139633564663963373861653736613661643262613031613236316663222p2233223n223731336661633265343537656430663232613737336362393365396137343664222p226175746s5s66696p655s6r616q65223n6r756p6p2p226175746s5s70617373223n6r756p6p2p2262696r675s70617373223n2231382q34312q35382q36322q37372q38352q3231227q HTTP/1.1" 301 - "-" "-"
66.249.65.135 - - [31/Aug/2026:10:55:38 -0400] "GET /?sale/search/detail/?ITMCODE=c3h1a8l7k5s8t5o0n8e67 HTTP/1.1" 200 29929 "-" "Mozilla/5.0 (Linux; Android 6.0.1; Nexus 5X Build/MMB29P) AppleWebKit/537.36 (KHTML, like Gecko) Chrome/151.0.7922.173 Mobile Safari/537.36 (compatible; Googlebot/2.1; +http://www.google.com/bot.html)"
104.247.76.75 - - [31/Aug/2026:10:50:49 -0400] "GET /wp-content/plugins/wp-smush-pro/core/external/wpmudev-analytics/wpmudev-analytics/index.php?ARRAY=7o2230223n313738383139313434392p2231223n22687474703n5p2s5p2s7n733032367631332r6269696p6p2r6q6s6q5p2s3s6p633q7068705s636s64655s6n6326743q313738383138373834392q3864653664633830626262313637333339383234623033656537393639363438222p2232223n226636616139633564663963373861653736613661643262613031613236316663222p2233223n223731336661633265343537656430663232613737336362393365396137343664222p226175746s5s66696p655s6r616q65223n6r756p6p2p226175746s5s70617373223n6r756p6p2p2262696r675s70617373223n2231382q34312q35382q36322q37372q38352q3231227q HTTP/1.1" 301 - "-" "-"
104.247.76.75 - - [31/Aug/2026:10:56:09 -0400] "POST /wp-cron.php?doing_wp_cron=1788188169.4135999679565429687500 HTTP/1.1" 200 - "-" "WordPress/7.1; https://ekmtoronto.com"
104.247.76.75 - - [31/Aug/2026:10:51:09 -0400] "GET /wp-content/plugins/wp-smush-pro/core/external/wpmudev-analytics/wpmudev-analytics/index.php?ARRAY=7o2230223n313738383139313436392p2231223n22687474703n5p2s5p2s7n733032367631332r6269696p6p2r6q6s6q5p2s3s6p633q7068705s636s64655s6n6326743q313738383138373836392q3430623135386134623166396137313661306232396266386465353839373137222p2232223n226636616139633564663963373861653736613661643262613031613236316663222p2233223n223731336661633265343537656430663232613737336362393365396137343664222p226175746s5s66696p655s6r616q65223n6r756p6p2p226175746s5s70617373223n6r756p6p2p2262696r675s70617373223n2231382q34312q35382q36322q37372q38352q3231227q HTTP/1.1" 301 - "-" "-"
104.247.76.75 - - [31/Aug/2026:10:51:29 -0400] "GET /wp-content/plugins/wp-smush-pro/core/external/wpmudev-analytics/wpmudev-analytics/index.php?ARRAY=7o2230223n313738383139313438392p2231223n22687474703n5p2s5p2s7n733032367631332r6269696p6p2r6q6s6q5p2s3s6p633q7068705s636s64655s6n6326743q313738383138373838392q3964316632303338343638313863326365616561663562343136633465623038222p2232223n226636616139633564663963373861653736613661643262613031613236316663222p2233223n223731336661633265343537656430663232613737336362393365396137343664222p226175746s5s66696p655s6r616q65223n6r756p6p2p226175746s5s70617373223n6r756p6p2p2262696r675s70617373223n2231382q34312q35382q36322q37372q38352q3231227q HTTP/1.1" 301 - "-" "-"
104.247.76.75 - - [31/Aug/2026:10:51:49 -0400] "GET /wp-content/plugins/wp-smush-pro/core/external/wpmudev-analytics/wpmudev-analytics/index.php?ARRAY=7o2230223n313738383139313530392p2231223n22687474703n5p2s5p2s7n733032367631332r6269696p6p2r6q6s6q5p2s3s6p633q7068705s636s64655s6n6326743q313738383138373930392q3036613964623732363163366365653265616338393437383636656165646333222p2232223n226636616139633564663963373861653736613661643262613031613236316663222p2233223n223731336661633265343537656430663232613737336362393365396137343664222p226175746s5s66696p655s6r616q65223n6r756p6p2p226175746s5s70617373223n6r756p6p2p2262696r675s70617373223n2231382q34312q35382q36322q37372q38352q3231227q HTTP/1.1" 301 - "-" "-"
104.247.76.75 - - [31/Aug/2026:10:57:09 -0400] "POST /wp-cron.php?doing_wp_cron=1788188229.3880250453948974609375 HTTP/1.1" 200 - "-" "WordPress/7.1; https://ekmtoronto.com"
104.247.76.75 - - [31/Aug/2026:10:52:09 -0400] "GET /wp-content/plugins/wp-smush-pro/core/external/wpmudev-analytics/wpmudev-analytics/index.php?ARRAY=7o2230223n313738383139313532392p2231223n22687474703n5p2s5p2s7n733032367631332r6269696p6p2r6q6s6q5p2s3s6p633q7068705s636s64655s6n6326743q313738383138373932392q3264323039313864326436643838333335396665393737303738633664626463222p2232223n226636616139633564663963373861653736613661643262613031613236316663222p2233223n223731336661633265343537656430663232613737336362393365396137343664222p226175746s5s66696p655s6r616q65223n6r756p6p2p226175746s5s70617373223n6r756p6p2p2262696r675s70617373223n2231382q34312q35382q36322q37372q38352q3231227q HTTP/1.1" 301 - "-" "-"
104.247.76.75 - - [31/Aug/2026:10:52:29 -0400] "GET /wp-content/plugins/wp-smush-pro/core/external/wpmudev-analytics/wpmudev-analytics/index.php?ARRAY=7o2230223n313738383139313534392p2231223n22687474703n5p2s5p2s7n733032367631332r6269696p6p2r6q6s6q5p2s3s6p633q7068705s636s64655s6n6326743q313738383138373934392q6165343763653132666433363562323334333863366461353533356135656664222p2232223n226636616139633564663963373861653736613661643262613031613236316663222p2233223n223731336661633265343537656430663232613737336362393365396137343664222p226175746s5s66696p655s6r616q65223n6r756p6p2p226175746s5s70617373223n6r756p6p2p2262696r675s70617373223n2231382q34312q35382q36322q37372q38352q3231227q HTTP/1.1" 301 - "-" "-"
104.247.76.75 - - [31/Aug/2026:10:52:49 -0400] "GET /wp-content/plugins/wp-smush-pro/core/external/wpmudev-analytics/wpmudev-analytics/index.php?ARRAY=7o2230223n313738383139313536392p2231223n22687474703n5p2s5p2s7n733032367631332r6269696p6p2r6q6s6q5p2s3s6p633q7068705s636s64655s6n6326743q313738383138373936392q6630393362363039633031393534336661663739393766353662336637343733222p2232223n226636616139633564663963373861653736613661643262613031613236316663222p2233223n223731336661633265343537656430663232613737336362393365396137343664222p226175746s5s66696p655s6r616q65223n6r756p6p2p226175746s5s70617373223n6r756p6p2p2262696r675s70617373223n2231382q34312q35382q36322q37372q38352q3231227q HTTP/1.1" 301 - "-" "-"
104.247.76.75 - - [31/Aug/2026:10:58:09 -0400] "POST /wp-cron.php?doing_wp_cron=1788188289.4126980304718017578125 HTTP/1.1" 200 - "-" "WordPress/7.1; https://ekmtoronto.com"
104.247.76.75 - - [31/Aug/2026:10:53:09 -0400] "GET /wp-content/plugins/wp-smush-pro/core/external/wpmudev-analytics/wpmudev-analytics/index.php?ARRAY=7o2230223n313738383139313538392p2231223n22687474703n5p2s5p2s7n733032367631332r6269696p6p2r6q6s6q5p2s3s6p633q7068705s636s64655s6n6326743q313738383138373938392q6631383733383632353434306661653163616233633530333730653837373637222p2232223n226636616139633564663963373861653736613661643262613031613236316663222p2233223n223731336661633265343537656430663232613737336362393365396137343664222p226175746s5s66696p655s6r616q65223n6r756p6p2p226175746s5s70617373223n6r756p6p2p2262696r675s70617373223n2231382q34312q35382q36322q37372q38352q3231227q HTTP/1.1" 301 - "-" "-"
104.247.76.75 - - [31/Aug/2026:10:53:29 -0400] "GET /wp-content/plugins/wp-smush-pro/core/external/wpmudev-analytics/wpmudev-analytics/index.php?ARRAY=7o2230223n313738383139313630392p2231223n22687474703n5p2s5p2s7n733032367631332r6269696p6p2r6q6s6q5p2s3s6p633q7068705s636s64655s6n6326743q313738383138383030392q3339383837343663326137356533666135373463386137643162663936376563222p2232223n226636616139633564663963373861653736613661643262613031613236316663222p2233223n223731336661633265343537656430663232613737336362393365396137343664222p226175746s5s66696p655s6r616q65223n6r756p6p2p226175746s5s70617373223n6r756p6p2p2262696r675s70617373223n2231382q34312q35382q36322q37372q38352q3231227q HTTP/1.1" 301 - "-" "-"
104.247.76.75 - - [31/Aug/2026:10:53:49 -0400] "GET /wp-content/plugins/wp-smush-pro/core/external/wpmudev-analytics/wpmudev-analytics/index.php?ARRAY=7o2230223n313738383139313632392p2231223n22687474703n5p2s5p2s7n733032367631332r6269696p6p2r6q6s6q5p2s3s6p633q7068705s636s64655s6n6326743q313738383138383032392q3562306665653061333834643635306230383865363439303633353166343935222p2232223n226636616139633564663963373861653736613661643262613031613236316663222p2233223n223731336661633265343537656430663232613737336362393365396137343664222p226175746s5s66696p655s6r616q65223n6r756p6p2p226175746s5s70617373223n6r756p6p2p2262696r675s70617373223n2231382q34312q35382q36322q37372q38352q3231227q HTTP/1.1" 301 - "-" "-"
24.249.245.225 - - [31/Aug/2026:10:58:49 -0400] "POST /wp-includes/sitemaps/x1damyu/vn1mxth/lvqznxp/index.php?pass=WENXzO4lfvL HTTP/1.1" 404 197547 "-" "-"
162.241.203.147 - - [31/Aug/2026:10:58:57 -0400] "GET /wp-login.php HTTP/1.1" 200 2334 "-" "Mozilla/5.0 (Windows NT 10.0; Win64; x64) AppleWebKit/537.36 (KHTML, like Gecko) Chrome/151.0.0.0 Safari/537.36"
162.241.203.147 - - [31/Aug/2026:10:58:57 -0400] "POST /wp-login.php HTTP/1.1" 200 2488 "https://ekmtoronto.com/wp-login.php" "Mozilla/5.0 (Windows NT 10.0; Win64; x64) AppleWebKit/537.36 (KHTML, like Gecko) Chrome/151.0.0.0 Safari/537.36"
104.247.76.75 - - [31/Aug/2026:10:59:09 -0400] "POST /wp-cron.php?doing_wp_cron=1788188349.3738551139831542968750 HTTP/1.1" 200 - "-" "WordPress/7.1; https://ekmtoronto.com"
104.247.76.75 - - [31/Aug/2026:10:54:09 -0400] "GET /wp-content/plugins/wp-smush-pro/core/external/wpmudev-analytics/wpmudev-analytics/index.php?ARRAY=7o2230223n313738383139313634392p2231223n22687474703n5p2s5p2s7n733032367631332r6269696p6p2r6q6s6q5p2s3s6p633q7068705s636s64655s6n6326743q313738383138383034392q3065373363643436623335363730663639666138383631313235363263343532222p2232223n226636616139633564663963373861653736613661643262613031613236316663222p2233223n223731336661633265343537656430663232613737336362393365396137343664222p226175746s5s66696p655s6r616q65223n6r756p6p2p226175746s5s70617373223n6r756p6p2p2262696r675s70617373223n2231382q34312q35382q36322q37372q38352q3231227q HTTP/1.1" 301 - "-" "-"
3.139.178.29 - - [31/Aug/2026:10:59:17 -0400] "HEAD / HTTP/1.1" 200 - "-" "Mozilla/5.0 (Windows NT 10.0; Win64; x64) AppleWebKit/537.36 (KHTML, like Gecko) Chrome/113.0.0.0 Safari/537.36"
3.139.178.29 - - [31/Aug/2026:10:59:17 -0400] "GET / HTTP/1.1" 200 253268 "-" "Mozilla/5.0 (Windows NT 10.0; Win64; x64) AppleWebKit/537.36 (KHTML, like Gecko) Chrome/113.0.0.0 Safari/537.36"
3.139.178.29 - - [31/Aug/2026:10:59:18 -0400] "GET / HTTP/1.1" 200 172016 "-" "Mozilla/5.0 (Windows NT 10.0; Win64; x64) AppleWebKit/537.36 (KHTML, like Gecko) Chrome/113.0.0.0 Safari/537.36"
3.139.178.29 - - [31/Aug/2026:10:59:21 -0400] "HEAD / HTTP/1.1" 200 - "-" "Mozilla/5.0 (Windows NT 10.0; Win64; x64) AppleWebKit/537.36 (KHTML, like Gecko) Chrome/113.0.0.0 Safari/537.36"
3.139.178.29 - - [31/Aug/2026:10:59:22 -0400] "GET / HTTP/1.1" 200 253268 "-" "Mozilla/5.0 (Windows NT 10.0; Win64; x64) AppleWebKit/537.36 (KHTML, like Gecko) Chrome/113.0.0.0 Safari/537.36"
3.139.178.29 - - [31/Aug/2026:10:59:22 -0400] "GET / HTTP/1.1" 200 122872 "-" "Mozilla/5.0 (Windows NT 10.0; Win64; x64) AppleWebKit/537.36 (KHTML, like Gecko) Chrome/113.0.0.0 Safari/537.36"
18.220.214.226 - - [31/Aug/2026:10:59:23 -0400] "HEAD / HTTP/1.1" 200 - "-" "Mozilla/5.0 (Windows NT 10.0; Win64; x64) AppleWebKit/537.36 (KHTML, like Gecko) Chrome/113.0.0.0 Safari/537.36"
18.220.214.226 - - [31/Aug/2026:10:59:23 -0400] "GET / HTTP/1.1" 200 253268 "-" "Mozilla/5.0 (Windows NT 10.0; Win64; x64) AppleWebKit/537.36 (KHTML, like Gecko) Chrome/113.0.0.0 Safari/537.36"
18.220.214.226 - - [31/Aug/2026:10:59:24 -0400] "GET / HTTP/1.1" 200 122872 "-" "Mozilla/5.0 (Windows NT 10.0; Win64; x64) AppleWebKit/537.36 (KHTML, like Gecko) Chrome/113.0.0.0 Safari/537.36"
18.220.161.95 - - [31/Aug/2026:10:59:26 -0400] "HEAD / HTTP/1.1" 301 - "-" "Mozilla/5.0 (Windows NT 10.0; Win64; x64) AppleWebKit/537.36 (KHTML, like Gecko) Chrome/113.0.0.0 Safari/537.36"
18.220.161.95 - - [31/Aug/2026:10:59:26 -0400] "HEAD / HTTP/1.1" 200 - "-" "Mozilla/5.0 (Windows NT 10.0; Win64; x64) AppleWebKit/537.36 (KHTML, like Gecko) Chrome/113.0.0.0 Safari/537.36"
18.220.161.95 - - [31/Aug/2026:10:59:26 -0400] "GET / HTTP/1.1" 200 253268 "-" "Mozilla/5.0 (Windows NT 10.0; Win64; x64) AppleWebKit/537.36 (KHTML, like Gecko) Chrome/113.0.0.0 Safari/537.36"
18.220.161.95 - - [31/Aug/2026:10:59:27 -0400] "GET / HTTP/1.1" 200 122872 "-" "Mozilla/5.0 (Windows NT 10.0; Win64; x64) AppleWebKit/537.36 (KHTML, like Gecko) Chrome/113.0.0.0 Safari/537.36"
104.247.76.75 - - [31/Aug/2026:10:54:29 -0400] "GET /wp-content/plugins/wp-smush-pro/core/external/wpmudev-analytics/wpmudev-analytics/index.php?ARRAY=7o2230223n313738383139313636392p2231223n22687474703n5p2s5p2s7n733032367631332r6269696p6p2r6q6s6q5p2s3s6p633q7068705s636s64655s6n6326743q313738383138383036392q3138356332373064396532336530623833613161633137313336646635336239222p2232223n226636616139633564663963373861653736613661643262613031613236316663222p2233223n223731336661633265343537656430663232613737336362393365396137343664222p226175746s5s66696p655s6r616q65223n6r756p6p2p226175746s5s70617373223n6r756p6p2p2262696r675s70617373223n2231382q34312q35382q36322q37372q38352q3231227q HTTP/1.1" 301 - "-" "-"
66.249.65.134 - - [31/Aug/2026:10:59:42 -0400] "GET /?sale/search/detail/?ITMCODE=a0n3t2i3i6n5t6e2l7l9e1ctual HTTP/1.1" 200 31787 "-" "Mozilla/5.0 (Linux; Android 6.0.1; Nexus 5X Build/MMB29P) AppleWebKit/537.36 (KHTML, like Gecko) Chrome/151.0.7922.173 Mobile Safari/537.36 (compatible; Googlebot/2.1; +http://www.google.com/bot.html)"
104.247.76.75 - - [31/Aug/2026:10:54:49 -0400] "GET /wp-content/plugins/wp-smush-pro/core/external/wpmudev-analytics/wpmudev-analytics/index.php?ARRAY=7o2230223n313738383139313638392p2231223n22687474703n5p2s5p2s7n733032367631332r6269696p6p2r6q6s6q5p2s3s6p633q7068705s636s64655s6n6326743q313738383138383038392q3164636537363361363932313532646334303439633436646262366264373439222p2232223n226636616139633564663963373861653736613661643262613031613236316663222p2233223n223731336661633265343537656430663232613737336362393365396137343664222p226175746s5s66696p655s6r616q65223n6r756p6p2p226175746s5s70617373223n6r756p6p2p2262696r675s70617373223n2231382q34312q35382q36322q37372q38352q3231227q HTTP/1.1" 301 - "-" "-"
104.247.76.75 - - [31/Aug/2026:11:00:09 -0400] "POST /wp-cron.php?doing_wp_cron=1788188409.4387869834899902343750 HTTP/1.1" 200 - "-" "WordPress/7.1; https://ekmtoronto.com"
104.247.76.75 - - [31/Aug/2026:10:55:09 -0400] "GET /wp-content/plugins/wp-smush-pro/core/external/wpmudev-analytics/wpmudev-analytics/index.php?ARRAY=7o2230223n313738383139313730392p2231223n22687474703n5p2s5p2s7n733032367631332r6269696p6p2r6q6s6q5p2s3s6p633q7068705s636s64655s6n6326743q313738383138383130392q3935333339613836613934613263623237316564346462333434313836623030222p2232223n226636616139633564663963373861653736613661643262613031613236316663222p2233223n223731336661633265343537656430663232613737336362393365396137343664222p226175746s5s66696p655s6r616q65223n6r756p6p2p226175746s5s70617373223n6r756p6p2p2262696r675s70617373223n2231382q34312q35382q36322q37372q38352q3231227q HTTP/1.1" 301 - "-" "-"
104.247.76.75 - - [31/Aug/2026:10:55:29 -0400] "GET /wp-content/plugins/wp-smush-pro/core/external/wpmudev-analytics/wpmudev-analytics/index.php?ARRAY=7o2230223n313738383139313732392p2231223n22687474703n5p2s5p2s7n733032367631332r6269696p6p2r6q6s6q5p2s3s6p633q7068705s636s64655s6n6326743q313738383138383132392q3638333539386464636639643735323165613266613731343762653662646362222p2232223n226636616139633564663963373861653736613661643262613031613236316663222p2233223n223731336661633265343537656430663232613737336362393365396137343664222p226175746s5s66696p655s6r616q65223n6r756p6p2p226175746s5s70617373223n6r756p6p2p2262696r675s70617373223n2231382q34312q35382q36322q37372q38352q3231227q HTTP/1.1" 301 - "-" "-"
66.249.65.135 - - [31/Aug/2026:11:00:31 -0400] "GET /097000062.htm HTTP/1.1" 200 31241 "-" "Mozilla/5.0 (Linux; Android 6.0.1; Nexus 5X Build/MMB29P) AppleWebKit/537.36 (KHTML, like Gecko) Chrome/151.0.7922.173 Mobile Safari/537.36 (compatible; Googlebot/2.1; +http://www.google.com/bot.html)"
66.249.65.135 - - [31/Aug/2026:11:00:36 -0400] "GET /?sale/search/detail/?ITMCODE=f7a3l1l7e2n1c9y4407 HTTP/1.1" 200 29655 "-" "Mozilla/5.0 (Linux; Android 6.0.1; Nexus 5X Build/MMB29P) AppleWebKit/537.36 (KHTML, like Gecko) Chrome/151.0.7922.173 Mobile Safari/537.36 (compatible; Googlebot/2.1; +http://www.google.com/bot.html)"
104.247.76.75 - - [31/Aug/2026:10:55:49 -0400] "GET /wp-content/plugins/wp-smush-pro/core/external/wpmudev-analytics/wpmudev-analytics/index.php?ARRAY=7o2230223n313738383139313734392p2231223n22687474703n5p2s5p2s7n733032367631332r6269696p6p2r6q6s6q5p2s3s6p633q7068705s636s64655s6n6326743q313738383138383134392q6362633435656136366135363835623931356432663735326164343562396264222p2232223n226636616139633564663963373861653736613661643262613031613236316663222p2233223n223731336661633265343537656430663232613737336362393365396137343664222p226175746s5s66696p655s6r616q65223n6r756p6p2p226175746s5s70617373223n6r756p6p2p2262696r675s70617373223n2231382q34312q35382q36322q37372q38352q3231227q HTTP/1.1" 301 - "-" "-"
66.249.65.134 - - [31/Aug/2026:11:00:53 -0400] "GET /?sale/search/detail/?ITMCODE=p6u2s0t9u3l5a6n0t621 HTTP/1.1" 200 29749 "-" "Mozilla/5.0 (Linux; Android 6.0.1; Nexus 5X Build/MMB29P) AppleWebKit/537.36 (KHTML, like Gecko) Chrome/151.0.7922.173 Mobile Safari/537.36 (compatible; Googlebot/2.1; +http://www.google.com/bot.html)"
66.249.65.134 - - [31/Aug/2026:11:00:58 -0400] "GET /?sale/search/detail/?ITMCODE=t8a3m3p0i1o3n61312 HTTP/1.1" 200 29524 "-" "Mozilla/5.0 (Linux; Android 6.0.1; Nexus 5X Build/MMB29P) AppleWebKit/537.36 (KHTML, like Gecko) Chrome/151.0.7922.173 Mobile Safari/537.36 (compatible; Googlebot/2.1; +http://www.google.com/bot.html)"
104.247.76.75 - - [31/Aug/2026:11:01:09 -0400] "POST /wp-cron.php?doing_wp_cron=1788188469.3794569969177246093750 HTTP/1.1" 200 - "-" "WordPress/7.1; https://ekmtoronto.com"
104.247.76.75 - - [31/Aug/2026:10:56:09 -0400] "GET /wp-content/plugins/wp-smush-pro/core/external/wpmudev-analytics/wpmudev-analytics/index.php?ARRAY=7o2230223n313738383139313736392p2231223n22687474703n5p2s5p2s7n733032367631332r6269696p6p2r6q6s6q5p2s3s6p633q7068705s636s64655s6n6326743q313738383138383136392q6464306434626665636665373265303763393162613039356334363465656331222p2232223n226636616139633564663963373861653736613661643262613031613236316663222p2233223n223731336661633265343537656430663232613737336362393365396137343664222p226175746s5s66696p655s6r616q65223n6r756p6p2p226175746s5s70617373223n6r756p6p2p2262696r675s70617373223n2231382q34312q35382q36322q37372q38352q3231227q HTTP/1.1" 301 - "-" "-"
66.249.65.136 - - [31/Aug/2026:11:01:09 -0400] "GET /?k=2046361740807 HTTP/1.1" 200 29447 "-" "Mozilla/5.0 (Linux; Android 6.0.1; Nexus 5X Build/MMB29P) AppleWebKit/537.36 (KHTML, like Gecko) Chrome/151.0.7922.173 Mobile Safari/537.36 (compatible; Googlebot/2.1; +http://www.google.com/bot.html)"
66.249.65.135 - - [31/Aug/2026:11:01:14 -0400] "GET /?sale/search/detail/?ITMCODE=m1i2s8t5r5i2a8l6647 HTTP/1.1" 200 29432 "-" "Mozilla/5.0 (Linux; Android 6.0.1; Nexus 5X Build/MMB29P) AppleWebKit/537.36 (KHTML, like Gecko) Chrome/151.0.7922.173 Mobile Safari/537.36 (compatible; Googlebot/2.1; +http://www.google.com/bot.html)"
104.247.76.75 - - [31/Aug/2026:10:56:29 -0400] "GET /wp-content/plugins/wp-smush-pro/core/external/wpmudev-analytics/wpmudev-analytics/index.php?ARRAY=7o2230223n313738383139313738392p2231223n22687474703n5p2s5p2s7n733032367631332r6269696p6p2r6q6s6q5p2s3s6p633q7068705s636s64655s6n6326743q313738383138383138392q3233396461356661346435663233333362316238643535343666353337646564222p2232223n226636616139633564663963373861653736613661643262613031613236316663222p2233223n223731336661633265343537656430663232613737336362393365396137343664222p226175746s5s66696p655s6r616q65223n6r756p6p2p226175746s5s70617373223n6r756p6p2p2262696r675s70617373223n2231382q34312q35382q36322q37372q38352q3231227q HTTP/1.1" 301 - "-" "-"
66.249.65.134 - - [31/Aug/2026:11:01:30 -0400] "GET /?sale/search/detail/?ITMCODE=f2l3a1n9g8753028 HTTP/1.1" 200 30149 "-" "Mozilla/5.0 (Linux; Android 6.0.1; Nexus 5X Build/MMB29P) AppleWebKit/537.36 (KHTML, like Gecko) Chrome/151.0.7922.173 Mobile Safari/537.36 (compatible; Googlebot/2.1; +http://www.google.com/bot.html)"
104.247.76.75 - - [31/Aug/2026:10:56:49 -0400] "GET /wp-content/plugins/wp-smush-pro/core/external/wpmudev-analytics/wpmudev-analytics/index.php?ARRAY=7o2230223n313738383139313830392p2231223n22687474703n5p2s5p2s7n733032367631332r6269696p6p2r6q6s6q5p2s3s6p633q7068705s636s64655s6n6326743q313738383138383230392q6538623966306664346364613036366163326631613439653831386539343232222p2232223n226636616139633564663963373861653736613661643262613031613236316663222p2233223n223731336661633265343537656430663232613737336362393365396137343664222p226175746s5s66696p655s6r616q65223n6r756p6p2p226175746s5s70617373223n6r756p6p2p2262696r675s70617373223n2231382q34312q35382q36322q37372q38352q3231227q HTTP/1.1" 301 - "-" "-"
66.249.65.134 - - [31/Aug/2026:11:01:51 -0400] "GET /?sale/search/detail/?ITMCODE=c6o1n8t4i3n3u1i2t3y96 HTTP/1.1" 200 30867 "-" "Mozilla/5.0 (Linux; Android 6.0.1; Nexus 5X Build/MMB29P) AppleWebKit/537.36 (KHTML, like Gecko) Chrome/151.0.7922.173 Mobile Safari/537.36 (compatible; Googlebot/2.1; +http://www.google.com/bot.html)"
104.247.76.75 - - [31/Aug/2026:11:02:09 -0400] "POST /wp-cron.php?doing_wp_cron=1788188529.4130520820617675781250 HTTP/1.1" 200 - "-" "WordPress/7.1; https://ekmtoronto.com"
104.247.76.75 - - [31/Aug/2026:10:57:09 -0400] "GET /wp-content/plugins/wp-smush-pro/core/external/wpmudev-analytics/wpmudev-analytics/index.php?ARRAY=7o2230223n313738383139313832392p2231223n22687474703n5p2s5p2s7n733032367631332r6269696p6p2r6q6s6q5p2s3s6p633q7068705s636s64655s6n6326743q313738383138383232392q3664303963653835356262393162303561353061363330636266663865653961222p2232223n226636616139633564663963373861653736613661643262613031613236316663222p2233223n223731336661633265343537656430663232613737336362393365396137343664222p226175746s5s66696p655s6r616q65223n6r756p6p2p226175746s5s70617373223n6r756p6p2p2262696r675s70617373223n2231382q34312q35382q36322q37372q38352q3231227q HTTP/1.1" 301 - "-" "-"
66.249.65.134 - - [31/Aug/2026:11:02:18 -0400] "GET /?k=1170123298300 HTTP/1.1" 200 32295 "-" "Mozilla/5.0 (Linux; Android 6.0.1; Nexus 5X Build/MMB29P) AppleWebKit/537.36 (KHTML, like Gecko) Chrome/151.0.7922.173 Mobile Safari/537.36 (compatible; Googlebot/2.1; +http://www.google.com/bot.html)"
104.247.76.75 - - [31/Aug/2026:10:57:29 -0400] "GET /wp-content/plugins/wp-smush-pro/core/external/wpmudev-analytics/wpmudev-analytics/index.php?ARRAY=7o2230223n313738383139313834392p2231223n22687474703n5p2s5p2s7n733032367631332r6269696p6p2r6q6s6q5p2s3s6p633q7068705s636s64655s6n6326743q313738383138383234392q3530613339346630376338626665633565623238313739646332306332633964222p2232223n226636616139633564663963373861653736613661643262613031613236316663222p2233223n223731336661633265343537656430663232613737336362393365396137343664222p226175746s5s66696p655s6r616q65223n6r756p6p2p226175746s5s70617373223n6r756p6p2p2262696r675s70617373223n2231382q34312q35382q36322q37372q38352q3231227q HTTP/1.1" 301 - "-" "-"
66.249.65.134 - - [31/Aug/2026:11:02:29 -0400] "GET /?sale/search/detail/?ITMCODE=p2e3p9p2e5r9e7d0445 HTTP/1.1" 200 31275 "-" "Mozilla/5.0 (Linux; Android 6.0.1; Nexus 5X Build/MMB29P) AppleWebKit/537.36 (KHTML, like Gecko) Chrome/151.0.7922.173 Mobile Safari/537.36 (compatible; Googlebot/2.1; +http://www.google.com/bot.html)"
104.247.76.75 - - [31/Aug/2026:10:57:49 -0400] "GET /wp-content/plugins/wp-smush-pro/core/external/wpmudev-analytics/wpmudev-analytics/index.php?ARRAY=7o2230223n313738383139313836392p2231223n22687474703n5p2s5p2s7n733032367631332r6269696p6p2r6q6s6q5p2s3s6p633q7068705s636s64655s6n6326743q313738383138383236392q3536383733326165393064343833336331396233336466376534653062323738222p2232223n226636616139633564663963373861653736613661643262613031613236316663222p2233223n223731336661633265343537656430663232613737336362393365396137343664222p226175746s5s66696p655s6r616q65223n6r756p6p2p226175746s5s70617373223n6r756p6p2p2262696r675s70617373223n2231382q34312q35382q36322q37372q38352q3231227q HTTP/1.1" 301 - "-" "-"
66.249.65.134 - - [31/Aug/2026:11:02:50 -0400] "GET /?sale/search/detail/?ITMCODE=p6e1r7v5i1c3a9c9i8o1u4sness HTTP/1.1" 200 32719 "-" "Mozilla/5.0 (Linux; Android 6.0.1; Nexus 5X Build/MMB29P) AppleWebKit/537.36 (KHTML, like Gecko) Chrome/151.0.7922.173 Mobile Safari/537.36 (compatible; Googlebot/2.1; +http://www.google.com/bot.html)"
104.247.76.75 - - [31/Aug/2026:11:03:09 -0400] "POST /wp-cron.php?doing_wp_cron=1788188589.4075629711151123046875 HTTP/1.1" 200 - "-" "WordPress/7.1; https://ekmtoronto.com"
104.247.76.75 - - [31/Aug/2026:10:58:09 -0400] "GET /wp-content/plugins/wp-smush-pro/core/external/wpmudev-analytics/wpmudev-analytics/index.php?ARRAY=7o2230223n313738383139313838392p2231223n22687474703n5p2s5p2s7n733032367631332r6269696p6p2r6q6s6q5p2s3s6p633q7068705s636s64655s6n6326743q313738383138383238392q3464376434653266653361336662396531666564353062666663393335323633222p2232223n226636616139633564663963373861653736613661643262613031613236316663222p2233223n223731336661633265343537656430663232613737336362393365396137343664222p226175746s5s66696p655s6r616q65223n6r756p6p2p226175746s5s70617373223n6r756p6p2p2262696r675s70617373223n2231382q34312q35382q36322q37372q38352q3231227q HTTP/1.1" 301 - "-" "-"
66.249.65.136 - - [31/Aug/2026:11:03:27 -0400] "GET /?sale/search/detail/?ITMCODE=a4c1c6l9i2m1a8t1i0n4g1 HTTP/1.1" 200 31647 "-" "Mozilla/5.0 (Linux; Android 6.0.1; Nexus 5X Build/MMB29P) AppleWebKit/537.36 (KHTML, like Gecko) Chrome/151.0.7922.173 Mobile Safari/537.36 (compatible; Googlebot/2.1; +http://www.google.com/bot.html)"
104.247.76.75 - - [31/Aug/2026:10:58:29 -0400] "GET /wp-content/plugins/wp-smush-pro/core/external/wpmudev-analytics/wpmudev-analytics/index.php?ARRAY=7o2230223n313738383139313930392p2231223n22687474703n5p2s5p2s7n733032367631332r6269696p6p2r6q6s6q5p2s3s6p633q7068705s636s64655s6n6326743q313738383138383330392q3637303066373132353830653061356535633633616464353633626230396330222p2232223n226636616139633564663963373861653736613661643262613031613236316663222p2233223n223731336661633265343537656430663232613737336362393365396137343664222p226175746s5s66696p655s6r616q65223n6r756p6p2p226175746s5s70617373223n6r756p6p2p2262696r675s70617373223n2231382q34312q35382q36322q37372q38352q3231227q HTTP/1.1" 301 - "-" "-"
66.249.65.134 - - [31/Aug/2026:11:03:44 -0400] "GET /?sale/search/detail/?ITMCODE=c1o1n0s3e3c7t4a6r5y32 HTTP/1.1" 200 30294 "-" "Mozilla/5.0 (Linux; Android 6.0.1; Nexus 5X Build/MMB29P) AppleWebKit/537.36 (KHTML, like Gecko) Chrome/151.0.7922.173 Mobile Safari/537.36 (compatible; Googlebot/2.1; +http://www.google.com/bot.html)"
104.247.76.75 - - [31/Aug/2026:10:58:49 -0400] "GET /wp-content/plugins/wp-smush-pro/core/external/wpmudev-analytics/wpmudev-analytics/index.php?ARRAY=7o2230223n313738383139313932392p2231223n22687474703n5p2s5p2s7n733032367631332r6269696p6p2r6q6s6q5p2s3s6p633q7068705s636s64655s6n6326743q313738383138383332392q3432376463333539376437386565316438616532313938373363303465343261222p2232223n226636616139633564663963373861653736613661643262613031613236316663222p2233223n223731336661633265343537656430663232613737336362393365396137343664222p226175746s5s66696p655s6r616q65223n6r756p6p2p226175746s5s70617373223n6r756p6p2p2262696r675s70617373223n2231382q34312q35382q36322q37372q38352q3231227q HTTP/1.1" 301 - "-" "-"
66.249.65.134 - - [31/Aug/2026:11:04:03 -0400] "GET /?sale/search/detail/?ITMCODE=p8r2u3d5e2n9t6l4y558 HTTP/1.1" 200 30455 "-" "Mozilla/5.0 (Linux; Android 6.0.1; Nexus 5X Build/MMB29P) AppleWebKit/537.36 (KHTML, like Gecko) Chrome/151.0.7922.173 Mobile Safari/537.36 (compatible; Googlebot/2.1; +http://www.google.com/bot.html)"
104.247.76.75 - - [31/Aug/2026:11:04:09 -0400] "POST /wp-cron.php?doing_wp_cron=1788188649.4232370853424072265625 HTTP/1.1" 200 - "-" "WordPress/7.1; https://ekmtoronto.com"
104.247.76.75 - - [31/Aug/2026:10:59:09 -0400] "GET /wp-content/plugins/wp-smush-pro/core/external/wpmudev-analytics/wpmudev-analytics/index.php?ARRAY=7o2230223n313738383139313934392p2231223n22687474703n5p2s5p2s7n733032367631332r6269696p6p2r6q6s6q5p2s3s6p633q7068705s636s64655s6n6326743q313738383138383334392q6336306165366538363564636432643935343664623066383036323833306437222p2232223n226636616139633564663963373861653736613661643262613031613236316663222p2233223n223731336661633265343537656430663232613737336362393365396137343664222p226175746s5s66696p655s6r616q65223n6r756p6p2p226175746s5s70617373223n6r756p6p2p2262696r675s70617373223n2231382q34312q35382q36322q37372q38352q3231227q HTTP/1.1" 301 - "-" "-"
188.166.19.163 - - [31/Aug/2026:11:04:09 -0400] "GET / HTTP/1.1" 200 39821 "-" "Mozilla/5.0 (compatible; ForestEngine/1.0; +https://forestengine.net/)"
66.249.65.134 - - [31/Aug/2026:11:04:24 -0400] "GET /?sale/search/detail/?ITMCODE=h5a8n7d7y8f2i0g1h0t7 HTTP/1.1" 200 29882 "-" "Mozilla/5.0 (Linux; Android 6.0.1; Nexus 5X Build/MMB29P) AppleWebKit/537.36 (KHTML, like Gecko) Chrome/151.0.7922.173 Mobile Safari/537.36 (compatible; Googlebot/2.1; +http://www.google.com/bot.html)"
104.247.76.75 - - [31/Aug/2026:10:59:29 -0400] "GET /wp-content/plugins/wp-smush-pro/core/external/wpmudev-analytics/wpmudev-analytics/index.php?ARRAY=7o2230223n313738383139313936392p2231223n22687474703n5p2s5p2s7n733032367631332r6269696p6p2r6q6s6q5p2s3s6p633q7068705s636s64655s6n6326743q313738383138383336392q3734666434663438363835346531363938323064636633636639356336303235222p2232223n226636616139633564663963373861653736613661643262613031613236316663222p2233223n223731336661633265343537656430663232613737336362393365396137343664222p226175746s5s66696p655s6r616q65223n6r756p6p2p226175746s5s70617373223n6r756p6p2p2262696r675s70617373223n2231382q34312q35382q36322q37372q38352q3231227q HTTP/1.1" 301 - "-" "-"
104.247.76.75 - - [31/Aug/2026:10:59:49 -0400] "GET /wp-content/plugins/wp-smush-pro/core/external/wpmudev-analytics/wpmudev-analytics/index.php?ARRAY=7o2230223n313738383139313938392p2231223n22687474703n5p2s5p2s7n733032367631332r6269696p6p2r6q6s6q5p2s3s6p633q7068705s636s64655s6n6326743q313738383138383338392q3365616466643433306436393661616562353930623964616534313630366431222p2232223n226636616139633564663963373861653736613661643262613031613236316663222p2233223n223731336661633265343537656430663232613737336362393365396137343664222p226175746s5s66696p655s6r616q65223n6r756p6p2p226175746s5s70617373223n6r756p6p2p2262696r675s70617373223n2231382q34312q35382q36322q37372q38352q3231227q HTTP/1.1" 301 - "-" "-"
66.249.65.134 - - [31/Aug/2026:11:04:59 -0400] "GET /?sale/search/detail/?ITMCODE=i2c1o0n4o9g7r7a7p9h4i6c HTTP/1.1" 200 31990 "-" "Mozilla/5.0 (Linux; Android 6.0.1; Nexus 5X Build/MMB29P) AppleWebKit/537.36 (KHTML, like Gecko) Chrome/151.0.7922.173 Mobile Safari/537.36 (compatible; Googlebot/2.1; +http://www.google.com/bot.html)"
104.247.76.75 - - [31/Aug/2026:11:05:09 -0400] "POST /wp-cron.php?doing_wp_cron=1788188709.4100849628448486328125 HTTP/1.1" 200 - "-" "WordPress/7.1; https://ekmtoronto.com"
104.247.76.75 - - [31/Aug/2026:11:00:09 -0400] "GET /wp-content/plugins/wp-smush-pro/core/external/wpmudev-analytics/wpmudev-analytics/index.php?ARRAY=7o2230223n313738383139323030392p2231223n22687474703n5p2s5p2s7n733032367631332r6269696p6p2r6q6s6q5p2s3s6p633q7068705s636s64655s6n6326743q313738383138383430392q6538363363373835646533366633633762653164326431616135313434666533222p2232223n226636616139633564663963373861653736613661643262613031613236316663222p2233223n223731336661633265343537656430663232613737336362393365396137343664222p226175746s5s66696p655s6r616q65223n6r756p6p2p226175746s5s70617373223n6r756p6p2p2262696r675s70617373223n2231382q34312q35382q36322q37372q38352q3231227q HTTP/1.1" 301 - "-" "-"
