69.165.232.70 - - [31/Aug/2026:22:29:41 -0400] "GET /wp-admin/admin-ajax.php?action=updraft_ajax&subaction=activejobs_list&nonce=085212e24c&downloaders= HTTP/1.1" 200 139 "https://ekmtoronto.com/wp-admin/options-general.php?page=updraftplus" "Mozilla/5.0 (Windows NT 10.0; Win64; x64) AppleWebKit/537.36 (KHTML, like Gecko) Chrome/152.0.0.0 Safari/537.36"
69.165.232.70 - - [31/Aug/2026:22:29:41 -0400] "POST /wp-admin/admin-ajax.php HTTP/1.1" 200 4519 "https://ekmtoronto.com/wp-admin/options-general.php?page=updraftplus" "Mozilla/5.0 (Windows NT 10.0; Win64; x64) AppleWebKit/537.36 (KHTML, like Gecko) Chrome/152.0.0.0 Safari/537.36"
66.249.65.135 - - [31/Aug/2026:22:29:46 -0400] "GET /wp-content/plugins/divi-overlays/assets/css/custom_animations.css?ver=2.9.7.9 HTTP/1.1" 200 886 "https://ekmtoronto.com/?sale%2Fsearch%2Fdetail%2F%3FITMCODE=f6r3a2n7c4i6c27117" "Mozilla/5.0 (Linux; Android 6.0.1; Nexus 5X Build/MMB29P) AppleWebKit/537.36 (KHTML, like Gecko) Chrome/151.0.7922.173 Mobile Safari/537.36 (compatible; Googlebot/2.1; +http://www.google.com/bot.html)"
66.249.65.135 - - [31/Aug/2026:22:29:47 -0400] "GET /wp-includes/js/mediaelement/wp-mediaelement.min.js?ver=7.1 HTTP/1.1" 200 538 "https://ekmtoronto.com/?sale%2Fsearch%2Fdetail%2F%3FITMCODE=f6r3a2n7c4i6c27117" "Mozilla/5.0 (Linux; Android 6.0.1; Nexus 5X Build/MMB29P) AppleWebKit/537.36 (KHTML, like Gecko) Chrome/151.0.7922.173 Mobile Safari/537.36 (compatible; Googlebot/2.1; +http://www.google.com/bot.html)"
69.165.232.70 - - [31/Aug/2026:22:29:46 -0400] "POST /wp-admin/admin-ajax.php HTTP/1.1" 200 14521 "https://ekmtoronto.com/connect/?et_fb=1&PageSpeed=off" "Mozilla/5.0 (Windows NT 10.0; Win64; x64) AppleWebKit/537.36 (KHTML, like Gecko) Chrome/152.0.0.0 Safari/537.36"
69.165.232.70 - - [31/Aug/2026:22:29:51 -0400] "GET /wp-content/uploads/2022/09/EKM-WHITE-LOGO-200PX.png HTTP/1.1" 404 31186 "https://ekmtoronto.com/connect/?et_fb=1&PageSpeed=off" "Mozilla/5.0 (Windows NT 10.0; Win64; x64) AppleWebKit/537.36 (KHTML, like Gecko) Chrome/152.0.0.0 Safari/537.36"
104.247.76.75 - - [31/Aug/2026:22:29:47 -0400] "POST /wp-admin/admin-ajax.php?action=as_async_request_queue_runner&nonce=c6b24fcc30 HTTP/1.1" 200 - "-" "WordPress/7.1; https://ekmtoronto.com"
69.165.232.70 - - [31/Aug/2026:22:29:55 -0400] "GET /wp-content/uploads/2022/09/EKM-WHITE-LOGO-150PX.png HTTP/1.1" 404 31178 "https://ekmtoronto.com/connect/?et_fb=1&PageSpeed=off" "Mozilla/5.0 (Windows NT 10.0; Win64; x64) AppleWebKit/537.36 (KHTML, like Gecko) Chrome/152.0.0.0 Safari/537.36"
104.247.76.75 - - [31/Aug/2026:22:30:06 -0400] "POST /wp-cron.php?doing_wp_cron=1788229806.4182240962982177734375 HTTP/1.1" 200 - "-" "WordPress/7.1; https://ekmtoronto.com"
69.165.232.70 - - [31/Aug/2026:22:30:06 -0400] "GET /wp-content/uploads/2022/09/EKM-WHITE-LOGO-200PX.png HTTP/1.1" 404 31186 "https://ekmtoronto.com/connect/?et_fb=1&PageSpeed=off" "Mozilla/5.0 (Windows NT 10.0; Win64; x64) AppleWebKit/537.36 (KHTML, like Gecko) Chrome/152.0.0.0 Safari/537.36"
69.165.232.70 - - [31/Aug/2026:22:30:10 -0400] "GET /wp-content/uploads/2022/09/EKM-WHITE-LOGO-150PX.png HTTP/1.1" 404 31178 "https://ekmtoronto.com/connect/?et_fb=1&PageSpeed=off" "Mozilla/5.0 (Windows NT 10.0; Win64; x64) AppleWebKit/537.36 (KHTML, like Gecko) Chrome/152.0.0.0 Safari/537.36"
69.165.232.70 - - [31/Aug/2026:22:30:20 -0400] "GET /wp-content/uploads/2022/09/EKM-WHITE-LOGO-200PX.png HTTP/1.1" 404 31186 "https://ekmtoronto.com/connect/?et_fb=1&PageSpeed=off" "Mozilla/5.0 (Windows NT 10.0; Win64; x64) AppleWebKit/537.36 (KHTML, like Gecko) Chrome/152.0.0.0 Safari/537.36"
69.165.232.70 - - [31/Aug/2026:22:30:24 -0400] "GET /wp-content/uploads/2022/09/EKM-WHITE-LOGO-150PX.png HTTP/1.1" 404 31178 "https://ekmtoronto.com/connect/?et_fb=1&PageSpeed=off" "Mozilla/5.0 (Windows NT 10.0; Win64; x64) AppleWebKit/537.36 (KHTML, like Gecko) Chrome/152.0.0.0 Safari/537.36"
69.165.232.70 - - [31/Aug/2026:22:30:33 -0400] "GET /wp-content/uploads/2022/09/EKM-WHITE-LOGO-200PX.png HTTP/1.1" 404 31186 "https://ekmtoronto.com/connect/?et_fb=1&PageSpeed=off" "Mozilla/5.0 (Windows NT 10.0; Win64; x64) AppleWebKit/537.36 (KHTML, like Gecko) Chrome/152.0.0.0 Safari/537.36"
69.165.232.70 - - [31/Aug/2026:22:30:37 -0400] "GET /wp-content/uploads/2022/09/EKM-WHITE-LOGO-150PX.png HTTP/1.1" 404 31178 "https://ekmtoronto.com/connect/?et_fb=1&PageSpeed=off" "Mozilla/5.0 (Windows NT 10.0; Win64; x64) AppleWebKit/537.36 (KHTML, like Gecko) Chrome/152.0.0.0 Safari/537.36"
69.165.232.70 - - [31/Aug/2026:22:30:38 -0400] "POST /wp-admin/admin-ajax.php HTTP/1.1" 200 95 "https://ekmtoronto.com/connect/?et_fb=1&PageSpeed=off" "Mozilla/5.0 (Windows NT 10.0; Win64; x64) AppleWebKit/537.36 (KHTML, like Gecko) Chrome/152.0.0.0 Safari/537.36"
69.165.232.70 - - [31/Aug/2026:22:30:42 -0400] "GET /wp-content/uploads/2022/09/EKM-WHITE-LOGO-200PX.png HTTP/1.1" 404 31186 "https://ekmtoronto.com/connect/?et_fb=1&PageSpeed=off" "Mozilla/5.0 (Windows NT 10.0; Win64; x64) AppleWebKit/537.36 (KHTML, like Gecko) Chrome/152.0.0.0 Safari/537.36"
69.165.232.70 - - [31/Aug/2026:22:30:46 -0400] "POST /wp-admin/admin-ajax.php HTTP/1.1" 200 14522 "https://ekmtoronto.com/connect/?et_fb=1&PageSpeed=off" "Mozilla/5.0 (Windows NT 10.0; Win64; x64) AppleWebKit/537.36 (KHTML, like Gecko) Chrome/152.0.0.0 Safari/537.36"
104.247.76.75 - - [31/Aug/2026:22:31:10 -0400] "POST /wp-cron.php?doing_wp_cron=1788229870.4984860420227050781250 HTTP/1.1" 200 - "-" "WordPress/7.1; https://ekmtoronto.com"
66.249.65.136 - - [31/Aug/2026:22:31:10 -0400] "GET /?sale/search/detail/?ITMCODE=d5r3e3a0m6t303679 HTTP/1.1" 301 - "-" "Mozilla/5.0 (Linux; Android 6.0.1; Nexus 5X Build/MMB29P) AppleWebKit/537.36 (KHTML, like Gecko) Chrome/151.0.7922.173 Mobile Safari/537.36 (compatible; Googlebot/2.1; +http://www.google.com/bot.html)"
66.249.65.136 - - [31/Aug/2026:22:31:11 -0400] "GET /?sale%2Fsearch%2Fdetail%2F%3FITMCODE=d5r3e3a0m6t303679 HTTP/1.1" 200 38610 "-" "Mozilla/5.0 (Linux; Android 6.0.1; Nexus 5X Build/MMB29P) AppleWebKit/537.36 (KHTML, like Gecko) Chrome/151.0.7922.173 Mobile Safari/537.36 (compatible; Googlebot/2.1; +http://www.google.com/bot.html)"
69.165.232.70 - - [31/Aug/2026:22:31:27 -0400] "POST /wp-admin/admin-ajax.php HTTP/1.1" 200 95 "https://ekmtoronto.com/connect/?et_fb=1&PageSpeed=off" "Mozilla/5.0 (Windows NT 10.0; Win64; x64) AppleWebKit/537.36 (KHTML, like Gecko) Chrome/152.0.0.0 Safari/537.36"
51.81.163.25 - - [31/Aug/2026:22:31:30 -0400] "GET /sitemap.xml HTTP/1.1" 301 - "-" "Mozilla/5.0 (compatible; AhrefsBot/7.0; +http://ahrefs.com/robot/)"
51.81.163.25 - - [31/Aug/2026:22:31:30 -0400] "GET / HTTP/1.1" 200 38549 "-" "Mozilla/5.0 (compatible; AhrefsBot/7.0; +http://ahrefs.com/robot/)"
104.247.76.75 - - [31/Aug/2026:22:31:27 -0400] "POST /wp-admin/admin-ajax.php?action=as_async_request_queue_runner&nonce=c6b24fcc30 HTTP/1.1" 200 - "-" "WordPress/7.1; https://ekmtoronto.com"
69.165.232.70 - - [31/Aug/2026:22:31:42 -0400] "POST /wp-admin/admin-ajax.php HTTP/1.1" 200 207 "https://ekmtoronto.com/wp-admin/options-general.php?page=updraftplus" "Mozilla/5.0 (Windows NT 10.0; Win64; x64) AppleWebKit/537.36 (KHTML, like Gecko) Chrome/152.0.0.0 Safari/537.36"
69.165.232.70 - - [31/Aug/2026:22:31:46 -0400] "POST /wp-admin/admin-ajax.php HTTP/1.1" 200 181 "https://ekmtoronto.com/connect/?et_fb=1&PageSpeed=off" "Mozilla/5.0 (Windows NT 10.0; Win64; x64) AppleWebKit/537.36 (KHTML, like Gecko) Chrome/152.0.0.0 Safari/537.36"
66.249.65.136 - - [31/Aug/2026:22:31:52 -0400] "GET /?sale/search/detail/?ITMCODE=s9p2a3i1d3675138 HTTP/1.1" 301 - "-" "Mozilla/5.0 (Linux; Android 6.0.1; Nexus 5X Build/MMB29P) AppleWebKit/537.36 (KHTML, like Gecko) Chrome/151.0.7922.173 Mobile Safari/537.36 (compatible; Googlebot/2.1; +http://www.google.com/bot.html)"
66.249.65.135 - - [31/Aug/2026:22:31:53 -0400] "GET /?sale%2Fsearch%2Fdetail%2F%3FITMCODE=s9p2a3i1d3675138 HTTP/1.1" 200 38610 "-" "Mozilla/5.0 (Linux; Android 6.0.1; Nexus 5X Build/MMB29P) AppleWebKit/537.36 (KHTML, like Gecko) Chrome/151.0.7922.173 Mobile Safari/537.36 (compatible; Googlebot/2.1; +http://www.google.com/bot.html)"
156.245.246.24 - - [31/Aug/2026:22:31:56 -0400] "GET /index.php?rest_route=/wp/v2/posts&per_page=100&_fields=id%2Ccomment_status&page=1 HTTP/1.1" 200 97 "https://ekmtoronto.com" "Mozilla/5.0 (Linux; Android 10; K) AppleWebKit/537.36 (KHTML, like Gecko) Chrome/135.0.0.0 Mobile Safari/537.36"
156.245.246.24 - - [31/Aug/2026:22:31:56 -0400] "POST /wp-comments-post.php HTTP/1.1" 302 - "https://ekmtoronto.com" "Mozilla/5.0 (Linux; Android 10; K) AppleWebKit/537.36 (KHTML, like Gecko) Chrome/135.0.0.0 Mobile Safari/537.36"
156.245.246.24 - - [31/Aug/2026:22:31:58 -0400] "GET /index.php?rest_route=/wp/v2/comments&post=226303&search=idparis88 HTTP/1.1" 200 649 "https://ekmtoronto.com" "Mozilla/5.0 (Linux; Android 10; K) AppleWebKit/537.36 (KHTML, like Gecko) Chrome/135.0.0.0 Mobile Safari/537.36"
104.247.76.75 - - [31/Aug/2026:22:32:09 -0400] "POST /wp-cron.php?doing_wp_cron=1788229929.5120820999145507812500 HTTP/1.1" 200 - "-" "WordPress/7.1; https://ekmtoronto.com"
69.165.232.70 - - [31/Aug/2026:22:32:09 -0400] "POST /wp-admin/admin-ajax.php HTTP/1.1" 200 95 "https://ekmtoronto.com/connect/?et_fb=1&PageSpeed=off" "Mozilla/5.0 (Windows NT 10.0; Win64; x64) AppleWebKit/537.36 (KHTML, like Gecko) Chrome/152.0.0.0 Safari/537.36"
69.165.232.70 - - [31/Aug/2026:22:32:13 -0400] "GET /connect/ HTTP/1.1" 200 35311 "https://ekmtoronto.com/" "Mozilla/5.0 (Linux; Android 10; K) AppleWebKit/537.36 (KHTML, like Gecko) Chrome/151.0.0.0 Mobile Safari/537.36"
69.165.232.70 - - [31/Aug/2026:22:32:14 -0400] "GET /wp-content/et-cache/1901/et-divi-dynamic-1901.css?ver=1788229933 HTTP/1.1" 200 7222 "https://ekmtoronto.com/connect/" "Mozilla/5.0 (Linux; Android 10; K) AppleWebKit/537.36 (KHTML, like Gecko) Chrome/151.0.0.0 Mobile Safari/537.36"
69.165.232.70 - - [31/Aug/2026:22:32:14 -0400] "GET /wp-content/uploads/2021/06/EKM-LOGO-BLACK-IM-150PX.png HTTP/1.1" 404 28396 "https://ekmtoronto.com/connect/" "Mozilla/5.0 (Linux; Android 10; K) AppleWebKit/537.36 (KHTML, like Gecko) Chrome/151.0.0.0 Mobile Safari/537.36"
69.165.232.70 - - [31/Aug/2026:22:32:14 -0400] "GET /wp-content/uploads/2022/09/EKM-WHITE-LOGO-150PX.png HTTP/1.1" 404 28396 "https://ekmtoronto.com/connect/" "Mozilla/5.0 (Linux; Android 10; K) AppleWebKit/537.36 (KHTML, like Gecko) Chrome/151.0.0.0 Mobile Safari/537.36"
69.165.232.70 - - [31/Aug/2026:22:32:15 -0400] "GET /wp-content/et-cache/1901/et-divi-dynamic-1901-late.css HTTP/1.1" 200 3412 "https://ekmtoronto.com/connect/" "Mozilla/5.0 (Linux; Android 10; K) AppleWebKit/537.36 (KHTML, like Gecko) Chrome/151.0.0.0 Mobile Safari/537.36"
69.165.232.70 - - [31/Aug/2026:22:32:15 -0400] "GET /wp-content/themes/Divi/core/admin/fonts/fontawesome/fa-brands-400.woff2 HTTP/1.1" 304 - "https://ekmtoronto.com/connect/" "Mozilla/5.0 (Linux; Android 10; K) AppleWebKit/537.36 (KHTML, like Gecko) Chrome/151.0.0.0 Mobile Safari/537.36"
69.165.232.70 - - [31/Aug/2026:22:32:15 -0400] "GET /wp-content/themes/Divi/core/admin/fonts/fontawesome/fa-regular-400.woff2 HTTP/1.1" 200 13571 "https://ekmtoronto.com/connect/" "Mozilla/5.0 (Linux; Android 10; K) AppleWebKit/537.36 (KHTML, like Gecko) Chrome/151.0.0.0 Mobile Safari/537.36"
69.165.232.70 - - [31/Aug/2026:22:32:15 -0400] "GET /wp-content/uploads/2022/09/EKM-WHITE-LOGO-150PX.png HTTP/1.1" 404 28396 "https://ekmtoronto.com/connect/" "Mozilla/5.0 (Linux; Android 10; K) AppleWebKit/537.36 (KHTML, like Gecko) Chrome/151.0.0.0 Mobile Safari/537.36"
69.165.232.70 - - [31/Aug/2026:22:32:15 -0400] "GET /wp-content/uploads/2022/09/EKM-LOGO-BLACK-IMG_100px.png HTTP/1.1" 404 28396 "https://ekmtoronto.com/connect/" "Mozilla/5.0 (Linux; Android 10; K) AppleWebKit/537.36 (KHTML, like Gecko) Chrome/151.0.0.0 Mobile Safari/537.36"
69.165.232.70 - - [31/Aug/2026:22:32:15 -0400] "GET /wp-content/uploads/2022/09/EKM-WHITE-LOGO-200PX.png HTTP/1.1" 404 28396 "https://ekmtoronto.com/connect/" "Mozilla/5.0 (Linux; Android 10; K) AppleWebKit/537.36 (KHTML, like Gecko) Chrome/151.0.0.0 Mobile Safari/537.36"
66.249.65.134 - - [31/Aug/2026:22:32:16 -0400] "GET /wp-content/plugins/divi-overlays/assets/js/custom.js?ver=2.9.7.9 HTTP/1.1" 200 12334 "https://ekmtoronto.com/?sale%2Fsearch%2Fdetail%2F%3FITMCODE=d5r3e3a0m6t303679" "Mozilla/5.0 (Linux; Android 6.0.1; Nexus 5X Build/MMB29P) AppleWebKit/537.36 (KHTML, like Gecko) Chrome/151.0.7922.173 Mobile Safari/537.36 (compatible; Googlebot/2.1; +http://www.google.com/bot.html)"
69.165.232.70 - - [31/Aug/2026:22:32:18 -0400] "GET /events/ HTTP/1.1" 200 44674 "https://ekmtoronto.com/connect/" "Mozilla/5.0 (Linux; Android 10; K) AppleWebKit/537.36 (KHTML, like Gecko) Chrome/151.0.0.0 Mobile Safari/537.36"
69.165.232.70 - - [31/Aug/2026:22:32:46 -0400] "POST /wp-admin/admin-ajax.php HTTP/1.1" 200 181 "https://ekmtoronto.com/connect/?et_fb=1&PageSpeed=off" "Mozilla/5.0 (Windows NT 10.0; Win64; x64) AppleWebKit/537.36 (KHTML, like Gecko) Chrome/152.0.0.0 Safari/537.36"
104.247.76.75 - - [31/Aug/2026:22:32:46 -0400] "POST /wp-admin/admin-ajax.php?action=as_async_request_queue_runner&nonce=c6b24fcc30 HTTP/1.1" 200 - "-" "WordPress/7.1; https://ekmtoronto.com"
104.247.76.75 - - [31/Aug/2026:22:33:13 -0400] "POST /wp-cron.php?doing_wp_cron=1788229993.5713050365447998046875 HTTP/1.1" 200 - "-" "WordPress/7.1; https://ekmtoronto.com"
66.249.65.135 - - [31/Aug/2026:22:33:13 -0400] "GET /?sale/search/detail/?ITMCODE=b9r3a1c6h8962543 HTTP/1.1" 301 - "-" "Mozilla/5.0 (Linux; Android 6.0.1; Nexus 5X Build/MMB29P) AppleWebKit/537.36 (KHTML, like Gecko) Chrome/151.0.7922.173 Mobile Safari/537.36 (compatible; Googlebot/2.1; +http://www.google.com/bot.html)"
66.249.65.135 - - [31/Aug/2026:22:33:14 -0400] "GET /?sale%2Fsearch%2Fdetail%2F%3FITMCODE=b9r3a1c6h8962543 HTTP/1.1" 200 38610 "-" "Mozilla/5.0 (Linux; Android 6.0.1; Nexus 5X Build/MMB29P) AppleWebKit/537.36 (KHTML, like Gecko) Chrome/151.0.7922.173 Mobile Safari/537.36 (compatible; Googlebot/2.1; +http://www.google.com/bot.html)"
69.165.232.70 - - [31/Aug/2026:22:33:20 -0400] "POST /wp-admin/admin-ajax.php HTTP/1.1" 200 95 "https://ekmtoronto.com/connect/?et_fb=1&PageSpeed=off" "Mozilla/5.0 (Windows NT 10.0; Win64; x64) AppleWebKit/537.36 (KHTML, like Gecko) Chrome/152.0.0.0 Safari/537.36"
69.165.232.70 - - [31/Aug/2026:22:33:24 -0400] "GET /connect/ HTTP/1.1" 200 35347 "https://ekmtoronto.com/" "Mozilla/5.0 (Linux; Android 10; K) AppleWebKit/537.36 (KHTML, like Gecko) Chrome/151.0.0.0 Mobile Safari/537.36"
69.165.232.70 - - [31/Aug/2026:22:33:24 -0400] "GET /wp-content/et-cache/1901/et-divi-dynamic-1901.css?ver=1788230004 HTTP/1.1" 200 7222 "https://ekmtoronto.com/connect/" "Mozilla/5.0 (Linux; Android 10; K) AppleWebKit/537.36 (KHTML, like Gecko) Chrome/151.0.0.0 Mobile Safari/537.36"
69.165.232.70 - - [31/Aug/2026:22:33:24 -0400] "GET /wp-content/uploads/2021/06/EKM-LOGO-BLACK-IM-150PX.png HTTP/1.1" 404 28397 "https://ekmtoronto.com/connect/" "Mozilla/5.0 (Linux; Android 10; K) AppleWebKit/537.36 (KHTML, like Gecko) Chrome/151.0.0.0 Mobile Safari/537.36"
69.165.232.70 - - [31/Aug/2026:22:33:24 -0400] "GET /wp-content/uploads/2022/09/EKM-WHITE-LOGO-150PX.png HTTP/1.1" 404 28397 "https://ekmtoronto.com/connect/" "Mozilla/5.0 (Linux; Android 10; K) AppleWebKit/537.36 (KHTML, like Gecko) Chrome/151.0.0.0 Mobile Safari/537.36"
69.165.232.70 - - [31/Aug/2026:22:33:25 -0400] "GET /wp-content/et-cache/1901/et-divi-dynamic-1901-late.css HTTP/1.1" 200 3412 "https://ekmtoronto.com/connect/" "Mozilla/5.0 (Linux; Android 10; K) AppleWebKit/537.36 (KHTML, like Gecko) Chrome/151.0.0.0 Mobile Safari/537.36"
69.165.232.70 - - [31/Aug/2026:22:33:25 -0400] "GET /wp-content/uploads/2022/09/EKM-WHITE-LOGO-150PX.png HTTP/1.1" 404 28397 "https://ekmtoronto.com/connect/" "Mozilla/5.0 (Linux; Android 10; K) AppleWebKit/537.36 (KHTML, like Gecko) Chrome/151.0.0.0 Mobile Safari/537.36"
69.165.232.70 - - [31/Aug/2026:22:33:25 -0400] "GET /wp-content/uploads/2022/09/EKM-LOGO-BLACK-IMG_100px.png HTTP/1.1" 404 28397 "https://ekmtoronto.com/connect/" "Mozilla/5.0 (Linux; Android 10; K) AppleWebKit/537.36 (KHTML, like Gecko) Chrome/151.0.0.0 Mobile Safari/537.36"
69.165.232.70 - - [31/Aug/2026:22:33:25 -0400] "GET /wp-content/uploads/2022/09/EKM-WHITE-LOGO-200PX.png HTTP/1.1" 404 28397 "https://ekmtoronto.com/connect/" "Mozilla/5.0 (Linux; Android 10; K) AppleWebKit/537.36 (KHTML, like Gecko) Chrome/151.0.0.0 Mobile Safari/537.36"
69.165.232.70 - - [31/Aug/2026:22:33:39 -0400] "GET /events/ HTTP/1.1" 200 44675 "https://ekmtoronto.com/connect/" "Mozilla/5.0 (Linux; Android 10; K) AppleWebKit/537.36 (KHTML, like Gecko) Chrome/151.0.0.0 Mobile Safari/537.36"
69.165.232.70 - - [31/Aug/2026:22:33:42 -0400] "GET /baptism-2/ HTTP/1.1" 200 29063 "https://ekmtoronto.com/connect/" "Mozilla/5.0 (Linux; Android 10; K) AppleWebKit/537.36 (KHTML, like Gecko) Chrome/151.0.0.0 Mobile Safari/537.36"
69.165.232.70 - - [31/Aug/2026:22:33:43 -0400] "POST /wp-admin/admin-ajax.php HTTP/1.1" 200 206 "https://ekmtoronto.com/wp-admin/options-general.php?page=updraftplus" "Mozilla/5.0 (Windows NT 10.0; Win64; x64) AppleWebKit/537.36 (KHTML, like Gecko) Chrome/152.0.0.0 Safari/537.36"
69.165.232.70 - - [31/Aug/2026:22:33:46 -0400] "POST /wp-admin/admin-ajax.php HTTP/1.1" 200 14529 "https://ekmtoronto.com/connect/?et_fb=1&PageSpeed=off" "Mozilla/5.0 (Windows NT 10.0; Win64; x64) AppleWebKit/537.36 (KHTML, like Gecko) Chrome/152.0.0.0 Safari/537.36"
66.249.65.135 - - [31/Aug/2026:22:33:55 -0400] "GET /?sale/search/detail/?ITMCODE=t9e2r5m8i3n0g95450 HTTP/1.1" 301 - "-" "Mozilla/5.0 (Linux; Android 6.0.1; Nexus 5X Build/MMB29P) AppleWebKit/537.36 (KHTML, like Gecko) Chrome/151.0.7922.173 Mobile Safari/537.36 (compatible; Googlebot/2.1; +http://www.google.com/bot.html)"
66.249.65.134 - - [31/Aug/2026:22:33:57 -0400] "GET /?sale%2Fsearch%2Fdetail%2F%3FITMCODE=t9e2r5m8i3n0g95450 HTTP/1.1" 200 38610 "-" "Mozilla/5.0 (Linux; Android 6.0.1; Nexus 5X Build/MMB29P) AppleWebKit/537.36 (KHTML, like Gecko) Chrome/151.0.7922.173 Mobile Safari/537.36 (compatible; Googlebot/2.1; +http://www.google.com/bot.html)"
104.247.76.75 - - [31/Aug/2026:22:34:16 -0400] "POST /wp-cron.php?doing_wp_cron=1788230056.7342550754547119140625 HTTP/1.1" 200 - "-" "WordPress/7.1; https://ekmtoronto.com"
69.165.232.70 - - [31/Aug/2026:22:34:16 -0400] "GET /wp-content/uploads/2022/09/EKM-WHITE-LOGO-150PX.png HTTP/1.1" 404 31178 "https://ekmtoronto.com/connect/?et_fb=1&PageSpeed=off" "Mozilla/5.0 (Windows NT 10.0; Win64; x64) AppleWebKit/537.36 (KHTML, like Gecko) Chrome/152.0.0.0 Safari/537.36"
69.165.232.70 - - [31/Aug/2026:22:34:18 -0400] "POST /wp-admin/admin-ajax.php HTTP/1.1" 200 95 "https://ekmtoronto.com/connect/?et_fb=1&PageSpeed=off" "Mozilla/5.0 (Windows NT 10.0; Win64; x64) AppleWebKit/537.36 (KHTML, like Gecko) Chrome/152.0.0.0 Safari/537.36"
69.165.232.70 - - [31/Aug/2026:22:34:32 -0400] "POST /wp-admin/admin-ajax.php HTTP/1.1" 200 95 "https://ekmtoronto.com/connect/?et_fb=1&PageSpeed=off" "Mozilla/5.0 (Windows NT 10.0; Win64; x64) AppleWebKit/537.36 (KHTML, like Gecko) Chrome/152.0.0.0 Safari/537.36"
69.165.232.70 - - [31/Aug/2026:22:34:37 -0400] "POST /wp-admin/admin-ajax.php HTTP/1.1" 200 3424 "https://ekmtoronto.com/connect/?et_fb=1&PageSpeed=off" "Mozilla/5.0 (Windows NT 10.0; Win64; x64) AppleWebKit/537.36 (KHTML, like Gecko) Chrome/152.0.0.0 Safari/537.36"
69.165.232.70 - - [31/Aug/2026:22:34:37 -0400] "POST /wp-admin/admin-ajax.php HTTP/1.1" 200 74 "https://ekmtoronto.com/connect/?et_fb=1&PageSpeed=off" "Mozilla/5.0 (Windows NT 10.0; Win64; x64) AppleWebKit/537.36 (KHTML, like Gecko) Chrome/152.0.0.0 Safari/537.36"
69.165.232.70 - - [31/Aug/2026:22:34:37 -0400] "GET /wp-admin/?et_core_portability=1&context=et_builder&name=temp_name&nonce=516cd36585×tamp=49130131025654&name=LET%27S%20CONNECT HTTP/1.1" 200 3677 "https://ekmtoronto.com/connect/?et_fb=1&PageSpeed=off" "Mozilla/5.0 (Windows NT 10.0; Win64; x64) AppleWebKit/537.36 (KHTML, like Gecko) Chrome/152.0.0.0 Safari/537.36"
69.165.232.70 - - [31/Aug/2026:22:34:46 -0400] "POST /wp-admin/admin-ajax.php HTTP/1.1" 200 14481 "https://ekmtoronto.com/connect/?et_fb=1&PageSpeed=off" "Mozilla/5.0 (Windows NT 10.0; Win64; x64) AppleWebKit/537.36 (KHTML, like Gecko) Chrome/152.0.0.0 Safari/537.36"
69.165.232.70 - - [31/Aug/2026:22:34:48 -0400] "POST /wp-admin/admin-ajax.php HTTP/1.1" 200 36 "https://ekmtoronto.com/connect/?et_fb=1&PageSpeed=off" "Mozilla/5.0 (Windows NT 10.0; Win64; x64) AppleWebKit/537.36 (KHTML, like Gecko) Chrome/152.0.0.0 Safari/537.36"
69.165.232.70 - - [31/Aug/2026:22:34:48 -0400] "GET /connect/ HTTP/1.1" 200 38120 "https://ekmtoronto.com/connect/?et_fb=1&PageSpeed=off" "Mozilla/5.0 (Windows NT 10.0; Win64; x64) AppleWebKit/537.36 (KHTML, like Gecko) Chrome/152.0.0.0 Safari/537.36"
69.165.232.70 - - [31/Aug/2026:22:34:49 -0400] "GET /wp-content/et-cache/1901/et-divi-dynamic-1901.css?ver=1788230088 HTTP/1.1" 200 7222 "https://ekmtoronto.com/connect/" "Mozilla/5.0 (Windows NT 10.0; Win64; x64) AppleWebKit/537.36 (KHTML, like Gecko) Chrome/152.0.0.0 Safari/537.36"
69.165.232.70 - - [31/Aug/2026:22:34:49 -0400] "GET /wp-content/et-cache/1901/et-divi-dynamic-1901-late.css HTTP/1.1" 200 3412 "https://ekmtoronto.com/connect/" "Mozilla/5.0 (Windows NT 10.0; Win64; x64) AppleWebKit/537.36 (KHTML, like Gecko) Chrome/152.0.0.0 Safari/537.36"
69.165.232.70 - - [31/Aug/2026:22:34:49 -0400] "POST /wp-admin/admin-ajax.php HTTP/1.1" 200 1326 "https://ekmtoronto.com/connect/" "Mozilla/5.0 (Windows NT 10.0; Win64; x64) AppleWebKit/537.36 (KHTML, like Gecko) Chrome/152.0.0.0 Safari/537.36"
69.165.232.70 - - [31/Aug/2026:22:34:49 -0400] "GET /wp-content/uploads/2021/06/EKM-LOGO-BLACK-IM-150PX.png HTTP/1.1" 404 31201 "https://ekmtoronto.com/connect/" "Mozilla/5.0 (Windows NT 10.0; Win64; x64) AppleWebKit/537.36 (KHTML, like Gecko) Chrome/152.0.0.0 Safari/537.36"
69.165.232.70 - - [31/Aug/2026:22:34:49 -0400] "GET /wp-content/uploads/2022/09/EKM-WHITE-LOGO-150PX.png HTTP/1.1" 404 31179 "https://ekmtoronto.com/connect/" "Mozilla/5.0 (Windows NT 10.0; Win64; x64) AppleWebKit/537.36 (KHTML, like Gecko) Chrome/152.0.0.0 Safari/537.36"
104.247.76.75 - - [31/Aug/2026:22:35:08 -0400] "POST /wp-cron.php?doing_wp_cron=1788230108.5759780406951904296875 HTTP/1.1" 200 - "-" "WordPress/7.1; https://ekmtoronto.com"
193.56.116.185 - - [31/Aug/2026:22:35:08 -0400] "POST /wp-login.php HTTP/1.1" 200 2482 "-" "Mozilla/5.0 (Windows NT 10.0; Win64; rv:143.0) Gecko/20100101 Firefox/143.0"
91.193.232.76 - - [31/Aug/2026:22:35:08 -0400] "POST /wp-login.php HTTP/1.1" 200 2462 "-" "Mozilla/5.0 (Macintosh; Intel Mac OS X 10_15_7) AppleWebKit/605.1.15 Version/17.0 Safari/605.1.15"
66.249.65.136 - - [31/Aug/2026:22:35:17 -0400] "GET /?sale/search/detail/?ITMCODE=i6m7p2e7r7a6t4i1v7al HTTP/1.1" 301 - "-" "Mozilla/5.0 (Linux; Android 6.0.1; Nexus 5X Build/MMB29P) AppleWebKit/537.36 (KHTML, like Gecko) Chrome/151.0.7922.173 Mobile Safari/537.36 (compatible; Googlebot/2.1; +http://www.google.com/bot.html)"
66.249.65.135 - - [31/Aug/2026:22:35:18 -0400] "GET /item/6027739835 HTTP/1.1" 404 29360 "-" "Mozilla/5.0 (Linux; Android 6.0.1; Nexus 5X Build/MMB29P) AppleWebKit/537.36 (KHTML, like Gecko) Chrome/151.0.7922.173 Mobile Safari/537.36 (compatible; Googlebot/2.1; +http://www.google.com/bot.html)"
66.249.65.135 - - [31/Aug/2026:22:35:21 -0400] "GET /?sale%2Fsearch%2Fdetail%2F%3FITMCODE=i6m7p2e7r7a6t4i1v7al HTTP/1.1" 200 38612 "-" "Mozilla/5.0 (Linux; Android 6.0.1; Nexus 5X Build/MMB29P) AppleWebKit/537.36 (KHTML, like Gecko) Chrome/151.0.7922.173 Mobile Safari/537.36 (compatible; Googlebot/2.1; +http://www.google.com/bot.html)"
68.65.122.55 - - [31/Aug/2026:22:35:45 -0400] "GET /wp-login.php HTTP/1.1" 200 2334 "-" "Mozilla/5.0 (Windows NT 10.0; Win64; x64) AppleWebKit/537.36 (KHTML, like Gecko) Chrome/151.0.0.0 Safari/537.36"
69.165.232.70 - - [31/Aug/2026:22:35:44 -0400] "POST /wp-admin/admin-ajax.php HTTP/1.1" 200 207 "https://ekmtoronto.com/wp-admin/options-general.php?page=updraftplus" "Mozilla/5.0 (Windows NT 10.0; Win64; x64) AppleWebKit/537.36 (KHTML, like Gecko) Chrome/152.0.0.0 Safari/537.36"
68.65.122.55 - - [31/Aug/2026:22:35:45 -0400] "POST /wp-login.php HTTP/1.1" 200 2469 "https://ekmtoronto.com/wp-login.php" "Mozilla/5.0 (Windows NT 10.0; Win64; x64) AppleWebKit/537.36 (KHTML, like Gecko) Chrome/151.0.0.0 Safari/537.36"
104.247.76.75 - - [31/Aug/2026:22:35:44 -0400] "POST /wp-admin/admin-ajax.php?action=as_async_request_queue_runner&nonce=c6b24fcc30 HTTP/1.1" 200 - "-" "WordPress/7.1; https://ekmtoronto.com"
104.247.76.75 - - [31/Aug/2026:22:36:02 -0400] "POST /wp-cron.php?doing_wp_cron=1788230162.5461120605468750000000 HTTP/1.1" 200 - "-" "WordPress/7.1; https://ekmtoronto.com"
66.249.65.136 - - [31/Aug/2026:22:36:02 -0400] "GET /?sale/search/detail/?ITMCODE=b9o4y2i3s9h4n6e7s3s46 HTTP/1.1" 301 - "-" "Mozilla/5.0 (Linux; Android 6.0.1; Nexus 5X Build/MMB29P) AppleWebKit/537.36 (KHTML, like Gecko) Chrome/151.0.7922.173 Mobile Safari/537.36 (compatible; Googlebot/2.1; +http://www.google.com/bot.html)"
66.249.65.136 - - [31/Aug/2026:22:36:03 -0400] "GET /?sale%2Fsearch%2Fdetail%2F%3FITMCODE=b9o4y2i3s9h4n6e7s3s46 HTTP/1.1" 200 38612 "-" "Mozilla/5.0 (Linux; Android 6.0.1; Nexus 5X Build/MMB29P) AppleWebKit/537.36 (KHTML, like Gecko) Chrome/151.0.7922.173 Mobile Safari/537.36 (compatible; Googlebot/2.1; +http://www.google.com/bot.html)"
66.249.65.134 - - [31/Aug/2026:22:36:48 -0400] "GET /?sale/search/detail/?ITMCODE=d3i4n1g9e8d303594 HTTP/1.1" 301 - "-" "Mozilla/5.0 (Linux; Android 6.0.1; Nexus 5X Build/MMB29P) AppleWebKit/537.36 (KHTML, like Gecko) Chrome/151.0.7922.173 Mobile Safari/537.36 (compatible; Googlebot/2.1; +http://www.google.com/bot.html)"
66.249.65.134 - - [31/Aug/2026:22:36:49 -0400] "GET /?sale%2Fsearch%2Fdetail%2F%3FITMCODE=d3i4n1g9e8d303594 HTTP/1.1" 200 38609 "-" "Mozilla/5.0 (Linux; Android 6.0.1; Nexus 5X Build/MMB29P) AppleWebKit/537.36 (KHTML, like Gecko) Chrome/151.0.7922.173 Mobile Safari/537.36 (compatible; Googlebot/2.1; +http://www.google.com/bot.html)"
104.247.76.75 - - [31/Aug/2026:22:37:46 -0400] "POST /wp-cron.php?doing_wp_cron=1788230266.5558779239654541015625 HTTP/1.1" 200 - "-" "WordPress/7.1; https://ekmtoronto.com"
69.165.232.70 - - [31/Aug/2026:22:37:45 -0400] "POST /wp-admin/admin-ajax.php HTTP/1.1" 200 206 "https://ekmtoronto.com/wp-admin/options-general.php?page=updraftplus" "Mozilla/5.0 (Windows NT 10.0; Win64; x64) AppleWebKit/537.36 (KHTML, like Gecko) Chrome/152.0.0.0 Safari/537.36"
104.247.76.75 - - [31/Aug/2026:22:37:45 -0400] "POST /wp-admin/admin-ajax.php?action=as_async_request_queue_runner&nonce=c6b24fcc30 HTTP/1.1" 200 - "-" "WordPress/7.1; https://ekmtoronto.com"
66.249.65.134 - - [31/Aug/2026:22:37:52 -0400] "GET /?sale/search/detail/?ITMCODE=c5h1i0m7a6n5g0o3159 HTTP/1.1" 301 - "-" "Mozilla/5.0 (Linux; Android 6.0.1; Nexus 5X Build/MMB29P) AppleWebKit/537.36 (KHTML, like Gecko) Chrome/151.0.7922.173 Mobile Safari/537.36 (compatible; Googlebot/2.1; +http://www.google.com/bot.html)"
66.249.65.136 - - [31/Aug/2026:22:37:53 -0400] "GET /?sale%2Fsearch%2Fdetail%2F%3FITMCODE=c5h1i0m7a6n5g0o3159 HTTP/1.1" 200 38612 "-" "Mozilla/5.0 (Linux; Android 6.0.1; Nexus 5X Build/MMB29P) AppleWebKit/537.36 (KHTML, like Gecko) Chrome/151.0.7922.173 Mobile Safari/537.36 (compatible; Googlebot/2.1; +http://www.google.com/bot.html)"
66.249.65.134 - - [31/Aug/2026:22:37:58 -0400] "GET /wp-includes/js/mediaelement/mediaelementplayer-legacy.min.css?ver=4.2.17 HTTP/1.1" 200 2592 "https://ekmtoronto.com/?sale%2Fsearch%2Fdetail%2F%3FITMCODE=c5h1i0m7a6n5g0o3159" "Mozilla/5.0 (Linux; Android 6.0.1; Nexus 5X Build/MMB29P) AppleWebKit/537.36 (KHTML, like Gecko) Chrome/151.0.7922.173 Mobile Safari/537.36 (compatible; Googlebot/2.1; +http://www.google.com/bot.html)"
104.247.76.75 - - [31/Aug/2026:22:38:55 -0400] "POST /wp-cron.php?doing_wp_cron=1788230335.2210628986358642578125 HTTP/1.1" 200 - "-" "WordPress/7.1; https://ekmtoronto.com"
66.249.65.136 - - [31/Aug/2026:22:38:55 -0400] "GET /?sale/search/detail/?ITMCODE=m4a1n1i5c5h0o6r9d250 HTTP/1.1" 301 - "-" "Mozilla/5.0 (Linux; Android 6.0.1; Nexus 5X Build/MMB29P) AppleWebKit/537.36 (KHTML, like Gecko) Chrome/151.0.7922.173 Mobile Safari/537.36 (compatible; Googlebot/2.1; +http://www.google.com/bot.html)"
66.249.65.135 - - [31/Aug/2026:22:38:56 -0400] "GET /?sale%2Fsearch%2Fdetail%2F%3FITMCODE=m4a1n1i5c5h0o6r9d250 HTTP/1.1" 200 38612 "-" "Mozilla/5.0 (Linux; Android 6.0.1; Nexus 5X Build/MMB29P) AppleWebKit/537.36 (KHTML, like Gecko) Chrome/151.0.7922.173 Mobile Safari/537.36 (compatible; Googlebot/2.1; +http://www.google.com/bot.html)"
18.246.17.21 - - [31/Aug/2026:22:39:12 -0400] "GET / HTTP/1.1" 200 38556 "-" "Mozilla/5.0 (Windows NT 10.0; Win64; x64) AppleWebKit/537.36 (KHTML, like Gecko) Chrome/134.0.0.0 Safari/537.36 Trailer/93.3.8652.5"
66.249.65.134 - - [31/Aug/2026:22:39:57 -0400] "GET /?sale/search/detail/?ITMCODE=m2a2r2a2n4g361953 HTTP/1.1" 301 - "-" "Mozilla/5.0 (Linux; Android 6.0.1; Nexus 5X Build/MMB29P) AppleWebKit/537.36 (KHTML, like Gecko) Chrome/151.0.7922.173 Mobile Safari/537.36 (compatible; Googlebot/2.1; +http://www.google.com/bot.html)"
66.249.65.136 - - [31/Aug/2026:22:39:58 -0400] "GET /?sale%2Fsearch%2Fdetail%2F%3FITMCODE=m2a2r2a2n4g361953 HTTP/1.1" 200 38610 "-" "Mozilla/5.0 (Linux; Android 6.0.1; Nexus 5X Build/MMB29P) AppleWebKit/537.36 (KHTML, like Gecko) Chrome/151.0.7922.173 Mobile Safari/537.36 (compatible; Googlebot/2.1; +http://www.google.com/bot.html)"
104.247.76.75 - - [31/Aug/2026:22:41:00 -0400] "POST /wp-cron.php?doing_wp_cron=1788230460.6813659667968750000000 HTTP/1.1" 200 - "-" "WordPress/7.1; https://ekmtoronto.com"
66.249.65.136 - - [31/Aug/2026:22:41:00 -0400] "GET /?sale/search/detail/?ITMCODE=s4c2h3i8s6m3a1t8i3c4al HTTP/1.1" 301 - "-" "Mozilla/5.0 (Linux; Android 6.0.1; Nexus 5X Build/MMB29P) AppleWebKit/537.36 (KHTML, like Gecko) Chrome/151.0.7922.173 Mobile Safari/537.36 (compatible; Googlebot/2.1; +http://www.google.com/bot.html)"
66.249.65.135 - - [31/Aug/2026:22:41:01 -0400] "GET /?sale%2Fsearch%2Fdetail%2F%3FITMCODE=s4c2h3i8s6m3a1t8i3c4al HTTP/1.1" 200 38615 "-" "Mozilla/5.0 (Linux; Android 6.0.1; Nexus 5X Build/MMB29P) AppleWebKit/537.36 (KHTML, like Gecko) Chrome/151.0.7922.173 Mobile Safari/537.36 (compatible; Googlebot/2.1; +http://www.google.com/bot.html)"
66.249.65.135 - - [31/Aug/2026:22:41:04 -0400] "GET /wp-content/themes/Divi/includes/builder/feature/dynamic-assets/assets/js/jquery.fitvids.js?ver=4.27.8 HTTP/1.1" 200 1341 "https://ekmtoronto.com/?sale%2Fsearch%2Fdetail%2F%3FITMCODE=b9r3a1c6h8962543" "Mozilla/5.0 (Linux; Android 6.0.1; Nexus 5X Build/MMB29P) AppleWebKit/537.36 (KHTML, like Gecko) Chrome/151.0.7922.173 Mobile Safari/537.36 (compatible; Googlebot/2.1; +http://www.google.com/bot.html)"
66.249.65.135 - - [31/Aug/2026:22:41:06 -0400] "GET /wp-includes/js/mediaelement/mediaelementplayer-legacy.min.css?ver=4.2.17 HTTP/1.1" 200 2592 "https://ekmtoronto.com/?sale%2Fsearch%2Fdetail%2F%3FITMCODE=b9r3a1c6h8962543" "Mozilla/5.0 (Linux; Android 6.0.1; Nexus 5X Build/MMB29P) AppleWebKit/537.36 (KHTML, like Gecko) Chrome/151.0.7922.173 Mobile Safari/537.36 (compatible; Googlebot/2.1; +http://www.google.com/bot.html)"
45.146.55.239 - - [31/Aug/2026:22:41:19 -0400] "POST /wp-login.php HTTP/1.1" 200 2482 "-" "Mozilla/5.0 (Macintosh; Intel Mac OS X 10_15_7) AppleWebKit/605.1.15 Version/17.0 Safari/605.1.15"
45.146.55.249 - - [31/Aug/2026:22:41:19 -0400] "POST /wp-login.php HTTP/1.1" 200 2462 "-" "Mozilla/5.0 (Windows NT 10.0; Win64; x64) AppleWebKit/537.36 Chrome/129.0.0.0 Safari/537.36"
45.148.10.5 - - [31/Aug/2026:22:41:27 -0400] "GET / HTTP/1.1" 401 53 "-" "Mozilla/5.0 (Linux; Android 7.0; SM-G955U) AppleWebKit/537.36 (KHTML, like Gecko) Chrome/74.0.3729.157 Mobile Safari/537.36"
104.247.76.75 - - [31/Aug/2026:22:42:03 -0400] "POST /wp-cron.php?doing_wp_cron=1788230523.0856840610504150390625 HTTP/1.1" 200 - "-" "WordPress/7.1; https://ekmtoronto.com"
20.75.217.74 - - [31/Aug/2026:22:42:03 -0400] "GET /wp-login.php HTTP/1.1" 200 2334 "-" "20.75.217.64"
20.75.217.74 - - [31/Aug/2026:22:42:03 -0400] "POST /wp-login.php HTTP/1.1" 200 2469 "https://ekmtoronto.com/wp-login.php" "20.75.217.64"
66.249.65.136 - - [31/Aug/2026:22:42:46 -0400] "GET /?sale/search/detail/?ITMCODE=p2o2r0t5e1s1s4e9272 HTTP/1.1" 301 - "-" "Mozilla/5.0 (Linux; Android 6.0.1; Nexus 5X Build/MMB29P) AppleWebKit/537.36 (KHTML, like Gecko) Chrome/151.0.7922.173 Mobile Safari/537.36 (compatible; Googlebot/2.1; +http://www.google.com/bot.html)"
66.249.65.134 - - [31/Aug/2026:22:42:47 -0400] "GET /?sale/search/detail/?ITMCODE=c2h4a0n3t2e1r89355 HTTP/1.1" 301 - "-" "Mozilla/5.0 (Linux; Android 6.0.1; Nexus 5X Build/MMB29P) AppleWebKit/537.36 (KHTML, like Gecko) Chrome/151.0.7922.173 Mobile Safari/537.36 (compatible; Googlebot/2.1; +http://www.google.com/bot.html)"
66.249.65.136 - - [31/Aug/2026:22:42:48 -0400] "GET /?sale%2Fsearch%2Fdetail%2F%3FITMCODE=p2o2r0t5e1s1s4e9272 HTTP/1.1" 200 38611 "-" "Mozilla/5.0 (Linux; Android 6.0.1; Nexus 5X Build/MMB29P) AppleWebKit/537.36 (KHTML, like Gecko) Chrome/151.0.7922.173 Mobile Safari/537.36 (compatible; Googlebot/2.1; +http://www.google.com/bot.html)"
66.249.65.135 - - [31/Aug/2026:22:42:49 -0400] "GET /?sale%2Fsearch%2Fdetail%2F%3FITMCODE=c2h4a0n3t2e1r89355 HTTP/1.1" 200 38611 "-" "Mozilla/5.0 (Linux; Android 6.0.1; Nexus 5X Build/MMB29P) AppleWebKit/537.36 (KHTML, like Gecko) Chrome/151.0.7922.173 Mobile Safari/537.36 (compatible; Googlebot/2.1; +http://www.google.com/bot.html)"
104.247.76.75 - - [31/Aug/2026:22:43:34 -0400] "POST /wp-cron.php?doing_wp_cron=1788230614.2194631099700927734375 HTTP/1.1" 200 - "-" "WordPress/7.1; https://ekmtoronto.com"
66.249.65.136 - - [31/Aug/2026:22:43:34 -0400] "GET /?sale/search/detail/?ITMCODE=l7a2i0r5d4716803 HTTP/1.1" 301 - "-" "Mozilla/5.0 (Linux; Android 6.0.1; Nexus 5X Build/MMB29P) AppleWebKit/537.36 (KHTML, like Gecko) Chrome/151.0.7922.173 Mobile Safari/537.36 (compatible; Googlebot/2.1; +http://www.google.com/bot.html)"
66.249.65.134 - - [31/Aug/2026:22:43:35 -0400] "GET /?sale%2Fsearch%2Fdetail%2F%3FITMCODE=l7a2i0r5d4716803 HTTP/1.1" 200 38609 "-" "Mozilla/5.0 (Linux; Android 6.0.1; Nexus 5X Build/MMB29P) AppleWebKit/537.36 (KHTML, like Gecko) Chrome/151.0.7922.173 Mobile Safari/537.36 (compatible; Googlebot/2.1; +http://www.google.com/bot.html)"
104.247.76.75 - - [31/Aug/2026:22:44:35 -0400] "POST /wp-cron.php?doing_wp_cron=1788230675.9705350399017333984375 HTTP/1.1" 200 - "-" "WordPress/7.1; https://ekmtoronto.com"
66.249.65.134 - - [31/Aug/2026:22:44:35 -0400] "GET /?sale/search/detail/?ITMCODE=b5l3o8o5d8i2n8g1110 HTTP/1.1" 301 - "-" "Mozilla/5.0 (Linux; Android 6.0.1; Nexus 5X Build/MMB29P) AppleWebKit/537.36 (KHTML, like Gecko) Chrome/151.0.7922.173 Mobile Safari/537.36 (compatible; Googlebot/2.1; +http://www.google.com/bot.html)"
66.249.65.135 - - [31/Aug/2026:22:44:36 -0400] "GET /?sale%2Fsearch%2Fdetail%2F%3FITMCODE=b5l3o8o5d8i2n8g1110 HTTP/1.1" 200 38611 "-" "Mozilla/5.0 (Linux; Android 6.0.1; Nexus 5X Build/MMB29P) AppleWebKit/537.36 (KHTML, like Gecko) Chrome/151.0.7922.173 Mobile Safari/537.36 (compatible; Googlebot/2.1; +http://www.google.com/bot.html)"
146.174.164.243 - - [31/Aug/2026:22:44:47 -0400] "GET /wp-sitemap-taxonomies-category-1.xml HTTP/1.1" 200 191 "-" "Mozilla/5.0 (Macintosh; Intel Mac OS X 11_7_0) AppleWebKit/537.36 (KHTML, like Gecko) Chrome/129.0.6668.29 Safari/537.36"
66.249.65.135 - - [31/Aug/2026:22:44:48 -0400] "GET /wp-content/plugins/divi-bars/assets/css/main.css?ver=1.9.6 HTTP/1.1" 200 2832 "https://ekmtoronto.com/?sale%2Fsearch%2Fdetail%2F%3FITMCODE=b5l3o8o5d8i2n8g1110" "Mozilla/5.0 (Linux; Android 6.0.1; Nexus 5X Build/MMB29P) AppleWebKit/537.36 (KHTML, like Gecko) Chrome/151.0.7922.173 Mobile Safari/537.36 (compatible; Googlebot/2.1; +http://www.google.com/bot.html)"
66.249.65.134 - - [31/Aug/2026:22:45:02 -0400] "GET /wp-includes/js/mediaelement/wp-mediaelement.min.js?ver=7.1 HTTP/1.1" 200 538 "https://ekmtoronto.com/?sale%2Fsearch%2Fdetail%2F%3FITMCODE=l7a2i0r5d4716803" "Mozilla/5.0 (Linux; Android 6.0.1; Nexus 5X Build/MMB29P) AppleWebKit/537.36 (KHTML, like Gecko) Chrome/151.0.7922.173 Mobile Safari/537.36 (compatible; Googlebot/2.1; +http://www.google.com/bot.html)"
104.247.76.75 - - [31/Aug/2026:22:45:21 -0400] "POST /wp-cron.php?doing_wp_cron=1788230721.2636530399322509765625 HTTP/1.1" 200 - "-" "WordPress/7.1; https://ekmtoronto.com"
66.249.65.135 - - [31/Aug/2026:22:45:21 -0400] "GET /?sale/search/detail/?ITMCODE=c7o2n3f0i9s5c6a8t1e1d8 HTTP/1.1" 301 - "-" "Mozilla/5.0 (Linux; Android 6.0.1; Nexus 5X Build/MMB29P) AppleWebKit/537.36 (KHTML, like Gecko) Chrome/151.0.7922.173 Mobile Safari/537.36 (compatible; Googlebot/2.1; +http://www.google.com/bot.html)"
66.249.65.134 - - [31/Aug/2026:22:45:22 -0400] "GET /?sale%2Fsearch%2Fdetail%2F%3FITMCODE=c7o2n3f0i9s5c6a8t1e1d8 HTTP/1.1" 200 38615 "-" "Mozilla/5.0 (Linux; Android 6.0.1; Nexus 5X Build/MMB29P) AppleWebKit/537.36 (KHTML, like Gecko) Chrome/151.0.7922.173 Mobile Safari/537.36 (compatible; Googlebot/2.1; +http://www.google.com/bot.html)"
66.249.65.134 - - [31/Aug/2026:22:45:27 -0400] "GET /wp-content/themes/Divi/includes/builder/feature/dynamic-assets/assets/js/jquery.fitvids.js?ver=4.27.8 HTTP/1.1" 200 1341 "https://ekmtoronto.com/?sale%2Fsearch%2Fdetail%2F%3FITMCODE=c7o2n3f0i9s5c6a8t1e1d8" "Mozilla/5.0 (Linux; Android 6.0.1; Nexus 5X Build/MMB29P) AppleWebKit/537.36 (KHTML, like Gecko) Chrome/151.0.7922.173 Mobile Safari/537.36 (compatible; Googlebot/2.1; +http://www.google.com/bot.html)"
66.249.65.134 - - [31/Aug/2026:22:45:28 -0400] "GET /wp-includes/js/mediaelement/mediaelementplayer-legacy.min.css?ver=4.2.17 HTTP/1.1" 200 2592 "https://ekmtoronto.com/?sale%2Fsearch%2Fdetail%2F%3FITMCODE=c7o2n3f0i9s5c6a8t1e1d8" "Mozilla/5.0 (Linux; Android 6.0.1; Nexus 5X Build/MMB29P) AppleWebKit/537.36 (KHTML, like Gecko) Chrome/151.0.7922.173 Mobile Safari/537.36 (compatible; Googlebot/2.1; +http://www.google.com/bot.html)"
9.129.46.14 - - [31/Aug/2026:22:45:31 -0400] "GET /?k=407953623714 HTTP/1.1" 200 38565 "-" "Mozilla/5.0 AppleWebKit/537.36 (KHTML, like Gecko); compatible; ChatGPT-User/1.0; +https://openai.com/bot"
74.7.229.208 - - [31/Aug/2026:22:45:32 -0400] "GET /?k=407953623714 HTTP/1.1" 200 38569 "-" "Mozilla/5.0 (Macintosh; Intel Mac OS X 10_15_7) AppleWebKit/537.36 (KHTML, like Gecko) Chrome/131.0.0.0 Safari/537.36; compatible; OAI-SearchBot/1.4; +https://openai.com/searchbot"
74.7.243.44 - - [31/Aug/2026:22:45:35 -0400] "GET /wp-content/et-cache/228351/et-divi-dynamic-228351.css?ver=1788229087 HTTP/1.1" 200 11161 "https://ekmtoronto.com/?k=407953623714" "Mozilla/5.0 (Macintosh; Intel Mac OS X 10_15_7) AppleWebKit/537.36 (KHTML, like Gecko) Chrome/131.0.0.0 Safari/537.36; compatible; OAI-SearchBot/1.4; +https://openai.com/searchbot"
74.7.229.181 - - [31/Aug/2026:22:45:38 -0400] "GET /wp-content/et-cache/228351/et-divi-dynamic-228351-late.css?ver=1788229087 HTTP/1.1" 200 3170 "https://ekmtoronto.com/?k=407953623714" "Mozilla/5.0 (Macintosh; Intel Mac OS X 10_15_7) AppleWebKit/537.36 (KHTML, like Gecko) Chrome/131.0.0.0 Safari/537.36; compatible; OAI-SearchBot/1.4; +https://openai.com/searchbot"
74.7.229.208 - - [31/Aug/2026:22:45:40 -0400] "GET /wp-content/et-cache/228351/et-core-unified-deferred-228351.min.css?ver=1788229087 HTTP/1.1" 200 3614 "https://ekmtoronto.com/?k=407953623714" "Mozilla/5.0 (Macintosh; Intel Mac OS X 10_15_7) AppleWebKit/537.36 (KHTML, like Gecko) Chrome/131.0.0.0 Safari/537.36; compatible; OAI-SearchBot/1.4; +https://openai.com/searchbot"
104.247.76.75 - - [31/Aug/2026:22:46:13 -0400] "POST /wp-cron.php?doing_wp_cron=1788230773.2469871044158935546875 HTTP/1.1" 200 - "-" "WordPress/7.1; https://ekmtoronto.com"
66.249.65.135 - - [31/Aug/2026:22:46:13 -0400] "GET /?sale/search/detail/?ITMCODE=d5a2d9d3y9026188 HTTP/1.1" 301 - "-" "Mozilla/5.0 (Linux; Android 6.0.1; Nexus 5X Build/MMB29P) AppleWebKit/537.36 (KHTML, like Gecko) Chrome/151.0.7922.173 Mobile Safari/537.36 (compatible; Googlebot/2.1; +http://www.google.com/bot.html)"
66.249.65.134 - - [31/Aug/2026:22:46:15 -0400] "GET /?sale%2Fsearch%2Fdetail%2F%3FITMCODE=d5a2d9d3y9026188 HTTP/1.1" 200 38610 "-" "Mozilla/5.0 (Linux; Android 6.0.1; Nexus 5X Build/MMB29P) AppleWebKit/537.36 (KHTML, like Gecko) Chrome/151.0.7922.173 Mobile Safari/537.36 (compatible; Googlebot/2.1; +http://www.google.com/bot.html)"
66.249.65.134 - - [31/Aug/2026:22:46:21 -0400] "GET /wp-content/et-cache/228351/et-divi-dynamic-228351-late.css HTTP/1.1" 200 3170 "https://ekmtoronto.com/?sale%2Fsearch%2Fdetail%2F%3FITMCODE=d5a2d9d3y9026188" "Mozilla/5.0 (Linux; Android 6.0.1; Nexus 5X Build/MMB29P) AppleWebKit/537.36 (KHTML, like Gecko) Chrome/151.0.7922.173 Mobile Safari/537.36 (compatible; Googlebot/2.1; +http://www.google.com/bot.html)"
104.247.76.75 - - [31/Aug/2026:22:47:00 -0400] "POST /wp-cron.php?doing_wp_cron=1788230820.0178289413452148437500 HTTP/1.1" 200 - "-" "WordPress/7.1; https://ekmtoronto.com"
66.249.65.134 - - [31/Aug/2026:22:46:59 -0400] "GET /?k=11041109622001 HTTP/1.1" 200 38571 "-" "Mozilla/5.0 (Linux; Android 6.0.1; Nexus 5X Build/MMB29P) AppleWebKit/537.36 (KHTML, like Gecko) Chrome/151.0.7922.173 Mobile Safari/537.36 (compatible; Googlebot/2.1; +http://www.google.com/bot.html)"
66.249.65.134 - - [31/Aug/2026:22:47:09 -0400] "GET /wp-content/themes/Divi/includes/builder/feature/dynamic-assets/assets/js/jquery.fitvids.js?ver=4.27.8 HTTP/1.1" 200 1341 "https://ekmtoronto.com/?k=11041109622001" "Mozilla/5.0 (Linux; Android 6.0.1; Nexus 5X Build/MMB29P) AppleWebKit/537.36 (KHTML, like Gecko) Chrome/151.0.7922.173 Mobile Safari/537.36 (compatible; Googlebot/2.1; +http://www.google.com/bot.html)"
45.146.55.232 - - [31/Aug/2026:22:47:25 -0400] "POST /wp-login.php HTTP/1.1" 200 2482 "-" "Mozilla/5.0 (Macintosh; Intel Mac OS X 10_15_7) AppleWebKit/605.1.15 Version/17.0 Safari/605.1.15"
91.193.232.54 - - [31/Aug/2026:22:47:25 -0400] "POST /wp-login.php HTTP/1.1" 200 2462 "-" "Mozilla/5.0 (Macintosh; Intel Mac OS X 10_15_7) AppleWebKit/605.1.15 Version/17.0 Safari/605.1.15"
104.247.76.75 - - [31/Aug/2026:22:48:28 -0400] "POST /wp-cron.php?doing_wp_cron=1788230908.8593499660491943359375 HTTP/1.1" 200 - "-" "WordPress/7.1; https://ekmtoronto.com"
66.249.65.136 - - [31/Aug/2026:22:48:27 -0400] "GET /?sale/search/detail/?ITMCODE=h9a3i6l4s6t8o3n6e340 HTTP/1.1" 301 - "-" "Mozilla/5.0 (Linux; Android 6.0.1; Nexus 5X Build/MMB29P) AppleWebKit/537.36 (KHTML, like Gecko) Chrome/151.0.7922.173 Mobile Safari/537.36 (compatible; Googlebot/2.1; +http://www.google.com/bot.html)"
66.249.65.134 - - [31/Aug/2026:22:48:28 -0400] "GET /?sale/search/detail/?ITMCODE=d2i3s9t9i4l1l3a7t8o6r6y HTTP/1.1" 301 - "-" "Mozilla/5.0 (Linux; Android 6.0.1; Nexus 5X Build/MMB29P) AppleWebKit/537.36 (KHTML, like Gecko) Chrome/151.0.7922.173 Mobile Safari/537.36 (compatible; Googlebot/2.1; +http://www.google.com/bot.html)"
66.249.65.136 - - [31/Aug/2026:22:48:29 -0400] "GET /?sale%2Fsearch%2Fdetail%2F%3FITMCODE=h9a3i6l4s6t8o3n6e340 HTTP/1.1" 200 38611 "-" "Mozilla/5.0 (Linux; Android 6.0.1; Nexus 5X Build/MMB29P) AppleWebKit/537.36 (KHTML, like Gecko) Chrome/151.0.7922.173 Mobile Safari/537.36 (compatible; Googlebot/2.1; +http://www.google.com/bot.html)"
66.249.65.136 - - [31/Aug/2026:22:48:31 -0400] "GET /?sale%2Fsearch%2Fdetail%2F%3FITMCODE=d2i3s9t9i4l1l3a7t8o6r6y HTTP/1.1" 200 38614 "-" "Mozilla/5.0 (Linux; Android 6.0.1; Nexus 5X Build/MMB29P) AppleWebKit/537.36 (KHTML, like Gecko) Chrome/151.0.7922.173 Mobile Safari/537.36 (compatible; Googlebot/2.1; +http://www.google.com/bot.html)"
66.249.65.134 - - [31/Aug/2026:22:48:55 -0400] "GET /wp-content/themes/Divi/includes/builder/feature/dynamic-assets/assets/js/jquery.fitvids.js?ver=4.27.8 HTTP/1.1" 200 1341 "https://ekmtoronto.com/?sale%2Fsearch%2Fdetail%2F%3FITMCODE=h9a3i6l4s6t8o3n6e340" "Mozilla/5.0 (Linux; Android 6.0.1; Nexus 5X Build/MMB29P) AppleWebKit/537.36 (KHTML, like Gecko) Chrome/151.0.7922.173 Mobile Safari/537.36 (compatible; Googlebot/2.1; +http://www.google.com/bot.html)"
66.249.65.136 - - [31/Aug/2026:22:49:13 -0400] "GET /wp-content/plugins/divi-overlays/assets/css/custom_animations.css?ver=2.9.7.9 HTTP/1.1" 200 886 "https://ekmtoronto.com/?sale%2Fsearch%2Fdetail%2F%3FITMCODE=d2i3s9t9i4l1l3a7t8o6r6y" "Mozilla/5.0 (Linux; Android 6.0.1; Nexus 5X Build/MMB29P) AppleWebKit/537.36 (KHTML, like Gecko) Chrome/151.0.7922.173 Mobile Safari/537.36 (compatible; Googlebot/2.1; +http://www.google.com/bot.html)"
104.247.76.75 - - [31/Aug/2026:22:49:32 -0400] "POST /wp-cron.php?doing_wp_cron=1788230972.4828970432281494140625 HTTP/1.1" 200 - "-" "WordPress/7.1; https://ekmtoronto.com"
177.128.78.198 - - [31/Aug/2026:22:49:32 -0400] "GET /wp-sitemap-users-1.xml HTTP/1.1" 200 187 "-" "Mozilla/5.0 (Macintosh; Intel Mac OS X 15.2; rv:127.0) Gecko/20100101 Firefox/127.0"
104.247.76.75 - - [31/Aug/2026:22:50:02 -0400] "POST /wp-cron.php?doing_wp_cron=1788231002.7163119316101074218750 HTTP/1.1" 200 - "-" "WordPress/7.1; https://ekmtoronto.com"
66.249.65.134 - - [31/Aug/2026:22:50:02 -0400] "GET /?k=2900538590405 HTTP/1.1" 200 38571 "-" "Mozilla/5.0 (Linux; Android 6.0.1; Nexus 5X Build/MMB29P) AppleWebKit/537.36 (KHTML, like Gecko) Chrome/151.0.7922.173 Mobile Safari/537.36 (compatible; Googlebot/2.1; +http://www.google.com/bot.html)"
66.249.65.134 - - [31/Aug/2026:22:50:03 -0400] "GET /?sale/search/detail/?ITMCODE=p0u3r1s2i9n2e7s5s721 HTTP/1.1" 301 - "-" "Mozilla/5.0 (Linux; Android 6.0.1; Nexus 5X Build/MMB29P) AppleWebKit/537.36 (KHTML, like Gecko) Chrome/151.0.7922.173 Mobile Safari/537.36 (compatible; Googlebot/2.1; +http://www.google.com/bot.html)"
66.249.65.136 - - [31/Aug/2026:22:50:05 -0400] "GET /?sale%2Fsearch%2Fdetail%2F%3FITMCODE=p0u3r1s2i9n2e7s5s721 HTTP/1.1" 200 38612 "-" "Mozilla/5.0 (Linux; Android 6.0.1; Nexus 5X Build/MMB29P) AppleWebKit/537.36 (KHTML, like Gecko) Chrome/151.0.7922.173 Mobile Safari/537.36 (compatible; Googlebot/2.1; +http://www.google.com/bot.html)"
66.249.65.135 - - [31/Aug/2026:22:50:39 -0400] "GET /?sale/search/detail/?ITMCODE=t1e1n3s6u2r5e95349 HTTP/1.1" 301 - "-" "Mozilla/5.0 (Linux; Android 6.0.1; Nexus 5X Build/MMB29P) AppleWebKit/537.36 (KHTML, like Gecko) Chrome/151.0.7922.173 Mobile Safari/537.36 (compatible; Googlebot/2.1; +http://www.google.com/bot.html)"
50.6.207.27 - - [31/Aug/2026:22:50:39 -0400] "GET /wp-login.php HTTP/1.1" 200 2334 "-" "Mozilla/5.0 (Windows NT 10.0; Win64; x64) AppleWebKit/537.36 (KHTML, like Gecko) Chrome/151.0.0.0 Safari/537.36"
50.6.207.27 - - [31/Aug/2026:22:50:39 -0400] "POST /wp-login.php HTTP/1.1" 200 2469 "https://ekmtoronto.com/wp-login.php" "Mozilla/5.0 (Windows NT 10.0; Win64; x64) AppleWebKit/537.36 (KHTML, like Gecko) Chrome/151.0.0.0 Safari/537.36"
66.249.65.135 - - [31/Aug/2026:22:50:40 -0400] "GET /?sale%2Fsearch%2Fdetail%2F%3FITMCODE=t1e1n3s6u2r5e95349 HTTP/1.1" 200 38611 "-" "Mozilla/5.0 (Linux; Android 6.0.1; Nexus 5X Build/MMB29P) AppleWebKit/537.36 (KHTML, like Gecko) Chrome/151.0.7922.173 Mobile Safari/537.36 (compatible; Googlebot/2.1; +http://www.google.com/bot.html)"
104.247.76.75 - - [31/Aug/2026:22:52:42 -0400] "POST /wp-cron.php?doing_wp_cron=1788231162.9218740463256835937500 HTTP/1.1" 200 - "-" "WordPress/7.1; https://ekmtoronto.com"
162.241.62.137 - - [31/Aug/2026:22:52:42 -0400] "GET /wp-login.php HTTP/1.1" 200 2334 "-" "Mozilla/5.0 (Windows NT 10.0; Win64; x64) AppleWebKit/537.36 (KHTML, like Gecko) Chrome/151.0.0.0 Safari/537.36"
162.241.62.137 - - [31/Aug/2026:22:52:43 -0400] "POST /wp-login.php HTTP/1.1" 200 2490 "https://ekmtoronto.com/wp-login.php" "Mozilla/5.0 (Windows NT 10.0; Win64; x64) AppleWebKit/537.36 (KHTML, like Gecko) Chrome/151.0.0.0 Safari/537.36"
104.247.76.75 - - [31/Aug/2026:22:53:33 -0400] "POST /wp-cron.php?doing_wp_cron=1788231213.9647700786590576171875 HTTP/1.1" 200 - "-" "WordPress/7.1; https://ekmtoronto.com"
91.193.232.66 - - [31/Aug/2026:22:53:33 -0400] "POST /wp-login.php HTTP/1.1" 200 2482 "-" "Mozilla/5.0 (Windows NT 10.0; Win64; rv:143.0) Gecko/20100101 Firefox/143.0"
104.247.76.75 - - [31/Aug/2026:22:53:34 -0400] "POST /wp-cron.php?doing_wp_cron=1788231214.0422430038452148437500 HTTP/1.1" 200 - "-" "WordPress/7.1; https://ekmtoronto.com"
91.193.232.57 - - [31/Aug/2026:22:53:33 -0400] "POST /wp-login.php HTTP/1.1" 200 2462 "-" "Mozilla/5.0 (Windows NT 10.0; Win64; rv:143.0) Gecko/20100101 Firefox/143.0"
195.178.110.48 - - [31/Aug/2026:22:54:09 -0400] "GET /api/session/properties HTTP/1.1" 401 53 "-" "metabase-cve-2026-72898-detect/1.0 (benign detection probes only)"
195.178.110.48 - - [31/Aug/2026:22:54:19 -0400] "POST /api/session/reset_password HTTP/1.1" 401 53 "-" "metabase-cve-2026-72898-detect/1.0 (benign detection probes only)"
195.178.110.48 - - [31/Aug/2026:22:54:20 -0400] "POST /api/session/reset_password HTTP/1.1" 401 53 "-" "metabase-cve-2026-72898-detect/1.0 (benign detection probes only)"
195.178.110.48 - - [31/Aug/2026:22:54:20 -0400] "POST /api/session/reset_password HTTP/1.1" 401 53 "-" "metabase-cve-2026-72898-detect/1.0 (benign detection probes only)"
104.247.76.75 - - [31/Aug/2026:22:54:55 -0400] "POST /wp-cron.php?doing_wp_cron=1788231295.2764320373535156250000 HTTP/1.1" 200 - "-" "WordPress/7.1; https://ekmtoronto.com"
76.181.119.214 - - [31/Aug/2026:22:54:55 -0400] "GET /wp-sitemap-posts-post-1.xml HTTP/1.1" 200 342 "-" "Mozilla/5.0 (Macintosh; U; PPC Mac OS X; fr-ch) AppleWebKit/125.5.5 (KHTML, like Gecko) Safari/125.12"
104.247.76.75 - - [31/Aug/2026:22:55:25 -0400] "POST /wp-cron.php?doing_wp_cron=1788231325.3190059661865234375000 HTTP/1.1" 200 - "-" "WordPress/7.1; https://ekmtoronto.com"
66.249.65.134 - - [31/Aug/2026:22:55:25 -0400] "GET /?sale/search/detail/?ITMCODE=v5i2g4o7r4o9s3o4970 HTTP/1.1" 301 - "-" "Mozilla/5.0 (Linux; Android 6.0.1; Nexus 5X Build/MMB29P) AppleWebKit/537.36 (KHTML, like Gecko) Chrome/151.0.7922.173 Mobile Safari/537.36 (compatible; Googlebot/2.1; +http://www.google.com/bot.html)"
