104.247.76.75 - - [31/Aug/2026:22:09:04 -0400] "POST /wp-cron.php?doing_wp_cron=1788228544.4749710559844970703125 HTTP/1.1" 200 - "-" "WordPress/7.1; https://ekmtoronto.com"
69.165.232.70 - - [31/Aug/2026:22:09:04 -0400] "POST /wp-admin/admin-ajax.php HTTP/1.1" 200 92 "https://ekmtoronto.com/connect/?et_fb=1&PageSpeed=off" "Mozilla/5.0 (Windows NT 10.0; Win64; x64) AppleWebKit/537.36 (KHTML, like Gecko) Chrome/152.0.0.0 Safari/537.36"
66.249.65.135 - - [31/Aug/2026:22:09:06 -0400] "GET /wp-content/plugins/divi-overlays/assets/css/style.css?ver=2.9.7.9 HTTP/1.1" 200 2232 "https://ekmtoronto.com/?sale%2Fsearch%2Fdetail%2F%3FITMCODE=a9n2f3r3a4c4t5u0o3u8s0ness" "Mozilla/5.0 (Linux; Android 6.0.1; Nexus 5X Build/MMB29P) AppleWebKit/537.36 (KHTML, like Gecko) Chrome/151.0.7922.173 Mobile Safari/537.36 (compatible; Googlebot/2.1; +http://www.google.com/bot.html)"
69.165.232.70 - - [31/Aug/2026:22:09:05 -0400] "POST /wp-admin/admin-ajax.php HTTP/1.1" 200 14702 "https://ekmtoronto.com/connect/?et_fb=1&PageSpeed=off" "Mozilla/5.0 (Windows NT 10.0; Win64; x64) AppleWebKit/537.36 (KHTML, like Gecko) Chrome/152.0.0.0 Safari/537.36"
151.242.17.99 - - [31/Aug/2026:22:09:16 -0400] "GET / HTTP/1.1" 200 39828 "-" "Mozilla/5.0 (Windows NT 10.0; rv:45.0) Gecko/20100101 Firefox/45.0"
66.249.65.135 - - [31/Aug/2026:22:09:17 -0400] "GET /wp-includes/js/mediaelement/wp-mediaelement.min.js?ver=7.1 HTTP/1.1" 200 538 "https://ekmtoronto.com/?sale%2Fsearch%2Fdetail%2F%3FITMCODE=a9n2f3r3a4c4t5u0o3u8s0ness" "Mozilla/5.0 (Linux; Android 6.0.1; Nexus 5X Build/MMB29P) AppleWebKit/537.36 (KHTML, like Gecko) Chrome/151.0.7922.173 Mobile Safari/537.36 (compatible; Googlebot/2.1; +http://www.google.com/bot.html)"
69.165.232.70 - - [31/Aug/2026:22:09:20 -0400] "POST /wp-admin/admin-ajax.php HTTP/1.1" 200 92 "https://ekmtoronto.com/connect/?et_fb=1&PageSpeed=off" "Mozilla/5.0 (Windows NT 10.0; Win64; x64) AppleWebKit/537.36 (KHTML, like Gecko) Chrome/152.0.0.0 Safari/537.36"
66.249.65.134 - - [31/Aug/2026:22:09:23 -0400] "GET /wp-includes/js/mediaelement/mediaelementplayer-legacy.min.css?ver=4.2.17 HTTP/1.1" 200 2592 "https://ekmtoronto.com/?sale%2Fsearch%2Fdetail%2F%3FITMCODE=a9n2f3r3a4c4t5u0o3u8s0ness" "Mozilla/5.0 (Linux; Android 6.0.1; Nexus 5X Build/MMB29P) AppleWebKit/537.36 (KHTML, like Gecko) Chrome/151.0.7922.173 Mobile Safari/537.36 (compatible; Googlebot/2.1; +http://www.google.com/bot.html)"
115.243.38.154 - - [31/Aug/2026:22:09:24 -0400] "GET /wp-login.php HTTP/1.1" 200 2334 "-" "Mozilla/5.0 (Windows NT 10.0; Win64; x64) AppleWebKit/537.36 (KHTML, like Gecko) Chrome/151.0.0.0 Safari/537.36"
115.243.38.154 - - [31/Aug/2026:22:09:24 -0400] "POST /wp-login.php HTTP/1.1" 200 2490 "https://ekmtoronto.com/wp-login.php" "Mozilla/5.0 (Windows NT 10.0; Win64; x64) AppleWebKit/537.36 (KHTML, like Gecko) Chrome/151.0.0.0 Safari/537.36"
151.242.17.99 - - [31/Aug/2026:22:09:27 -0400] "GET / HTTP/1.1" 200 39826 "-" "Mozilla/5.0 (X11; Linux x86_64) AppleWebKit/537.36 (KHTML, like Gecko) Chrome/54.0.2844.54 Safari/537.36"
151.242.17.99 - - [31/Aug/2026:22:09:28 -0400] "POST /?wpmudev-hub=424f7eb4ee6a1a89-1788228543877395 HTTP/1.1" 200 92 "https://ekmtoronto.com/" "Mozilla/5.0 (X11; Linux x86_64) AppleWebKit/537.36 (KHTML, like Gecko) Chrome/54.0.2844.54 Safari/537.36"
69.165.232.70 - - [31/Aug/2026:22:09:30 -0400] "GET / HTTP/1.1" 200 42604 "https://ekmtoronto.com/contact-us/" "Mozilla/5.0 (Windows NT 10.0; Win64; x64) AppleWebKit/537.36 (KHTML, like Gecko) Chrome/152.0.0.0 Safari/537.36"
151.242.17.99 - - [31/Aug/2026:22:09:31 -0400] "POST /?wpmudev-hub=70b66fadbbd1b506-1788228532938119 HTTP/1.1" 200 92 "https://ekmtoronto.com/" "Mozilla/5.0 (Windows NT 10.0; rv:45.0) Gecko/20100101 Firefox/45.0"
69.165.232.70 - - [31/Aug/2026:22:09:31 -0400] "POST /wp-admin/admin-ajax.php HTTP/1.1" 200 1326 "https://ekmtoronto.com/" "Mozilla/5.0 (Windows NT 10.0; Win64; x64) AppleWebKit/537.36 (KHTML, like Gecko) Chrome/152.0.0.0 Safari/537.36"
69.165.232.70 - - [31/Aug/2026:22:09:31 -0400] "GET /wp-content/uploads/2021/06/EKM-LOGO-BLACK-IM-150PX.png HTTP/1.1" 404 31198 "https://ekmtoronto.com/" "Mozilla/5.0 (Windows NT 10.0; Win64; x64) AppleWebKit/537.36 (KHTML, like Gecko) Chrome/152.0.0.0 Safari/537.36"
66.249.65.134 - - [31/Aug/2026:22:09:32 -0400] "GET /?sale/search/detail/?ITMCODE=b2e3t4h6a7b8a5r5a603 HTTP/1.1" 301 - "-" "Mozilla/5.0 (Linux; Android 6.0.1; Nexus 5X Build/MMB29P) AppleWebKit/537.36 (KHTML, like Gecko) Chrome/151.0.7922.173 Mobile Safari/537.36 (compatible; Googlebot/2.1; +http://www.google.com/bot.html)"
66.249.65.134 - - [31/Aug/2026:22:09:33 -0400] "GET /?sale%2Fsearch%2Fdetail%2F%3FITMCODE=b2e3t4h6a7b8a5r5a603 HTTP/1.1" 200 39889 "-" "Mozilla/5.0 (Linux; Android 6.0.1; Nexus 5X Build/MMB29P) AppleWebKit/537.36 (KHTML, like Gecko) Chrome/151.0.7922.173 Mobile Safari/537.36 (compatible; Googlebot/2.1; +http://www.google.com/bot.html)"
69.165.232.70 - - [31/Aug/2026:22:09:38 -0400] "GET /?et_fb=1&PageSpeed=off HTTP/1.1" 200 123714 "https://ekmtoronto.com/" "Mozilla/5.0 (Windows NT 10.0; Win64; x64) AppleWebKit/537.36 (KHTML, like Gecko) Chrome/152.0.0.0 Safari/537.36"
69.165.232.70 - - [31/Aug/2026:22:09:38 -0400] "GET /wp-content/et-cache/228351/et-core-unified-vb-228351.min.css?ver=1788227215 HTTP/1.1" 304 - "https://ekmtoronto.com/?et_fb=1&PageSpeed=off" "Mozilla/5.0 (Windows NT 10.0; Win64; x64) AppleWebKit/537.36 (KHTML, like Gecko) Chrome/152.0.0.0 Safari/537.36"
69.165.232.70 - - [31/Aug/2026:22:09:43 -0400] "POST /wp-admin/admin-ajax.php?lang=en_US HTTP/1.1" 200 155 "https://ekmtoronto.com/?et_fb=1&PageSpeed=off" "Mozilla/5.0 (Windows NT 10.0; Win64; x64) AppleWebKit/537.36 (KHTML, like Gecko) Chrome/152.0.0.0 Safari/537.36"
69.165.232.70 - - [31/Aug/2026:22:09:44 -0400] "POST /wp-admin/admin-ajax.php HTTP/1.1" 200 490 "https://ekmtoronto.com/?et_fb=1&PageSpeed=off" "Mozilla/5.0 (Windows NT 10.0; Win64; x64) AppleWebKit/537.36 (KHTML, like Gecko) Chrome/152.0.0.0 Safari/537.36"
69.165.232.70 - - [31/Aug/2026:22:09:45 -0400] "POST /wp-admin/admin-ajax.php HTTP/1.1" 200 863 "https://ekmtoronto.com/?et_fb=1&PageSpeed=off" "Mozilla/5.0 (Windows NT 10.0; Win64; x64) AppleWebKit/537.36 (KHTML, like Gecko) Chrome/152.0.0.0 Safari/537.36"
69.165.232.70 - - [31/Aug/2026:22:09:45 -0400] "POST /wp-admin/admin-ajax.php HTTP/1.1" 200 307 "https://ekmtoronto.com/?et_fb=1&PageSpeed=off" "Mozilla/5.0 (Windows NT 10.0; Win64; x64) AppleWebKit/537.36 (KHTML, like Gecko) Chrome/152.0.0.0 Safari/537.36"
136.144.19.146 - - [31/Aug/2026:22:09:46 -0400] "POST /wp-login.php HTTP/1.1" 200 7716 "-" "Mozilla/5.0"
104.247.76.75 - - [31/Aug/2026:22:09:43 -0400] "POST /wp-admin/admin-ajax.php?action=as_async_request_queue_runner&nonce=c6b24fcc30 HTTP/1.1" 200 - "-" "WordPress/7.1; https://ekmtoronto.com"
66.249.65.134 - - [31/Aug/2026:22:09:55 -0400] "GET /wp-includes/js/mediaelement/wp-mediaelement.min.css?ver=7.1 HTTP/1.1" 200 1156 "https://ekmtoronto.com/?sale%2Fsearch%2Fdetail%2F%3FITMCODE=a9n2f3r3a4c4t5u0o3u8s0ness" "Mozilla/5.0 (Linux; Android 6.0.1; Nexus 5X Build/MMB29P) AppleWebKit/537.36 (KHTML, like Gecko) Chrome/151.0.7922.173 Mobile Safari/537.36 (compatible; Googlebot/2.1; +http://www.google.com/bot.html)"
69.165.232.70 - - [31/Aug/2026:22:09:56 -0400] "POST /wp-admin/admin-ajax.php HTTP/1.1" 200 95 "https://ekmtoronto.com/?et_fb=1&PageSpeed=off" "Mozilla/5.0 (Windows NT 10.0; Win64; x64) AppleWebKit/537.36 (KHTML, like Gecko) Chrome/152.0.0.0 Safari/537.36"
69.165.232.70 - - [31/Aug/2026:22:09:58 -0400] "POST /wp-admin/admin-ajax.php HTTP/1.1" 200 184 "https://ekmtoronto.com/?et_fb=1&PageSpeed=off" "Mozilla/5.0 (Windows NT 10.0; Win64; x64) AppleWebKit/537.36 (KHTML, like Gecko) Chrome/152.0.0.0 Safari/537.36"
104.247.76.75 - - [31/Aug/2026:22:10:05 -0400] "POST /wp-cron.php?doing_wp_cron=1788228605.4001960754394531250000 HTTP/1.1" 200 - "-" "WordPress/7.1; https://ekmtoronto.com"
69.165.232.70 - - [31/Aug/2026:22:10:05 -0400] "POST /wp-admin/admin-ajax.php HTTP/1.1" 200 140 "https://ekmtoronto.com/connect/?et_fb=1&PageSpeed=off" "Mozilla/5.0 (Windows NT 10.0; Win64; x64) AppleWebKit/537.36 (KHTML, like Gecko) Chrome/152.0.0.0 Safari/537.36"
69.165.232.70 - - [31/Aug/2026:22:10:17 -0400] "POST /wp-admin/admin-ajax.php HTTP/1.1" 200 92 "https://ekmtoronto.com/connect/?et_fb=1&PageSpeed=off" "Mozilla/5.0 (Windows NT 10.0; Win64; x64) AppleWebKit/537.36 (KHTML, like Gecko) Chrome/152.0.0.0 Safari/537.36"
35.205.163.228 - - [31/Aug/2026:22:10:19 -0400] "GET / HTTP/1.1" 200 41431 "-" "Mozilla/5.0 (Windows NT 10.0; Win64; x64) AppleWebKit/537.36 (KHTML, like Gecko) Chrome/84.0.4147.105 Safari/537.36"
45.146.55.233 - - [31/Aug/2026:22:10:29 -0400] "POST /wp-login.php HTTP/1.1" 200 2482 "-" "Mozilla/5.0 (Macintosh; Intel Mac OS X 10_15_7) AppleWebKit/605.1.15 Version/17.0 Safari/605.1.15"
45.146.55.236 - - [31/Aug/2026:22:10:29 -0400] "POST /wp-login.php HTTP/1.1" 200 2462 "-" "Mozilla/5.0 (Windows NT 10.0; Win64; rv:143.0) Gecko/20100101 Firefox/143.0"
66.249.65.135 - - [31/Aug/2026:22:10:44 -0400] "GET /?k=18702109788001 HTTP/1.1" 200 36708 "-" "Mozilla/5.0 (Linux; Android 6.0.1; Nexus 5X Build/MMB29P) AppleWebKit/537.36 (KHTML, like Gecko) Chrome/151.0.7922.173 Mobile Safari/537.36 (compatible; Googlebot/2.1; +http://www.google.com/bot.html)"
104.247.76.75 - - [31/Aug/2026:22:11:06 -0400] "POST /wp-cron.php?doing_wp_cron=1788228666.8148360252380371093750 HTTP/1.1" 200 - "-" "WordPress/7.1; https://ekmtoronto.com"
69.165.232.70 - - [31/Aug/2026:22:11:05 -0400] "POST /wp-admin/admin-ajax.php HTTP/1.1" 200 14500 "https://ekmtoronto.com/connect/?et_fb=1&PageSpeed=off" "Mozilla/5.0 (Windows NT 10.0; Win64; x64) AppleWebKit/537.36 (KHTML, like Gecko) Chrome/152.0.0.0 Safari/537.36"
104.247.76.75 - - [31/Aug/2026:22:11:05 -0400] "POST /wp-admin/admin-ajax.php?action=as_async_request_queue_runner&nonce=c6b24fcc30 HTTP/1.1" 200 - "-" "WordPress/7.1; https://ekmtoronto.com"
69.165.232.70 - - [31/Aug/2026:22:11:19 -0400] "POST /wp-admin/admin-ajax.php HTTP/1.1" 200 92 "https://ekmtoronto.com/connect/?et_fb=1&PageSpeed=off" "Mozilla/5.0 (Windows NT 10.0; Win64; x64) AppleWebKit/537.36 (KHTML, like Gecko) Chrome/152.0.0.0 Safari/537.36"
66.249.65.134 - - [31/Aug/2026:22:11:20 -0400] "GET /wp-includes/js/mediaelement/mediaelementplayer-legacy.min.css?ver=4.2.17 HTTP/1.1" 200 2592 "https://ekmtoronto.com/?sale%2Fsearch%2Fdetail%2F%3FITMCODE=b2e3t4h6a7b8a5r5a603" "Mozilla/5.0 (Linux; Android 6.0.1; Nexus 5X Build/MMB29P) AppleWebKit/537.36 (KHTML, like Gecko) Chrome/151.0.7922.173 Mobile Safari/537.36 (compatible; Googlebot/2.1; +http://www.google.com/bot.html)"
66.249.65.135 - - [31/Aug/2026:22:11:21 -0400] "GET /wp-includes/js/mediaelement/wp-mediaelement.min.css?ver=7.1 HTTP/1.1" 200 1156 "https://ekmtoronto.com/?sale%2Fsearch%2Fdetail%2F%3FITMCODE=b2e3t4h6a7b8a5r5a603" "Mozilla/5.0 (Linux; Android 6.0.1; Nexus 5X Build/MMB29P) AppleWebKit/537.36 (KHTML, like Gecko) Chrome/151.0.7922.173 Mobile Safari/537.36 (compatible; Googlebot/2.1; +http://www.google.com/bot.html)"
66.249.65.135 - - [31/Aug/2026:22:11:38 -0400] "GET /?k=85718170627205 HTTP/1.1" 200 36708 "-" "Mozilla/5.0 (Linux; Android 6.0.1; Nexus 5X Build/MMB29P) AppleWebKit/537.36 (KHTML, like Gecko) Chrome/151.0.7922.173 Mobile Safari/537.36 (compatible; Googlebot/2.1; +http://www.google.com/bot.html)"
69.165.232.70 - - [31/Aug/2026:22:11:56 -0400] "POST /wp-admin/admin-ajax.php HTTP/1.1" 200 92 "https://ekmtoronto.com/connect/?et_fb=1&PageSpeed=off" "Mozilla/5.0 (Windows NT 10.0; Win64; x64) AppleWebKit/537.36 (KHTML, like Gecko) Chrome/152.0.0.0 Safari/537.36"
69.165.232.70 - - [31/Aug/2026:22:11:59 -0400] "POST /wp-admin/admin-ajax.php HTTP/1.1" 200 20082 "https://ekmtoronto.com/?et_fb=1&PageSpeed=off" "Mozilla/5.0 (Windows NT 10.0; Win64; x64) AppleWebKit/537.36 (KHTML, like Gecko) Chrome/152.0.0.0 Safari/537.36"
66.249.65.134 - - [31/Aug/2026:22:12:02 -0400] "GET /wp-includes/js/mediaelement/wp-mediaelement.min.css?ver=7.1 HTTP/1.1" 200 1156 "https://ekmtoronto.com/?k=85718170627205" "Mozilla/5.0 (Linux; Android 6.0.1; Nexus 5X Build/MMB29P) AppleWebKit/537.36 (KHTML, like Gecko) Chrome/151.0.7922.173 Mobile Safari/537.36 (compatible; Googlebot/2.1; +http://www.google.com/bot.html)"
69.165.232.70 - - [31/Aug/2026:22:12:05 -0400] "POST /wp-admin/admin-ajax.php HTTP/1.1" 200 36 "https://ekmtoronto.com/connect/?et_fb=1&PageSpeed=off" "Mozilla/5.0 (Windows NT 10.0; Win64; x64) AppleWebKit/537.36 (KHTML, like Gecko) Chrome/152.0.0.0 Safari/537.36"
66.249.65.134 - - [31/Aug/2026:22:12:05 -0400] "GET /wp-content/et-cache/228351/et-core-unified-deferred-228351.min.css?ver=1785888000 HTTP/1.1" 200 5010 "https://ekmtoronto.com/?k=85718170627205" "Mozilla/5.0 (Linux; Android 6.0.1; Nexus 5X Build/MMB29P) AppleWebKit/537.36 (KHTML, like Gecko) Chrome/151.0.7922.173 Mobile Safari/537.36 (compatible; Googlebot/2.1; +http://www.google.com/bot.html)"
104.247.76.75 - - [31/Aug/2026:22:12:05 -0400] "POST /wp-cron.php?doing_wp_cron=1788228725.4378020763397216796875 HTTP/1.1" 200 - "-" "WordPress/7.1; https://ekmtoronto.com"
69.165.232.70 - - [31/Aug/2026:22:12:05 -0400] "POST /wp-admin/admin-ajax.php HTTP/1.1" 400 - "https://ekmtoronto.com/connect/?et_fb=1&PageSpeed=off" "Mozilla/5.0 (Windows NT 10.0; Win64; x64) AppleWebKit/537.36 (KHTML, like Gecko) Chrome/152.0.0.0 Safari/537.36"
69.165.232.70 - - [31/Aug/2026:22:12:05 -0400] "GET /wp-admin/post.php?post=1901&action=edit HTTP/1.1" 200 84391 "https://ekmtoronto.com/connect/?et_fb=1&PageSpeed=off" "Mozilla/5.0 (Windows NT 10.0; Win64; x64) AppleWebKit/537.36 (KHTML, like Gecko) Chrome/152.0.0.0 Safari/537.36"
69.165.232.70 - - [31/Aug/2026:22:12:05 -0400] "GET /wp-admin/images/spinner.gif HTTP/1.1" 200 3656 "https://ekmtoronto.com/wp-admin/load-styles.php?c=0&dir=ltr&load%5Bchunk_0%5D=dashicons,admin-bar,buttons,media-views,common,forms,admin-menu,dashboard,list-tables,edit,revisions,media,themes,about,nav-menu&load%5Bchunk_1%5D=s,wp-pointer,widgets,site-icon,l10n,wp-base-styles,wp-tooltip,wp-auth-check,wp-theme,wp-components,wp-commands,editor-buttons,wp&load%5Bchunk_2%5D=-color-picker&ver=7.1" "Mozilla/5.0 (Windows NT 10.0; Win64; x64) AppleWebKit/537.36 (KHTML, like Gecko) Chrome/152.0.0.0 Safari/537.36"
69.165.232.70 - - [31/Aug/2026:22:12:06 -0400] "POST /wp-admin/admin-ajax.php HTTP/1.1" 200 1326 "https://ekmtoronto.com/wp-admin/post.php?post=1901&action=edit" "Mozilla/5.0 (Windows NT 10.0; Win64; x64) AppleWebKit/537.36 (KHTML, like Gecko) Chrome/152.0.0.0 Safari/537.36"
69.165.232.70 - - [31/Aug/2026:22:12:06 -0400] "GET /connect/?et_fb=1&et_bfb=1&PageSpeed=off HTTP/1.1" 200 110726 "https://ekmtoronto.com/wp-admin/post.php?post=1901&action=edit" "Mozilla/5.0 (Windows NT 10.0; Win64; x64) AppleWebKit/537.36 (KHTML, like Gecko) Chrome/152.0.0.0 Safari/537.36"
69.165.232.70 - - [31/Aug/2026:22:12:06 -0400] "GET /wp-content/et-cache/1901/et-core-unified-vb-1901.min.css?ver=1788228726 HTTP/1.1" 200 1372 "https://ekmtoronto.com/connect/?et_fb=1&et_bfb=1&PageSpeed=off" "Mozilla/5.0 (Windows NT 10.0; Win64; x64) AppleWebKit/537.36 (KHTML, like Gecko) Chrome/152.0.0.0 Safari/537.36"
69.165.232.70 - - [31/Aug/2026:22:12:07 -0400] "POST /wp-admin/admin-ajax.php?lang=en_US HTTP/1.1" 200 155 "https://ekmtoronto.com/connect/?et_fb=1&et_bfb=1&PageSpeed=off" "Mozilla/5.0 (Windows NT 10.0; Win64; x64) AppleWebKit/537.36 (KHTML, like Gecko) Chrome/152.0.0.0 Safari/537.36"
69.165.232.70 - - [31/Aug/2026:22:12:08 -0400] "POST /wp-admin/admin-ajax.php HTTP/1.1" 200 490 "https://ekmtoronto.com/connect/?et_fb=1&et_bfb=1&PageSpeed=off" "Mozilla/5.0 (Windows NT 10.0; Win64; x64) AppleWebKit/537.36 (KHTML, like Gecko) Chrome/152.0.0.0 Safari/537.36"
69.165.232.70 - - [31/Aug/2026:22:12:16 -0400] "POST /wp-admin/admin-ajax.php HTTP/1.1" 200 95 "https://ekmtoronto.com/connect/?et_fb=1&et_bfb=1&PageSpeed=off" "Mozilla/5.0 (Windows NT 10.0; Win64; x64) AppleWebKit/537.36 (KHTML, like Gecko) Chrome/152.0.0.0 Safari/537.36"
69.165.232.70 - - [31/Aug/2026:22:12:19 -0400] "POST /wp-admin/post.php HTTP/1.1" 302 - "https://ekmtoronto.com/wp-admin/post.php?post=1901&action=edit" "Mozilla/5.0 (Windows NT 10.0; Win64; x64) AppleWebKit/537.36 (KHTML, like Gecko) Chrome/152.0.0.0 Safari/537.36"
69.165.232.70 - - [31/Aug/2026:22:12:19 -0400] "GET /wp-admin/post.php?post=1901&action=edit&message=1 HTTP/1.1" 200 84423 "https://ekmtoronto.com/wp-admin/post.php?post=1901&action=edit" "Mozilla/5.0 (Windows NT 10.0; Win64; x64) AppleWebKit/537.36 (KHTML, like Gecko) Chrome/152.0.0.0 Safari/537.36"
69.165.232.70 - - [31/Aug/2026:22:12:20 -0400] "GET /wp-admin/admin-ajax.php?action=oembed-cache&post=1901 HTTP/1.1" 200 21 "https://ekmtoronto.com/wp-admin/post.php?post=1901&action=edit" "Mozilla/5.0 (Windows NT 10.0; Win64; x64) AppleWebKit/537.36 (KHTML, like Gecko) Chrome/152.0.0.0 Safari/537.36"
69.165.232.70 - - [31/Aug/2026:22:12:20 -0400] "POST /wp-admin/admin-ajax.php HTTP/1.1" 200 1326 "https://ekmtoronto.com/wp-admin/post.php?post=1901&action=edit" "Mozilla/5.0 (Windows NT 10.0; Win64; x64) AppleWebKit/537.36 (KHTML, like Gecko) Chrome/152.0.0.0 Safari/537.36"
69.165.232.70 - - [31/Aug/2026:22:12:20 -0400] "GET /connect/?et_fb=1&et_bfb=1&PageSpeed=off HTTP/1.1" 200 110620 "https://ekmtoronto.com/wp-admin/post.php?post=1901&action=edit" "Mozilla/5.0 (Windows NT 10.0; Win64; x64) AppleWebKit/537.36 (KHTML, like Gecko) Chrome/152.0.0.0 Safari/537.36"
69.165.232.70 - - [31/Aug/2026:22:12:20 -0400] "GET /wp-content/et-cache/1901/et-core-unified-vb-1901.min.css?ver=1788228740 HTTP/1.1" 200 1372 "https://ekmtoronto.com/connect/?et_fb=1&et_bfb=1&PageSpeed=off" "Mozilla/5.0 (Windows NT 10.0; Win64; x64) AppleWebKit/537.36 (KHTML, like Gecko) Chrome/152.0.0.0 Safari/537.36"
69.165.232.70 - - [31/Aug/2026:22:12:20 -0400] "GET /wp-content/et-cache/en_US/helpers-page-17882261253232.js?ver=4.27.8 HTTP/1.1" 304 - "https://ekmtoronto.com/connect/?et_fb=1&et_bfb=1&PageSpeed=off" "Mozilla/5.0 (Windows NT 10.0; Win64; x64) AppleWebKit/537.36 (KHTML, like Gecko) Chrome/152.0.0.0 Safari/537.36"
69.165.232.70 - - [31/Aug/2026:22:12:20 -0400] "GET /wp-content/et-cache/en_US/definitions-page-17882261254586.js?ver=4.27.8 HTTP/1.1" 304 - "https://ekmtoronto.com/connect/?et_fb=1&et_bfb=1&PageSpeed=off" "Mozilla/5.0 (Windows NT 10.0; Win64; x64) AppleWebKit/537.36 (KHTML, like Gecko) Chrome/152.0.0.0 Safari/537.36"
69.165.232.70 - - [31/Aug/2026:22:12:21 -0400] "POST /wp-admin/admin-ajax.php?lang=en_US HTTP/1.1" 200 155 "https://ekmtoronto.com/connect/?et_fb=1&et_bfb=1&PageSpeed=off" "Mozilla/5.0 (Windows NT 10.0; Win64; x64) AppleWebKit/537.36 (KHTML, like Gecko) Chrome/152.0.0.0 Safari/537.36"
69.165.232.70 - - [31/Aug/2026:22:12:22 -0400] "POST /wp-admin/admin-ajax.php HTTP/1.1" 200 490 "https://ekmtoronto.com/connect/?et_fb=1&et_bfb=1&PageSpeed=off" "Mozilla/5.0 (Windows NT 10.0; Win64; x64) AppleWebKit/537.36 (KHTML, like Gecko) Chrome/152.0.0.0 Safari/537.36"
69.165.232.70 - - [31/Aug/2026:22:12:34 -0400] "POST /wp-admin/admin-ajax.php HTTP/1.1" 200 3332 "https://ekmtoronto.com/connect/?et_fb=1&et_bfb=1&PageSpeed=off" "Mozilla/5.0 (Windows NT 10.0; Win64; x64) AppleWebKit/537.36 (KHTML, like Gecko) Chrome/152.0.0.0 Safari/537.36"
69.165.232.70 - - [31/Aug/2026:22:12:35 -0400] "POST /wp-admin/admin-ajax.php HTTP/1.1" 200 74 "https://ekmtoronto.com/connect/?et_fb=1&et_bfb=1&PageSpeed=off" "Mozilla/5.0 (Windows NT 10.0; Win64; x64) AppleWebKit/537.36 (KHTML, like Gecko) Chrome/152.0.0.0 Safari/537.36"
69.165.232.70 - - [31/Aug/2026:22:12:35 -0400] "GET /wp-admin/?et_core_portability=1&context=et_builder&name=temp_name&nonce=516cd36585×tamp=47808117941136&name=LET%27S%20CONNECT HTTP/1.1" 200 3584 "https://ekmtoronto.com/connect/?et_fb=1&et_bfb=1&PageSpeed=off" "Mozilla/5.0 (Windows NT 10.0; Win64; x64) AppleWebKit/537.36 (KHTML, like Gecko) Chrome/152.0.0.0 Safari/537.36"
66.249.65.135 - - [31/Aug/2026:22:12:51 -0400] "GET /?sale/search/detail/?ITMCODE=m7u4r0a3e3n9a93393 HTTP/1.1" 301 - "-" "Mozilla/5.0 (Linux; Android 6.0.1; Nexus 5X Build/MMB29P) AppleWebKit/537.36 (KHTML, like Gecko) Chrome/151.0.7922.173 Mobile Safari/537.36 (compatible; Googlebot/2.1; +http://www.google.com/bot.html)"
66.249.65.134 - - [31/Aug/2026:22:12:52 -0400] "GET /?sale%2Fsearch%2Fdetail%2F%3FITMCODE=m7u4r0a3e3n9a93393 HTTP/1.1" 200 36749 "-" "Mozilla/5.0 (Linux; Android 6.0.1; Nexus 5X Build/MMB29P) AppleWebKit/537.36 (KHTML, like Gecko) Chrome/151.0.7922.173 Mobile Safari/537.36 (compatible; Googlebot/2.1; +http://www.google.com/bot.html)"
104.247.76.75 - - [31/Aug/2026:22:13:21 -0400] "POST /wp-cron.php?doing_wp_cron=1788228801.1090230941772460937500 HTTP/1.1" 200 - "-" "WordPress/7.1; https://ekmtoronto.com"
69.165.232.70 - - [31/Aug/2026:22:13:20 -0400] "GET /connect/ HTTP/1.1" 200 38003 "https://ekmtoronto.com/wp-admin/post.php?post=1901&action=edit" "Mozilla/5.0 (Windows NT 10.0; Win64; x64) AppleWebKit/537.36 (KHTML, like Gecko) Chrome/152.0.0.0 Safari/537.36"
69.165.232.70 - - [31/Aug/2026:22:13:21 -0400] "POST /wp-admin/admin-ajax.php HTTP/1.1" 200 36 "https://ekmtoronto.com/connect/?et_fb=1&et_bfb=1&PageSpeed=off" "Mozilla/5.0 (Windows NT 10.0; Win64; x64) AppleWebKit/537.36 (KHTML, like Gecko) Chrome/152.0.0.0 Safari/537.36"
69.165.232.70 - - [31/Aug/2026:22:13:21 -0400] "GET /wp-content/et-cache/1901/et-divi-dynamic-1901.css?ver=1788228800 HTTP/1.1" 200 7222 "https://ekmtoronto.com/connect/" "Mozilla/5.0 (Windows NT 10.0; Win64; x64) AppleWebKit/537.36 (KHTML, like Gecko) Chrome/152.0.0.0 Safari/537.36"
69.165.232.70 - - [31/Aug/2026:22:13:21 -0400] "GET /wp-content/et-cache/1901/et-divi-dynamic-1901-late.css HTTP/1.1" 200 3412 "https://ekmtoronto.com/connect/" "Mozilla/5.0 (Windows NT 10.0; Win64; x64) AppleWebKit/537.36 (KHTML, like Gecko) Chrome/152.0.0.0 Safari/537.36"
69.165.232.70 - - [31/Aug/2026:22:13:21 -0400] "POST /wp-admin/admin-ajax.php HTTP/1.1" 200 195 "https://ekmtoronto.com/connect/?et_fb=1&et_bfb=1&PageSpeed=off" "Mozilla/5.0 (Windows NT 10.0; Win64; x64) AppleWebKit/537.36 (KHTML, like Gecko) Chrome/152.0.0.0 Safari/537.36"
69.165.232.70 - - [31/Aug/2026:22:13:21 -0400] "POST /wp-admin/admin-ajax.php HTTP/1.1" 200 1326 "https://ekmtoronto.com/connect/" "Mozilla/5.0 (Windows NT 10.0; Win64; x64) AppleWebKit/537.36 (KHTML, like Gecko) Chrome/152.0.0.0 Safari/537.36"
69.165.232.70 - - [31/Aug/2026:22:13:21 -0400] "POST /wp-admin/admin-ajax.php HTTP/1.1" 200 21 "https://ekmtoronto.com/wp-admin/post.php?post=1901&action=edit" "Mozilla/5.0 (Windows NT 10.0; Win64; x64) AppleWebKit/537.36 (KHTML, like Gecko) Chrome/152.0.0.0 Safari/537.36"
69.165.232.70 - - [31/Aug/2026:22:13:20 -0400] "POST /wp-admin/admin-ajax.php HTTP/1.1" 200 67 "https://ekmtoronto.com/wp-admin/post.php?post=1901&action=edit" "Mozilla/5.0 (Windows NT 10.0; Win64; x64) AppleWebKit/537.36 (KHTML, like Gecko) Chrome/152.0.0.0 Safari/537.36"
69.165.232.70 - - [31/Aug/2026:22:13:21 -0400] "GET /wp-content/uploads/2022/09/EKM-WHITE-LOGO-150PX.png HTTP/1.1" 404 31176 "https://ekmtoronto.com/connect/" "Mozilla/5.0 (Windows NT 10.0; Win64; x64) AppleWebKit/537.36 (KHTML, like Gecko) Chrome/152.0.0.0 Safari/537.36"
69.165.232.70 - - [31/Aug/2026:22:13:21 -0400] "GET /wp-content/uploads/2021/06/EKM-LOGO-BLACK-IM-150PX.png HTTP/1.1" 404 31160 "https://ekmtoronto.com/connect/" "Mozilla/5.0 (Windows NT 10.0; Win64; x64) AppleWebKit/537.36 (KHTML, like Gecko) Chrome/152.0.0.0 Safari/537.36"
69.165.232.70 - - [31/Aug/2026:22:13:25 -0400] "POST /wp-admin/admin-ajax.php HTTP/1.1" 200 67 "https://ekmtoronto.com/wp-admin/edit.php?post_status=draft&post_type=page" "Mozilla/5.0 (Windows NT 10.0; Win64; x64) AppleWebKit/537.36 (KHTML, like Gecko) Chrome/152.0.0.0 Safari/537.36"
104.247.76.75 - - [31/Aug/2026:22:13:20 -0400] "POST /wp-admin/admin-ajax.php?action=as_async_request_queue_runner&nonce=c6b24fcc30 HTTP/1.1" 200 - "-" "WordPress/7.1; https://ekmtoronto.com"
69.165.232.70 - - [31/Aug/2026:22:13:29 -0400] "GET /wp-admin/nav-menus.php HTTP/1.1" 200 38051 "https://ekmtoronto.com/wp-admin/edit.php?post_status=draft&post_type=page" "Mozilla/5.0 (Windows NT 10.0; Win64; x64) AppleWebKit/537.36 (KHTML, like Gecko) Chrome/152.0.0.0 Safari/537.36"
69.165.232.70 - - [31/Aug/2026:22:13:29 -0400] "GET /wp-admin/js/nav-menu.min.js?ver=7.1 HTTP/1.1" 200 8372 "https://ekmtoronto.com/wp-admin/nav-menus.php" "Mozilla/5.0 (Windows NT 10.0; Win64; x64) AppleWebKit/537.36 (KHTML, like Gecko) Chrome/152.0.0.0 Safari/537.36"
69.165.232.70 - - [31/Aug/2026:22:13:29 -0400] "GET /wp-includes/js/jquery/ui/droppable.min.js?ver=1.14.2 HTTP/1.1" 200 2051 "https://ekmtoronto.com/wp-admin/nav-menus.php" "Mozilla/5.0 (Windows NT 10.0; Win64; x64) AppleWebKit/537.36 (KHTML, like Gecko) Chrome/152.0.0.0 Safari/537.36"
69.165.232.70 - - [31/Aug/2026:22:13:29 -0400] "GET /wp-admin/load-scripts.php?c=0&load%5Bchunk_0%5D=hoverIntent&ver=7.1 HTTP/1.1" 200 707 "https://ekmtoronto.com/wp-admin/nav-menus.php" "Mozilla/5.0 (Windows NT 10.0; Win64; x64) AppleWebKit/537.36 (KHTML, like Gecko) Chrome/152.0.0.0 Safari/537.36"
69.165.232.70 - - [31/Aug/2026:22:13:29 -0400] "GET /wp-admin/load-scripts.php?c=0&load%5Bchunk_0%5D=jquery-core,jquery-migrate,utils,wp-dom-ready,wp-hooks&ver=7.1 HTTP/1.1" 200 36920 "https://ekmtoronto.com/wp-admin/nav-menus.php" "Mozilla/5.0 (Windows NT 10.0; Win64; x64) AppleWebKit/537.36 (KHTML, like Gecko) Chrome/152.0.0.0 Safari/537.36"
69.165.232.70 - - [31/Aug/2026:22:13:29 -0400] "GET /wp-admin/js/accordion.min.js?ver=7.1 HTTP/1.1" 200 362 "https://ekmtoronto.com/wp-admin/nav-menus.php" "Mozilla/5.0 (Windows NT 10.0; Win64; x64) AppleWebKit/537.36 (KHTML, like Gecko) Chrome/152.0.0.0 Safari/537.36"
69.165.232.70 - - [31/Aug/2026:22:13:30 -0400] "POST /wp-admin/admin-ajax.php HTTP/1.1" 200 1326 "https://ekmtoronto.com/wp-admin/nav-menus.php" "Mozilla/5.0 (Windows NT 10.0; Win64; x64) AppleWebKit/537.36 (KHTML, like Gecko) Chrome/152.0.0.0 Safari/537.36"
69.165.232.70 - - [31/Aug/2026:22:13:44 -0400] "POST /wp-admin/admin-ajax.php HTTP/1.1" 200 1484 "https://ekmtoronto.com/wp-admin/nav-menus.php" "Mozilla/5.0 (Windows NT 10.0; Win64; x64) AppleWebKit/537.36 (KHTML, like Gecko) Chrome/152.0.0.0 Safari/537.36"
66.249.65.134 - - [31/Aug/2026:22:13:44 -0400] "GET /?sale/search/detail/?ITMCODE=r9e1s6e8r0v3e3d0n2e5s6s HTTP/1.1" 301 - "-" "Mozilla/5.0 (Linux; Android 6.0.1; Nexus 5X Build/MMB29P) AppleWebKit/537.36 (KHTML, like Gecko) Chrome/151.0.7922.173 Mobile Safari/537.36 (compatible; Googlebot/2.1; +http://www.google.com/bot.html)"
104.247.76.75 - - [31/Aug/2026:22:13:46 -0400] "POST /wp-cron.php?doing_wp_cron=1788228826.2683360576629638671875 HTTP/1.1" 200 - "-" "WordPress/7.1; https://ekmtoronto.com"
66.249.65.135 - - [31/Aug/2026:22:13:45 -0400] "GET /?sale%2Fsearch%2Fdetail%2F%3FITMCODE=r9e1s6e8r0v3e3d0n2e5s6s HTTP/1.1" 200 36752 "-" "Mozilla/5.0 (Linux; Android 6.0.1; Nexus 5X Build/MMB29P) AppleWebKit/537.36 (KHTML, like Gecko) Chrome/151.0.7922.173 Mobile Safari/537.36 (compatible; Googlebot/2.1; +http://www.google.com/bot.html)"
104.247.76.75 - - [31/Aug/2026:22:14:00 -0400] "POST /wp-cron.php?doing_wp_cron=1788228840.5066499710083007812500 HTTP/1.1" 200 - "-" "WordPress/7.1; https://ekmtoronto.com"
69.165.232.70 - - [31/Aug/2026:22:14:00 -0400] "POST /wp-admin/admin-ajax.php HTTP/1.1" 200 208 "https://ekmtoronto.com/?et_fb=1&PageSpeed=off" "Mozilla/5.0 (Windows NT 10.0; Win64; x64) AppleWebKit/537.36 (KHTML, like Gecko) Chrome/152.0.0.0 Safari/537.36"
69.165.232.70 - - [31/Aug/2026:22:14:28 -0400] "GET /wp-admin/nav-menus.php HTTP/1.1" 200 38051 "https://ekmtoronto.com/wp-admin/edit.php?post_status=draft&post_type=page" "Mozilla/5.0 (Windows NT 10.0; Win64; x64) AppleWebKit/537.36 (KHTML, like Gecko) Chrome/152.0.0.0 Safari/537.36"
69.165.232.70 - - [31/Aug/2026:22:14:30 -0400] "POST /wp-admin/admin-ajax.php HTTP/1.1" 200 67 "https://ekmtoronto.com/wp-admin/nav-menus.php" "Mozilla/5.0 (Windows NT 10.0; Win64; x64) AppleWebKit/537.36 (KHTML, like Gecko) Chrome/152.0.0.0 Safari/537.36"
69.165.232.70 - - [31/Aug/2026:22:14:30 -0400] "POST /wp-admin/admin-ajax.php HTTP/1.1" 200 1326 "https://ekmtoronto.com/wp-admin/nav-menus.php" "Mozilla/5.0 (Windows NT 10.0; Win64; x64) AppleWebKit/537.36 (KHTML, like Gecko) Chrome/152.0.0.0 Safari/537.36"
104.247.76.75 - - [31/Aug/2026:22:14:29 -0400] "POST /wp-admin/admin-ajax.php?action=as_async_request_queue_runner&nonce=c6b24fcc30 HTTP/1.1" 200 - "-" "WordPress/7.1; https://ekmtoronto.com"
69.165.232.70 - - [31/Aug/2026:22:14:43 -0400] "POST /wp-admin/admin-ajax.php HTTP/1.1" 200 1483 "https://ekmtoronto.com/wp-admin/nav-menus.php" "Mozilla/5.0 (Windows NT 10.0; Win64; x64) AppleWebKit/537.36 (KHTML, like Gecko) Chrome/152.0.0.0 Safari/537.36"
66.249.65.134 - - [31/Aug/2026:22:14:46 -0400] "GET /?sale/search/detail/?ITMCODE=c3o1n6o4p5h3o6l5i1s7 HTTP/1.1" 301 - "-" "Mozilla/5.0 (Linux; Android 6.0.1; Nexus 5X Build/MMB29P) AppleWebKit/537.36 (KHTML, like Gecko) Chrome/151.0.7922.173 Mobile Safari/537.36 (compatible; Googlebot/2.1; +http://www.google.com/bot.html)"
66.249.65.134 - - [31/Aug/2026:22:14:47 -0400] "GET /?sale%2Fsearch%2Fdetail%2F%3FITMCODE=c3o1n6o4p5h3o6l5i1s7 HTTP/1.1" 200 36750 "-" "Mozilla/5.0 (Linux; Android 6.0.1; Nexus 5X Build/MMB29P) AppleWebKit/537.36 (KHTML, like Gecko) Chrome/151.0.7922.173 Mobile Safari/537.36 (compatible; Googlebot/2.1; +http://www.google.com/bot.html)"
104.247.76.75 - - [31/Aug/2026:22:15:28 -0400] "POST /wp-cron.php?doing_wp_cron=1788228928.8820960521697998046875 HTTP/1.1" 200 - "-" "WordPress/7.1; https://ekmtoronto.com"
69.165.232.70 - - [31/Aug/2026:22:15:28 -0400] "POST /wp-admin/nav-menus.php HTTP/1.1" 200 38100 "https://ekmtoronto.com/wp-admin/nav-menus.php" "Mozilla/5.0 (Windows NT 10.0; Win64; x64) AppleWebKit/537.36 (KHTML, like Gecko) Chrome/152.0.0.0 Safari/537.36"
69.165.232.70 - - [31/Aug/2026:22:15:29 -0400] "POST /wp-admin/admin-ajax.php HTTP/1.1" 200 1326 "https://ekmtoronto.com/wp-admin/nav-menus.php" "Mozilla/5.0 (Windows NT 10.0; Win64; x64) AppleWebKit/537.36 (KHTML, like Gecko) Chrome/152.0.0.0 Safari/537.36"
66.249.65.135 - - [31/Aug/2026:22:15:31 -0400] "GET /?sale/search/detail/?ITMCODE=w5a1d6m9o5l744756 HTTP/1.1" 301 - "-" "Mozilla/5.0 (Linux; Android 6.0.1; Nexus 5X Build/MMB29P) AppleWebKit/537.36 (KHTML, like Gecko) Chrome/151.0.7922.173 Mobile Safari/537.36 (compatible; Googlebot/2.1; +http://www.google.com/bot.html)"
66.249.65.134 - - [31/Aug/2026:22:15:32 -0400] "GET /?sale%2Fsearch%2Fdetail%2F%3FITMCODE=w5a1d6m9o5l744756 HTTP/1.1" 200 36748 "-" "Mozilla/5.0 (Linux; Android 6.0.1; Nexus 5X Build/MMB29P) AppleWebKit/537.36 (KHTML, like Gecko) Chrome/151.0.7922.173 Mobile Safari/537.36 (compatible; Googlebot/2.1; +http://www.google.com/bot.html)"
69.165.232.70 - - [31/Aug/2026:22:15:31 -0400] "POST /wp-admin/nav-menus.php HTTP/1.1" 200 38101 "https://ekmtoronto.com/wp-admin/nav-menus.php" "Mozilla/5.0 (Windows NT 10.0; Win64; x64) AppleWebKit/537.36 (KHTML, like Gecko) Chrome/152.0.0.0 Safari/537.36"
69.165.232.70 - - [31/Aug/2026:22:15:33 -0400] "POST /wp-admin/admin-ajax.php HTTP/1.1" 200 1326 "https://ekmtoronto.com/wp-admin/nav-menus.php" "Mozilla/5.0 (Windows NT 10.0; Win64; x64) AppleWebKit/537.36 (KHTML, like Gecko) Chrome/152.0.0.0 Safari/537.36"
184.73.47.24 - - [31/Aug/2026:22:15:33 -0400] "GET /comments/feed/ HTTP/1.1" 200 2234 "-" "Mozilla/5.0 AppleWebKit/537.36 (KHTML, like Gecko; compatible; Amazonbot/0.1; +https://developer.amazon.com/support/amazonbot) Chrome/119.0.6045.214 Safari/537.36"
104.247.76.75 - - [31/Aug/2026:22:15:32 -0400] "POST /wp-admin/admin-ajax.php?action=as_async_request_queue_runner&nonce=c6b24fcc30 HTTP/1.1" 200 - "-" "WordPress/7.1; https://ekmtoronto.com"
69.165.232.70 - - [31/Aug/2026:22:15:40 -0400] "GET /connect/ HTTP/1.1" 200 34571 "https://ekmtoronto.com/wp-admin/post.php?post=1901&action=edit" "Mozilla/5.0 (Windows NT 10.0; Win64; x64) AppleWebKit/537.36 (KHTML, like Gecko) Chrome/152.0.0.0 Safari/537.36"
69.165.232.70 - - [31/Aug/2026:22:15:41 -0400] "GET /wp-content/et-cache/1901/et-divi-dynamic-1901-late.css?ver=1788228800 HTTP/1.1" 200 3412 "https://ekmtoronto.com/connect/" "Mozilla/5.0 (Windows NT 10.0; Win64; x64) AppleWebKit/537.36 (KHTML, like Gecko) Chrome/152.0.0.0 Safari/537.36"
69.165.232.70 - - [31/Aug/2026:22:15:41 -0400] "GET /wp-content/et-cache/1901/et-divi-dynamic-1901.css?ver=1788228800 HTTP/1.1" 304 - "https://ekmtoronto.com/connect/" "Mozilla/5.0 (Windows NT 10.0; Win64; x64) AppleWebKit/537.36 (KHTML, like Gecko) Chrome/152.0.0.0 Safari/537.36"
69.165.232.70 - - [31/Aug/2026:22:15:41 -0400] "GET /wp-content/et-cache/1901/et-divi-dynamic-1901-late.css HTTP/1.1" 304 - "https://ekmtoronto.com/connect/" "Mozilla/5.0 (Windows NT 10.0; Win64; x64) AppleWebKit/537.36 (KHTML, like Gecko) Chrome/152.0.0.0 Safari/537.36"
69.165.232.70 - - [31/Aug/2026:22:15:41 -0400] "GET /wp-content/et-cache/1901/et-core-unified-deferred-1901.min.css?ver=1788228801 HTTP/1.1" 200 3730 "https://ekmtoronto.com/connect/" "Mozilla/5.0 (Windows NT 10.0; Win64; x64) AppleWebKit/537.36 (KHTML, like Gecko) Chrome/152.0.0.0 Safari/537.36"
69.165.232.70 - - [31/Aug/2026:22:15:41 -0400] "POST /wp-admin/admin-ajax.php HTTP/1.1" 200 1326 "https://ekmtoronto.com/connect/" "Mozilla/5.0 (Windows NT 10.0; Win64; x64) AppleWebKit/537.36 (KHTML, like Gecko) Chrome/152.0.0.0 Safari/537.36"
69.165.232.70 - - [31/Aug/2026:22:15:41 -0400] "GET /wp-content/uploads/2022/09/EKM-WHITE-LOGO-150PX.png HTTP/1.1" 404 31178 "https://ekmtoronto.com/connect/" "Mozilla/5.0 (Windows NT 10.0; Win64; x64) AppleWebKit/537.36 (KHTML, like Gecko) Chrome/152.0.0.0 Safari/537.36"
69.165.232.70 - - [31/Aug/2026:22:15:41 -0400] "GET /wp-content/uploads/2021/06/EKM-LOGO-BLACK-IM-150PX.png HTTP/1.1" 404 31200 "https://ekmtoronto.com/connect/" "Mozilla/5.0 (Windows NT 10.0; Win64; x64) AppleWebKit/537.36 (KHTML, like Gecko) Chrome/152.0.0.0 Safari/537.36"
66.249.65.135 - - [31/Aug/2026:22:15:43 -0400] "GET /wp-content/plugins/divi-overlays/assets/css/custom_animations.css?ver=2.9.7.9 HTTP/1.1" 200 886 "https://ekmtoronto.com/?sale%2Fsearch%2Fdetail%2F%3FITMCODE=c3o1n6o4p5h3o6l5i1s7" "Mozilla/5.0 (Linux; Android 6.0.1; Nexus 5X Build/MMB29P) AppleWebKit/537.36 (KHTML, like Gecko) Chrome/151.0.7922.173 Mobile Safari/537.36 (compatible; Googlebot/2.1; +http://www.google.com/bot.html)"
34.204.184.214 - - [31/Aug/2026:22:15:48 -0400] "GET / HTTP/1.1" 200 36693 "-" "Mozilla/5.0 (Windows NT 6.1; WOW64; Trident/7.0; rv:11.0) like Gecko"
66.249.65.134 - - [31/Aug/2026:22:15:49 -0400] "GET /?sale/search/detail/?ITMCODE=j9a6u0n8t6i1e3r338 HTTP/1.1" 301 - "-" "Mozilla/5.0 (Linux; Android 6.0.1; Nexus 5X Build/MMB29P) AppleWebKit/537.36 (KHTML, like Gecko) Chrome/151.0.7922.173 Mobile Safari/537.36 (compatible; Googlebot/2.1; +http://www.google.com/bot.html)"
66.249.65.134 - - [31/Aug/2026:22:15:50 -0400] "GET /?sale%2Fsearch%2Fdetail%2F%3FITMCODE=j9a6u0n8t6i1e3r338 HTTP/1.1" 200 36748 "-" "Mozilla/5.0 (Linux; Android 6.0.1; Nexus 5X Build/MMB29P) AppleWebKit/537.36 (KHTML, like Gecko) Chrome/151.0.7922.173 Mobile Safari/537.36 (compatible; Googlebot/2.1; +http://www.google.com/bot.html)"
69.165.232.70 - - [31/Aug/2026:22:15:57 -0400] "GET / HTTP/1.1" 200 39465 "https://ekmtoronto.com/connect/" "Mozilla/5.0 (Windows NT 10.0; Win64; x64) AppleWebKit/537.36 (KHTML, like Gecko) Chrome/152.0.0.0 Safari/537.36"
69.165.232.70 - - [31/Aug/2026:22:15:57 -0400] "GET /wp-content/et-cache/228351/et-divi-dynamic-228351.css?ver=1788228607 HTTP/1.1" 200 11161 "https://ekmtoronto.com/" "Mozilla/5.0 (Windows NT 10.0; Win64; x64) AppleWebKit/537.36 (KHTML, like Gecko) Chrome/152.0.0.0 Safari/537.36"
69.165.232.70 - - [31/Aug/2026:22:15:57 -0400] "GET /wp-content/et-cache/228351/et-divi-dynamic-228351-late.css?ver=1788228607 HTTP/1.1" 200 7258 "https://ekmtoronto.com/" "Mozilla/5.0 (Windows NT 10.0; Win64; x64) AppleWebKit/537.36 (KHTML, like Gecko) Chrome/152.0.0.0 Safari/537.36"
69.165.232.70 - - [31/Aug/2026:22:15:57 -0400] "GET /wp-content/et-cache/228351/et-core-unified-deferred-228351.min.css?ver=1788228620 HTTP/1.1" 200 5010 "https://ekmtoronto.com/" "Mozilla/5.0 (Windows NT 10.0; Win64; x64) AppleWebKit/537.36 (KHTML, like Gecko) Chrome/152.0.0.0 Safari/537.36"
69.165.232.70 - - [31/Aug/2026:22:15:57 -0400] "POST /wp-admin/admin-ajax.php HTTP/1.1" 200 1326 "https://ekmtoronto.com/" "Mozilla/5.0 (Windows NT 10.0; Win64; x64) AppleWebKit/537.36 (KHTML, like Gecko) Chrome/152.0.0.0 Safari/537.36"
69.165.232.70 - - [31/Aug/2026:22:15:57 -0400] "GET /wp-content/uploads/2021/06/EKM-LOGO-BLACK-IM-150PX.png HTTP/1.1" 404 31200 "https://ekmtoronto.com/" "Mozilla/5.0 (Windows NT 10.0; Win64; x64) AppleWebKit/537.36 (KHTML, like Gecko) Chrome/152.0.0.0 Safari/537.36"
104.247.76.75 - - [31/Aug/2026:22:16:00 -0400] "POST /wp-cron.php?doing_wp_cron=1788228960.2836930751800537109375 HTTP/1.1" 200 - "-" "WordPress/7.1; https://ekmtoronto.com"
69.165.232.70 - - [31/Aug/2026:22:15:59 -0400] "GET /connect/ HTTP/1.1" 200 34570 "https://ekmtoronto.com/" "Mozilla/5.0 (Windows NT 10.0; Win64; x64) AppleWebKit/537.36 (KHTML, like Gecko) Chrome/152.0.0.0 Safari/537.36"
69.165.232.70 - - [31/Aug/2026:22:16:00 -0400] "GET /wp-content/et-cache/1901/et-divi-dynamic-1901-late.css?ver=1788228800 HTTP/1.1" 304 - "https://ekmtoronto.com/connect/" "Mozilla/5.0 (Windows NT 10.0; Win64; x64) AppleWebKit/537.36 (KHTML, like Gecko) Chrome/152.0.0.0 Safari/537.36"
69.165.232.70 - - [31/Aug/2026:22:16:00 -0400] "GET /wp-content/et-cache/1901/et-divi-dynamic-1901.css?ver=1788228800 HTTP/1.1" 304 - "https://ekmtoronto.com/connect/" "Mozilla/5.0 (Windows NT 10.0; Win64; x64) AppleWebKit/537.36 (KHTML, like Gecko) Chrome/152.0.0.0 Safari/537.36"
69.165.232.70 - - [31/Aug/2026:22:16:00 -0400] "GET /wp-content/et-cache/1901/et-core-unified-deferred-1901.min.css?ver=1788228801 HTTP/1.1" 304 - "https://ekmtoronto.com/connect/" "Mozilla/5.0 (Windows NT 10.0; Win64; x64) AppleWebKit/537.36 (KHTML, like Gecko) Chrome/152.0.0.0 Safari/537.36"
69.165.232.70 - - [31/Aug/2026:22:16:00 -0400] "GET /wp-content/et-cache/1901/et-divi-dynamic-1901-late.css HTTP/1.1" 304 - "https://ekmtoronto.com/connect/" "Mozilla/5.0 (Windows NT 10.0; Win64; x64) AppleWebKit/537.36 (KHTML, like Gecko) Chrome/152.0.0.0 Safari/537.36"
69.165.232.70 - - [31/Aug/2026:22:16:00 -0400] "POST /wp-admin/admin-ajax.php HTTP/1.1" 200 1326 "https://ekmtoronto.com/connect/" "Mozilla/5.0 (Windows NT 10.0; Win64; x64) AppleWebKit/537.36 (KHTML, like Gecko) Chrome/152.0.0.0 Safari/537.36"
69.165.232.70 - - [31/Aug/2026:22:16:00 -0400] "GET /wp-content/uploads/2021/06/EKM-LOGO-BLACK-IM-150PX.png HTTP/1.1" 404 31200 "https://ekmtoronto.com/connect/" "Mozilla/5.0 (Windows NT 10.0; Win64; x64) AppleWebKit/537.36 (KHTML, like Gecko) Chrome/152.0.0.0 Safari/537.36"
69.165.232.70 - - [31/Aug/2026:22:16:00 -0400] "GET /wp-content/uploads/2022/09/EKM-WHITE-LOGO-150PX.png HTTP/1.1" 404 31178 "https://ekmtoronto.com/connect/" "Mozilla/5.0 (Windows NT 10.0; Win64; x64) AppleWebKit/537.36 (KHTML, like Gecko) Chrome/152.0.0.0 Safari/537.36"
69.165.232.70 - - [31/Aug/2026:22:16:01 -0400] "POST /wp-admin/admin-ajax.php HTTP/1.1" 200 208 "https://ekmtoronto.com/?et_fb=1&PageSpeed=off" "Mozilla/5.0 (Windows NT 10.0; Win64; x64) AppleWebKit/537.36 (KHTML, like Gecko) Chrome/152.0.0.0 Safari/537.36"
69.165.232.70 - - [31/Aug/2026:22:16:01 -0400] "GET / HTTP/1.1" 200 39465 "https://ekmtoronto.com/connect/" "Mozilla/5.0 (Windows NT 10.0; Win64; x64) AppleWebKit/537.36 (KHTML, like Gecko) Chrome/152.0.0.0 Safari/537.36"
69.165.232.70 - - [31/Aug/2026:22:16:02 -0400] "POST /wp-admin/admin-ajax.php HTTP/1.1" 200 1326 "https://ekmtoronto.com/" "Mozilla/5.0 (Windows NT 10.0; Win64; x64) AppleWebKit/537.36 (KHTML, like Gecko) Chrome/152.0.0.0 Safari/537.36"
69.165.232.70 - - [31/Aug/2026:22:16:02 -0400] "GET /wp-content/uploads/2021/06/EKM-LOGO-BLACK-IM-150PX.png HTTP/1.1" 404 31200 "https://ekmtoronto.com/" "Mozilla/5.0 (Windows NT 10.0; Win64; x64) AppleWebKit/537.36 (KHTML, like Gecko) Chrome/152.0.0.0 Safari/537.36"
69.165.232.70 - - [31/Aug/2026:22:16:02 -0400] "GET /connect HTTP/1.1" 301 - "https://ekmtoronto.com/" "Mozilla/5.0 (Windows NT 10.0; Win64; x64) AppleWebKit/537.36 (KHTML, like Gecko) Chrome/152.0.0.0 Safari/537.36"
69.165.232.70 - - [31/Aug/2026:22:16:02 -0400] "GET /connect/ HTTP/1.1" 200 34571 "https://ekmtoronto.com/" "Mozilla/5.0 (Windows NT 10.0; Win64; x64) AppleWebKit/537.36 (KHTML, like Gecko) Chrome/152.0.0.0 Safari/537.36"
69.165.232.70 - - [31/Aug/2026:22:16:03 -0400] "POST /wp-admin/admin-ajax.php HTTP/1.1" 200 1326 "https://ekmtoronto.com/connect/" "Mozilla/5.0 (Windows NT 10.0; Win64; x64) AppleWebKit/537.36 (KHTML, like Gecko) Chrome/152.0.0.0 Safari/537.36"
69.165.232.70 - - [31/Aug/2026:22:16:03 -0400] "GET /wp-content/uploads/2021/06/EKM-LOGO-BLACK-IM-150PX.png HTTP/1.1" 404 31200 "https://ekmtoronto.com/connect/" "Mozilla/5.0 (Windows NT 10.0; Win64; x64) AppleWebKit/537.36 (KHTML, like Gecko) Chrome/152.0.0.0 Safari/537.36"
69.165.232.70 - - [31/Aug/2026:22:16:03 -0400] "GET /wp-content/uploads/2022/09/EKM-WHITE-LOGO-150PX.png HTTP/1.1" 404 31178 "https://ekmtoronto.com/connect/" "Mozilla/5.0 (Windows NT 10.0; Win64; x64) AppleWebKit/537.36 (KHTML, like Gecko) Chrome/152.0.0.0 Safari/537.36"
69.165.232.70 - - [31/Aug/2026:22:16:04 -0400] "GET / HTTP/1.1" 200 39465 "https://ekmtoronto.com/connect/" "Mozilla/5.0 (Windows NT 10.0; Win64; x64) AppleWebKit/537.36 (KHTML, like Gecko) Chrome/152.0.0.0 Safari/537.36"
69.165.232.70 - - [31/Aug/2026:22:16:05 -0400] "POST /wp-admin/admin-ajax.php HTTP/1.1" 200 1326 "https://ekmtoronto.com/" "Mozilla/5.0 (Windows NT 10.0; Win64; x64) AppleWebKit/537.36 (KHTML, like Gecko) Chrome/152.0.0.0 Safari/537.36"
69.165.232.70 - - [31/Aug/2026:22:16:05 -0400] "GET /wp-content/uploads/2021/06/EKM-LOGO-BLACK-IM-150PX.png HTTP/1.1" 404 31200 "https://ekmtoronto.com/" "Mozilla/5.0 (Windows NT 10.0; Win64; x64) AppleWebKit/537.36 (KHTML, like Gecko) Chrome/152.0.0.0 Safari/537.36"
69.165.232.70 - - [31/Aug/2026:22:16:08 -0400] "GET /?et_fb=1&PageSpeed=off HTTP/1.1" 200 141281 "https://ekmtoronto.com/" "Mozilla/5.0 (Windows NT 10.0; Win64; x64) AppleWebKit/537.36 (KHTML, like Gecko) Chrome/152.0.0.0 Safari/537.36"
69.165.232.70 - - [31/Aug/2026:22:16:09 -0400] "GET /wp-content/et-cache/228351/et-core-unified-vb-228351.min.css?ver=1788228968 HTTP/1.1" 200 1372 "https://ekmtoronto.com/?et_fb=1&PageSpeed=off" "Mozilla/5.0 (Windows NT 10.0; Win64; x64) AppleWebKit/537.36 (KHTML, like Gecko) Chrome/152.0.0.0 Safari/537.36"
69.165.232.70 - - [31/Aug/2026:22:16:09 -0400] "GET /wp-content/et-cache/228351/et-core-unified-vb-228351.min.css?ver=1788228968 HTTP/1.1" 304 - "https://ekmtoronto.com/?et_fb=1&PageSpeed=off" "Mozilla/5.0 (Windows NT 10.0; Win64; x64) AppleWebKit/537.36 (KHTML, like Gecko) Chrome/152.0.0.0 Safari/537.36"
69.165.232.70 - - [31/Aug/2026:22:16:09 -0400] "GET /wp-content/et-cache/en_US/definitions-page-17882289686975.js?ver=4.27.8 HTTP/1.1" 200 218270 "https://ekmtoronto.com/?et_fb=1&PageSpeed=off" "Mozilla/5.0 (Windows NT 10.0; Win64; x64) AppleWebKit/537.36 (KHTML, like Gecko) Chrome/152.0.0.0 Safari/537.36"
69.165.232.70 - - [31/Aug/2026:22:16:09 -0400] "GET /wp-content/et-cache/en_US/helpers-page-17882289685903.js?ver=4.27.8 HTTP/1.1" 200 934690 "https://ekmtoronto.com/?et_fb=1&PageSpeed=off" "Mozilla/5.0 (Windows NT 10.0; Win64; x64) AppleWebKit/537.36 (KHTML, like Gecko) Chrome/152.0.0.0 Safari/537.36"
69.165.232.70 - - [31/Aug/2026:22:16:12 -0400] "POST /wp-admin/admin-ajax.php?lang=en_US HTTP/1.1" 200 155 "https://ekmtoronto.com/?et_fb=1&PageSpeed=off" "Mozilla/5.0 (Windows NT 10.0; Win64; x64) AppleWebKit/537.36 (KHTML, like Gecko) Chrome/152.0.0.0 Safari/537.36"
69.165.232.70 - - [31/Aug/2026:22:16:12 -0400] "POST /wp-admin/admin-ajax.php HTTP/1.1" 200 499 "https://ekmtoronto.com/?et_fb=1&PageSpeed=off" "Mozilla/5.0 (Windows NT 10.0; Win64; x64) AppleWebKit/537.36 (KHTML, like Gecko) Chrome/152.0.0.0 Safari/537.36"
69.165.232.70 - - [31/Aug/2026:22:16:12 -0400] "POST /wp-admin/admin-ajax.php HTTP/1.1" 200 307 "https://ekmtoronto.com/?et_fb=1&PageSpeed=off" "Mozilla/5.0 (Windows NT 10.0; Win64; x64) AppleWebKit/537.36 (KHTML, like Gecko) Chrome/152.0.0.0 Safari/537.36"
69.165.232.70 - - [31/Aug/2026:22:16:13 -0400] "POST /wp-admin/admin-ajax.php HTTP/1.1" 200 863 "https://ekmtoronto.com/?et_fb=1&PageSpeed=off" "Mozilla/5.0 (Windows NT 10.0; Win64; x64) AppleWebKit/537.36 (KHTML, like Gecko) Chrome/152.0.0.0 Safari/537.36"
69.165.232.70 - - [31/Aug/2026:22:16:34 -0400] "POST /wp-admin/admin-ajax.php HTTP/1.1" 200 67 "https://ekmtoronto.com/wp-admin/nav-menus.php" "Mozilla/5.0 (Windows NT 10.0; Win64; x64) AppleWebKit/537.36 (KHTML, like Gecko) Chrome/152.0.0.0 Safari/537.36"
45.146.55.116 - - [31/Aug/2026:22:16:35 -0400] "POST /wp-login.php HTTP/1.1" 200 2482 "-" "Mozilla/5.0 (Macintosh; Intel Mac OS X 10_15_7) AppleWebKit/605.1.15 Version/17.0 Safari/605.1.15"
104.247.76.75 - - [31/Aug/2026:22:16:34 -0400] "POST /wp-admin/admin-ajax.php?action=as_async_request_queue_runner&nonce=c6b24fcc30 HTTP/1.1" 200 - "-" "WordPress/7.1; https://ekmtoronto.com"
18.215.49.176 - - [31/Aug/2026:22:16:53 -0400] "GET /wp-json/oembed/1.0/embed?format=xml&url=https://ekmtoronto.com/intercession/ HTTP/1.1" 200 1168 "-" "Mozilla/5.0 AppleWebKit/537.36 (KHTML, like Gecko; compatible; Amazonbot/0.1; +https://developer.amazon.com/support/amazonbot) Chrome/119.0.6045.214 Safari/537.36"
69.165.232.70 - - [31/Aug/2026:22:16:54 -0400] "POST /wp-admin/admin-ajax.php HTTP/1.1" 200 95 "https://ekmtoronto.com/?et_fb=1&PageSpeed=off" "Mozilla/5.0 (Windows NT 10.0; Win64; x64) AppleWebKit/537.36 (KHTML, like Gecko) Chrome/152.0.0.0 Safari/537.36"
104.247.76.75 - - [31/Aug/2026:22:17:10 -0400] "POST /wp-cron.php?doing_wp_cron=1788229030.8814239501953125000000 HTTP/1.1" 200 - "-" "WordPress/7.1; https://ekmtoronto.com"
69.165.232.70 - - [31/Aug/2026:22:17:10 -0400] "POST /wp-admin/admin-ajax.php HTTP/1.1" 200 20023 "https://ekmtoronto.com/?et_fb=1&PageSpeed=off" "Mozilla/5.0 (Windows NT 10.0; Win64; x64) AppleWebKit/537.36 (KHTML, like Gecko) Chrome/152.0.0.0 Safari/537.36"
66.249.65.136 - - [31/Aug/2026:22:17:22 -0400] "GET /?sale/search/detail/?ITMCODE=p8r1i1s0e9r179178 HTTP/1.1" 301 - "-" "Mozilla/5.0 (Linux; Android 6.0.1; Nexus 5X Build/MMB29P) AppleWebKit/537.36 (KHTML, like Gecko) Chrome/151.0.7922.173 Mobile Safari/537.36 (compatible; Googlebot/2.1; +http://www.google.com/bot.html)"
66.249.65.136 - - [31/Aug/2026:22:17:23 -0400] "GET /?sale%2Fsearch%2Fdetail%2F%3FITMCODE=p8r1i1s0e9r179178 HTTP/1.1" 200 41391 "-" "Mozilla/5.0 (Linux; Android 6.0.1; Nexus 5X Build/MMB29P) AppleWebKit/537.36 (KHTML, like Gecko) Chrome/151.0.7922.173 Mobile Safari/537.36 (compatible; Googlebot/2.1; +http://www.google.com/bot.html)"
66.249.65.134 - - [31/Aug/2026:22:17:25 -0400] "GET /?sale/search/detail/?ITMCODE=g6l3o7s8s187964 HTTP/1.1" 301 - "-" "Mozilla/5.0 (Linux; Android 6.0.1; Nexus 5X Build/MMB29P) AppleWebKit/537.36 (KHTML, like Gecko) Chrome/151.0.7922.173 Mobile Safari/537.36 (compatible; Googlebot/2.1; +http://www.google.com/bot.html)"
66.249.65.135 - - [31/Aug/2026:22:17:26 -0400] "GET /?sale%2Fsearch%2Fdetail%2F%3FITMCODE=g6l3o7s8s187964 HTTP/1.1" 200 36683 "-" "Mozilla/5.0 (Linux; Android 6.0.1; Nexus 5X Build/MMB29P) AppleWebKit/537.36 (KHTML, like Gecko) Chrome/151.0.7922.173 Mobile Safari/537.36 (compatible; Googlebot/2.1; +http://www.google.com/bot.html)"
69.165.232.70 - - [31/Aug/2026:22:17:35 -0400] "POST /wp-admin/admin-ajax.php HTTP/1.1" 200 95 "https://ekmtoronto.com/?et_fb=1&PageSpeed=off" "Mozilla/5.0 (Windows NT 10.0; Win64; x64) AppleWebKit/537.36 (KHTML, like Gecko) Chrome/152.0.0.0 Safari/537.36"
104.247.76.75 - - [31/Aug/2026:22:17:35 -0400] "POST /wp-admin/admin-ajax.php?action=as_async_request_queue_runner&nonce=c6b24fcc30 HTTP/1.1" 200 - "-" "WordPress/7.1; https://ekmtoronto.com"
69.165.232.70 - - [31/Aug/2026:22:17:55 -0400] "POST /wp-admin/admin-ajax.php HTTP/1.1" 200 95 "https://ekmtoronto.com/?et_fb=1&PageSpeed=off" "Mozilla/5.0 (Windows NT 10.0; Win64; x64) AppleWebKit/537.36 (KHTML, like Gecko) Chrome/152.0.0.0 Safari/537.36"
34.206.193.60 - - [31/Aug/2026:22:18:01 -0400] "GET /wp-content/uploads/2026/08/food-drive-480x270.jpg HTTP/1.1" 200 31112 "-" "Mozilla/5.0 AppleWebKit/537.36 (KHTML, like Gecko; compatible; Amazonbot/0.1; +https://developer.amazon.com/support/amazonbot) Chrome/119.0.6045.214 Safari/537.36"
104.247.76.75 - - [31/Aug/2026:22:18:03 -0400] "POST /wp-cron.php?doing_wp_cron=1788229083.0099589824676513671875 HTTP/1.1" 200 - "-" "WordPress/7.1; https://ekmtoronto.com"
69.165.232.70 - - [31/Aug/2026:22:18:02 -0400] "POST /wp-admin/admin-ajax.php HTTP/1.1" 200 19984 "https://ekmtoronto.com/?et_fb=1&PageSpeed=off" "Mozilla/5.0 (Windows NT 10.0; Win64; x64) AppleWebKit/537.36 (KHTML, like Gecko) Chrome/152.0.0.0 Safari/537.36"
69.165.232.70 - - [31/Aug/2026:22:18:07 -0400] "POST /wp-admin/admin-ajax.php HTTP/1.1" 200 36 "https://ekmtoronto.com/?et_fb=1&PageSpeed=off" "Mozilla/5.0 (Windows NT 10.0; Win64; x64) AppleWebKit/537.36 (KHTML, like Gecko) Chrome/152.0.0.0 Safari/537.36"
69.165.232.70 - - [31/Aug/2026:22:18:07 -0400] "GET / HTTP/1.1" 200 44210 "https://ekmtoronto.com/?et_fb=1&PageSpeed=off" "Mozilla/5.0 (Windows NT 10.0; Win64; x64) AppleWebKit/537.36 (KHTML, like Gecko) Chrome/152.0.0.0 Safari/537.36"
69.165.232.70 - - [31/Aug/2026:22:18:07 -0400] "GET /wp-content/et-cache/228351/et-divi-dynamic-228351.css?ver=1788229087 HTTP/1.1" 200 11161 "https://ekmtoronto.com/" "Mozilla/5.0 (Windows NT 10.0; Win64; x64) AppleWebKit/537.36 (KHTML, like Gecko) Chrome/152.0.0.0 Safari/537.36"
69.165.232.70 - - [31/Aug/2026:22:18:08 -0400] "POST /wp-admin/admin-ajax.php HTTP/1.1" 200 1326 "https://ekmtoronto.com/" "Mozilla/5.0 (Windows NT 10.0; Win64; x64) AppleWebKit/537.36 (KHTML, like Gecko) Chrome/152.0.0.0 Safari/537.36"
