184.151.190.45 - - [31/Aug/2026:16:16:56 -0400] "GET /wp-includes/js/mediaelement/mediaelement-and-player.min.js?ver=4.2.17 HTTP/1.1" 200 38789 "https://ekmtoronto.com/" "Mozilla/5.0 (iPhone; CPU iPhone OS 26_1_0 like Mac OS X) AppleWebKit/605.1.15 (KHTML, like Gecko) CriOS/152.0.7977.64 Mobile/15E148 Safari/604.1"
184.151.190.45 - - [31/Aug/2026:16:16:56 -0400] "GET /wp-content/uploads/2021/06/akin-Franz-IMG_7125-1500PX-2.png HTTP/1.1" 200 402357 "https://ekmtoronto.com/" "Mozilla/5.0 (iPhone; CPU iPhone OS 26_1_0 like Mac OS X) AppleWebKit/605.1.15 (KHTML, like Gecko) CriOS/152.0.7977.64 Mobile/15E148 Safari/604.1"
184.151.190.45 - - [31/Aug/2026:16:16:56 -0400] "GET /wp-content/themes/Divi/core/admin/fonts/fontawesome/fa-solid-900.woff2 HTTP/1.1" 200 80265 "https://ekmtoronto.com/" "Mozilla/5.0 (iPhone; CPU iPhone OS 26_1_0 like Mac OS X) AppleWebKit/605.1.15 (KHTML, like Gecko) CriOS/152.0.7977.64 Mobile/15E148 Safari/604.1"
184.151.190.45 - - [31/Aug/2026:16:16:56 -0400] "GET /wp-content/themes/Divi/core/admin/fonts/modules/all/modules.woff HTTP/1.1" 200 37328 "https://ekmtoronto.com/" "Mozilla/5.0 (iPhone; CPU iPhone OS 26_1_0 like Mac OS X) AppleWebKit/605.1.15 (KHTML, like Gecko) CriOS/152.0.7977.64 Mobile/15E148 Safari/604.1"
184.151.190.45 - - [31/Aug/2026:16:16:56 -0400] "GET /wp-content/uploads/2021/06/EKM-LOGO-BLACK-IM-150PX.png HTTP/1.1" 404 28393 "https://ekmtoronto.com/" "Mozilla/5.0 (iPhone; CPU iPhone OS 26_1_0 like Mac OS X) AppleWebKit/605.1.15 (KHTML, like Gecko) CriOS/152.0.7977.64 Mobile/15E148 Safari/604.1"
184.151.190.45 - - [31/Aug/2026:16:16:56 -0400] "GET /wp-content/themes/Divi/core/admin/fonts/fontawesome/fa-brands-400.woff2 HTTP/1.1" 200 78493 "https://ekmtoronto.com/" "Mozilla/5.0 (iPhone; CPU iPhone OS 26_1_0 like Mac OS X) AppleWebKit/605.1.15 (KHTML, like Gecko) CriOS/152.0.7977.64 Mobile/15E148 Safari/604.1"
184.151.190.45 - - [31/Aug/2026:16:16:56 -0400] "GET /wp-content/uploads/2023/11/cropped-EKM-SITE-TAB-ICON-512PX-180x180.jpg HTTP/1.1" 200 4836 "-" "Mozilla/5.0 (iPhone; CPU iPhone OS 26_1_0 like Mac OS X) AppleWebKit/605.1.15 (KHTML, like Gecko) CriOS/152.0.7977.64 Mobile/15E148 Safari/604.1"
184.151.190.45 - - [31/Aug/2026:16:16:56 -0400] "GET /wp-content/uploads/2023/11/cropped-EKM-SITE-TAB-ICON-512PX-192x192.jpg HTTP/1.1" 200 5240 "-" "Mozilla/5.0 (iPhone; CPU iPhone OS 26_1_0 like Mac OS X) AppleWebKit/605.1.15 (KHTML, like Gecko) CriOS/152.0.7977.64 Mobile/15E148 Safari/604.1"
184.151.190.45 - - [31/Aug/2026:16:16:56 -0400] "GET /wp-content/themes/Divi/core/admin/fonts/fontawesome/fa-regular-400.woff2 HTTP/1.1" 200 13571 "https://ekmtoronto.com/" "Mozilla/5.0 (iPhone; CPU iPhone OS 26_1_0 like Mac OS X) AppleWebKit/605.1.15 (KHTML, like Gecko) CriOS/152.0.7977.64 Mobile/15E148 Safari/604.1"
184.151.190.45 - - [31/Aug/2026:16:16:56 -0400] "GET /wp-content/themes/Divi/images/logo.png HTTP/1.1" 200 1740 "https://ekmtoronto.com/" "Mozilla/5.0 (iPhone; CPU iPhone OS 26_1_0 like Mac OS X) AppleWebKit/605.1.15 (KHTML, like Gecko) CriOS/152.0.7977.64 Mobile/15E148 Safari/604.1"
184.151.190.45 - - [31/Aug/2026:16:16:56 -0400] "GET /wp-content/uploads/2023/11/Volunteer-Team-Sharp-EKM-7411-WIDE-1500px.jpg HTTP/1.1" 200 148664 "https://ekmtoronto.com/" "Mozilla/5.0 (iPhone; CPU iPhone OS 26_1_0 like Mac OS X) AppleWebKit/605.1.15 (KHTML, like Gecko) CriOS/152.0.7977.64 Mobile/15E148 Safari/604.1"
184.151.190.45 - - [31/Aug/2026:16:16:56 -0400] "GET /wp-content/uploads/2023/11/EKM-WHITE-LOGO-150PX.png HTTP/1.1" 200 1362 "https://ekmtoronto.com/" "Mozilla/5.0 (iPhone; CPU iPhone OS 26_1_0 like Mac OS X) AppleWebKit/605.1.15 (KHTML, like Gecko) CriOS/152.0.7977.64 Mobile/15E148 Safari/604.1"
184.151.190.45 - - [31/Aug/2026:16:16:56 -0400] "GET /wp-content/uploads/2023/11/We-Love-lee-Nicole_7149-1000PXMOB.jpg HTTP/1.1" 200 110730 "https://ekmtoronto.com/" "Mozilla/5.0 (iPhone; CPU iPhone OS 26_1_0 like Mac OS X) AppleWebKit/605.1.15 (KHTML, like Gecko) CriOS/152.0.7977.64 Mobile/15E148 Safari/604.1"
184.151.190.45 - - [31/Aug/2026:16:16:56 -0400] "GET /wp-content/uploads/2022/09/EKM-LOGO-BLACK-IMG_100px.png HTTP/1.1" 404 28393 "https://ekmtoronto.com/" "Mozilla/5.0 (iPhone; CPU iPhone OS 26_1_0 like Mac OS X) AppleWebKit/605.1.15 (KHTML, like Gecko) CriOS/152.0.7977.64 Mobile/15E148 Safari/604.1"
184.151.190.45 - - [31/Aug/2026:16:16:59 -0400] "GET /wp-content/uploads/2026/08/food-drive-980x551.jpg HTTP/1.1" 200 84369 "https://ekmtoronto.com/" "Mozilla/5.0 (iPhone; CPU iPhone OS 26_1_0 like Mac OS X) AppleWebKit/605.1.15 (KHTML, like Gecko) CriOS/152.0.7977.64 Mobile/15E148 Safari/604.1"
184.151.190.45 - - [31/Aug/2026:16:16:59 -0400] "GET /wp-content/uploads/2023/05/Middaynew-980x551.jpg HTTP/1.1" 200 99305 "https://ekmtoronto.com/" "Mozilla/5.0 (iPhone; CPU iPhone OS 26_1_0 like Mac OS X) AppleWebKit/605.1.15 (KHTML, like Gecko) CriOS/152.0.7977.64 Mobile/15E148 Safari/604.1"
184.151.190.45 - - [31/Aug/2026:16:16:59 -0400] "GET /wp-content/uploads/2026/08/Young-youth-980x552.png HTTP/1.1" 200 744326 "https://ekmtoronto.com/" "Mozilla/5.0 (iPhone; CPU iPhone OS 26_1_0 like Mac OS X) AppleWebKit/605.1.15 (KHTML, like Gecko) CriOS/152.0.7977.64 Mobile/15E148 Safari/604.1"
104.247.76.75 - - [31/Aug/2026:16:18:01 -0400] "POST /wp-cron.php?doing_wp_cron=1788207481.2794160842895507812500 HTTP/1.1" 200 - "-" "WordPress/7.1; https://ekmtoronto.com"
66.249.65.134 - - [31/Aug/2026:16:18:01 -0400] "GET /?sale/search/detail/?ITMCODE=u8n3d6e1r9s2k2y9554 HTTP/1.1" 301 - "-" "Mozilla/5.0 (Linux; Android 6.0.1; Nexus 5X Build/MMB29P) AppleWebKit/537.36 (KHTML, like Gecko) Chrome/151.0.7922.173 Mobile Safari/537.36 (compatible; Googlebot/2.1; +http://www.google.com/bot.html)"
184.151.190.45 - - [31/Aug/2026:16:18:46 -0400] "GET /events/ HTTP/1.1" 200 44672 "https://ekmtoronto.com/" "Mozilla/5.0 (iPhone; CPU iPhone OS 26_1_0 like Mac OS X) AppleWebKit/605.1.15 (KHTML, like Gecko) CriOS/152.0.7977.64 Mobile/15E148 Safari/604.1"
184.151.190.45 - - [31/Aug/2026:16:18:47 -0400] "GET /wp-content/et-cache/227702/et-divi-dynamic-227702-late.css?ver=1788112792 HTTP/1.1" 200 1419 "https://ekmtoronto.com/events/" "Mozilla/5.0 (iPhone; CPU iPhone OS 26_1_0 like Mac OS X) AppleWebKit/605.1.15 (KHTML, like Gecko) CriOS/152.0.7977.64 Mobile/15E148 Safari/604.1"
184.151.190.45 - - [31/Aug/2026:16:18:47 -0400] "GET /wp-content/et-cache/227702/et-divi-dynamic-227702-late.css HTTP/1.1" 200 1419 "https://ekmtoronto.com/events/" "Mozilla/5.0 (iPhone; CPU iPhone OS 26_1_0 like Mac OS X) AppleWebKit/605.1.15 (KHTML, like Gecko) CriOS/152.0.7977.64 Mobile/15E148 Safari/604.1"
184.151.190.45 - - [31/Aug/2026:16:18:47 -0400] "GET /wp-content/uploads/2026/08/food-drive-400x250.jpg HTTP/1.1" 200 26566 "https://ekmtoronto.com/events/" "Mozilla/5.0 (iPhone; CPU iPhone OS 26_1_0 like Mac OS X) AppleWebKit/605.1.15 (KHTML, like Gecko) CriOS/152.0.7977.64 Mobile/15E148 Safari/604.1"
184.151.190.45 - - [31/Aug/2026:16:18:47 -0400] "GET /wp-content/uploads/2026/08/Young-youth-400x250.png HTTP/1.1" 200 167490 "https://ekmtoronto.com/events/" "Mozilla/5.0 (iPhone; CPU iPhone OS 26_1_0 like Mac OS X) AppleWebKit/605.1.15 (KHTML, like Gecko) CriOS/152.0.7977.64 Mobile/15E148 Safari/604.1"
184.151.190.45 - - [31/Aug/2026:16:18:47 -0400] "GET /wp-content/uploads/2022/09/EKM-WHITE-LOGO-150PX.png HTTP/1.1" 404 28393 "https://ekmtoronto.com/events/" "Mozilla/5.0 (iPhone; CPU iPhone OS 26_1_0 like Mac OS X) AppleWebKit/605.1.15 (KHTML, like Gecko) CriOS/152.0.7977.64 Mobile/15E148 Safari/604.1"
184.151.190.45 - - [31/Aug/2026:16:18:48 -0400] "GET /wp-content/uploads/2025/02/GLOW-UP2-400x250.jpg HTTP/1.1" 200 18563 "https://ekmtoronto.com/events/" "Mozilla/5.0 (iPhone; CPU iPhone OS 26_1_0 like Mac OS X) AppleWebKit/605.1.15 (KHTML, like Gecko) CriOS/152.0.7977.64 Mobile/15E148 Safari/604.1"
184.151.190.45 - - [31/Aug/2026:16:18:48 -0400] "GET /wp-content/uploads/2024/10/water-baptism-400x250.png HTTP/1.1" 200 2907 "https://ekmtoronto.com/events/" "Mozilla/5.0 (iPhone; CPU iPhone OS 26_1_0 like Mac OS X) AppleWebKit/605.1.15 (KHTML, like Gecko) CriOS/152.0.7977.64 Mobile/15E148 Safari/604.1"
184.151.190.45 - - [31/Aug/2026:16:18:48 -0400] "GET /wp-content/uploads/2022/09/EKM-WHITE-LOGO-200PX.png HTTP/1.1" 404 28393 "https://ekmtoronto.com/events/" "Mozilla/5.0 (iPhone; CPU iPhone OS 26_1_0 like Mac OS X) AppleWebKit/605.1.15 (KHTML, like Gecko) CriOS/152.0.7977.64 Mobile/15E148 Safari/604.1"
184.151.190.45 - - [31/Aug/2026:16:18:48 -0400] "GET /wp-content/uploads/2024/09/intercession-400x250.jpeg HTTP/1.1" 200 14436 "https://ekmtoronto.com/events/" "Mozilla/5.0 (iPhone; CPU iPhone OS 26_1_0 like Mac OS X) AppleWebKit/605.1.15 (KHTML, like Gecko) CriOS/152.0.7977.64 Mobile/15E148 Safari/604.1"
184.151.190.45 - - [31/Aug/2026:16:18:59 -0400] "GET /wp-content/uploads/2023/05/Middaynew-400x250.jpg HTTP/1.1" 200 22064 "https://ekmtoronto.com/events/" "Mozilla/5.0 (iPhone; CPU iPhone OS 26_1_0 like Mac OS X) AppleWebKit/605.1.15 (KHTML, like Gecko) CriOS/152.0.7977.64 Mobile/15E148 Safari/604.1"
104.247.76.75 - - [31/Aug/2026:16:20:52 -0400] "POST /wp-cron.php?doing_wp_cron=1788207652.5774650573730468750000 HTTP/1.1" 200 - "-" "WordPress/7.1; https://ekmtoronto.com"
66.249.65.135 - - [31/Aug/2026:16:20:52 -0400] "GET /?k=7131715938206 HTTP/1.1" 200 39843 "-" "Mozilla/5.0 (Linux; Android 6.0.1; Nexus 5X Build/MMB29P) AppleWebKit/537.36 (KHTML, like Gecko) Chrome/151.0.7922.173 Mobile Safari/537.36 (compatible; Googlebot/2.1; +http://www.google.com/bot.html)"
136.144.19.134 - - [31/Aug/2026:16:20:59 -0400] "POST /wp-login.php HTTP/1.1" 200 7716 "-" "Mozilla/5.0"
104.247.76.75 - - [31/Aug/2026:16:22:23 -0400] "POST /wp-cron.php?doing_wp_cron=1788207743.4973790645599365234375 HTTP/1.1" 200 - "-" "WordPress/7.1; https://ekmtoronto.com"
51.81.111.140 - - [31/Aug/2026:16:22:23 -0400] "GET /sitemap.xml HTTP/1.1" 301 - "-" "Mozilla/5.0 (compatible; AhrefsBot/7.0; +http://ahrefs.com/robot/)"
51.81.111.140 - - [31/Aug/2026:16:22:23 -0400] "GET / HTTP/1.1" 200 39821 "-" "Mozilla/5.0 (compatible; AhrefsBot/7.0; +http://ahrefs.com/robot/)"
74.7.230.57 - - [31/Aug/2026:16:22:46 -0400] "GET /robots.txt HTTP/1.1" 200 110 "-" "Mozilla/5.0 (Macintosh; Intel Mac OS X 10_15_7) AppleWebKit/537.36 (KHTML, like Gecko) Chrome/131.0.0.0 Safari/537.36; compatible; OAI-SearchBot/1.4; robots.txt; +https://openai.com/searchbot"
74.7.227.164 - - [31/Aug/2026:16:22:46 -0400] "GET /sitemap.xml HTTP/1.1" 200 39842 "-" "Mozilla/5.0 AppleWebKit/537.36 (KHTML, like Gecko; compatible; GPTBot/1.4; +https://openai.com/gptbot)"
115.243.38.154 - - [31/Aug/2026:16:22:56 -0400] "GET /wp-login.php HTTP/1.1" 200 2334 "-" "Mozilla/5.0 (Windows NT 10.0; Win64; x64) AppleWebKit/537.36 (KHTML, like Gecko) Chrome/151.0.0.0 Safari/537.36"
115.243.38.154 - - [31/Aug/2026:16:22:56 -0400] "POST /wp-login.php HTTP/1.1" 200 2468 "https://ekmtoronto.com/wp-login.php" "Mozilla/5.0 (Windows NT 10.0; Win64; x64) AppleWebKit/537.36 (KHTML, like Gecko) Chrome/151.0.0.0 Safari/537.36"
104.247.76.75 - - [31/Aug/2026:16:23:44 -0400] "POST /wp-cron.php?doing_wp_cron=1788207824.6754539012908935546875 HTTP/1.1" 200 - "-" "WordPress/7.1; https://ekmtoronto.com"
66.249.65.135 - - [31/Aug/2026:16:23:44 -0400] "GET /?sale/search/detail/?ITMCODE=t0w1i3e4r3379687 HTTP/1.1" 301 - "-" "Mozilla/5.0 (Linux; Android 6.0.1; Nexus 5X Build/MMB29P) AppleWebKit/537.36 (KHTML, like Gecko) Chrome/151.0.7922.173 Mobile Safari/537.36 (compatible; Googlebot/2.1; +http://www.google.com/bot.html)"
66.249.65.135 - - [31/Aug/2026:16:23:49 -0400] "GET /?sale%2Fsearch%2Fdetail%2F%3FITMCODE=t0w1i3e4r3379687 HTTP/1.1" 200 39883 "-" "Mozilla/5.0 (Linux; Android 6.0.1; Nexus 5X Build/MMB29P) AppleWebKit/537.36 (KHTML, like Gecko) Chrome/151.0.7922.173 Mobile Safari/537.36 (compatible; Googlebot/2.1; +http://www.google.com/bot.html)"
104.247.76.75 - - [31/Aug/2026:16:25:30 -0400] "POST /wp-cron.php?doing_wp_cron=1788207930.7567629814147949218750 HTTP/1.1" 200 - "-" "WordPress/7.1; https://ekmtoronto.com"
66.249.65.134 - - [31/Aug/2026:16:25:30 -0400] "GET /item/8029788237 HTTP/1.1" 404 29356 "-" "Mozilla/5.0 (Linux; Android 6.0.1; Nexus 5X Build/MMB29P) AppleWebKit/537.36 (KHTML, like Gecko) Chrome/151.0.7922.173 Mobile Safari/537.36 (compatible; Googlebot/2.1; +http://www.google.com/bot.html)"
104.247.76.75 - - [31/Aug/2026:16:26:04 -0400] "POST /wp-cron.php?doing_wp_cron=1788207964.3086910247802734375000 HTTP/1.1" 200 - "-" "WordPress/7.1; https://ekmtoronto.com"
66.249.65.135 - - [31/Aug/2026:16:26:03 -0400] "GET /?k=09151140602800 HTTP/1.1" 200 39843 "-" "Mozilla/5.0 (Linux; Android 6.0.1; Nexus 5X Build/MMB29P) AppleWebKit/537.36 (KHTML, like Gecko) Chrome/151.0.7922.173 Mobile Safari/537.36 (compatible; Googlebot/2.1; +http://www.google.com/bot.html)"
87.106.32.6 - - [31/Aug/2026:16:26:08 -0400] "GET /wp-login.php HTTP/1.1" 200 2334 "www.google.com" "Mozilla/5.0 (Windows NT 10.0; Win64; x64) AppleWebKit/537.36 (KHTML, like Gecko) Chrome/91.0.4472.124 Safari/537.36"
87.106.32.6 - - [31/Aug/2026:16:26:08 -0400] "POST /wp-login.php HTTP/1.1" 200 2483 "https://ekmtoronto.com/wp-admin/" "Mozilla/5.0 (Windows NT 10.0; Win64; x64) AppleWebKit/537.36 (KHTML, like Gecko) Chrome/91.0.4472.124 Safari/537.36"
87.106.32.6 - - [31/Aug/2026:16:26:08 -0400] "GET /wp-admin/ HTTP/1.1" 302 - "www.google.com" "Mozilla/5.0 (Windows NT 10.0; Win64; x64) AppleWebKit/537.36 (KHTML, like Gecko) Chrome/91.0.4472.124 Safari/537.36"
87.106.32.6 - - [31/Aug/2026:16:26:09 -0400] "GET /wp-login.php?redirect_to=https%3A%2F%2Fekmtoronto.com%2Fwp-admin%2F&reauth=1 HTTP/1.1" 200 2334 "www.google.com" "Mozilla/5.0 (Windows NT 10.0; Win64; x64) AppleWebKit/537.36 (KHTML, like Gecko) Chrome/91.0.4472.124 Safari/537.36"
66.249.65.134 - - [31/Aug/2026:16:26:15 -0400] "GET /wp-includes/js/mediaelement/mediaelementplayer-legacy.min.css?ver=4.2.17 HTTP/1.1" 200 2592 "https://ekmtoronto.com/?k=09151140602800" "Mozilla/5.0 (Linux; Android 6.0.1; Nexus 5X Build/MMB29P) AppleWebKit/537.36 (KHTML, like Gecko) Chrome/151.0.7922.173 Mobile Safari/537.36 (compatible; Googlebot/2.1; +http://www.google.com/bot.html)"
66.249.65.134 - - [31/Aug/2026:16:26:20 -0400] "GET /wp-content/et-cache/228351/et-core-unified-deferred-228351.min.css?ver=1785888000 HTTP/1.1" 200 3945 "https://ekmtoronto.com/?k=09151140602800" "Mozilla/5.0 (Linux; Android 6.0.1; Nexus 5X Build/MMB29P) AppleWebKit/537.36 (KHTML, like Gecko) Chrome/151.0.7922.173 Mobile Safari/537.36 (compatible; Googlebot/2.1; +http://www.google.com/bot.html)"
104.247.76.75 - - [31/Aug/2026:16:27:27 -0400] "POST /wp-cron.php?doing_wp_cron=1788208047.6635699272155761718750 HTTP/1.1" 200 - "-" "WordPress/7.1; https://ekmtoronto.com"
87.106.32.6 - - [31/Aug/2026:16:27:27 -0400] "GET /wp-login.php HTTP/1.1" 200 2334 "www.google.com" "Mozilla/5.0 (Windows NT 10.0; Win64; x64) AppleWebKit/537.36 (KHTML, like Gecko) Chrome/91.0.4472.124 Safari/537.36"
87.106.32.6 - - [31/Aug/2026:16:27:27 -0400] "POST /wp-login.php HTTP/1.1" 200 2484 "https://ekmtoronto.com/wp-admin/" "Mozilla/5.0 (Windows NT 10.0; Win64; x64) AppleWebKit/537.36 (KHTML, like Gecko) Chrome/91.0.4472.124 Safari/537.36"
87.106.32.6 - - [31/Aug/2026:16:27:27 -0400] "GET /wp-admin/ HTTP/1.1" 302 - "www.google.com" "Mozilla/5.0 (Windows NT 10.0; Win64; x64) AppleWebKit/537.36 (KHTML, like Gecko) Chrome/91.0.4472.124 Safari/537.36"
87.106.32.6 - - [31/Aug/2026:16:27:28 -0400] "GET /wp-login.php?redirect_to=https%3A%2F%2Fekmtoronto.com%2Fwp-admin%2F&reauth=1 HTTP/1.1" 200 2334 "www.google.com" "Mozilla/5.0 (Windows NT 10.0; Win64; x64) AppleWebKit/537.36 (KHTML, like Gecko) Chrome/91.0.4472.124 Safari/537.36"
104.247.76.75 - - [31/Aug/2026:16:29:12 -0400] "POST /wp-cron.php?doing_wp_cron=1788208152.6861460208892822265625 HTTP/1.1" 200 - "-" "WordPress/7.1; https://ekmtoronto.com"
87.106.32.6 - - [31/Aug/2026:16:29:12 -0400] "GET /wp-login.php HTTP/1.1" 200 2334 "www.google.com" "Mozilla/5.0 (Windows NT 10.0; Win64; x64) AppleWebKit/537.36 (KHTML, like Gecko) Chrome/91.0.4472.124 Safari/537.36"
87.106.32.6 - - [31/Aug/2026:16:29:12 -0400] "POST /wp-login.php HTTP/1.1" 200 2484 "https://ekmtoronto.com/wp-admin/" "Mozilla/5.0 (Windows NT 10.0; Win64; x64) AppleWebKit/537.36 (KHTML, like Gecko) Chrome/91.0.4472.124 Safari/537.36"
87.106.32.6 - - [31/Aug/2026:16:29:12 -0400] "GET /wp-admin/ HTTP/1.1" 302 - "www.google.com" "Mozilla/5.0 (Windows NT 10.0; Win64; x64) AppleWebKit/537.36 (KHTML, like Gecko) Chrome/91.0.4472.124 Safari/537.36"
87.106.32.6 - - [31/Aug/2026:16:29:13 -0400] "GET /wp-login.php?redirect_to=https%3A%2F%2Fekmtoronto.com%2Fwp-admin%2F&reauth=1 HTTP/1.1" 200 2334 "www.google.com" "Mozilla/5.0 (Windows NT 10.0; Win64; x64) AppleWebKit/537.36 (KHTML, like Gecko) Chrome/91.0.4472.124 Safari/537.36"
193.36.224.50 - - [31/Aug/2026:16:29:23 -0400] "POST /wp-login.php HTTP/1.1" 200 7716 "-" "Mozilla/5.0"
87.106.32.6 - - [31/Aug/2026:16:29:45 -0400] "GET /wp-login.php HTTP/1.1" 200 2334 "www.google.com" "Mozilla/5.0 (Windows NT 10.0; Win64; x64) AppleWebKit/537.36 (KHTML, like Gecko) Chrome/91.0.4472.124 Safari/537.36"
87.106.32.6 - - [31/Aug/2026:16:29:45 -0400] "POST /wp-login.php HTTP/1.1" 200 2483 "https://ekmtoronto.com/wp-admin/" "Mozilla/5.0 (Windows NT 10.0; Win64; x64) AppleWebKit/537.36 (KHTML, like Gecko) Chrome/91.0.4472.124 Safari/537.36"
87.106.32.6 - - [31/Aug/2026:16:29:45 -0400] "GET /wp-admin/ HTTP/1.1" 302 - "www.google.com" "Mozilla/5.0 (Windows NT 10.0; Win64; x64) AppleWebKit/537.36 (KHTML, like Gecko) Chrome/91.0.4472.124 Safari/537.36"
87.106.32.6 - - [31/Aug/2026:16:29:45 -0400] "GET /wp-login.php?redirect_to=https%3A%2F%2Fekmtoronto.com%2Fwp-admin%2F&reauth=1 HTTP/1.1" 200 2334 "www.google.com" "Mozilla/5.0 (Windows NT 10.0; Win64; x64) AppleWebKit/537.36 (KHTML, like Gecko) Chrome/91.0.4472.124 Safari/537.36"
104.247.76.75 - - [31/Aug/2026:16:30:15 -0400] "POST /wp-cron.php?doing_wp_cron=1788208215.4296169281005859375000 HTTP/1.1" 200 - "-" "WordPress/7.1; https://ekmtoronto.com"
195.178.110.108 - - [31/Aug/2026:16:30:15 -0400] "GET /wp-json/ HTTP/1.1" 200 15839 "-" "Mozilla/5.0 (Windows NT 10.0; Win64; x64) AppleWebKit/537.36 (KHTML, like Gecko) Chrome/120.0.0.0 Safari/537.36"
195.178.110.108 - - [31/Aug/2026:16:30:16 -0400] "POST /index.php?rest_route=/batch/v1 HTTP/1.1" 207 36 "-" "Mozilla/5.0 (Windows NT 10.0; Win64; x64) AppleWebKit/537.36 (KHTML, like Gecko) Chrome/120.0.0.0 Safari/537.36"
195.178.110.108 - - [31/Aug/2026:16:30:16 -0400] "GET /wp-login.php HTTP/1.1" 200 2334 "-" "Mozilla/5.0 (Windows NT 10.0; Win64; x64) AppleWebKit/537.36 (KHTML, like Gecko) Chrome/120.0.0.0 Safari/537.36"
195.178.110.108 - - [31/Aug/2026:16:30:17 -0400] "POST /index.php?rest_route=/batch/v1 HTTP/1.1" 207 249 "-" "Mozilla/5.0 (Windows NT 10.0; Win64; x64) AppleWebKit/537.36 (KHTML, like Gecko) Chrome/120.0.0.0 Safari/537.36"
195.178.110.108 - - [31/Aug/2026:16:30:17 -0400] "POST /index.php?rest_route=/batch/v1 HTTP/1.1" 207 249 "-" "Mozilla/5.0 (Windows NT 10.0; Win64; x64) AppleWebKit/537.36 (KHTML, like Gecko) Chrome/120.0.0.0 Safari/537.36"
195.178.110.108 - - [31/Aug/2026:16:30:17 -0400] "GET /wp-json/gravitysmtp/v1/tests/mock-data?page=gravitysmtp-settings HTTP/1.1" 404 117 "-" "Mozilla/5.0 (Windows NT 10.0; Win64; x64) AppleWebKit/537.36 (KHTML, like Gecko) Chrome/120.0.0.0 Safari/537.36"
195.178.110.108 - - [31/Aug/2026:16:30:17 -0400] "GET /?rest_route=/gravitysmtp/v1/tests/mock-data&page=gravitysmtp-settings HTTP/1.1" 404 117 "-" "Mozilla/5.0 (Macintosh; Intel Mac OS X 10_15_7) AppleWebKit/605.1.15 (KHTML, like Gecko) Version/17.0 Safari/605.1.15"
195.178.110.108 - - [31/Aug/2026:16:30:17 -0400] "GET /wp-json/gravitysmtp/v1/tests/mock-data?page=gravitysmtp-connections HTTP/1.1" 404 117 "-" "Mozilla/5.0 (X11; Linux x86_64; rv:121.0) Gecko/20100101 Firefox/121.0"
195.178.110.108 - - [31/Aug/2026:16:30:17 -0400] "GET /?rest_route=/gravitysmtp/v1/tests/mock-data&page=gravitysmtp-connections HTTP/1.1" 404 117 "-" "Mozilla/5.0 (Windows NT 10.0; Win64; x64; rv:121.0) Gecko/20100101 Firefox/121.0"
195.178.110.108 - - [31/Aug/2026:16:30:17 -0400] "GET /index.php?rest_route=/gravitysmtp/v1/tests/mock-data&page=gravitysmtp-settings HTTP/1.1" 404 117 "-" "Mozilla/5.0 (iPhone; CPU iPhone OS 17_0 like Mac OS X) AppleWebKit/605.1.15 (KHTML, like Gecko) Version/17.0 Mobile/15E148 Safari/604.1"
195.178.110.108 - - [31/Aug/2026:16:30:18 -0400] "GET /wp-json/gravitysmtp/v1/tests/mock-data HTTP/1.1" 404 117 "-" "Mozilla/5.0 (Linux; Android 13; SM-S918B) AppleWebKit/537.36 (KHTML, like Gecko) Chrome/120.0.0.0 Mobile Safari/537.36"
195.178.110.108 - - [31/Aug/2026:16:30:18 -0400] "POST /wp/index.php?rest_route=/batch/v1 HTTP/1.1" 207 36 "-" "Mozilla/5.0 (Windows NT 10.0; Win64; x64) AppleWebKit/537.36 (KHTML, like Gecko) Chrome/120.0.0.0 Safari/537.36"
195.178.110.108 - - [31/Aug/2026:16:30:18 -0400] "POST /wp/index.php?rest_route=/batch/v1 HTTP/1.1" 207 249 "-" "Mozilla/5.0 (Windows NT 10.0; Win64; x64) AppleWebKit/537.36 (KHTML, like Gecko) Chrome/120.0.0.0 Safari/537.36"
195.178.110.108 - - [31/Aug/2026:16:30:18 -0400] "POST /wordpress/index.php?rest_route=/batch/v1 HTTP/1.1" 207 36 "-" "Mozilla/5.0 (Windows NT 10.0; Win64; x64) AppleWebKit/537.36 (KHTML, like Gecko) Chrome/120.0.0.0 Safari/537.36"
195.178.110.108 - - [31/Aug/2026:16:30:18 -0400] "POST /wordpress/index.php?rest_route=/batch/v1 HTTP/1.1" 207 249 "-" "Mozilla/5.0 (Windows NT 10.0; Win64; x64) AppleWebKit/537.36 (KHTML, like Gecko) Chrome/120.0.0.0 Safari/537.36"
195.178.110.108 - - [31/Aug/2026:16:30:19 -0400] "POST /blog/index.php?rest_route=/batch/v1 HTTP/1.1" 207 36 "-" "Mozilla/5.0 (Windows NT 10.0; Win64; x64) AppleWebKit/537.36 (KHTML, like Gecko) Chrome/120.0.0.0 Safari/537.36"
195.178.110.108 - - [31/Aug/2026:16:30:19 -0400] "POST /blog/index.php?rest_route=/batch/v1 HTTP/1.1" 207 249 "-" "Mozilla/5.0 (Windows NT 10.0; Win64; x64) AppleWebKit/537.36 (KHTML, like Gecko) Chrome/120.0.0.0 Safari/537.36"
104.247.76.75 - - [31/Aug/2026:16:31:07 -0400] "POST /wp-cron.php?doing_wp_cron=1788208267.2490611076354980468750 HTTP/1.1" 200 - "-" "WordPress/7.1; https://ekmtoronto.com"
66.249.65.136 - - [31/Aug/2026:16:31:07 -0400] "GET /?sale/search/detail/?ITMCODE=d8o4c8i0l9i4t4y739 HTTP/1.1" 301 - "-" "Mozilla/5.0 (Linux; Android 6.0.1; Nexus 5X Build/MMB29P) AppleWebKit/537.36 (KHTML, like Gecko) Chrome/151.0.7922.173 Mobile Safari/537.36 (compatible; Googlebot/2.1; +http://www.google.com/bot.html)"
66.249.65.135 - - [31/Aug/2026:16:31:11 -0400] "GET /?sale%2Fsearch%2Fdetail%2F%3FITMCODE=d8o4c8i0l9i4t4y739 HTTP/1.1" 200 39888 "-" "Mozilla/5.0 (Linux; Android 6.0.1; Nexus 5X Build/MMB29P) AppleWebKit/537.36 (KHTML, like Gecko) Chrome/151.0.7922.173 Mobile Safari/537.36 (compatible; Googlebot/2.1; +http://www.google.com/bot.html)"
66.249.65.134 - - [31/Aug/2026:16:31:18 -0400] "GET /?sale/search/detail/?ITMCODE=m3e2d1i8o1c0r7i6s324 HTTP/1.1" 301 - "-" "Mozilla/5.0 (Linux; Android 6.0.1; Nexus 5X Build/MMB29P) AppleWebKit/537.36 (KHTML, like Gecko) Chrome/151.0.7922.173 Mobile Safari/537.36 (compatible; Googlebot/2.1; +http://www.google.com/bot.html)"
66.249.65.134 - - [31/Aug/2026:16:31:23 -0400] "GET /?sale%2Fsearch%2Fdetail%2F%3FITMCODE=m3e2d1i8o1c0r7i6s324 HTTP/1.1" 200 39888 "-" "Mozilla/5.0 (Linux; Android 6.0.1; Nexus 5X Build/MMB29P) AppleWebKit/537.36 (KHTML, like Gecko) Chrome/151.0.7922.173 Mobile Safari/537.36 (compatible; Googlebot/2.1; +http://www.google.com/bot.html)"
66.249.65.134 - - [31/Aug/2026:16:31:28 -0400] "GET /?k=05788149617803 HTTP/1.1" 200 39844 "-" "Mozilla/5.0 (Linux; Android 6.0.1; Nexus 5X Build/MMB29P) AppleWebKit/537.36 (KHTML, like Gecko) Chrome/151.0.7922.173 Mobile Safari/537.36 (compatible; Googlebot/2.1; +http://www.google.com/bot.html)"
104.247.76.75 - - [31/Aug/2026:16:35:29 -0400] "POST /wp-cron.php?doing_wp_cron=1788208529.5632669925689697265625 HTTP/1.1" 200 - "-" "WordPress/7.1; https://ekmtoronto.com"
93.89.225.85 - - [31/Aug/2026:16:35:29 -0400] "GET /wp-login.php HTTP/1.1" 200 2334 "-" "Mozilla/5.0 (Windows NT 10.0; Win64; x64) AppleWebKit/537.36 (KHTML, like Gecko) Chrome/151.0.0.0 Safari/537.36"
93.89.225.85 - - [31/Aug/2026:16:35:29 -0400] "POST /wp-login.php HTTP/1.1" 200 2468 "https://ekmtoronto.com/wp-login.php" "Mozilla/5.0 (Windows NT 10.0; Win64; x64) AppleWebKit/537.36 (KHTML, like Gecko) Chrome/151.0.0.0 Safari/537.36"
104.247.76.75 - - [31/Aug/2026:16:37:34 -0400] "POST /wp-cron.php?doing_wp_cron=1788208654.0483798980712890625000 HTTP/1.1" 200 - "-" "WordPress/7.1; https://ekmtoronto.com"
104.234.19.140 - - [31/Aug/2026:16:37:33 -0400] "POST /wp-login.php HTTP/1.1" 200 7716 "-" "Mozilla/5.0"
66.249.65.136 - - [31/Aug/2026:16:37:45 -0400] "GET /?sale/search/detail/?ITMCODE=i3n1f6i6n0i1t5e2046 HTTP/1.1" 301 - "-" "Mozilla/5.0 (Linux; Android 6.0.1; Nexus 5X Build/MMB29P) AppleWebKit/537.36 (KHTML, like Gecko) Chrome/151.0.7922.173 Mobile Safari/537.36 (compatible; Googlebot/2.1; +http://www.google.com/bot.html)"
66.249.65.134 - - [31/Aug/2026:16:37:51 -0400] "GET /?sale%2Fsearch%2Fdetail%2F%3FITMCODE=i3n1f6i6n0i1t5e2046 HTTP/1.1" 200 39887 "-" "Mozilla/5.0 (Linux; Android 6.0.1; Nexus 5X Build/MMB29P) AppleWebKit/537.36 (KHTML, like Gecko) Chrome/151.0.7922.173 Mobile Safari/537.36 (compatible; Googlebot/2.1; +http://www.google.com/bot.html)"
104.247.76.75 - - [31/Aug/2026:16:38:37 -0400] "POST /wp-cron.php?doing_wp_cron=1788208717.0077309608459472656250 HTTP/1.1" 200 - "-" "WordPress/7.1; https://ekmtoronto.com"
87.106.32.6 - - [31/Aug/2026:16:38:36 -0400] "GET /wp-login.php HTTP/1.1" 200 2334 "www.google.com" "Mozilla/5.0 (Windows NT 10.0; Win64; x64) AppleWebKit/537.36 (KHTML, like Gecko) Chrome/91.0.4472.124 Safari/537.36"
87.106.32.6 - - [31/Aug/2026:16:38:37 -0400] "POST /wp-login.php HTTP/1.1" 200 2484 "https://ekmtoronto.com/wp-admin/" "Mozilla/5.0 (Windows NT 10.0; Win64; x64) AppleWebKit/537.36 (KHTML, like Gecko) Chrome/91.0.4472.124 Safari/537.36"
87.106.32.6 - - [31/Aug/2026:16:38:37 -0400] "GET /wp-admin/ HTTP/1.1" 302 - "www.google.com" "Mozilla/5.0 (Windows NT 10.0; Win64; x64) AppleWebKit/537.36 (KHTML, like Gecko) Chrome/91.0.4472.124 Safari/537.36"
87.106.32.6 - - [31/Aug/2026:16:38:37 -0400] "GET /wp-login.php?redirect_to=https%3A%2F%2Fekmtoronto.com%2Fwp-admin%2F&reauth=1 HTTP/1.1" 200 2334 "www.google.com" "Mozilla/5.0 (Windows NT 10.0; Win64; x64) AppleWebKit/537.36 (KHTML, like Gecko) Chrome/91.0.4472.124 Safari/537.36"
104.247.76.75 - - [31/Aug/2026:16:40:18 -0400] "POST /wp-cron.php?doing_wp_cron=1788208818.1844160556793212890625 HTTP/1.1" 200 - "-" "WordPress/7.1; https://ekmtoronto.com"
66.249.65.134 - - [31/Aug/2026:16:40:17 -0400] "GET /?k=02979145660001 HTTP/1.1" 200 39844 "-" "Mozilla/5.0 (Linux; Android 6.0.1; Nexus 5X Build/MMB29P) AppleWebKit/537.36 (KHTML, like Gecko) Chrome/151.0.7922.173 Mobile Safari/537.36 (compatible; Googlebot/2.1; +http://www.google.com/bot.html)"
66.249.65.136 - - [31/Aug/2026:16:40:23 -0400] "GET /wp-content/plugins/divi-overlays/assets/css/style.css?ver=2.9.7.9 HTTP/1.1" 200 2232 "https://ekmtoronto.com/?k=02979145660001" "Mozilla/5.0 (Linux; Android 6.0.1; Nexus 5X Build/MMB29P) AppleWebKit/537.36 (KHTML, like Gecko) Chrome/151.0.7922.173 Mobile Safari/537.36 (compatible; Googlebot/2.1; +http://www.google.com/bot.html)"
104.247.76.75 - - [31/Aug/2026:16:41:12 -0400] "POST /wp-cron.php?doing_wp_cron=1788208872.0522260665893554687500 HTTP/1.1" 200 - "-" "WordPress/7.1; https://ekmtoronto.com"
186.237.177.79 - - [31/Aug/2026:16:41:11 -0400] "GET /lets-connect/ HTTP/1.1" 404 29355 "-" "Mozilla/5.0 (Macintosh; Intel Mac OS X 12_5_0) AppleWebKit/537.36 (KHTML, like Gecko) Chrome/132.0.6834.160 Safari/537.36"
45.227.253.15 - - [31/Aug/2026:16:41:55 -0400] "GET /index.php/jk HTTP/1.1" 301 - "-" "Mozilla/5.0 (Windows NT 10.0; Win64; x64) AppleWebKit/537.36 (KHTML, like Gecko) Chrome/80.0.3980 Safari/537.36 Edg/80.0.145.1"
45.227.253.15 - - [31/Aug/2026:16:41:55 -0400] "GET /jk HTTP/1.1" 404 29355 "https://ekmtoronto.com/index.php/jk" "Mozilla/5.0 (Windows NT 10.0; Win64; x64) AppleWebKit/537.36 (KHTML, like Gecko) Chrome/80.0.3980 Safari/537.36 Edg/80.0.145.1"
104.247.76.75 - - [31/Aug/2026:16:42:36 -0400] "POST /wp-cron.php?doing_wp_cron=1788208956.0207030773162841796875 HTTP/1.1" 200 - "-" "WordPress/7.1; https://ekmtoronto.com"
66.249.65.136 - - [31/Aug/2026:16:42:35 -0400] "GET /?k=7940537036001 HTTP/1.1" 200 39844 "-" "Mozilla/5.0 (Linux; Android 6.0.1; Nexus 5X Build/MMB29P) AppleWebKit/537.36 (KHTML, like Gecko) Chrome/151.0.7922.173 Mobile Safari/537.36 (compatible; Googlebot/2.1; +http://www.google.com/bot.html)"
66.249.65.134 - - [31/Aug/2026:16:42:41 -0400] "GET /wp-content/et-cache/228351/et-core-unified-deferred-228351.min.css?ver=1785888000 HTTP/1.1" 200 3945 "https://ekmtoronto.com/?k=7940537036001" "Mozilla/5.0 (Linux; Android 6.0.1; Nexus 5X Build/MMB29P) AppleWebKit/537.36 (KHTML, like Gecko) Chrome/151.0.7922.173 Mobile Safari/537.36 (compatible; Googlebot/2.1; +http://www.google.com/bot.html)"
104.247.76.75 - - [31/Aug/2026:16:43:01 -0400] "POST /wp-cron.php?doing_wp_cron=1788208981.4335560798645019531250 HTTP/1.1" 200 - "-" "WordPress/7.1; https://ekmtoronto.com"
66.249.65.135 - - [31/Aug/2026:16:43:01 -0400] "GET /?sale/search/detail/?ITMCODE=t8a2r4a7x8a8c4u6m347 HTTP/1.1" 301 - "-" "Mozilla/5.0 (Linux; Android 6.0.1; Nexus 5X Build/MMB29P) AppleWebKit/537.36 (KHTML, like Gecko) Chrome/151.0.7922.173 Mobile Safari/537.36 (compatible; Googlebot/2.1; +http://www.google.com/bot.html)"
66.249.65.134 - - [31/Aug/2026:16:43:06 -0400] "GET /?sale%2Fsearch%2Fdetail%2F%3FITMCODE=t8a2r4a7x8a8c4u6m347 HTTP/1.1" 200 39888 "-" "Mozilla/5.0 (Linux; Android 6.0.1; Nexus 5X Build/MMB29P) AppleWebKit/537.36 (KHTML, like Gecko) Chrome/151.0.7922.173 Mobile Safari/537.36 (compatible; Googlebot/2.1; +http://www.google.com/bot.html)"
104.247.76.75 - - [31/Aug/2026:16:44:53 -0400] "POST /wp-cron.php?doing_wp_cron=1788209093.2166669368743896484375 HTTP/1.1" 200 - "-" "WordPress/7.1; https://ekmtoronto.com"
66.249.65.136 - - [31/Aug/2026:16:44:53 -0400] "GET /?sale/search/detail/?ITMCODE=b7o2t5r5y4o3s2e5960 HTTP/1.1" 301 - "-" "Mozilla/5.0 (Linux; Android 6.0.1; Nexus 5X Build/MMB29P) AppleWebKit/537.36 (KHTML, like Gecko) Chrome/151.0.7922.173 Mobile Safari/537.36 (compatible; Googlebot/2.1; +http://www.google.com/bot.html)"
66.249.65.135 - - [31/Aug/2026:16:44:58 -0400] "GET /?sale%2Fsearch%2Fdetail%2F%3FITMCODE=b7o2t5r5y4o3s2e5960 HTTP/1.1" 200 39886 "-" "Mozilla/5.0 (Linux; Android 6.0.1; Nexus 5X Build/MMB29P) AppleWebKit/537.36 (KHTML, like Gecko) Chrome/151.0.7922.173 Mobile Safari/537.36 (compatible; Googlebot/2.1; +http://www.google.com/bot.html)"
66.249.65.134 - - [31/Aug/2026:16:45:05 -0400] "GET /wp-content/et-cache/228351/et-divi-dynamic-228351-late.css?ver=1785888000 HTTP/1.1" 200 3170 "https://ekmtoronto.com/?sale%2Fsearch%2Fdetail%2F%3FITMCODE=b7o2t5r5y4o3s2e5960" "Mozilla/5.0 (Linux; Android 6.0.1; Nexus 5X Build/MMB29P) AppleWebKit/537.36 (KHTML, like Gecko) Chrome/151.0.7922.173 Mobile Safari/537.36 (compatible; Googlebot/2.1; +http://www.google.com/bot.html)"
104.247.76.75 - - [31/Aug/2026:16:47:05 -0400] "POST /wp-cron.php?doing_wp_cron=1788209225.5010039806365966796875 HTTP/1.1" 200 - "-" "WordPress/7.1; https://ekmtoronto.com"
216.73.216.201 - - [31/Aug/2026:16:47:05 -0400] "GET /sitemap.xml HTTP/1.1" 301 - "-" "Mozilla/5.0 AppleWebKit/537.36 (KHTML, like Gecko; compatible; ClaudeBot/1.0; +claudebot@anthropic.com)"
100.31.44.252 - - [31/Aug/2026:16:47:18 -0400] "GET /wp-content/uploads/2022/09/EKM-WHITE-LOGO-150PX.png HTTP/1.1" 404 28393 "-" "Mozilla/5.0 (Windows NT 10.0; Win64; x64) AppleWebKit/537.36 (KHTML, like Gecko) Chrome/120.0.0.0 Safari/537.36"
66.249.65.136 - - [31/Aug/2026:16:47:18 -0400] "GET /?sale/search/detail/?ITMCODE=m8y2r5t3a1l2e0s1690 HTTP/1.1" 301 - "-" "Mozilla/5.0 (Linux; Android 6.0.1; Nexus 5X Build/MMB29P) AppleWebKit/537.36 (KHTML, like Gecko) Chrome/151.0.7922.173 Mobile Safari/537.36 (compatible; Googlebot/2.1; +http://www.google.com/bot.html)"
100.31.44.252 - - [31/Aug/2026:16:47:21 -0400] "GET /wp-content/uploads/2021/06/EKM-LOGO-BLACK-IM-150PX.png HTTP/1.1" 404 28393 "-" "Mozilla/5.0 (Windows NT 10.0; Win64; x64) AppleWebKit/537.36 (KHTML, like Gecko) Chrome/120.0.0.0 Safari/537.36"
66.249.65.135 - - [31/Aug/2026:16:47:24 -0400] "GET /?sale%2Fsearch%2Fdetail%2F%3FITMCODE=m8y2r5t3a1l2e0s1690 HTTP/1.1" 200 39886 "-" "Mozilla/5.0 (Linux; Android 6.0.1; Nexus 5X Build/MMB29P) AppleWebKit/537.36 (KHTML, like Gecko) Chrome/151.0.7922.173 Mobile Safari/537.36 (compatible; Googlebot/2.1; +http://www.google.com/bot.html)"
100.31.44.252 - - [31/Aug/2026:16:47:56 -0400] "GET /wp-content/uploads/2021/06/EKM-LOGO-BLACK-IM-150PX.png HTTP/1.1" 404 28393 "-" "Mozilla/5.0 (Windows NT 10.0; Win64; x64) AppleWebKit/537.36 (KHTML, like Gecko) Chrome/120.0.0.0 Safari/537.36"
91.92.241.196 - - [31/Aug/2026:16:48:04 -0400] "GET /.git/HEAD HTTP/1.1" 406 300 "-" "Mozilla/5.0 (Windows NT 10.0; Win64; x64) AppleWebKit/537.36"
91.92.241.196 - - [31/Aug/2026:16:48:05 -0400] "GET /.git/config HTTP/1.1" 406 300 "-" "Mozilla/5.0 (Windows NT 10.0; Win64; x64) AppleWebKit/537.36"
104.247.76.75 - - [31/Aug/2026:16:49:48 -0400] "POST /wp-cron.php?doing_wp_cron=1788209388.3251979351043701171875 HTTP/1.1" 200 - "-" "WordPress/7.1; https://ekmtoronto.com"
66.249.65.136 - - [31/Aug/2026:16:49:47 -0400] "GET /?k=90397116087201 HTTP/1.1" 200 39844 "-" "Mozilla/5.0 (Linux; Android 6.0.1; Nexus 5X Build/MMB29P) AppleWebKit/537.36 (KHTML, like Gecko) Chrome/151.0.7922.173 Mobile Safari/537.36 (compatible; Googlebot/2.1; +http://www.google.com/bot.html)"
104.247.76.75 - - [31/Aug/2026:16:53:54 -0400] "POST /wp-cron.php?doing_wp_cron=1788209633.9458611011505126953125 HTTP/1.1" 200 - "-" "WordPress/7.1; https://ekmtoronto.com"
108.130.199.34 - - [31/Aug/2026:16:53:53 -0400] "GET /robots.txt HTTP/1.1" 200 110 "-" "Pandalytics/2.0 (+https://domainsbot.com/network-crawler-pandalytics-kdc68dhsbd/)"
108.130.199.34 - - [31/Aug/2026:16:53:54 -0400] "GET / HTTP/1.1" 200 39821 "-" "Pandalytics/2.0 (+https://domainsbot.com/network-crawler-pandalytics-kdc68dhsbd/)"
104.247.76.75 - - [31/Aug/2026:16:54:12 -0400] "POST /wp-cron.php?doing_wp_cron=1788209652.2809019088745117187500 HTTP/1.1" 200 - "-" "WordPress/7.1; https://ekmtoronto.com"
162.241.203.62 - - [31/Aug/2026:16:54:12 -0400] "GET /wp-login.php HTTP/1.1" 200 2334 "-" "Mozilla/5.0 (Windows NT 10.0; Win64; x64) AppleWebKit/537.36 (KHTML, like Gecko) Chrome/151.0.0.0 Safari/537.36"
162.241.203.62 - - [31/Aug/2026:16:54:12 -0400] "POST /wp-login.php HTTP/1.1" 200 2488 "https://ekmtoronto.com/wp-login.php" "Mozilla/5.0 (Windows NT 10.0; Win64; x64) AppleWebKit/537.36 (KHTML, like Gecko) Chrome/151.0.0.0 Safari/537.36"
104.247.76.75 - - [31/Aug/2026:16:56:31 -0400] "POST /wp-cron.php?doing_wp_cron=1788209791.8771169185638427734375 HTTP/1.1" 200 - "-" "WordPress/7.1; https://ekmtoronto.com"
192.185.81.174 - - [31/Aug/2026:16:56:31 -0400] "GET /wp-login.php HTTP/1.1" 200 2334 "-" "Mozilla/5.0 (Windows NT 10.0; Win64; x64) AppleWebKit/537.36 (KHTML, like Gecko) Chrome/151.0.0.0 Safari/537.36"
192.185.81.174 - - [31/Aug/2026:16:56:31 -0400] "POST /wp-login.php HTTP/1.1" 200 2468 "https://ekmtoronto.com/wp-login.php" "Mozilla/5.0 (Windows NT 10.0; Win64; x64) AppleWebKit/537.36 (KHTML, like Gecko) Chrome/151.0.0.0 Safari/537.36"
104.247.76.75 - - [31/Aug/2026:16:57:35 -0400] "POST /wp-cron.php?doing_wp_cron=1788209855.5685470104217529296875 HTTP/1.1" 200 - "-" "WordPress/7.1; https://ekmtoronto.com"
66.249.65.134 - - [31/Aug/2026:16:57:35 -0400] "GET /?k=0267513690800 HTTP/1.1" 200 39842 "-" "Mozilla/5.0 (Linux; Android 6.0.1; Nexus 5X Build/MMB29P) AppleWebKit/537.36 (KHTML, like Gecko) Chrome/151.0.7922.173 Mobile Safari/537.36 (compatible; Googlebot/2.1; +http://www.google.com/bot.html)"
87.106.32.6 - - [31/Aug/2026:16:57:48 -0400] "GET /wp-login.php HTTP/1.1" 200 2334 "www.google.com" "Mozilla/5.0 (Windows NT 10.0; Win64; x64) AppleWebKit/537.36 (KHTML, like Gecko) Chrome/91.0.4472.124 Safari/537.36"
87.106.32.6 - - [31/Aug/2026:16:57:49 -0400] "POST /wp-login.php HTTP/1.1" 200 2484 "https://ekmtoronto.com/wp-admin/" "Mozilla/5.0 (Windows NT 10.0; Win64; x64) AppleWebKit/537.36 (KHTML, like Gecko) Chrome/91.0.4472.124 Safari/537.36"
87.106.32.6 - - [31/Aug/2026:16:57:49 -0400] "GET /wp-admin/ HTTP/1.1" 302 - "www.google.com" "Mozilla/5.0 (Windows NT 10.0; Win64; x64) AppleWebKit/537.36 (KHTML, like Gecko) Chrome/91.0.4472.124 Safari/537.36"
87.106.32.6 - - [31/Aug/2026:16:57:49 -0400] "GET /wp-login.php?redirect_to=https%3A%2F%2Fekmtoronto.com%2Fwp-admin%2F&reauth=1 HTTP/1.1" 200 2334 "www.google.com" "Mozilla/5.0 (Windows NT 10.0; Win64; x64) AppleWebKit/537.36 (KHTML, like Gecko) Chrome/91.0.4472.124 Safari/537.36"
104.247.76.75 - - [31/Aug/2026:17:00:41 -0400] "POST /wp-cron.php?doing_wp_cron=1788210041.8482339382171630859375 HTTP/1.1" 200 - "-" "WordPress/7.1; https://ekmtoronto.com"
72.39.230.17 - - [31/Aug/2026:17:00:41 -0400] "GET / HTTP/1.1" 200 39826 "https://www.google.com/" "Mozilla/5.0 (Linux; Android 10; K) AppleWebKit/537.36 (KHTML, like Gecko) Chrome/152.0.0.0 Mobile Safari/537.36"
72.39.230.17 - - [31/Aug/2026:17:00:42 -0400] "GET /wp-content/et-cache/228351/et-divi-dynamic-228351-late.css?ver=1788111647 HTTP/1.1" 200 3170 "https://ekmtoronto.com/" "Mozilla/5.0 (Linux; Android 10; K) AppleWebKit/537.36 (KHTML, like Gecko) Chrome/152.0.0.0 Mobile Safari/537.36"
72.39.230.17 - - [31/Aug/2026:17:00:42 -0400] "GET /wp-content/et-cache/228351/et-divi-dynamic-228351.css?ver=1788111647 HTTP/1.1" 200 11161 "https://ekmtoronto.com/" "Mozilla/5.0 (Linux; Android 10; K) AppleWebKit/537.36 (KHTML, like Gecko) Chrome/152.0.0.0 Mobile Safari/537.36"
72.39.230.17 - - [31/Aug/2026:17:00:42 -0400] "GET /wp-content/plugins/divi-bars/assets/css/main.css?ver=1.9.6 HTTP/1.1" 200 2832 "https://ekmtoronto.com/" "Mozilla/5.0 (Linux; Android 10; K) AppleWebKit/537.36 (KHTML, like Gecko) Chrome/152.0.0.0 Mobile Safari/537.36"
72.39.230.17 - - [31/Aug/2026:17:00:42 -0400] "GET /wp-content/et-cache/228351/et-core-unified-deferred-228351.min.css?ver=1788111648 HTTP/1.1" 200 3945 "https://ekmtoronto.com/" "Mozilla/5.0 (Linux; Android 10; K) AppleWebKit/537.36 (KHTML, like Gecko) Chrome/152.0.0.0 Mobile Safari/537.36"
72.39.230.17 - - [31/Aug/2026:17:00:42 -0400] "GET /wp-content/plugins/divi-overlays/assets/css/animate.min.css?ver=4.1.1 HTTP/1.1" 200 5272 "https://ekmtoronto.com/" "Mozilla/5.0 (Linux; Android 10; K) AppleWebKit/537.36 (KHTML, like Gecko) Chrome/152.0.0.0 Mobile Safari/537.36"
72.39.230.17 - - [31/Aug/2026:17:00:42 -0400] "GET /wp-content/plugins/divi-overlays/assets/css/custom_animations.css?ver=2.9.7.9 HTTP/1.1" 200 886 "https://ekmtoronto.com/" "Mozilla/5.0 (Linux; Android 10; K) AppleWebKit/537.36 (KHTML, like Gecko) Chrome/152.0.0.0 Mobile Safari/537.36"
72.39.230.17 - - [31/Aug/2026:17:00:42 -0400] "GET /wp-content/plugins/divi-overlays/assets/css/style.css?ver=2.9.7.9 HTTP/1.1" 200 2232 "https://ekmtoronto.com/" "Mozilla/5.0 (Linux; Android 10; K) AppleWebKit/537.36 (KHTML, like Gecko) Chrome/152.0.0.0 Mobile Safari/537.36"
72.39.230.17 - - [31/Aug/2026:17:00:42 -0400] "GET /wp-includes/js/mediaelement/mediaelementplayer-legacy.min.css?ver=4.2.17 HTTP/1.1" 200 2592 "https://ekmtoronto.com/" "Mozilla/5.0 (Linux; Android 10; K) AppleWebKit/537.36 (KHTML, like Gecko) Chrome/152.0.0.0 Mobile Safari/537.36"
72.39.230.17 - - [31/Aug/2026:17:00:42 -0400] "GET /wp-includes/js/mediaelement/wp-mediaelement.min.css?ver=7.1 HTTP/1.1" 200 1156 "https://ekmtoronto.com/" "Mozilla/5.0 (Linux; Android 10; K) AppleWebKit/537.36 (KHTML, like Gecko) Chrome/152.0.0.0 Mobile Safari/537.36"
72.39.230.17 - - [31/Aug/2026:17:00:42 -0400] "GET /wp-includes/js/jquery/jquery.min.js?ver=3.7.1 HTTP/1.1" 200 30368 "https://ekmtoronto.com/" "Mozilla/5.0 (Linux; Android 10; K) AppleWebKit/537.36 (KHTML, like Gecko) Chrome/152.0.0.0 Mobile Safari/537.36"
72.39.230.17 - - [31/Aug/2026:17:00:42 -0400] "GET /wp-includes/js/jquery/jquery-migrate.min.js?ver=3.4.1 HTTP/1.1" 200 4872 "https://ekmtoronto.com/" "Mozilla/5.0 (Linux; Android 10; K) AppleWebKit/537.36 (KHTML, like Gecko) Chrome/152.0.0.0 Mobile Safari/537.36"
72.39.230.17 - - [31/Aug/2026:17:00:42 -0400] "GET /wp-content/uploads/2023/11/Volunteer-Team-Sharp-EKM-7411-WIDE-1500px.jpg HTTP/1.1" 200 148664 "https://ekmtoronto.com/" "Mozilla/5.0 (Linux; Android 10; K) AppleWebKit/537.36 (KHTML, like Gecko) Chrome/152.0.0.0 Mobile Safari/537.36"
72.39.230.17 - - [31/Aug/2026:17:00:42 -0400] "GET /wp-content/themes/Divi/includes/builder/feature/dynamic-assets/assets/js/jquery.fitvids.js?ver=4.27.8 HTTP/1.1" 200 1341 "https://ekmtoronto.com/" "Mozilla/5.0 (Linux; Android 10; K) AppleWebKit/537.36 (KHTML, like Gecko) Chrome/152.0.0.0 Mobile Safari/537.36"
72.39.230.17 - - [31/Aug/2026:17:00:42 -0400] "GET /wp-content/themes/Divi/includes/builder/feature/dynamic-assets/assets/js/easypiechart.js?ver=4.27.8 HTTP/1.1" 200 3118 "https://ekmtoronto.com/" "Mozilla/5.0 (Linux; Android 10; K) AppleWebKit/537.36 (KHTML, like Gecko) Chrome/152.0.0.0 Mobile Safari/537.36"
72.39.230.17 - - [31/Aug/2026:17:00:42 -0400] "GET /wp-content/uploads/2021/06/EKM-LOGO-BLACK-IM-150PX.png HTTP/1.1" 404 28394 "https://ekmtoronto.com/" "Mozilla/5.0 (Linux; Android 10; K) AppleWebKit/537.36 (KHTML, like Gecko) Chrome/152.0.0.0 Mobile Safari/537.36"
72.39.230.17 - - [31/Aug/2026:17:00:42 -0400] "GET /wp-content/themes/Divi/js/scripts.min.js?ver=4.27.8 HTTP/1.1" 200 99754 "https://ekmtoronto.com/" "Mozilla/5.0 (Linux; Android 10; K) AppleWebKit/537.36 (KHTML, like Gecko) Chrome/152.0.0.0 Mobile Safari/537.36"
72.39.230.17 - - [31/Aug/2026:17:00:42 -0400] "GET /wp-content/themes/Divi/core/admin/fonts/modules/all/modules.woff HTTP/1.1" 200 37328 "https://ekmtoronto.com/" "Mozilla/5.0 (Linux; Android 10; K) AppleWebKit/537.36 (KHTML, like Gecko) Chrome/152.0.0.0 Mobile Safari/537.36"
72.39.230.17 - - [31/Aug/2026:17:00:42 -0400] "GET /wp-content/themes/Divi/includes/builder/feature/dynamic-assets/assets/js/salvattore.js?ver=4.27.8 HTTP/1.1" 200 3412 "https://ekmtoronto.com/" "Mozilla/5.0 (Linux; Android 10; K) AppleWebKit/537.36 (KHTML, like Gecko) Chrome/152.0.0.0 Mobile Safari/537.36"
72.39.230.17 - - [31/Aug/2026:17:00:42 -0400] "GET /wp-content/uploads/2021/06/akin-Franz-IMG_7125-1500PX-2.png HTTP/1.1" 200 402357 "https://ekmtoronto.com/" "Mozilla/5.0 (Linux; Android 10; K) AppleWebKit/537.36 (KHTML, like Gecko) Chrome/152.0.0.0 Mobile Safari/537.36"
72.39.230.17 - - [31/Aug/2026:17:00:42 -0400] "GET /wp-content/uploads/2023/11/We-Love-lee-Nicole_7149-1000PXMOB.jpg HTTP/1.1" 200 110730 "https://ekmtoronto.com/" "Mozilla/5.0 (Linux; Android 10; K) AppleWebKit/537.36 (KHTML, like Gecko) Chrome/152.0.0.0 Mobile Safari/537.36"
72.39.230.17 - - [31/Aug/2026:17:00:42 -0400] "GET /wp-content/themes/Divi/core/admin/js/common.js?ver=4.27.8 HTTP/1.1" 200 566 "https://ekmtoronto.com/" "Mozilla/5.0 (Linux; Android 10; K) AppleWebKit/537.36 (KHTML, like Gecko) Chrome/152.0.0.0 Mobile Safari/537.36"
72.39.230.17 - - [31/Aug/2026:17:00:42 -0400] "GET /wp-content/plugins/divi-overlays/assets/js/jquery.exitintent.js?ver=2.9.7.9 HTTP/1.1" 200 398 "https://ekmtoronto.com/" "Mozilla/5.0 (Linux; Android 10; K) AppleWebKit/537.36 (KHTML, like Gecko) Chrome/152.0.0.0 Mobile Safari/537.36"
72.39.230.17 - - [31/Aug/2026:17:00:42 -0400] "GET /wp-content/uploads/2023/11/EKM-WHITE-LOGO-150PX.png HTTP/1.1" 200 1362 "https://ekmtoronto.com/" "Mozilla/5.0 (Linux; Android 10; K) AppleWebKit/537.36 (KHTML, like Gecko) Chrome/152.0.0.0 Mobile Safari/537.36"
72.39.230.17 - - [31/Aug/2026:17:00:42 -0400] "GET /wp-content/plugins/divi-overlays/assets/js/custom.js?ver=2.9.7.9 HTTP/1.1" 200 12334 "https://ekmtoronto.com/" "Mozilla/5.0 (Linux; Android 10; K) AppleWebKit/537.36 (KHTML, like Gecko) Chrome/152.0.0.0 Mobile Safari/537.36"
72.39.230.17 - - [31/Aug/2026:17:00:42 -0400] "GET /wp-content/plugins/divi-bars/assets/js/main.js?ver=1.9.6 HTTP/1.1" 200 10054 "https://ekmtoronto.com/" "Mozilla/5.0 (Linux; Android 10; K) AppleWebKit/537.36 (KHTML, like Gecko) Chrome/152.0.0.0 Mobile Safari/537.36"
72.39.230.17 - - [31/Aug/2026:17:00:42 -0400] "GET /wp-content/plugins/divi-bars/assets/js/main.helper.js?ver=1.9.6 HTTP/1.1" 200 - "https://ekmtoronto.com/" "Mozilla/5.0 (Linux; Android 10; K) AppleWebKit/537.36 (KHTML, like Gecko) Chrome/152.0.0.0 Mobile Safari/537.36"
72.39.230.17 - - [31/Aug/2026:17:00:42 -0400] "GET /wp-content/plugins/divi-bars/assets/js/actual.min.js?ver=7.1 HTTP/1.1" 200 475 "https://ekmtoronto.com/" "Mozilla/5.0 (Linux; Android 10; K) AppleWebKit/537.36 (KHTML, like Gecko) Chrome/152.0.0.0 Mobile Safari/537.36"
72.39.230.17 - - [31/Aug/2026:17:00:42 -0400] "GET /wp-content/plugins/divi-bars/assets/js/jquery.exitintent.min.js?ver=7.1 HTTP/1.1" 200 427 "https://ekmtoronto.com/" "Mozilla/5.0 (Linux; Android 10; K) AppleWebKit/537.36 (KHTML, like Gecko) Chrome/152.0.0.0 Mobile Safari/537.36"
72.39.230.17 - - [31/Aug/2026:17:00:42 -0400] "GET /wp-includes/js/mediaelement/mediaelement-and-player.min.js?ver=4.2.17 HTTP/1.1" 200 38789 "https://ekmtoronto.com/" "Mozilla/5.0 (Linux; Android 10; K) AppleWebKit/537.36 (KHTML, like Gecko) Chrome/152.0.0.0 Mobile Safari/537.36"
72.39.230.17 - - [31/Aug/2026:17:00:42 -0400] "GET /wp-includes/js/mediaelement/mediaelement-migrate.min.js?ver=7.1 HTTP/1.1" 200 540 "https://ekmtoronto.com/" "Mozilla/5.0 (Linux; Android 10; K) AppleWebKit/537.36 (KHTML, like Gecko) Chrome/152.0.0.0 Mobile Safari/537.36"
72.39.230.17 - - [31/Aug/2026:17:00:42 -0400] "GET /wp-includes/js/mediaelement/wp-mediaelement.min.js?ver=7.1 HTTP/1.1" 200 538 "https://ekmtoronto.com/" "Mozilla/5.0 (Linux; Android 10; K) AppleWebKit/537.36 (KHTML, like Gecko) Chrome/152.0.0.0 Mobile Safari/537.36"
72.39.230.17 - - [31/Aug/2026:17:00:42 -0400] "GET /wp-content/et-cache/228351/et-divi-dynamic-228351-late.css HTTP/1.1" 200 3170 "https://ekmtoronto.com/" "Mozilla/5.0 (Linux; Android 10; K) AppleWebKit/537.36 (KHTML, like Gecko) Chrome/152.0.0.0 Mobile Safari/537.36"
72.39.230.17 - - [31/Aug/2026:17:00:42 -0400] "GET /wp-content/themes/Divi/images/logo.png HTTP/1.1" 200 1740 "https://ekmtoronto.com/" "Mozilla/5.0 (Linux; Android 10; K) AppleWebKit/537.36 (KHTML, like Gecko) Chrome/152.0.0.0 Mobile Safari/537.36"
72.39.230.17 - - [31/Aug/2026:17:00:42 -0400] "GET /wp-content/themes/Divi/core/admin/fonts/fontawesome/fa-solid-900.woff2 HTTP/1.1" 200 80265 "https://ekmtoronto.com/" "Mozilla/5.0 (Linux; Android 10; K) AppleWebKit/537.36 (KHTML, like Gecko) Chrome/152.0.0.0 Mobile Safari/537.36"
72.39.230.17 - - [31/Aug/2026:17:00:43 -0400] "GET /wp-content/uploads/2022/09/EKM-LOGO-BLACK-IMG_100px.png HTTP/1.1" 404 28394 "https://ekmtoronto.com/" "Mozilla/5.0 (Linux; Android 10; K) AppleWebKit/537.36 (KHTML, like Gecko) Chrome/152.0.0.0 Mobile Safari/537.36"
72.39.230.17 - - [31/Aug/2026:17:00:45 -0400] "GET /wp-content/uploads/2023/11/cropped-EKM-SITE-TAB-ICON-512PX-192x192.jpg HTTP/1.1" 200 5240 "https://ekmtoronto.com/" "Mozilla/5.0 (Linux; Android 10; K) AppleWebKit/537.36 (KHTML, like Gecko) Chrome/152.0.0.0 Mobile Safari/537.36"
72.39.230.17 - - [31/Aug/2026:17:00:45 -0400] "GET /wp-content/uploads/2023/11/cropped-EKM-SITE-TAB-ICON-512PX-180x180.jpg HTTP/1.1" 200 4836 "https://ekmtoronto.com/" "Mozilla/5.0 (Linux; Android 10; K) AppleWebKit/537.36 (KHTML, like Gecko) Chrome/152.0.0.0 Mobile Safari/537.36"
72.39.230.17 - - [31/Aug/2026:17:00:46 -0400] "GET /wp-content/uploads/2026/08/food-drive-980x551.jpg HTTP/1.1" 200 84369 "https://ekmtoronto.com/" "Mozilla/5.0 (Linux; Android 10; K) AppleWebKit/537.36 (KHTML, like Gecko) Chrome/152.0.0.0 Mobile Safari/537.36"
72.39.230.17 - - [31/Aug/2026:17:00:46 -0400] "GET /wp-content/uploads/2025/02/GLOW-UP2-980x551.jpg HTTP/1.1" 200 66171 "https://ekmtoronto.com/" "Mozilla/5.0 (Linux; Android 10; K) AppleWebKit/537.36 (KHTML, like Gecko) Chrome/152.0.0.0 Mobile Safari/537.36"
72.39.230.17 - - [31/Aug/2026:17:00:46 -0400] "GET /wp-content/uploads/2023/05/Middaynew-980x551.jpg HTTP/1.1" 200 99305 "https://ekmtoronto.com/" "Mozilla/5.0 (Linux; Android 10; K) AppleWebKit/537.36 (KHTML, like Gecko) Chrome/152.0.0.0 Mobile Safari/537.36"
72.39.230.17 - - [31/Aug/2026:17:00:46 -0400] "GET /wp-content/uploads/2026/08/Young-youth-980x552.png HTTP/1.1" 200 744326 "https://ekmtoronto.com/" "Mozilla/5.0 (Linux; Android 10; K) AppleWebKit/537.36 (KHTML, like Gecko) Chrome/152.0.0.0 Mobile Safari/537.36"
104.247.76.75 - - [31/Aug/2026:17:01:09 -0400] "POST /wp-cron.php?doing_wp_cron=1788210069.5080449581146240234375 HTTP/1.1" 200 - "-" "WordPress/7.1; https://ekmtoronto.com"
72.39.230.17 - - [31/Aug/2026:17:01:09 -0400] "GET /events/ HTTP/1.1" 200 44673 "https://ekmtoronto.com/" "Mozilla/5.0 (Linux; Android 10; K) AppleWebKit/537.36 (KHTML, like Gecko) Chrome/152.0.0.0 Mobile Safari/537.36"
72.39.230.17 - - [31/Aug/2026:17:01:09 -0400] "GET /wp-content/et-cache/227702/et-divi-dynamic-227702-late.css?ver=1788112792 HTTP/1.1" 200 1419 "https://ekmtoronto.com/events/" "Mozilla/5.0 (Linux; Android 10; K) AppleWebKit/537.36 (KHTML, like Gecko) Chrome/152.0.0.0 Mobile Safari/537.36"
72.39.230.17 - - [31/Aug/2026:17:01:09 -0400] "GET /wp-content/uploads/2026/08/food-drive-400x250.jpg HTTP/1.1" 200 26566 "https://ekmtoronto.com/events/" "Mozilla/5.0 (Linux; Android 10; K) AppleWebKit/537.36 (KHTML, like Gecko) Chrome/152.0.0.0 Mobile Safari/537.36"
72.39.230.17 - - [31/Aug/2026:17:01:09 -0400] "GET /wp-content/et-cache/227702/et-divi-dynamic-227702-late.css HTTP/1.1" 200 1419 "https://ekmtoronto.com/events/" "Mozilla/5.0 (Linux; Android 10; K) AppleWebKit/537.36 (KHTML, like Gecko) Chrome/152.0.0.0 Mobile Safari/537.36"
72.39.230.17 - - [31/Aug/2026:17:01:09 -0400] "GET /wp-content/uploads/2025/02/GLOW-UP2-400x250.jpg HTTP/1.1" 200 18563 "https://ekmtoronto.com/events/" "Mozilla/5.0 (Linux; Android 10; K) AppleWebKit/537.36 (KHTML, like Gecko) Chrome/152.0.0.0 Mobile Safari/537.36"
