66.249.65.134 - - [01/Sep/2026:00:21:41 -0400] "GET /?sale%2Fsearch%2Fdetail%2F%3FITMCODE=b2o4o0z7e0768279 HTTP/1.1" 200 38609 "-" "Mozilla/5.0 (Linux; Android 6.0.1; Nexus 5X Build/MMB29P) AppleWebKit/537.36 (KHTML, like Gecko) Chrome/151.0.7922.173 Mobile Safari/537.36 (compatible; Googlebot/2.1; +http://www.google.com/bot.html)"
66.249.65.136 - - [01/Sep/2026:00:22:06 -0400] "GET /?sale/search/detail/?ITMCODE=t7o3r5t2i5o4u5s2711 HTTP/1.1" 301 - "-" "Mozilla/5.0 (Linux; Android 6.0.1; Nexus 5X Build/MMB29P) AppleWebKit/537.36 (KHTML, like Gecko) Chrome/151.0.7922.173 Mobile Safari/537.36 (compatible; Googlebot/2.1; +http://www.google.com/bot.html)"
104.247.76.75 - - [01/Sep/2026:00:22:08 -0400] "POST /wp-cron.php?doing_wp_cron=1788236528.4266350269317626953125 HTTP/1.1" 200 - "-" "WordPress/7.1; https://ekmtoronto.com"
66.249.65.134 - - [01/Sep/2026:00:22:07 -0400] "GET /?sale%2Fsearch%2Fdetail%2F%3FITMCODE=t7o3r5t2i5o4u5s2711 HTTP/1.1" 200 38611 "-" "Mozilla/5.0 (Linux; Android 6.0.1; Nexus 5X Build/MMB29P) AppleWebKit/537.36 (KHTML, like Gecko) Chrome/151.0.7922.173 Mobile Safari/537.36 (compatible; Googlebot/2.1; +http://www.google.com/bot.html)"
51.79.38.23 - - [01/Sep/2026:00:22:19 -0400] "GET /wp-login.php HTTP/1.1" 200 2334 "-" "Mozilla/5.0 (Windows NT 10.0; Win64; x64) AppleWebKit/537.36 (KHTML, like Gecko) Chrome/151.0.0.0 Safari/537.36"
51.79.38.23 - - [01/Sep/2026:00:22:19 -0400] "POST /wp-login.php HTTP/1.1" 200 2490 "https://ekmtoronto.com/wp-login.php" "Mozilla/5.0 (Windows NT 10.0; Win64; x64) AppleWebKit/537.36 (KHTML, like Gecko) Chrome/151.0.0.0 Safari/537.36"
104.247.76.75 - - [01/Sep/2026:00:23:01 -0400] "POST /wp-cron.php?doing_wp_cron=1788236581.3642559051513671875000 HTTP/1.1" 200 - "-" "WordPress/7.1; https://ekmtoronto.com"
66.249.65.135 - - [01/Sep/2026:00:23:01 -0400] "GET /?sale/search/detail/?ITMCODE=s7t3a5m9p8e3d90465 HTTP/1.1" 301 - "-" "Mozilla/5.0 (Linux; Android 6.0.1; Nexus 5X Build/MMB29P) AppleWebKit/537.36 (KHTML, like Gecko) Chrome/151.0.7922.173 Mobile Safari/537.36 (compatible; Googlebot/2.1; +http://www.google.com/bot.html)"
66.249.65.135 - - [01/Sep/2026:00:23:02 -0400] "GET /?sale%2Fsearch%2Fdetail%2F%3FITMCODE=s7t3a5m9p8e3d90465 HTTP/1.1" 200 38611 "-" "Mozilla/5.0 (Linux; Android 6.0.1; Nexus 5X Build/MMB29P) AppleWebKit/537.36 (KHTML, like Gecko) Chrome/151.0.7922.173 Mobile Safari/537.36 (compatible; Googlebot/2.1; +http://www.google.com/bot.html)"
66.249.65.134 - - [01/Sep/2026:00:23:46 -0400] "GET /?k=60972169736402 HTTP/1.1" 200 38572 "-" "Mozilla/5.0 (Linux; Android 6.0.1; Nexus 5X Build/MMB29P) AppleWebKit/537.36 (KHTML, like Gecko) Chrome/151.0.7922.173 Mobile Safari/537.36 (compatible; Googlebot/2.1; +http://www.google.com/bot.html)"
108.162.245.216 - - [01/Sep/2026:00:23:56 -0400] "GET / HTTP/1.1" 200 38554 "-" "Mozilla/5.0 (Macintosh; Intel Mac OS X 10_15_7) AppleWebKit/537.36 (KHTML, like Gecko) Chrome/147.0.0.0 Safari/537.36 CloudflareWebScanner/1.0"
104.247.76.75 - - [01/Sep/2026:00:24:25 -0400] "POST /wp-cron.php?doing_wp_cron=1788236665.2877459526062011718750 HTTP/1.1" 200 - "-" "WordPress/7.1; https://ekmtoronto.com"
66.249.65.135 - - [01/Sep/2026:00:24:24 -0400] "GET /?k=60127172577200 HTTP/1.1" 200 38570 "-" "Mozilla/5.0 (Linux; Android 6.0.1; Nexus 5X Build/MMB29P) AppleWebKit/537.36 (KHTML, like Gecko) Chrome/151.0.7922.173 Mobile Safari/537.36 (compatible; Googlebot/2.1; +http://www.google.com/bot.html)"
104.247.76.75 - - [01/Sep/2026:00:25:40 -0400] "POST /wp-cron.php?doing_wp_cron=1788236740.3583700656890869140625 HTTP/1.1" 200 - "-" "WordPress/7.1; https://ekmtoronto.com"
66.249.65.134 - - [01/Sep/2026:00:25:40 -0400] "GET /?sale/search/detail/?ITMCODE=p4o3t0e4n3t2i5a9t4i8n7g HTTP/1.1" 301 - "-" "Mozilla/5.0 (Linux; Android 6.0.1; Nexus 5X Build/MMB29P) AppleWebKit/537.36 (KHTML, like Gecko) Chrome/151.0.7922.173 Mobile Safari/537.36 (compatible; Googlebot/2.1; +http://www.google.com/bot.html)"
66.249.65.135 - - [01/Sep/2026:00:25:41 -0400] "GET /?sale%2Fsearch%2Fdetail%2F%3FITMCODE=p4o3t0e4n3t2i5a9t4i8n7g HTTP/1.1" 200 38615 "-" "Mozilla/5.0 (Linux; Android 6.0.1; Nexus 5X Build/MMB29P) AppleWebKit/537.36 (KHTML, like Gecko) Chrome/151.0.7922.173 Mobile Safari/537.36 (compatible; Googlebot/2.1; +http://www.google.com/bot.html)"
66.249.65.136 - - [01/Sep/2026:00:25:43 -0400] "GET /?sale/search/detail/?ITMCODE=t2a3n6t2a2l2i6s2m413 HTTP/1.1" 301 - "-" "Mozilla/5.0 (Linux; Android 6.0.1; Nexus 5X Build/MMB29P) AppleWebKit/537.36 (KHTML, like Gecko) Chrome/151.0.7922.173 Mobile Safari/537.36 (compatible; Googlebot/2.1; +http://www.google.com/bot.html)"
66.249.65.134 - - [01/Sep/2026:00:25:44 -0400] "GET /?sale%2Fsearch%2Fdetail%2F%3FITMCODE=t2a3n6t2a2l2i6s2m413 HTTP/1.1" 200 38612 "-" "Mozilla/5.0 (Linux; Android 6.0.1; Nexus 5X Build/MMB29P) AppleWebKit/537.36 (KHTML, like Gecko) Chrome/151.0.7922.173 Mobile Safari/537.36 (compatible; Googlebot/2.1; +http://www.google.com/bot.html)"
104.247.76.75 - - [01/Sep/2026:00:26:25 -0400] "POST /wp-cron.php?doing_wp_cron=1788236785.6400220394134521484375 HTTP/1.1" 200 - "-" "WordPress/7.1; https://ekmtoronto.com"
66.249.65.134 - - [01/Sep/2026:00:26:25 -0400] "GET /?sale/search/detail/?ITMCODE=c8o3s8i4n4e6s9309 HTTP/1.1" 301 - "-" "Mozilla/5.0 (Linux; Android 6.0.1; Nexus 5X Build/MMB29P) AppleWebKit/537.36 (KHTML, like Gecko) Chrome/151.0.7922.173 Mobile Safari/537.36 (compatible; Googlebot/2.1; +http://www.google.com/bot.html)"
66.249.65.134 - - [01/Sep/2026:00:26:26 -0400] "GET /?sale%2Fsearch%2Fdetail%2F%3FITMCODE=c8o3s8i4n4e6s9309 HTTP/1.1" 200 38610 "-" "Mozilla/5.0 (Linux; Android 6.0.1; Nexus 5X Build/MMB29P) AppleWebKit/537.36 (KHTML, like Gecko) Chrome/151.0.7922.173 Mobile Safari/537.36 (compatible; Googlebot/2.1; +http://www.google.com/bot.html)"
66.249.65.134 - - [01/Sep/2026:00:26:28 -0400] "GET /?k=87090195694006 HTTP/1.1" 200 38572 "-" "Mozilla/5.0 (Linux; Android 6.0.1; Nexus 5X Build/MMB29P) AppleWebKit/537.36 (KHTML, like Gecko) Chrome/151.0.7922.173 Mobile Safari/537.36 (compatible; Googlebot/2.1; +http://www.google.com/bot.html)"
66.249.65.134 - - [01/Sep/2026:00:26:41 -0400] "GET /wp-content/themes/Divi/includes/builder/feature/dynamic-assets/assets/js/jquery.fitvids.js?ver=4.27.8 HTTP/1.1" 200 1341 "https://ekmtoronto.com/?sale%2Fsearch%2Fdetail%2F%3FITMCODE=t2a3n6t2a2l2i6s2m413" "Mozilla/5.0 (Linux; Android 6.0.1; Nexus 5X Build/MMB29P) AppleWebKit/537.36 (KHTML, like Gecko) Chrome/151.0.7922.173 Mobile Safari/537.36 (compatible; Googlebot/2.1; +http://www.google.com/bot.html)"
104.247.76.75 - - [01/Sep/2026:00:27:33 -0400] "POST /wp-cron.php?doing_wp_cron=1788236853.5976369380950927734375 HTTP/1.1" 200 - "-" "WordPress/7.1; https://ekmtoronto.com"
66.249.65.136 - - [01/Sep/2026:00:27:33 -0400] "GET /?sale/search/detail/?ITMCODE=e5l3e6c7t4r0o7g3i1l7t4 HTTP/1.1" 301 - "-" "Mozilla/5.0 (Linux; Android 6.0.1; Nexus 5X Build/MMB29P) AppleWebKit/537.36 (KHTML, like Gecko) Chrome/151.0.7922.173 Mobile Safari/537.36 (compatible; Googlebot/2.1; +http://www.google.com/bot.html)"
66.249.65.134 - - [01/Sep/2026:00:27:34 -0400] "GET /?sale%2Fsearch%2Fdetail%2F%3FITMCODE=e5l3e6c7t4r0o7g3i1l7t4 HTTP/1.1" 200 38612 "-" "Mozilla/5.0 (Linux; Android 6.0.1; Nexus 5X Build/MMB29P) AppleWebKit/537.36 (KHTML, like Gecko) Chrome/151.0.7922.173 Mobile Safari/537.36 (compatible; Googlebot/2.1; +http://www.google.com/bot.html)"
104.247.76.75 - - [01/Sep/2026:00:28:39 -0400] "POST /wp-cron.php?doing_wp_cron=1788236919.8442211151123046875000 HTTP/1.1" 200 - "-" "WordPress/7.1; https://ekmtoronto.com"
66.249.65.135 - - [01/Sep/2026:00:28:39 -0400] "GET /?k=08210197034002 HTTP/1.1" 200 38571 "-" "Mozilla/5.0 (Linux; Android 6.0.1; Nexus 5X Build/MMB29P) AppleWebKit/537.36 (KHTML, like Gecko) Chrome/151.0.7922.173 Mobile Safari/537.36 (compatible; Googlebot/2.1; +http://www.google.com/bot.html)"
66.249.65.134 - - [01/Sep/2026:00:29:33 -0400] "GET /wp-includes/js/mediaelement/wp-mediaelement.min.css?ver=7.1 HTTP/1.1" 200 1156 "https://ekmtoronto.com/?k=08210197034002" "Mozilla/5.0 (Linux; Android 6.0.1; Nexus 5X Build/MMB29P) AppleWebKit/537.36 (KHTML, like Gecko) Chrome/151.0.7922.173 Mobile Safari/537.36 (compatible; Googlebot/2.1; +http://www.google.com/bot.html)"
66.249.65.136 - - [01/Sep/2026:00:29:35 -0400] "GET /wp-content/et-cache/228351/et-core-unified-deferred-228351.min.css?ver=1785888000 HTTP/1.1" 200 3614 "https://ekmtoronto.com/?k=08210197034002" "Mozilla/5.0 (Linux; Android 6.0.1; Nexus 5X Build/MMB29P) AppleWebKit/537.36 (KHTML, like Gecko) Chrome/151.0.7922.173 Mobile Safari/537.36 (compatible; Googlebot/2.1; +http://www.google.com/bot.html)"
104.247.76.75 - - [01/Sep/2026:00:29:44 -0400] "POST /wp-cron.php?doing_wp_cron=1788236984.6058349609375000000000 HTTP/1.1" 200 - "-" "WordPress/7.1; https://ekmtoronto.com"
66.249.65.135 - - [01/Sep/2026:00:29:44 -0400] "GET /?k=34918200471201 HTTP/1.1" 200 38572 "-" "Mozilla/5.0 (Linux; Android 6.0.1; Nexus 5X Build/MMB29P) AppleWebKit/537.36 (KHTML, like Gecko) Chrome/151.0.7922.173 Mobile Safari/537.36 (compatible; Googlebot/2.1; +http://www.google.com/bot.html)"
104.247.76.75 - - [01/Sep/2026:00:31:55 -0400] "POST /wp-cron.php?doing_wp_cron=1788237115.2989759445190429687500 HTTP/1.1" 200 - "-" "WordPress/7.1; https://ekmtoronto.com"
66.249.65.134 - - [01/Sep/2026:00:31:54 -0400] "GET /?k=52992100371202 HTTP/1.1" 200 38571 "-" "Mozilla/5.0 (Linux; Android 6.0.1; Nexus 5X Build/MMB29P) AppleWebKit/537.36 (KHTML, like Gecko) Chrome/151.0.7922.173 Mobile Safari/537.36 (compatible; Googlebot/2.1; +http://www.google.com/bot.html)"
104.247.76.75 - - [01/Sep/2026:00:32:43 -0400] "POST /wp-cron.php?doing_wp_cron=1788237163.6019279956817626953125 HTTP/1.1" 200 - "-" "WordPress/7.1; https://ekmtoronto.com"
66.249.65.134 - - [01/Sep/2026:00:32:43 -0400] "GET /?k=90970120932800 HTTP/1.1" 200 38570 "-" "Mozilla/5.0 (Linux; Android 6.0.1; Nexus 5X Build/MMB29P) AppleWebKit/537.36 (KHTML, like Gecko) Chrome/151.0.7922.173 Mobile Safari/537.36 (compatible; Googlebot/2.1; +http://www.google.com/bot.html)"
104.247.76.75 - - [01/Sep/2026:00:34:06 -0400] "POST /wp-cron.php?doing_wp_cron=1788237246.1528570652008056640625 HTTP/1.1" 200 - "-" "WordPress/7.1; https://ekmtoronto.com"
66.249.65.136 - - [01/Sep/2026:00:34:05 -0400] "GET /?k=3995949000003 HTTP/1.1" 200 38570 "-" "Mozilla/5.0 (Linux; Android 6.0.1; Nexus 5X Build/MMB29P) AppleWebKit/537.36 (KHTML, like Gecko) Chrome/151.0.7922.173 Mobile Safari/537.36 (compatible; Googlebot/2.1; +http://www.google.com/bot.html)"
104.247.76.75 - - [01/Sep/2026:00:35:11 -0400] "POST /wp-cron.php?doing_wp_cron=1788237311.3504428863525390625000 HTTP/1.1" 200 - "-" "WordPress/7.1; https://ekmtoronto.com"
66.249.65.134 - - [01/Sep/2026:00:35:10 -0400] "GET /?k=1692144416407 HTTP/1.1" 200 38571 "-" "Mozilla/5.0 (Linux; Android 6.0.1; Nexus 5X Build/MMB29P) AppleWebKit/537.36 (KHTML, like Gecko) Chrome/151.0.7922.173 Mobile Safari/537.36 (compatible; Googlebot/2.1; +http://www.google.com/bot.html)"
104.247.76.75 - - [01/Sep/2026:00:36:37 -0400] "POST /wp-cron.php?doing_wp_cron=1788237397.2469520568847656250000 HTTP/1.1" 200 - "-" "WordPress/7.1; https://ekmtoronto.com"
66.249.65.135 - - [01/Sep/2026:00:36:37 -0400] "GET /?sale/search/detail/?ITMCODE=b7i5o7l6y1s6i4s546 HTTP/1.1" 301 - "-" "Mozilla/5.0 (Linux; Android 6.0.1; Nexus 5X Build/MMB29P) AppleWebKit/537.36 (KHTML, like Gecko) Chrome/151.0.7922.173 Mobile Safari/537.36 (compatible; Googlebot/2.1; +http://www.google.com/bot.html)"
66.249.65.134 - - [01/Sep/2026:00:36:38 -0400] "GET /?sale%2Fsearch%2Fdetail%2F%3FITMCODE=b7i5o7l6y1s6i4s546 HTTP/1.1" 200 38611 "-" "Mozilla/5.0 (Linux; Android 6.0.1; Nexus 5X Build/MMB29P) AppleWebKit/537.36 (KHTML, like Gecko) Chrome/151.0.7922.173 Mobile Safari/537.36 (compatible; Googlebot/2.1; +http://www.google.com/bot.html)"
104.247.76.75 - - [01/Sep/2026:00:37:45 -0400] "POST /wp-cron.php?doing_wp_cron=1788237465.7110049724578857421875 HTTP/1.1" 200 - "-" "WordPress/7.1; https://ekmtoronto.com"
66.249.65.134 - - [01/Sep/2026:00:37:45 -0400] "GET /?k=6408586680401 HTTP/1.1" 200 38572 "-" "Mozilla/5.0 (Linux; Android 6.0.1; Nexus 5X Build/MMB29P) AppleWebKit/537.36 (KHTML, like Gecko) Chrome/151.0.7922.173 Mobile Safari/537.36 (compatible; Googlebot/2.1; +http://www.google.com/bot.html)"
104.247.76.75 - - [01/Sep/2026:00:38:13 -0400] "POST /wp-cron.php?doing_wp_cron=1788237492.9890589714050292968750 HTTP/1.1" 200 - "-" "WordPress/7.1; https://ekmtoronto.com"
66.249.65.134 - - [01/Sep/2026:00:38:12 -0400] "GET /?k=11815138977200 HTTP/1.1" 200 38571 "-" "Mozilla/5.0 (Linux; Android 6.0.1; Nexus 5X Build/MMB29P) AppleWebKit/537.36 (KHTML, like Gecko) Chrome/151.0.7922.173 Mobile Safari/537.36 (compatible; Googlebot/2.1; +http://www.google.com/bot.html)"
66.249.65.135 - - [01/Sep/2026:00:38:28 -0400] "GET /wp-content/et-cache/228351/et-core-unified-deferred-228351.min.css?ver=1785888000 HTTP/1.1" 200 3614 "https://ekmtoronto.com/?k=11815138977200" "Mozilla/5.0 (Linux; Android 6.0.1; Nexus 5X Build/MMB29P) AppleWebKit/537.36 (KHTML, like Gecko) Chrome/151.0.7922.173 Mobile Safari/537.36 (compatible; Googlebot/2.1; +http://www.google.com/bot.html)"
66.249.65.134 - - [01/Sep/2026:00:38:43 -0400] "GET /item/2028507382 HTTP/1.1" 404 29360 "-" "Mozilla/5.0 (Linux; Android 6.0.1; Nexus 5X Build/MMB29P) AppleWebKit/537.36 (KHTML, like Gecko) Chrome/151.0.7922.173 Mobile Safari/537.36 (compatible; Googlebot/2.1; +http://www.google.com/bot.html)"
104.247.76.75 - - [01/Sep/2026:00:39:11 -0400] "POST /wp-cron.php?doing_wp_cron=1788237551.4147269725799560546875 HTTP/1.1" 200 - "-" "WordPress/7.1; https://ekmtoronto.com"
66.249.65.134 - - [01/Sep/2026:00:39:11 -0400] "GET /?sale/search/detail/?ITMCODE=s2q1u8i0e2r8y9s5k5w7i9maceri HTTP/1.1" 301 - "-" "Mozilla/5.0 (Linux; Android 6.0.1; Nexus 5X Build/MMB29P) AppleWebKit/537.36 (KHTML, like Gecko) Chrome/151.0.7922.173 Mobile Safari/537.36 (compatible; Googlebot/2.1; +http://www.google.com/bot.html)"
66.249.65.135 - - [01/Sep/2026:00:39:12 -0400] "GET /?sale%2Fsearch%2Fdetail%2F%3FITMCODE=s2q1u8i0e2r8y9s5k5w7i9maceri HTTP/1.1" 200 38620 "-" "Mozilla/5.0 (Linux; Android 6.0.1; Nexus 5X Build/MMB29P) AppleWebKit/537.36 (KHTML, like Gecko) Chrome/151.0.7922.173 Mobile Safari/537.36 (compatible; Googlebot/2.1; +http://www.google.com/bot.html)"
66.249.65.135 - - [01/Sep/2026:00:39:30 -0400] "GET /?sale/search/detail/?ITMCODE=l1i3s9p8e1d029096 HTTP/1.1" 301 - "-" "Mozilla/5.0 (Linux; Android 6.0.1; Nexus 5X Build/MMB29P) AppleWebKit/537.36 (KHTML, like Gecko) Chrome/151.0.7922.173 Mobile Safari/537.36 (compatible; Googlebot/2.1; +http://www.google.com/bot.html)"
66.249.65.134 - - [01/Sep/2026:00:39:31 -0400] "GET /?sale%2Fsearch%2Fdetail%2F%3FITMCODE=l1i3s9p8e1d029096 HTTP/1.1" 200 38610 "-" "Mozilla/5.0 (Linux; Android 6.0.1; Nexus 5X Build/MMB29P) AppleWebKit/537.36 (KHTML, like Gecko) Chrome/151.0.7922.173 Mobile Safari/537.36 (compatible; Googlebot/2.1; +http://www.google.com/bot.html)"
104.247.76.75 - - [01/Sep/2026:00:40:01 -0400] "POST /wp-cron.php?doing_wp_cron=1788237601.3439741134643554687500 HTTP/1.1" 200 - "-" "WordPress/7.1; https://ekmtoronto.com"
66.249.65.136 - - [01/Sep/2026:00:40:01 -0400] "GET /?sale/search/detail/?ITMCODE=c6o1m5m2u3t5a6b1l4e35 HTTP/1.1" 301 - "-" "Mozilla/5.0 (Linux; Android 6.0.1; Nexus 5X Build/MMB29P) AppleWebKit/537.36 (KHTML, like Gecko) Chrome/151.0.7922.173 Mobile Safari/537.36 (compatible; Googlebot/2.1; +http://www.google.com/bot.html)"
66.249.65.136 - - [01/Sep/2026:00:40:02 -0400] "GET /?sale%2Fsearch%2Fdetail%2F%3FITMCODE=c6o1m5m2u3t5a6b1l4e35 HTTP/1.1" 200 38614 "-" "Mozilla/5.0 (Linux; Android 6.0.1; Nexus 5X Build/MMB29P) AppleWebKit/537.36 (KHTML, like Gecko) Chrome/151.0.7922.173 Mobile Safari/537.36 (compatible; Googlebot/2.1; +http://www.google.com/bot.html)"
66.249.65.134 - - [01/Sep/2026:00:40:16 -0400] "GET /wp-content/themes/Divi/includes/builder/feature/dynamic-assets/assets/js/jquery.fitvids.js?ver=4.27.8 HTTP/1.1" 200 1341 "https://ekmtoronto.com/?sale%2Fsearch%2Fdetail%2F%3FITMCODE=l1i3s9p8e1d029096" "Mozilla/5.0 (Linux; Android 6.0.1; Nexus 5X Build/MMB29P) AppleWebKit/537.36 (KHTML, like Gecko) Chrome/151.0.7922.173 Mobile Safari/537.36 (compatible; Googlebot/2.1; +http://www.google.com/bot.html)"
66.249.65.134 - - [01/Sep/2026:00:40:38 -0400] "GET /?sale/search/detail/?ITMCODE=d0i1s4s9a0t7i2s8f6a8c8tory HTTP/1.1" 301 - "-" "Mozilla/5.0 (Linux; Android 6.0.1; Nexus 5X Build/MMB29P) AppleWebKit/537.36 (KHTML, like Gecko) Chrome/151.0.7922.173 Mobile Safari/537.36 (compatible; Googlebot/2.1; +http://www.google.com/bot.html)"
66.249.65.134 - - [01/Sep/2026:00:40:39 -0400] "GET /?sale%2Fsearch%2Fdetail%2F%3FITMCODE=d0i1s4s9a0t7i2s8f6a8c8tory HTTP/1.1" 200 38616 "-" "Mozilla/5.0 (Linux; Android 6.0.1; Nexus 5X Build/MMB29P) AppleWebKit/537.36 (KHTML, like Gecko) Chrome/151.0.7922.173 Mobile Safari/537.36 (compatible; Googlebot/2.1; +http://www.google.com/bot.html)"
66.249.65.135 - - [01/Sep/2026:00:41:01 -0400] "GET /wp-content/et-cache/228351/et-divi-dynamic-228351-late.css HTTP/1.1" 200 3170 "https://ekmtoronto.com/?sale%2Fsearch%2Fdetail%2F%3FITMCODE=d0i1s4s9a0t7i2s8f6a8c8tory" "Mozilla/5.0 (Linux; Android 6.0.1; Nexus 5X Build/MMB29P) AppleWebKit/537.36 (KHTML, like Gecko) Chrome/151.0.7922.173 Mobile Safari/537.36 (compatible; Googlebot/2.1; +http://www.google.com/bot.html)"
104.247.76.75 - - [01/Sep/2026:00:41:16 -0400] "POST /wp-cron.php?doing_wp_cron=1788237676.3685801029205322265625 HTTP/1.1" 200 - "-" "WordPress/7.1; https://ekmtoronto.com"
66.249.65.134 - - [01/Sep/2026:00:41:16 -0400] "GET /?sale/search/detail/?ITMCODE=h6o3l6o9m3e4t2e9r584 HTTP/1.1" 301 - "-" "Mozilla/5.0 (Linux; Android 6.0.1; Nexus 5X Build/MMB29P) AppleWebKit/537.36 (KHTML, like Gecko) Chrome/151.0.7922.173 Mobile Safari/537.36 (compatible; Googlebot/2.1; +http://www.google.com/bot.html)"
66.249.65.135 - - [01/Sep/2026:00:41:17 -0400] "GET /?sale%2Fsearch%2Fdetail%2F%3FITMCODE=h6o3l6o9m3e4t2e9r584 HTTP/1.1" 200 38611 "-" "Mozilla/5.0 (Linux; Android 6.0.1; Nexus 5X Build/MMB29P) AppleWebKit/537.36 (KHTML, like Gecko) Chrome/151.0.7922.173 Mobile Safari/537.36 (compatible; Googlebot/2.1; +http://www.google.com/bot.html)"
66.249.65.136 - - [01/Sep/2026:00:41:54 -0400] "GET /?sale/search/detail/?ITMCODE=p9a1r0a0d6i4s8i6588 HTTP/1.1" 301 - "-" "Mozilla/5.0 (Linux; Android 6.0.1; Nexus 5X Build/MMB29P) AppleWebKit/537.36 (KHTML, like Gecko) Chrome/151.0.7922.173 Mobile Safari/537.36 (compatible; Googlebot/2.1; +http://www.google.com/bot.html)"
66.249.65.135 - - [01/Sep/2026:00:41:55 -0400] "GET /?sale%2Fsearch%2Fdetail%2F%3FITMCODE=p9a1r0a0d6i4s8i6588 HTTP/1.1" 200 38612 "-" "Mozilla/5.0 (Linux; Android 6.0.1; Nexus 5X Build/MMB29P) AppleWebKit/537.36 (KHTML, like Gecko) Chrome/151.0.7922.173 Mobile Safari/537.36 (compatible; Googlebot/2.1; +http://www.google.com/bot.html)"
104.247.76.75 - - [01/Sep/2026:00:42:43 -0400] "POST /wp-cron.php?doing_wp_cron=1788237763.5093150138854980468750 HTTP/1.1" 200 - "-" "WordPress/7.1; https://ekmtoronto.com"
66.249.65.135 - - [01/Sep/2026:00:42:43 -0400] "GET /?sale/search/detail/?ITMCODE=c7h3e2b0a3c6c4o2043 HTTP/1.1" 301 - "-" "Mozilla/5.0 (Linux; Android 6.0.1; Nexus 5X Build/MMB29P) AppleWebKit/537.36 (KHTML, like Gecko) Chrome/151.0.7922.173 Mobile Safari/537.36 (compatible; Googlebot/2.1; +http://www.google.com/bot.html)"
66.249.65.134 - - [01/Sep/2026:00:42:45 -0400] "GET /?sale%2Fsearch%2Fdetail%2F%3FITMCODE=c7h3e2b0a3c6c4o2043 HTTP/1.1" 200 38612 "-" "Mozilla/5.0 (Linux; Android 6.0.1; Nexus 5X Build/MMB29P) AppleWebKit/537.36 (KHTML, like Gecko) Chrome/151.0.7922.173 Mobile Safari/537.36 (compatible; Googlebot/2.1; +http://www.google.com/bot.html)"
104.247.76.75 - - [01/Sep/2026:00:43:03 -0400] "POST /wp-cron.php?doing_wp_cron=1788237783.3613920211791992187500 HTTP/1.1" 200 - "-" "WordPress/7.1; https://ekmtoronto.com"
114.119.158.126 - - [01/Sep/2026:00:43:03 -0400] "GET /ekm-kids HTTP/1.1" 301 - "https://ekmtoronto.com/give" "Mozilla/5.0 (Linux; Android 7.0;) AppleWebKit/537.36 (HTML, like Gecko) Mobile Safari/537.36 (compatible; PetalBot;+https://webmaster.petalsearch.com/site/petalbot)"
114.119.158.126 - - [01/Sep/2026:00:43:04 -0400] "GET /ekm-kids/ HTTP/1.1" 200 47369 "https://ekmtoronto.com/give" "Mozilla/5.0 (Linux; Android 7.0;) AppleWebKit/537.36 (HTML, like Gecko) Mobile Safari/537.36 (compatible; PetalBot;+https://webmaster.petalsearch.com/site/petalbot)"
66.249.65.135 - - [01/Sep/2026:00:43:08 -0400] "GET /?k=42189113768803 HTTP/1.1" 200 38571 "-" "Mozilla/5.0 (Linux; Android 6.0.1; Nexus 5X Build/MMB29P) AppleWebKit/537.36 (KHTML, like Gecko) Chrome/151.0.7922.173 Mobile Safari/537.36 (compatible; Googlebot/2.1; +http://www.google.com/bot.html)"
50.6.200.195 - - [01/Sep/2026:00:43:27 -0400] "GET /wp-login.php HTTP/1.1" 200 2334 "-" "Mozilla/5.0 (Windows NT 10.0; Win64; x64) AppleWebKit/537.36 (KHTML, like Gecko) Chrome/151.0.0.0 Safari/537.36"
50.6.200.195 - - [01/Sep/2026:00:43:28 -0400] "POST /wp-login.php HTTP/1.1" 200 2469 "https://ekmtoronto.com/wp-login.php" "Mozilla/5.0 (Windows NT 10.0; Win64; x64) AppleWebKit/537.36 (KHTML, like Gecko) Chrome/151.0.0.0 Safari/537.36"
109.236.48.208 - - [01/Sep/2026:00:43:41 -0400] "GET /wp-login.php HTTP/1.1" 200 2334 "-" "109.236.48.208"
109.236.48.208 - - [01/Sep/2026:00:43:44 -0400] "POST /wp-login.php HTTP/1.1" 200 2469 "https://ekmtoronto.com/wp-login.php" "109.236.48.208"
66.249.65.135 - - [01/Sep/2026:00:43:46 -0400] "GET /?k=3225721210806 HTTP/1.1" 200 38571 "-" "Mozilla/5.0 (Linux; Android 6.0.1; Nexus 5X Build/MMB29P) AppleWebKit/537.36 (KHTML, like Gecko) Chrome/151.0.7922.173 Mobile Safari/537.36 (compatible; Googlebot/2.1; +http://www.google.com/bot.html)"
104.247.76.75 - - [01/Sep/2026:00:44:10 -0400] "POST /wp-cron.php?doing_wp_cron=1788237850.1129388809204101562500 HTTP/1.1" 200 - "-" "WordPress/7.1; https://ekmtoronto.com"
162.241.224.83 - - [01/Sep/2026:00:44:10 -0400] "GET /wp-login.php HTTP/1.1" 200 2334 "-" "Mozilla/5.0 (Windows NT 10.0; Win64; x64) AppleWebKit/537.36 (KHTML, like Gecko) Chrome/151.0.0.0 Safari/537.36"
162.241.224.83 - - [01/Sep/2026:00:44:10 -0400] "POST /wp-login.php HTTP/1.1" 200 2490 "https://ekmtoronto.com/wp-login.php" "Mozilla/5.0 (Windows NT 10.0; Win64; x64) AppleWebKit/537.36 (KHTML, like Gecko) Chrome/151.0.0.0 Safari/537.36"
66.249.65.135 - - [01/Sep/2026:00:44:24 -0400] "GET /?k=60857137244404 HTTP/1.1" 200 38571 "-" "Mozilla/5.0 (Linux; Android 6.0.1; Nexus 5X Build/MMB29P) AppleWebKit/537.36 (KHTML, like Gecko) Chrome/151.0.7922.173 Mobile Safari/537.36 (compatible; Googlebot/2.1; +http://www.google.com/bot.html)"
66.249.65.135 - - [01/Sep/2026:00:44:33 -0400] "GET /wp-content/et-cache/228351/et-core-unified-deferred-228351.min.css?ver=1785888000 HTTP/1.1" 200 3614 "https://ekmtoronto.com/?sale%2Fsearch%2Fdetail%2F%3FITMCODE=s2q1u8i0e2r8y9s5k5w7i9maceri" "Mozilla/5.0 (Linux; Android 6.0.1; Nexus 5X Build/MMB29P) AppleWebKit/537.36 (KHTML, like Gecko) Chrome/151.0.7922.173 Mobile Safari/537.36 (compatible; Googlebot/2.1; +http://www.google.com/bot.html)"
74.7.227.173 - - [01/Sep/2026:00:44:56 -0400] "GET /sitemap_index.xml HTTP/1.1" 404 29356 "-" "Mozilla/5.0 AppleWebKit/537.36 (KHTML, like Gecko; compatible; GPTBot/1.4; +https://openai.com/gptbot)"
104.247.76.75 - - [01/Sep/2026:00:45:03 -0400] "POST /wp-cron.php?doing_wp_cron=1788237903.4131689071655273437500 HTTP/1.1" 200 - "-" "WordPress/7.1; https://ekmtoronto.com"
66.249.65.135 - - [01/Sep/2026:00:45:02 -0400] "GET /?k=98084191638001 HTTP/1.1" 200 38571 "-" "Mozilla/5.0 (Linux; Android 6.0.1; Nexus 5X Build/MMB29P) AppleWebKit/537.36 (KHTML, like Gecko) Chrome/151.0.7922.173 Mobile Safari/537.36 (compatible; Googlebot/2.1; +http://www.google.com/bot.html)"
66.249.65.134 - - [01/Sep/2026:00:45:39 -0400] "GET /?k=1971257836801 HTTP/1.1" 200 38571 "-" "Mozilla/5.0 (Linux; Android 6.0.1; Nexus 5X Build/MMB29P) AppleWebKit/537.36 (KHTML, like Gecko) Chrome/151.0.7922.173 Mobile Safari/537.36 (compatible; Googlebot/2.1; +http://www.google.com/bot.html)"
104.247.76.75 - - [01/Sep/2026:00:46:17 -0400] "POST /wp-cron.php?doing_wp_cron=1788237977.3478050231933593750000 HTTP/1.1" 200 - "-" "WordPress/7.1; https://ekmtoronto.com"
66.249.65.136 - - [01/Sep/2026:00:46:16 -0400] "GET /?k=6483996368401 HTTP/1.1" 200 38571 "-" "Mozilla/5.0 (Linux; Android 6.0.1; Nexus 5X Build/MMB29P) AppleWebKit/537.36 (KHTML, like Gecko) Chrome/151.0.7922.173 Mobile Safari/537.36 (compatible; Googlebot/2.1; +http://www.google.com/bot.html)"
66.249.65.134 - - [01/Sep/2026:00:46:34 -0400] "GET /wp-content/themes/Divi/includes/builder/feature/dynamic-assets/assets/js/jquery.fitvids.js?ver=4.27.8 HTTP/1.1" 200 1341 "https://ekmtoronto.com/?k=42189113768803" "Mozilla/5.0 (Linux; Android 6.0.1; Nexus 5X Build/MMB29P) AppleWebKit/537.36 (KHTML, like Gecko) Chrome/151.0.7922.173 Mobile Safari/537.36 (compatible; Googlebot/2.1; +http://www.google.com/bot.html)"
84.235.250.94 - - [01/Sep/2026:00:47:33 -0400] "GET /wp-content/plugins/translatepress-multilingual/readme.txt HTTP/1.1" 403 228 "-" "Mozilla/5.0 (Windows NT 10.0; Win64; x64) AppleWebKit/537.36 (KHTML, like Gecko) Chrome/126.0.0.0 Safari/537.36"
84.235.250.94 - - [01/Sep/2026:00:47:33 -0400] "GET /wp-content/plugins/translatepress/readme.txt HTTP/1.1" 403 228 "-" "Mozilla/5.0 (Windows NT 10.0; Win64; x64) AppleWebKit/537.36 (KHTML, like Gecko) Chrome/126.0.0.0 Safari/537.36"
104.247.76.75 - - [01/Sep/2026:00:47:34 -0400] "POST /wp-cron.php?doing_wp_cron=1788238054.1603090763092041015625 HTTP/1.1" 200 - "-" "WordPress/7.1; https://ekmtoronto.com"
84.235.250.94 - - [01/Sep/2026:00:47:33 -0400] "GET / HTTP/1.1" 200 38556 "-" "Mozilla/5.0 (Windows NT 10.0; Win64; x64) AppleWebKit/537.36 (KHTML, like Gecko) Chrome/126.0.0.0 Safari/537.36"
66.249.65.135 - - [01/Sep/2026:00:47:43 -0400] "GET /?k=3079382310811 HTTP/1.1" 200 38571 "-" "Mozilla/5.0 (Linux; Android 6.0.1; Nexus 5X Build/MMB29P) AppleWebKit/537.36 (KHTML, like Gecko) Chrome/151.0.7922.173 Mobile Safari/537.36 (compatible; Googlebot/2.1; +http://www.google.com/bot.html)"
66.249.65.134 - - [01/Sep/2026:00:47:44 -0400] "GET /?sale/search/detail/?ITMCODE=p8r6o8c9e9s27794 HTTP/1.1" 301 - "-" "Mozilla/5.0 (Linux; Android 6.0.1; Nexus 5X Build/MMB29P) AppleWebKit/537.36 (KHTML, like Gecko) Chrome/151.0.7922.173 Mobile Safari/537.36 (compatible; Googlebot/2.1; +http://www.google.com/bot.html)"
66.249.65.134 - - [01/Sep/2026:00:47:45 -0400] "GET /?sale%2Fsearch%2Fdetail%2F%3FITMCODE=p8r6o8c9e9s27794 HTTP/1.1" 200 38609 "-" "Mozilla/5.0 (Linux; Android 6.0.1; Nexus 5X Build/MMB29P) AppleWebKit/537.36 (KHTML, like Gecko) Chrome/151.0.7922.173 Mobile Safari/537.36 (compatible; Googlebot/2.1; +http://www.google.com/bot.html)"
66.249.65.135 - - [01/Sep/2026:00:47:57 -0400] "GET /wp-includes/js/jquery/jquery-migrate.min.js?ver=3.4.1 HTTP/1.1" 200 4872 "https://ekmtoronto.com/?k=3079382310811" "Mozilla/5.0 (Linux; Android 6.0.1; Nexus 5X Build/MMB29P) AppleWebKit/537.36 (KHTML, like Gecko) Chrome/151.0.7922.173 Mobile Safari/537.36 (compatible; Googlebot/2.1; +http://www.google.com/bot.html)"
104.247.76.75 - - [01/Sep/2026:00:48:10 -0400] "POST /wp-cron.php?doing_wp_cron=1788238090.2507009506225585937500 HTTP/1.1" 200 - "-" "WordPress/7.1; https://ekmtoronto.com"
66.249.65.135 - - [01/Sep/2026:00:48:09 -0400] "GET /?k=31614125518805 HTTP/1.1" 200 38571 "-" "Mozilla/5.0 (Linux; Android 6.0.1; Nexus 5X Build/MMB29P) AppleWebKit/537.36 (KHTML, like Gecko) Chrome/151.0.7922.173 Mobile Safari/537.36 (compatible; Googlebot/2.1; +http://www.google.com/bot.html)"
66.249.65.135 - - [01/Sep/2026:00:48:46 -0400] "GET /?k=708908641605 HTTP/1.1" 200 38570 "-" "Mozilla/5.0 (Linux; Android 6.0.1; Nexus 5X Build/MMB29P) AppleWebKit/537.36 (KHTML, like Gecko) Chrome/151.0.7922.173 Mobile Safari/537.36 (compatible; Googlebot/2.1; +http://www.google.com/bot.html)"
66.249.65.134 - - [01/Sep/2026:00:48:51 -0400] "GET /wp-content/themes/Divi/includes/builder/feature/dynamic-assets/assets/js/jquery.fitvids.js?ver=4.27.8 HTTP/1.1" 200 1341 "https://ekmtoronto.com/?k=31614125518805" "Mozilla/5.0 (Linux; Android 6.0.1; Nexus 5X Build/MMB29P) AppleWebKit/537.36 (KHTML, like Gecko) Chrome/151.0.7922.173 Mobile Safari/537.36 (compatible; Googlebot/2.1; +http://www.google.com/bot.html)"
66.249.65.134 - - [01/Sep/2026:00:48:59 -0400] "GET /wp-content/themes/Divi/includes/builder/feature/dynamic-assets/assets/js/jquery.fitvids.js?ver=4.27.8 HTTP/1.1" 200 1341 "https://ekmtoronto.com/?k=708908641605" "Mozilla/5.0 (Linux; Android 6.0.1; Nexus 5X Build/MMB29P) AppleWebKit/537.36 (KHTML, like Gecko) Chrome/151.0.7922.173 Mobile Safari/537.36 (compatible; Googlebot/2.1; +http://www.google.com/bot.html)"
66.249.65.134 - - [01/Sep/2026:00:49:01 -0400] "GET /wp-includes/js/mediaelement/mediaelement-and-player.min.js?ver=4.2.17 HTTP/1.1" 200 38789 "https://ekmtoronto.com/?k=708908641605" "Mozilla/5.0 (Linux; Android 6.0.1; Nexus 5X Build/MMB29P) AppleWebKit/537.36 (KHTML, like Gecko) Chrome/151.0.7922.173 Mobile Safari/537.36 (compatible; Googlebot/2.1; +http://www.google.com/bot.html)"
66.249.65.134 - - [01/Sep/2026:00:49:17 -0400] "GET /wp-includes/js/mediaelement/mediaelementplayer-legacy.min.css?ver=4.2.17 HTTP/1.1" 200 2592 "https://ekmtoronto.com/?k=60857137244404" "Mozilla/5.0 (Linux; Android 6.0.1; Nexus 5X Build/MMB29P) AppleWebKit/537.36 (KHTML, like Gecko) Chrome/151.0.7922.173 Mobile Safari/537.36 (compatible; Googlebot/2.1; +http://www.google.com/bot.html)"
104.247.76.75 - - [01/Sep/2026:00:49:23 -0400] "POST /wp-cron.php?doing_wp_cron=1788238163.8282840251922607421875 HTTP/1.1" 200 - "-" "WordPress/7.1; https://ekmtoronto.com"
66.249.65.134 - - [01/Sep/2026:00:49:23 -0400] "GET /?sale/search/detail/?ITMCODE=w3a7n2t2a7g0e7097 HTTP/1.1" 301 - "-" "Mozilla/5.0 (Linux; Android 6.0.1; Nexus 5X Build/MMB29P) AppleWebKit/537.36 (KHTML, like Gecko) Chrome/151.0.7922.173 Mobile Safari/537.36 (compatible; Googlebot/2.1; +http://www.google.com/bot.html)"
66.249.65.134 - - [01/Sep/2026:00:49:24 -0400] "GET /?sale%2Fsearch%2Fdetail%2F%3FITMCODE=w3a7n2t2a7g0e7097 HTTP/1.1" 200 38610 "-" "Mozilla/5.0 (Linux; Android 6.0.1; Nexus 5X Build/MMB29P) AppleWebKit/537.36 (KHTML, like Gecko) Chrome/151.0.7922.173 Mobile Safari/537.36 (compatible; Googlebot/2.1; +http://www.google.com/bot.html)"
104.247.76.75 - - [01/Sep/2026:00:50:06 -0400] "POST /wp-cron.php?doing_wp_cron=1788238206.3433248996734619140625 HTTP/1.1" 200 - "-" "WordPress/7.1; https://ekmtoronto.com"
66.249.65.134 - - [01/Sep/2026:00:50:05 -0400] "GET /?k=65945180685204 HTTP/1.1" 200 38571 "-" "Mozilla/5.0 (Linux; Android 6.0.1; Nexus 5X Build/MMB29P) AppleWebKit/537.36 (KHTML, like Gecko) Chrome/151.0.7922.173 Mobile Safari/537.36 (compatible; Googlebot/2.1; +http://www.google.com/bot.html)"
66.249.65.135 - - [01/Sep/2026:00:50:07 -0400] "GET /?k=70127162917805 HTTP/1.1" 200 38571 "-" "Mozilla/5.0 (Linux; Android 6.0.1; Nexus 5X Build/MMB29P) AppleWebKit/537.36 (KHTML, like Gecko) Chrome/151.0.7922.173 Mobile Safari/537.36 (compatible; Googlebot/2.1; +http://www.google.com/bot.html)"
66.249.65.135 - - [01/Sep/2026:00:50:38 -0400] "GET /?k=64179159853601 HTTP/1.1" 200 38571 "-" "Mozilla/5.0 (Linux; Android 6.0.1; Nexus 5X Build/MMB29P) AppleWebKit/537.36 (KHTML, like Gecko) Chrome/151.0.7922.173 Mobile Safari/537.36 (compatible; Googlebot/2.1; +http://www.google.com/bot.html)"
66.249.65.136 - - [01/Sep/2026:00:51:13 -0400] "GET /wp-includes/js/jquery/jquery-migrate.min.js?ver=3.4.1 HTTP/1.1" 200 4872 "https://ekmtoronto.com/?k=1971257836801" "Mozilla/5.0 (Linux; Android 6.0.1; Nexus 5X Build/MMB29P) AppleWebKit/537.36 (KHTML, like Gecko) Chrome/151.0.7922.173 Mobile Safari/537.36 (compatible; Googlebot/2.1; +http://www.google.com/bot.html)"
104.247.76.75 - - [01/Sep/2026:00:51:30 -0400] "POST /wp-cron.php?doing_wp_cron=1788238290.1108660697937011718750 HTTP/1.1" 200 - "-" "WordPress/7.1; https://ekmtoronto.com"
66.249.65.135 - - [01/Sep/2026:00:51:29 -0400] "GET /?k=04155185891600 HTTP/1.1" 200 38571 "-" "Mozilla/5.0 (Linux; Android 6.0.1; Nexus 5X Build/MMB29P) AppleWebKit/537.36 (KHTML, like Gecko) Chrome/151.0.7922.173 Mobile Safari/537.36 (compatible; Googlebot/2.1; +http://www.google.com/bot.html)"
66.249.65.134 - - [01/Sep/2026:00:51:38 -0400] "GET /wp-content/themes/Divi/includes/builder/feature/dynamic-assets/assets/js/jquery.fitvids.js?ver=4.27.8 HTTP/1.1" 200 1341 "https://ekmtoronto.com/?k=64179159853601" "Mozilla/5.0 (Linux; Android 6.0.1; Nexus 5X Build/MMB29P) AppleWebKit/537.36 (KHTML, like Gecko) Chrome/151.0.7922.173 Mobile Safari/537.36 (compatible; Googlebot/2.1; +http://www.google.com/bot.html)"
66.249.65.134 - - [01/Sep/2026:00:51:41 -0400] "GET /wp-includes/js/jquery/jquery-migrate.min.js?ver=3.4.1 HTTP/1.1" 200 4872 "https://ekmtoronto.com/?k=04155185891600" "Mozilla/5.0 (Linux; Android 6.0.1; Nexus 5X Build/MMB29P) AppleWebKit/537.36 (KHTML, like Gecko) Chrome/151.0.7922.173 Mobile Safari/537.36 (compatible; Googlebot/2.1; +http://www.google.com/bot.html)"
104.247.76.75 - - [01/Sep/2026:00:52:47 -0400] "POST /wp-cron.php?doing_wp_cron=1788238367.6781489849090576171875 HTTP/1.1" 200 - "-" "WordPress/7.1; https://ekmtoronto.com"
142.93.1.232 - - [01/Sep/2026:00:52:47 -0400] "GET / HTTP/1.1" 200 38554 "-" "Mozilla/5.0 (Macintosh; Intel Mac OS X 10_15_7) AppleWebKit/537.36 (KHTML, like Gecko) Chrome/126.0.0.0 Safari/537.36"
142.93.1.232 - - [01/Sep/2026:00:52:47 -0400] "GET /events/ HTTP/1.1" 200 44673 "-" "Mozilla/5.0 (Macintosh; Intel Mac OS X 10_15_7) AppleWebKit/537.36 (KHTML, like Gecko) Chrome/126.0.0.0 Safari/537.36"
142.93.1.232 - - [01/Sep/2026:00:52:47 -0400] "GET /our-beliefs/ HTTP/1.1" 200 27152 "-" "Mozilla/5.0 (Macintosh; Intel Mac OS X 10_15_7) AppleWebKit/537.36 (KHTML, like Gecko) Chrome/126.0.0.0 Safari/537.36"
142.93.1.232 - - [01/Sep/2026:00:52:47 -0400] "GET /give/ HTTP/1.1" 200 39422 "-" "Mozilla/5.0 (Macintosh; Intel Mac OS X 10_15_7) AppleWebKit/537.36 (KHTML, like Gecko) Chrome/126.0.0.0 Safari/537.36"
142.93.1.232 - - [01/Sep/2026:00:52:48 -0400] "GET /feed/ HTTP/1.1" 200 3718 "-" "Mozilla/5.0 (Macintosh; Intel Mac OS X 10_15_7) AppleWebKit/537.36 (KHTML, like Gecko) Chrome/126.0.0.0 Safari/537.36"
66.249.65.135 - - [01/Sep/2026:00:52:51 -0400] "GET /?k=2207749664002 HTTP/1.1" 200 38571 "-" "Mozilla/5.0 (Linux; Android 6.0.1; Nexus 5X Build/MMB29P) AppleWebKit/537.36 (KHTML, like Gecko) Chrome/151.0.7922.173 Mobile Safari/537.36 (compatible; Googlebot/2.1; +http://www.google.com/bot.html)"
104.247.76.75 - - [01/Sep/2026:00:53:11 -0400] "POST /wp-cron.php?doing_wp_cron=1788238391.7075650691986083984375 HTTP/1.1" 200 - "-" "WordPress/7.1; https://ekmtoronto.com"
66.249.65.135 - - [01/Sep/2026:00:53:11 -0400] "GET /?k=9246883544406 HTTP/1.1" 200 38571 "-" "Mozilla/5.0 (Linux; Android 6.0.1; Nexus 5X Build/MMB29P) AppleWebKit/537.36 (KHTML, like Gecko) Chrome/151.0.7922.173 Mobile Safari/537.36 (compatible; Googlebot/2.1; +http://www.google.com/bot.html)"
66.249.65.135 - - [01/Sep/2026:00:53:46 -0400] "GET /?sale/search/detail/?ITMCODE=c5l3a9u8s3832096 HTTP/1.1" 301 - "-" "Mozilla/5.0 (Linux; Android 6.0.1; Nexus 5X Build/MMB29P) AppleWebKit/537.36 (KHTML, like Gecko) Chrome/151.0.7922.173 Mobile Safari/537.36 (compatible; Googlebot/2.1; +http://www.google.com/bot.html)"
66.249.65.135 - - [01/Sep/2026:00:53:47 -0400] "GET /?sale%2Fsearch%2Fdetail%2F%3FITMCODE=c5l3a9u8s3832096 HTTP/1.1" 200 38610 "-" "Mozilla/5.0 (Linux; Android 6.0.1; Nexus 5X Build/MMB29P) AppleWebKit/537.36 (KHTML, like Gecko) Chrome/151.0.7922.173 Mobile Safari/537.36 (compatible; Googlebot/2.1; +http://www.google.com/bot.html)"
66.249.65.134 - - [01/Sep/2026:00:53:48 -0400] "GET /?sale/search/detail/?ITMCODE=c1y6r1e8n3a4i7c2u4s HTTP/1.1" 301 - "-" "Mozilla/5.0 (Linux; Android 6.0.1; Nexus 5X Build/MMB29P) AppleWebKit/537.36 (KHTML, like Gecko) Chrome/151.0.7922.173 Mobile Safari/537.36 (compatible; Googlebot/2.1; +http://www.google.com/bot.html)"
66.249.65.135 - - [01/Sep/2026:00:53:49 -0400] "GET /?sale%2Fsearch%2Fdetail%2F%3FITMCODE=c1y6r1e8n3a4i7c2u4s HTTP/1.1" 200 38612 "-" "Mozilla/5.0 (Linux; Android 6.0.1; Nexus 5X Build/MMB29P) AppleWebKit/537.36 (KHTML, like Gecko) Chrome/151.0.7922.173 Mobile Safari/537.36 (compatible; Googlebot/2.1; +http://www.google.com/bot.html)"
104.247.76.75 - - [01/Sep/2026:00:54:24 -0400] "POST /wp-cron.php?doing_wp_cron=1788238464.3409850597381591796875 HTTP/1.1" 200 - "-" "WordPress/7.1; https://ekmtoronto.com"
66.249.65.136 - - [01/Sep/2026:00:54:23 -0400] "GET /?k=7970296153207 HTTP/1.1" 200 38570 "-" "Mozilla/5.0 (Linux; Android 6.0.1; Nexus 5X Build/MMB29P) AppleWebKit/537.36 (KHTML, like Gecko) Chrome/151.0.7922.173 Mobile Safari/537.36 (compatible; Googlebot/2.1; +http://www.google.com/bot.html)"
66.249.65.134 - - [01/Sep/2026:00:54:41 -0400] "GET /?sale/search/detail/?ITMCODE=e8a3r1t8h7b9a2n3k516 HTTP/1.1" 301 - "-" "Mozilla/5.0 (Linux; Android 6.0.1; Nexus 5X Build/MMB29P) AppleWebKit/537.36 (KHTML, like Gecko) Chrome/151.0.7922.173 Mobile Safari/537.36 (compatible; Googlebot/2.1; +http://www.google.com/bot.html)"
66.249.65.134 - - [01/Sep/2026:00:54:42 -0400] "GET /?sale%2Fsearch%2Fdetail%2F%3FITMCODE=e8a3r1t8h7b9a2n3k516 HTTP/1.1" 200 38613 "-" "Mozilla/5.0 (Linux; Android 6.0.1; Nexus 5X Build/MMB29P) AppleWebKit/537.36 (KHTML, like Gecko) Chrome/151.0.7922.173 Mobile Safari/537.36 (compatible; Googlebot/2.1; +http://www.google.com/bot.html)"
66.249.65.134 - - [01/Sep/2026:00:54:55 -0400] "GET /wp-includes/js/mediaelement/mediaelement-migrate.min.js?ver=7.1 HTTP/1.1" 200 540 "https://ekmtoronto.com/?k=7970296153207" "Mozilla/5.0 (Linux; Android 6.0.1; Nexus 5X Build/MMB29P) AppleWebKit/537.36 (KHTML, like Gecko) Chrome/151.0.7922.173 Mobile Safari/537.36 (compatible; Googlebot/2.1; +http://www.google.com/bot.html)"
66.249.65.134 - - [01/Sep/2026:00:54:56 -0400] "GET /wp-content/themes/Divi/js/scripts.min.js?ver=4.27.8 HTTP/1.1" 200 99754 "https://ekmtoronto.com/?k=7970296153207" "Mozilla/5.0 (Linux; Android 6.0.1; Nexus 5X Build/MMB29P) AppleWebKit/537.36 (KHTML, like Gecko) Chrome/151.0.7922.173 Mobile Safari/537.36 (compatible; Googlebot/2.1; +http://www.google.com/bot.html)"
66.249.65.134 - - [01/Sep/2026:00:54:57 -0400] "GET /wp-content/themes/Divi/includes/builder/feature/dynamic-assets/assets/js/jquery.fitvids.js?ver=4.27.8 HTTP/1.1" 200 1341 "https://ekmtoronto.com/?k=7970296153207" "Mozilla/5.0 (Linux; Android 6.0.1; Nexus 5X Build/MMB29P) AppleWebKit/537.36 (KHTML, like Gecko) Chrome/151.0.7922.173 Mobile Safari/537.36 (compatible; Googlebot/2.1; +http://www.google.com/bot.html)"
66.249.65.134 - - [01/Sep/2026:00:54:58 -0400] "GET /wp-includes/js/mediaelement/mediaelementplayer-legacy.min.css?ver=4.2.17 HTTP/1.1" 200 2592 "https://ekmtoronto.com/?k=7970296153207" "Mozilla/5.0 (Linux; Android 6.0.1; Nexus 5X Build/MMB29P) AppleWebKit/537.36 (KHTML, like Gecko) Chrome/151.0.7922.173 Mobile Safari/537.36 (compatible; Googlebot/2.1; +http://www.google.com/bot.html)"
104.247.76.75 - - [01/Sep/2026:00:55:01 -0400] "POST /wp-cron.php?doing_wp_cron=1788238501.8728539943695068359375 HTTP/1.1" 200 - "-" "WordPress/7.1; https://ekmtoronto.com"
66.249.65.136 - - [01/Sep/2026:00:55:01 -0400] "GET /?k=0076588842403 HTTP/1.1" 200 38571 "-" "Mozilla/5.0 (Linux; Android 6.0.1; Nexus 5X Build/MMB29P) AppleWebKit/537.36 (KHTML, like Gecko) Chrome/151.0.7922.173 Mobile Safari/537.36 (compatible; Googlebot/2.1; +http://www.google.com/bot.html)"
66.249.65.134 - - [01/Sep/2026:00:55:30 -0400] "GET /?k=89091116119800 HTTP/1.1" 200 38570 "-" "Mozilla/5.0 (Linux; Android 6.0.1; Nexus 5X Build/MMB29P) AppleWebKit/537.36 (KHTML, like Gecko) Chrome/151.0.7922.173 Mobile Safari/537.36 (compatible; Googlebot/2.1; +http://www.google.com/bot.html)"
66.249.65.134 - - [01/Sep/2026:00:55:38 -0400] "GET /?k=1121124846402 HTTP/1.1" 200 38570 "-" "Mozilla/5.0 (Linux; Android 6.0.1; Nexus 5X Build/MMB29P) AppleWebKit/537.36 (KHTML, like Gecko) Chrome/151.0.7922.173 Mobile Safari/537.36 (compatible; Googlebot/2.1; +http://www.google.com/bot.html)"
66.116.232.29 - - [01/Sep/2026:00:55:44 -0400] "GET /wp-json/wp/v2/users/me HTTP/1.1" 401 102 "-" "66.116.232.29"
66.249.65.134 - - [01/Sep/2026:00:55:52 -0400] "GET /wp-content/plugins/divi-overlays/assets/js/custom.js?ver=2.9.7.9 HTTP/1.1" 200 12334 "https://ekmtoronto.com/?k=0076588842403" "Mozilla/5.0 (Linux; Android 6.0.1; Nexus 5X Build/MMB29P) AppleWebKit/537.36 (KHTML, like Gecko) Chrome/151.0.7922.173 Mobile Safari/537.36 (compatible; Googlebot/2.1; +http://www.google.com/bot.html)"
66.249.65.134 - - [01/Sep/2026:00:55:54 -0400] "GET /wp-content/plugins/divi-overlays/assets/js/custom.js?ver=2.9.7.9 HTTP/1.1" 200 12334 "https://ekmtoronto.com/?k=1121124846402" "Mozilla/5.0 (Linux; Android 6.0.1; Nexus 5X Build/MMB29P) AppleWebKit/537.36 (KHTML, like Gecko) Chrome/151.0.7922.173 Mobile Safari/537.36 (compatible; Googlebot/2.1; +http://www.google.com/bot.html)"
104.247.76.75 - - [01/Sep/2026:00:56:16 -0400] "POST /wp-cron.php?doing_wp_cron=1788238576.7021000385284423828125 HTTP/1.1" 200 - "-" "WordPress/7.1; https://ekmtoronto.com"
66.249.65.136 - - [01/Sep/2026:00:56:16 -0400] "GET /?k=1826694782800 HTTP/1.1" 200 38570 "-" "Mozilla/5.0 (Linux; Android 6.0.1; Nexus 5X Build/MMB29P) AppleWebKit/537.36 (KHTML, like Gecko) Chrome/151.0.7922.173 Mobile Safari/537.36 (compatible; Googlebot/2.1; +http://www.google.com/bot.html)"
66.249.65.134 - - [01/Sep/2026:00:56:54 -0400] "GET /?sale/search/detail/?ITMCODE=w4h3i1t2e3w8o6o4d697 HTTP/1.1" 301 - "-" "Mozilla/5.0 (Linux; Android 6.0.1; Nexus 5X Build/MMB29P) AppleWebKit/537.36 (KHTML, like Gecko) Chrome/151.0.7922.173 Mobile Safari/537.36 (compatible; Googlebot/2.1; +http://www.google.com/bot.html)"
66.249.65.134 - - [01/Sep/2026:00:56:55 -0400] "GET /?sale%2Fsearch%2Fdetail%2F%3FITMCODE=w4h3i1t2e3w8o6o4d697 HTTP/1.1" 200 38613 "-" "Mozilla/5.0 (Linux; Android 6.0.1; Nexus 5X Build/MMB29P) AppleWebKit/537.36 (KHTML, like Gecko) Chrome/151.0.7922.173 Mobile Safari/537.36 (compatible; Googlebot/2.1; +http://www.google.com/bot.html)"
104.247.76.75 - - [01/Sep/2026:00:57:29 -0400] "POST /wp-cron.php?doing_wp_cron=1788238649.6094601154327392578125 HTTP/1.1" 200 - "-" "WordPress/7.1; https://ekmtoronto.com"
52.167.144.174 - - [01/Sep/2026:00:57:29 -0400] "GET /connect/ HTTP/1.1" 200 31896 "-" "Mozilla/5.0 AppleWebKit/537.36 (KHTML, like Gecko; compatible; bingbot/2.0; +http://www.bing.com/bingbot.htm) Chrome/116.0.1938.76 Safari/537.36"
66.249.65.134 - - [01/Sep/2026:00:57:31 -0400] "GET /?k=27860115068600 HTTP/1.1" 200 38570 "-" "Mozilla/5.0 (Linux; Android 6.0.1; Nexus 5X Build/MMB29P) AppleWebKit/537.36 (KHTML, like Gecko) Chrome/151.0.7922.173 Mobile Safari/537.36 (compatible; Googlebot/2.1; +http://www.google.com/bot.html)"
104.247.76.75 - - [01/Sep/2026:00:58:10 -0400] "POST /wp-cron.php?doing_wp_cron=1788238690.1596589088439941406250 HTTP/1.1" 200 - "-" "WordPress/7.1; https://ekmtoronto.com"
66.249.65.134 - - [01/Sep/2026:00:58:09 -0400] "GET /?k=60717120751003 HTTP/1.1" 200 38571 "-" "Mozilla/5.0 (Linux; Android 6.0.1; Nexus 5X Build/MMB29P) AppleWebKit/537.36 (KHTML, like Gecko) Chrome/151.0.7922.173 Mobile Safari/537.36 (compatible; Googlebot/2.1; +http://www.google.com/bot.html)"
66.249.65.135 - - [01/Sep/2026:00:58:20 -0400] "GET /wp-content/themes/Divi/js/scripts.min.js?ver=4.27.8 HTTP/1.1" 200 99754 "https://ekmtoronto.com/?k=60717120751003" "Mozilla/5.0 (Linux; Android 6.0.1; Nexus 5X Build/MMB29P) AppleWebKit/537.36 (KHTML, like Gecko) Chrome/151.0.7922.173 Mobile Safari/537.36 (compatible; Googlebot/2.1; +http://www.google.com/bot.html)"
66.249.65.134 - - [01/Sep/2026:00:58:46 -0400] "GET /?k=48040134246700 HTTP/1.1" 200 38570 "-" "Mozilla/5.0 (Linux; Android 6.0.1; Nexus 5X Build/MMB29P) AppleWebKit/537.36 (KHTML, like Gecko) Chrome/151.0.7922.173 Mobile Safari/537.36 (compatible; Googlebot/2.1; +http://www.google.com/bot.html)"
104.247.76.75 - - [01/Sep/2026:00:59:24 -0400] "POST /wp-cron.php?doing_wp_cron=1788238764.8044109344482421875000 HTTP/1.1" 200 - "-" "WordPress/7.1; https://ekmtoronto.com"
66.249.65.136 - - [01/Sep/2026:00:59:24 -0400] "GET /?k=7129959665202 HTTP/1.1" 200 38571 "-" "Mozilla/5.0 (Linux; Android 6.0.1; Nexus 5X Build/MMB29P) AppleWebKit/537.36 (KHTML, like Gecko) Chrome/151.0.7922.173 Mobile Safari/537.36 (compatible; Googlebot/2.1; +http://www.google.com/bot.html)"
104.247.76.75 - - [01/Sep/2026:01:00:01 -0400] "POST /wp-cron.php?doing_wp_cron=1788238801.4192199707031250000000 HTTP/1.1" 200 - "-" "WordPress/7.1; https://ekmtoronto.com"
66.249.65.136 - - [01/Sep/2026:01:00:01 -0400] "GET /?sale/search/detail/?ITMCODE=c0e2l4a9t6u9r4e5379 HTTP/1.1" 301 - "-" "Mozilla/5.0 (Linux; Android 6.0.1; Nexus 5X Build/MMB29P) AppleWebKit/537.36 (KHTML, like Gecko) Chrome/151.0.7922.173 Mobile Safari/537.36 (compatible; Googlebot/2.1; +http://www.google.com/bot.html)"
66.249.65.136 - - [01/Sep/2026:01:00:02 -0400] "GET /?sale%2Fsearch%2Fdetail%2F%3FITMCODE=c0e2l4a9t6u9r4e5379 HTTP/1.1" 200 38612 "-" "Mozilla/5.0 (Linux; Android 6.0.1; Nexus 5X Build/MMB29P) AppleWebKit/537.36 (KHTML, like Gecko) Chrome/151.0.7922.173 Mobile Safari/537.36 (compatible; Googlebot/2.1; +http://www.google.com/bot.html)"
104.247.76.75 - - [01/Sep/2026:01:01:07 -0400] "POST /wp-cron.php?doing_wp_cron=1788238867.4661281108856201171875 HTTP/1.1" 200 - "-" "WordPress/7.1; https://ekmtoronto.com"
66.249.65.134 - - [01/Sep/2026:01:01:07 -0400] "GET /?k=04993175470800 HTTP/1.1" 200 38570 "-" "Mozilla/5.0 (Linux; Android 6.0.1; Nexus 5X Build/MMB29P) AppleWebKit/537.36 (KHTML, like Gecko) Chrome/151.0.7922.173 Mobile Safari/537.36 (compatible; Googlebot/2.1; +http://www.google.com/bot.html)"
66.249.65.134 - - [01/Sep/2026:01:01:35 -0400] "GET /?k=2670231834802 HTTP/1.1" 200 38570 "-" "Mozilla/5.0 (Linux; Android 6.0.1; Nexus 5X Build/MMB29P) AppleWebKit/537.36 (KHTML, like Gecko) Chrome/151.0.7922.173 Mobile Safari/537.36 (compatible; Googlebot/2.1; +http://www.google.com/bot.html)"
66.249.65.134 - - [01/Sep/2026:01:01:55 -0400] "GET /?k=9227286676806 HTTP/1.1" 200 38570 "-" "Mozilla/5.0 (Linux; Android 6.0.1; Nexus 5X Build/MMB29P) AppleWebKit/537.36 (KHTML, like Gecko) Chrome/151.0.7922.173 Mobile Safari/537.36 (compatible; Googlebot/2.1; +http://www.google.com/bot.html)"
66.249.65.135 - - [01/Sep/2026:01:02:03 -0400] "GET /wp-content/plugins/divi-bars/assets/css/main.css?ver=1.9.6 HTTP/1.1" 200 2832 "https://ekmtoronto.com/?k=9227286676806" "Mozilla/5.0 (Linux; Android 6.0.1; Nexus 5X Build/MMB29P) AppleWebKit/537.36 (KHTML, like Gecko) Chrome/151.0.7922.173 Mobile Safari/537.36 (compatible; Googlebot/2.1; +http://www.google.com/bot.html)"
104.247.76.75 - - [01/Sep/2026:01:02:31 -0400] "POST /wp-cron.php?doing_wp_cron=1788238951.6933450698852539062500 HTTP/1.1" 200 - "-" "WordPress/7.1; https://ekmtoronto.com"
66.249.65.134 - - [01/Sep/2026:01:02:31 -0400] "GET /?k=18801156704001 HTTP/1.1" 200 38572 "-" "Mozilla/5.0 (Linux; Android 6.0.1; Nexus 5X Build/MMB29P) AppleWebKit/537.36 (KHTML, like Gecko) Chrome/151.0.7922.173 Mobile Safari/537.36 (compatible; Googlebot/2.1; +http://www.google.com/bot.html)"
66.249.65.134 - - [01/Sep/2026:01:02:35 -0400] "GET /?sale/search/detail/?ITMCODE=c4o1m8m0i2s2e6r9a0t3i0ng HTTP/1.1" 301 - "-" "Mozilla/5.0 (Linux; Android 6.0.1; Nexus 5X Build/MMB29P) AppleWebKit/537.36 (KHTML, like Gecko) Chrome/151.0.7922.173 Mobile Safari/537.36 (compatible; Googlebot/2.1; +http://www.google.com/bot.html)"
66.249.65.134 - - [01/Sep/2026:01:02:36 -0400] "GET /?sale%2Fsearch%2Fdetail%2F%3FITMCODE=c4o1m8m0i2s2e6r9a0t3i0ng HTTP/1.1" 200 38616 "-" "Mozilla/5.0 (Linux; Android 6.0.1; Nexus 5X Build/MMB29P) AppleWebKit/537.36 (KHTML, like Gecko) Chrome/151.0.7922.173 Mobile Safari/537.36 (compatible; Googlebot/2.1; +http://www.google.com/bot.html)"
104.247.76.75 - - [01/Sep/2026:01:03:10 -0400] "POST /wp-cron.php?doing_wp_cron=1788238990.0461170673370361328125 HTTP/1.1" 200 - "-" "WordPress/7.1; https://ekmtoronto.com"
66.249.65.136 - - [01/Sep/2026:01:03:09 -0400] "GET /?k=55088190844000 HTTP/1.1" 200 38571 "-" "Mozilla/5.0 (Linux; Android 6.0.1; Nexus 5X Build/MMB29P) AppleWebKit/537.36 (KHTML, like Gecko) Chrome/151.0.7922.173 Mobile Safari/537.36 (compatible; Googlebot/2.1; +http://www.google.com/bot.html)"
66.249.65.135 - - [01/Sep/2026:01:03:12 -0400] "GET /wp-content/plugins/divi-overlays/assets/js/custom.js?ver=2.9.7.9 HTTP/1.1" 200 12334 "https://ekmtoronto.com/?k=18801156704001" "Mozilla/5.0 (Linux; Android 6.0.1; Nexus 5X Build/MMB29P) AppleWebKit/537.36 (KHTML, like Gecko) Chrome/151.0.7922.173 Mobile Safari/537.36 (compatible; Googlebot/2.1; +http://www.google.com/bot.html)"
66.249.65.134 - - [01/Sep/2026:01:03:46 -0400] "GET /?sale/search/detail/?ITMCODE=c4o1m5m9i4n5g0l5i8n4g7 HTTP/1.1" 301 - "-" "Mozilla/5.0 (Linux; Android 6.0.1; Nexus 5X Build/MMB29P) AppleWebKit/537.36 (KHTML, like Gecko) Chrome/151.0.7922.173 Mobile Safari/537.36 (compatible; Googlebot/2.1; +http://www.google.com/bot.html)"
66.249.65.134 - - [01/Sep/2026:01:03:47 -0400] "GET /?sale%2Fsearch%2Fdetail%2F%3FITMCODE=c4o1m5m9i4n5g0l5i8n4g7 HTTP/1.1" 200 38615 "-" "Mozilla/5.0 (Linux; Android 6.0.1; Nexus 5X Build/MMB29P) AppleWebKit/537.36 (KHTML, like Gecko) Chrome/151.0.7922.173 Mobile Safari/537.36 (compatible; Googlebot/2.1; +http://www.google.com/bot.html)"
66.249.65.136 - - [01/Sep/2026:01:04:23 -0400] "GET /?k=95139179697202 HTTP/1.1" 200 38572 "-" "Mozilla/5.0 (Linux; Android 6.0.1; Nexus 5X Build/MMB29P) AppleWebKit/537.36 (KHTML, like Gecko) Chrome/151.0.7922.173 Mobile Safari/537.36 (compatible; Googlebot/2.1; +http://www.google.com/bot.html)"
162.14.66.219 - - [01/Sep/2026:01:04:26 -0400] "GET / HTTP/1.1" 200 38553 "http://ekmtoronto.com" "Mozilla/5.0 (iPhone; CPU iPhone OS 13_2_3 like Mac OS X) AppleWebKit/605.1.15 (KHTML, like Gecko) Version/13.0.3 Mobile/15E148 Safari/604.1"
