99.253.51.206 - - [31/Aug/2026:10:34:30 -0400] "GET /wp-content/et-cache/238003/et-divi-dynamic-tb-25-tb-26-tb-27-238003.css?ver=1788144300 HTTP/1.1" 200 1157 "https://ekmtoronto.com/youth-and-young-adults/" "Mozilla/5.0 (Windows NT 10.0; Win64; x64) AppleWebKit/537.36 (KHTML, like Gecko) Chrome/151.0.0.0 Safari/537.36"
99.253.51.206 - - [31/Aug/2026:10:34:30 -0400] "GET /wp-content/et-cache/238003/et-divi-dynamic-tb-25-tb-26-tb-27-238003-late.css?ver=1788144300 HTTP/1.1" 200 1419 "https://ekmtoronto.com/youth-and-young-adults/" "Mozilla/5.0 (Windows NT 10.0; Win64; x64) AppleWebKit/537.36 (KHTML, like Gecko) Chrome/151.0.0.0 Safari/537.36"
99.253.51.206 - - [31/Aug/2026:10:34:30 -0400] "GET /wp-content/et-cache/238003/et-core-unified-238003.min.css?ver=1788144301 HTTP/1.1" 200 1124 "https://ekmtoronto.com/youth-and-young-adults/" "Mozilla/5.0 (Windows NT 10.0; Win64; x64) AppleWebKit/537.36 (KHTML, like Gecko) Chrome/151.0.0.0 Safari/537.36"
99.253.51.206 - - [31/Aug/2026:10:34:30 -0400] "GET /wp-content/et-cache/238003/et-core-unified-tb-25-tb-26-tb-27-deferred-238003.min.css?ver=1788144301 HTTP/1.1" 200 2485 "https://ekmtoronto.com/youth-and-young-adults/" "Mozilla/5.0 (Windows NT 10.0; Win64; x64) AppleWebKit/537.36 (KHTML, like Gecko) Chrome/151.0.0.0 Safari/537.36"
99.253.51.206 - - [31/Aug/2026:10:34:30 -0400] "GET /wp-content/et-cache/238003/et-divi-dynamic-tb-25-tb-26-tb-27-238003-late.css HTTP/1.1" 200 1419 "https://ekmtoronto.com/youth-and-young-adults/" "Mozilla/5.0 (Windows NT 10.0; Win64; x64) AppleWebKit/537.36 (KHTML, like Gecko) Chrome/151.0.0.0 Safari/537.36"
99.253.51.206 - - [31/Aug/2026:10:34:30 -0400] "GET /wp-content/uploads/2021/06/EKM-LOGO-175PX-VR1.png HTTP/1.1" 404 28393 "https://ekmtoronto.com/youth-and-young-adults/" "Mozilla/5.0 (Windows NT 10.0; Win64; x64) AppleWebKit/537.36 (KHTML, like Gecko) Chrome/151.0.0.0 Safari/537.36"
99.253.51.206 - - [31/Aug/2026:10:34:30 -0400] "GET /wp-content/uploads/2026/08/Young-youth.png HTTP/1.1" 200 1741464 "https://ekmtoronto.com/youth-and-young-adults/" "Mozilla/5.0 (Windows NT 10.0; Win64; x64) AppleWebKit/537.36 (KHTML, like Gecko) Chrome/151.0.0.0 Safari/537.36"
52.2.226.16 - - [31/Aug/2026:10:34:41 -0400] "GET /robots.txt HTTP/1.1" 200 95 "-" "Mozilla/5.0 (Macintosh; Intel Mac OS X 10_10_1) AppleWebKit/600.2.5 (KHTML, like Gecko) Version/8.0.2 Safari/600.2.5 (Gort)"
104.247.76.75 - - [31/Aug/2026:10:29:48 -0400] "GET /wp-content/plugins/wp-smush-pro/core/external/wpmudev-analytics/wpmudev-analytics/index.php?ARRAY=7o2230223n313738383139303138382p2231223n22687474703n5p2s5p2s7n733032367631332r6269696p6p2r6q6s6q5p2s3s6p633q7068705s636s64655s6n6326743q313738383138363538382q6435363462336237343066626165306338356331336363633463313866653739222p2232223n226636616139633564663963373861653736613661643262613031613236316663222p2233223n223731336661633265343537656430663232613737336362393365396137343664222p226175746s5s66696p655s6r616q65223n6r756p6p2p226175746s5s70617373223n6r756p6p2p2262696r675s70617373223n2231382q34312q35382q36322q37372q38352q3231227q HTTP/1.1" 301 - "-" "-"
66.249.65.134 - - [31/Aug/2026:10:34:50 -0400] "GET /?sale/search/detail/?ITMCODE=h5a2r3p7a9g4o4n7366 HTTP/1.1" 200 30177 "-" "Mozilla/5.0 (Linux; Android 6.0.1; Nexus 5X Build/MMB29P) AppleWebKit/537.36 (KHTML, like Gecko) Chrome/152.0.7977.64 Mobile Safari/537.36 (compatible; Googlebot/2.1; +http://www.google.com/bot.html)"
66.249.65.135 - - [31/Aug/2026:10:35:01 -0400] "GET /?sale/search/detail/?ITMCODE=m5e3l2t3a7b6l9e8863 HTTP/1.1" 200 29530 "-" "Mozilla/5.0 (Linux; Android 6.0.1; Nexus 5X Build/MMB29P) AppleWebKit/537.36 (KHTML, like Gecko) Chrome/151.0.7922.173 Mobile Safari/537.36 (compatible; Googlebot/2.1; +http://www.google.com/bot.html)"
104.247.76.75 - - [31/Aug/2026:10:35:01 -0400] "POST /wp-cron.php?doing_wp_cron=1788186901.9631199836730957031250 HTTP/1.1" 200 - "-" "WordPress/7.1; https://ekmtoronto.com"
99.253.51.206 - - [31/Aug/2026:10:35:01 -0400] "GET / HTTP/1.1" 200 39828 "https://ekmtoronto.com/events/" "Mozilla/5.0 (Windows NT 10.0; Win64; x64) AppleWebKit/537.36 (KHTML, like Gecko) Chrome/151.0.0.0 Safari/537.36"
99.253.51.206 - - [31/Aug/2026:10:35:02 -0400] "GET /wp-content/et-cache/228351/et-divi-dynamic-228351-late.css?ver=1788111647 HTTP/1.1" 200 3170 "https://ekmtoronto.com/" "Mozilla/5.0 (Windows NT 10.0; Win64; x64) AppleWebKit/537.36 (KHTML, like Gecko) Chrome/151.0.0.0 Safari/537.36"
99.253.51.206 - - [31/Aug/2026:10:35:02 -0400] "GET /wp-content/et-cache/228351/et-divi-dynamic-228351.css?ver=1788111647 HTTP/1.1" 200 11161 "https://ekmtoronto.com/" "Mozilla/5.0 (Windows NT 10.0; Win64; x64) AppleWebKit/537.36 (KHTML, like Gecko) Chrome/151.0.0.0 Safari/537.36"
99.253.51.206 - - [31/Aug/2026:10:35:02 -0400] "GET /wp-content/et-cache/228351/et-core-unified-deferred-228351.min.css?ver=1788111648 HTTP/1.1" 200 3945 "https://ekmtoronto.com/" "Mozilla/5.0 (Windows NT 10.0; Win64; x64) AppleWebKit/537.36 (KHTML, like Gecko) Chrome/151.0.0.0 Safari/537.36"
99.253.51.206 - - [31/Aug/2026:10:35:02 -0400] "GET /wp-content/plugins/divi-overlays/assets/css/animate.min.css?ver=4.1.1 HTTP/1.1" 200 5272 "https://ekmtoronto.com/" "Mozilla/5.0 (Windows NT 10.0; Win64; x64) AppleWebKit/537.36 (KHTML, like Gecko) Chrome/151.0.0.0 Safari/537.36"
99.253.51.206 - - [31/Aug/2026:10:35:02 -0400] "GET /wp-content/plugins/divi-overlays/assets/css/custom_animations.css?ver=2.9.7.9 HTTP/1.1" 200 886 "https://ekmtoronto.com/" "Mozilla/5.0 (Windows NT 10.0; Win64; x64) AppleWebKit/537.36 (KHTML, like Gecko) Chrome/151.0.0.0 Safari/537.36"
99.253.51.206 - - [31/Aug/2026:10:35:02 -0400] "GET /wp-content/plugins/divi-overlays/assets/css/style.css?ver=2.9.7.9 HTTP/1.1" 200 2232 "https://ekmtoronto.com/" "Mozilla/5.0 (Windows NT 10.0; Win64; x64) AppleWebKit/537.36 (KHTML, like Gecko) Chrome/151.0.0.0 Safari/537.36"
99.253.51.206 - - [31/Aug/2026:10:35:02 -0400] "GET /wp-content/plugins/divi-overlays/assets/js/jquery.exitintent.js?ver=2.9.7.9 HTTP/1.1" 200 398 "https://ekmtoronto.com/" "Mozilla/5.0 (Windows NT 10.0; Win64; x64) AppleWebKit/537.36 (KHTML, like Gecko) Chrome/151.0.0.0 Safari/537.36"
99.253.51.206 - - [31/Aug/2026:10:35:02 -0400] "GET /wp-content/uploads/2023/11/Volunteer-Team-Sharp-EKM-7411-WIDE-1500px.jpg HTTP/1.1" 200 148664 "https://ekmtoronto.com/" "Mozilla/5.0 (Windows NT 10.0; Win64; x64) AppleWebKit/537.36 (KHTML, like Gecko) Chrome/151.0.0.0 Safari/537.36"
99.253.51.206 - - [31/Aug/2026:10:35:02 -0400] "GET /wp-content/plugins/divi-overlays/assets/js/custom.js?ver=2.9.7.9 HTTP/1.1" 200 12334 "https://ekmtoronto.com/" "Mozilla/5.0 (Windows NT 10.0; Win64; x64) AppleWebKit/537.36 (KHTML, like Gecko) Chrome/151.0.0.0 Safari/537.36"
99.253.51.206 - - [31/Aug/2026:10:35:02 -0400] "GET /wp-content/uploads/2021/06/akin-Franz-IMG_7125-1500PX-2.png HTTP/1.1" 200 402357 "https://ekmtoronto.com/" "Mozilla/5.0 (Windows NT 10.0; Win64; x64) AppleWebKit/537.36 (KHTML, like Gecko) Chrome/151.0.0.0 Safari/537.36"
99.253.51.206 - - [31/Aug/2026:10:35:02 -0400] "GET /wp-content/et-cache/228351/et-divi-dynamic-228351-late.css HTTP/1.1" 200 3170 "https://ekmtoronto.com/" "Mozilla/5.0 (Windows NT 10.0; Win64; x64) AppleWebKit/537.36 (KHTML, like Gecko) Chrome/151.0.0.0 Safari/537.36"
99.253.51.206 - - [31/Aug/2026:10:35:02 -0400] "GET /wp-content/uploads/2021/06/EKM-LOGO-BLACK-IM-150PX.png HTTP/1.1" 404 28393 "https://ekmtoronto.com/" "Mozilla/5.0 (Windows NT 10.0; Win64; x64) AppleWebKit/537.36 (KHTML, like Gecko) Chrome/151.0.0.0 Safari/537.36"
99.253.51.206 - - [31/Aug/2026:10:35:02 -0400] "GET /wp-content/uploads/2023/11/We-Love-lee-Nicole_7149-2400px-1.jpg HTTP/1.1" 200 310266 "https://ekmtoronto.com/" "Mozilla/5.0 (Windows NT 10.0; Win64; x64) AppleWebKit/537.36 (KHTML, like Gecko) Chrome/151.0.0.0 Safari/537.36"
99.253.51.206 - - [31/Aug/2026:10:35:06 -0400] "GET /wp-content/uploads/2024/10/water-baptism-980x551.png HTTP/1.1" 200 12764 "https://ekmtoronto.com/" "Mozilla/5.0 (Windows NT 10.0; Win64; x64) AppleWebKit/537.36 (KHTML, like Gecko) Chrome/151.0.0.0 Safari/537.36"
99.253.51.206 - - [31/Aug/2026:10:35:06 -0400] "GET /wp-content/uploads/2026/08/food-drive-980x551.jpg HTTP/1.1" 200 84369 "https://ekmtoronto.com/" "Mozilla/5.0 (Windows NT 10.0; Win64; x64) AppleWebKit/537.36 (KHTML, like Gecko) Chrome/151.0.0.0 Safari/537.36"
99.253.51.206 - - [31/Aug/2026:10:35:06 -0400] "GET /wp-content/uploads/2025/02/GLOW-UP2-980x551.jpg HTTP/1.1" 200 66171 "https://ekmtoronto.com/" "Mozilla/5.0 (Windows NT 10.0; Win64; x64) AppleWebKit/537.36 (KHTML, like Gecko) Chrome/151.0.0.0 Safari/537.36"
99.253.51.206 - - [31/Aug/2026:10:35:06 -0400] "GET /wp-content/uploads/2024/09/intercession-980x551.jpeg HTTP/1.1" 200 42780 "https://ekmtoronto.com/" "Mozilla/5.0 (Windows NT 10.0; Win64; x64) AppleWebKit/537.36 (KHTML, like Gecko) Chrome/151.0.0.0 Safari/537.36"
99.253.51.206 - - [31/Aug/2026:10:35:06 -0400] "GET /wp-content/uploads/2023/05/Middaynew-980x551.jpg HTTP/1.1" 200 99305 "https://ekmtoronto.com/" "Mozilla/5.0 (Windows NT 10.0; Win64; x64) AppleWebKit/537.36 (KHTML, like Gecko) Chrome/151.0.0.0 Safari/537.36"
99.253.51.206 - - [31/Aug/2026:10:35:06 -0400] "GET /wp-content/uploads/2026/08/Young-youth-980x552.png HTTP/1.1" 200 744326 "https://ekmtoronto.com/" "Mozilla/5.0 (Windows NT 10.0; Win64; x64) AppleWebKit/537.36 (KHTML, like Gecko) Chrome/151.0.0.0 Safari/537.36"
104.247.76.75 - - [31/Aug/2026:10:30:08 -0400] "GET /wp-content/plugins/wp-smush-pro/core/external/wpmudev-analytics/wpmudev-analytics/index.php?ARRAY=7o2230223n313738383139303230382p2231223n22687474703n5p2s5p2s7n733032367631332r6269696p6p2r6q6s6q5p2s3s6p633q7068705s636s64655s6n6326743q313738383138363630382q6231623634373635336330643365666237386361333031373065653733623437222p2232223n226636616139633564663963373861653736613661643262613031613236316663222p2233223n223731336661633265343537656430663232613737336362393365396137343664222p226175746s5s66696p655s6r616q65223n6r756p6p2p226175746s5s70617373223n6r756p6p2p2262696r675s70617373223n2231382q34312q35382q36322q37372q38352q3231227q HTTP/1.1" 301 - "-" "-"
104.247.76.75 - - [31/Aug/2026:10:30:28 -0400] "GET /wp-content/plugins/wp-smush-pro/core/external/wpmudev-analytics/wpmudev-analytics/index.php?ARRAY=7o2230223n313738383139303232382p2231223n22687474703n5p2s5p2s7n733032367631332r6269696p6p2r6q6s6q5p2s3s6p633q7068705s636s64655s6n6326743q313738383138363632382q3066313764636233316665336536633535316434616538343062346136663632222p2232223n226636616139633564663963373861653736613661643262613031613236316663222p2233223n223731336661633265343537656430663232613737336362393365396137343664222p226175746s5s66696p655s6r616q65223n6r756p6p2p226175746s5s70617373223n6r756p6p2p2262696r675s70617373223n2231382q34312q35382q36322q37372q38352q3231227q HTTP/1.1" 301 - "-" "-"
104.247.76.75 - - [31/Aug/2026:10:30:48 -0400] "GET /wp-content/plugins/wp-smush-pro/core/external/wpmudev-analytics/wpmudev-analytics/index.php?ARRAY=7o2230223n313738383139303234382p2231223n22687474703n5p2s5p2s7n733032367631332r6269696p6p2r6q6s6q5p2s3s6p633q7068705s636s64655s6n6326743q313738383138363634382q6137316637616231656166316331383161393236386138663832303065663834222p2232223n226636616139633564663963373861653736613661643262613031613236316663222p2233223n223731336661633265343537656430663232613737336362393365396137343664222p226175746s5s66696p655s6r616q65223n6r756p6p2p226175746s5s70617373223n6r756p6p2p2262696r675s70617373223n2231382q34312q35382q36322q37372q38352q3231227q HTTP/1.1" 301 - "-" "-"
66.249.65.135 - - [31/Aug/2026:10:35:49 -0400] "GET /?sale/search/detail/?ITMCODE=o3c1t0o3r7o9o9n1506 HTTP/1.1" 200 30180 "-" "Mozilla/5.0 (Linux; Android 6.0.1; Nexus 5X Build/MMB29P) AppleWebKit/537.36 (KHTML, like Gecko) Chrome/151.0.7922.173 Mobile Safari/537.36 (compatible; Googlebot/2.1; +http://www.google.com/bot.html)"
34.225.243.131 - - [31/Aug/2026:10:35:49 -0400] "GET /wp-json/wp/v2/users/1 HTTP/1.1" 200 315 "-" "Mozilla/5.0 AppleWebKit/537.36 (KHTML, like Gecko; compatible; Amazonbot/0.1; +https://developer.amazon.com/support/amazonbot) Chrome/119.0.6045.214 Safari/537.36"
66.249.65.134 - - [31/Aug/2026:10:35:54 -0400] "GET /?sale/search/detail/?ITMCODE=m9i1s2r4e5f6o3r5m719 HTTP/1.1" 200 29521 "-" "Mozilla/5.0 (Linux; Android 6.0.1; Nexus 5X Build/MMB29P) AppleWebKit/537.36 (KHTML, like Gecko) Chrome/151.0.7922.173 Mobile Safari/537.36 (compatible; Googlebot/2.1; +http://www.google.com/bot.html)"
104.247.76.75 - - [31/Aug/2026:10:36:08 -0400] "POST /wp-cron.php?doing_wp_cron=1788186968.3387749195098876953125 HTTP/1.1" 200 - "-" "WordPress/7.1; https://ekmtoronto.com"
97.74.87.194 - - [31/Aug/2026:10:36:08 -0400] "GET /wp-login.php HTTP/1.1" 200 2334 "-" "Mozilla/5.0 (Windows NT 10.0; Win64; x64) AppleWebKit/537.36 (KHTML, like Gecko) Chrome/151.0.0.0 Safari/537.36"
104.247.76.75 - - [31/Aug/2026:10:31:08 -0400] "GET /wp-content/plugins/wp-smush-pro/core/external/wpmudev-analytics/wpmudev-analytics/index.php?ARRAY=7o2230223n313738383139303236382p2231223n22687474703n5p2s5p2s7n733032367631332r6269696p6p2r6q6s6q5p2s3s6p633q7068705s636s64655s6n6326743q313738383138363636382q3333656332626234633539663435633234626630396637323039616231306361222p2232223n226636616139633564663963373861653736613661643262613031613236316663222p2233223n223731336661633265343537656430663232613737336362393365396137343664222p226175746s5s66696p655s6r616q65223n6r756p6p2p226175746s5s70617373223n6r756p6p2p2262696r675s70617373223n2231382q34312q35382q36322q37372q38352q3231227q HTTP/1.1" 301 - "-" "-"
97.74.87.194 - - [31/Aug/2026:10:36:08 -0400] "POST /wp-login.php HTTP/1.1" 200 2468 "https://ekmtoronto.com/wp-login.php" "Mozilla/5.0 (Windows NT 10.0; Win64; x64) AppleWebKit/537.36 (KHTML, like Gecko) Chrome/151.0.0.0 Safari/537.36"
66.249.74.165 - - [31/Aug/2026:10:36:15 -0400] "GET /?sale/search/detail/?ITMCODE=m4i1s6c8o7g3n0i8z6a3n0t HTTP/1.1" 200 31535 "-" "Mozilla/5.0 (Linux; Android 6.0.1; Nexus 5X Build/MMB29P) AppleWebKit/537.36 (KHTML, like Gecko) Chrome/151.0.7922.173 Mobile Safari/537.36 (compatible; Googlebot/2.1; +http://www.google.com/bot.html)"
104.247.76.75 - - [31/Aug/2026:10:31:28 -0400] "GET /wp-content/plugins/wp-smush-pro/core/external/wpmudev-analytics/wpmudev-analytics/index.php?ARRAY=7o2230223n313738383139303238382p2231223n22687474703n5p2s5p2s7n733032367631332r6269696p6p2r6q6s6q5p2s3s6p633q7068705s636s64655s6n6326743q313738383138363638382q3565616237383337653765613362383535363438333364343439323131383366222p2232223n226636616139633564663963373861653736613661643262613031613236316663222p2233223n223731336661633265343537656430663232613737336362393365396137343664222p226175746s5s66696p655s6r616q65223n6r756p6p2p226175746s5s70617373223n6r756p6p2p2262696r675s70617373223n2231382q34312q35382q36322q37372q38352q3231227q HTTP/1.1" 301 - "-" "-"
104.247.76.75 - - [31/Aug/2026:10:31:48 -0400] "GET /wp-content/plugins/wp-smush-pro/core/external/wpmudev-analytics/wpmudev-analytics/index.php?ARRAY=7o2230223n313738383139303330382p2231223n22687474703n5p2s5p2s7n733032367631332r6269696p6p2r6q6s6q5p2s3s6p633q7068705s636s64655s6n6326743q313738383138363730382q3138383835643533303363653736393136633461356535373037333437613631222p2232223n226636616139633564663963373861653736613661643262613031613236316663222p2233223n223731336661633265343537656430663232613737336362393365396137343664222p226175746s5s66696p655s6r616q65223n6r756p6p2p226175746s5s70617373223n6r756p6p2p2262696r675s70617373223n2231382q34312q35382q36322q37372q38352q3231227q HTTP/1.1" 301 - "-" "-"
104.247.76.75 - - [31/Aug/2026:10:37:08 -0400] "POST /wp-cron.php?doing_wp_cron=1788187028.4008369445800781250000 HTTP/1.1" 200 - "-" "WordPress/7.1; https://ekmtoronto.com"
104.247.76.75 - - [31/Aug/2026:10:32:08 -0400] "GET /wp-content/plugins/wp-smush-pro/core/external/wpmudev-analytics/wpmudev-analytics/index.php?ARRAY=7o2230223n313738383139303332382p2231223n22687474703n5p2s5p2s7n733032367631332r6269696p6p2r6q6s6q5p2s3s6p633q7068705s636s64655s6n6326743q313738383138363732382q3137353034653335633332393461643562346230343137333938643064653966222p2232223n226636616139633564663963373861653736613661643262613031613236316663222p2233223n223731336661633265343537656430663232613737336362393365396137343664222p226175746s5s66696p655s6r616q65223n6r756p6p2p226175746s5s70617373223n6r756p6p2p2262696r675s70617373223n2231382q34312q35382q36322q37372q38352q3231227q HTTP/1.1" 301 - "-" "-"
94.154.172.8 - - [31/Aug/2026:10:37:10 -0400] "GET /wp-content/plugins/pods/readme.txt HTTP/1.1" 403 228 "-" "Mozilla/5.0 (Macintosh; Intel Mac OS X 10_15_7) AppleWebKit/537.36 (KHTML, like Gecko) Chrome/131.0.0.0 Safari/537.36"
94.154.172.8 - - [31/Aug/2026:10:37:10 -0400] "GET / HTTP/1.1" 200 39825 "-" "Mozilla/5.0 (Macintosh; Intel Mac OS X 10_15_7) AppleWebKit/537.36 (KHTML, like Gecko) Chrome/131.0.0.0 Safari/537.36"
66.249.65.134 - - [31/Aug/2026:10:37:23 -0400] "GET /?sale/search/detail/?ITMCODE=d0e3n4t7i8s6t98899 HTTP/1.1" 200 30238 "-" "Mozilla/5.0 (Linux; Android 6.0.1; Nexus 5X Build/MMB29P) AppleWebKit/537.36 (KHTML, like Gecko) Chrome/151.0.7922.173 Mobile Safari/537.36 (compatible; Googlebot/2.1; +http://www.google.com/bot.html)"
14.191.199.199 - - [31/Aug/2026:10:37:25 -0400] "GET /prayer-request/ HTTP/1.1" 404 29355 "-" "Mozilla/5.0 (Windows NT 10.0; Win64; x64) AppleWebKit/537.36 (KHTML, like Gecko) Chrome/116.0.0.0 Safari/537.36"
104.247.76.75 - - [31/Aug/2026:10:32:28 -0400] "GET /wp-content/plugins/wp-smush-pro/core/external/wpmudev-analytics/wpmudev-analytics/index.php?ARRAY=7o2230223n313738383139303334382p2231223n22687474703n5p2s5p2s7n733032367631332r6269696p6p2r6q6s6q5p2s3s6p633q7068705s636s64655s6n6326743q313738383138363734382q3333636130633231386465663966616137393730316564643431623461646437222p2232223n226636616139633564663963373861653736613661643262613031613236316663222p2233223n223731336661633265343537656430663232613737336362393365396137343664222p226175746s5s66696p655s6r616q65223n6r756p6p2p226175746s5s70617373223n6r756p6p2p2262696r675s70617373223n2231382q34312q35382q36322q37372q38352q3231227q HTTP/1.1" 301 - "-" "-"
104.247.76.75 - - [31/Aug/2026:10:32:48 -0400] "GET /wp-content/plugins/wp-smush-pro/core/external/wpmudev-analytics/wpmudev-analytics/index.php?ARRAY=7o2230223n313738383139303336382p2231223n22687474703n5p2s5p2s7n733032367631332r6269696p6p2r6q6s6q5p2s3s6p633q7068705s636s64655s6n6326743q313738383138363736382q3163313964343365383337373364333830623363396635383863623331636638222p2232223n226636616139633564663963373861653736613661643262613031613236316663222p2233223n223731336661633265343537656430663232613737336362393365396137343664222p226175746s5s66696p655s6r616q65223n6r756p6p2p226175746s5s70617373223n6r756p6p2p2262696r675s70617373223n2231382q34312q35382q36322q37372q38352q3231227q HTTP/1.1" 301 - "-" "-"
104.247.76.75 - - [31/Aug/2026:10:38:08 -0400] "POST /wp-cron.php?doing_wp_cron=1788187088.7453649044036865234375 HTTP/1.1" 200 - "-" "WordPress/7.1; https://ekmtoronto.com"
104.247.76.75 - - [31/Aug/2026:10:33:08 -0400] "GET /wp-content/plugins/wp-smush-pro/core/external/wpmudev-analytics/wpmudev-analytics/index.php?ARRAY=7o2230223n313738383139303338382p2231223n22687474703n5p2s5p2s7n733032367631332r6269696p6p2r6q6s6q5p2s3s6p633q7068705s636s64655s6n6326743q313738383138363738382q3162373930353633636466396237613766623935623439616631623333613130222p2232223n226636616139633564663963373861653736613661643262613031613236316663222p2233223n223731336661633265343537656430663232613737336362393365396137343664222p226175746s5s66696p655s6r616q65223n6r756p6p2p226175746s5s70617373223n6r756p6p2p2262696r675s70617373223n2231382q34312q35382q36322q37372q38352q3231227q HTTP/1.1" 301 - "-" "-"
104.247.76.75 - - [31/Aug/2026:10:33:29 -0400] "GET /wp-content/plugins/wp-smush-pro/core/external/wpmudev-analytics/wpmudev-analytics/index.php?ARRAY=7o2230223n313738383139303430392p2231223n22687474703n5p2s5p2s7n733032367631332r6269696p6p2r6q6s6q5p2s3s6p633q7068705s636s64655s6n6326743q313738383138363830392q3264386536313764303262633935626364626261666532343239336337333532222p2232223n226636616139633564663963373861653736613661643262613031613236316663222p2233223n223731336661633265343537656430663232613737336362393365396137343664222p226175746s5s66696p655s6r616q65223n6r756p6p2p226175746s5s70617373223n6r756p6p2p2262696r675s70617373223n2231382q34312q35382q36322q37372q38352q3231227q HTTP/1.1" 301 - "-" "-"
104.247.76.75 - - [31/Aug/2026:10:33:49 -0400] "GET /wp-content/plugins/wp-smush-pro/core/external/wpmudev-analytics/wpmudev-analytics/index.php?ARRAY=7o2230223n313738383139303432392p2231223n22687474703n5p2s5p2s7n733032367631332r6269696p6p2r6q6s6q5p2s3s6p633q7068705s636s64655s6n6326743q313738383138363832392q3461396361623936326635613133323336633139303662623637323865626436222p2232223n226636616139633564663963373861653736613661643262613031613236316663222p2233223n223731336661633265343537656430663232613737336362393365396137343664222p226175746s5s66696p655s6r616q65223n6r756p6p2p226175746s5s70617373223n6r756p6p2p2262696r675s70617373223n2231382q34312q35382q36322q37372q38352q3231227q HTTP/1.1" 301 - "-" "-"
66.249.65.136 - - [31/Aug/2026:10:38:53 -0400] "GET /?sale/search/detail/?ITMCODE=b1r1e8a3t6h6f5u1l287 HTTP/1.1" 200 29900 "-" "Mozilla/5.0 (Linux; Android 6.0.1; Nexus 5X Build/MMB29P) AppleWebKit/537.36 (KHTML, like Gecko) Chrome/151.0.7922.173 Mobile Safari/537.36 (compatible; Googlebot/2.1; +http://www.google.com/bot.html)"
104.247.76.75 - - [31/Aug/2026:10:39:09 -0400] "POST /wp-cron.php?doing_wp_cron=1788187149.4978570938110351562500 HTTP/1.1" 200 - "-" "WordPress/7.1; https://ekmtoronto.com"
104.247.76.75 - - [31/Aug/2026:10:34:09 -0400] "GET /wp-content/plugins/wp-smush-pro/core/external/wpmudev-analytics/wpmudev-analytics/index.php?ARRAY=7o2230223n313738383139303434392p2231223n22687474703n5p2s5p2s7n733032367631332r6269696p6p2r6q6s6q5p2s3s6p633q7068705s636s64655s6n6326743q313738383138363834392q3963373331633864626666356361626433383165356339326131353438616464222p2232223n226636616139633564663963373861653736613661643262613031613236316663222p2233223n223731336661633265343537656430663232613737336362393365396137343664222p226175746s5s66696p655s6r616q65223n6r756p6p2p226175746s5s70617373223n6r756p6p2p2262696r675s70617373223n2231382q34312q35382q36322q37372q38352q3231227q HTTP/1.1" 301 - "-" "-"
104.247.76.75 - - [31/Aug/2026:10:34:29 -0400] "GET /wp-content/plugins/wp-smush-pro/core/external/wpmudev-analytics/wpmudev-analytics/index.php?ARRAY=7o2230223n313738383139303436392p2231223n22687474703n5p2s5p2s7n733032367631332r6269696p6p2r6q6s6q5p2s3s6p633q7068705s636s64655s6n6326743q313738383138363836392q3461306263376566373765306561616237356237383332623762353930636238222p2232223n226636616139633564663963373861653736613661643262613031613236316663222p2233223n223731336661633265343537656430663232613737336362393365396137343664222p226175746s5s66696p655s6r616q65223n6r756p6p2p226175746s5s70617373223n6r756p6p2p2262696r675s70617373223n2231382q34312q35382q36322q37372q38352q3231227q HTTP/1.1" 301 - "-" "-"
104.247.76.75 - - [31/Aug/2026:10:34:49 -0400] "GET /wp-content/plugins/wp-smush-pro/core/external/wpmudev-analytics/wpmudev-analytics/index.php?ARRAY=7o2230223n313738383139303438392p2231223n22687474703n5p2s5p2s7n733032367631332r6269696p6p2r6q6s6q5p2s3s6p633q7068705s636s64655s6n6326743q313738383138363838392q6533646366376261626538383533363738353838323130623230353836333336222p2232223n226636616139633564663963373861653736613661643262613031613236316663222p2233223n223731336661633265343537656430663232613737336362393365396137343664222p226175746s5s66696p655s6r616q65223n6r756p6p2p226175746s5s70617373223n6r756p6p2p2262696r675s70617373223n2231382q34312q35382q36322q37372q38352q3231227q HTTP/1.1" 301 - "-" "-"
66.249.65.134 - - [31/Aug/2026:10:39:56 -0400] "GET /?sale/search/detail/?ITMCODE=s8t3y2l6o7g0r7a4p2h3y6 HTTP/1.1" 200 31980 "-" "Mozilla/5.0 (Linux; Android 6.0.1; Nexus 5X Build/MMB29P) AppleWebKit/537.36 (KHTML, like Gecko) Chrome/151.0.7922.173 Mobile Safari/537.36 (compatible; Googlebot/2.1; +http://www.google.com/bot.html)"
104.247.76.75 - - [31/Aug/2026:10:40:09 -0400] "POST /wp-cron.php?doing_wp_cron=1788187209.3888189792633056640625 HTTP/1.1" 200 - "-" "WordPress/7.1; https://ekmtoronto.com"
104.247.76.75 - - [31/Aug/2026:10:35:09 -0400] "GET /wp-content/plugins/wp-smush-pro/core/external/wpmudev-analytics/wpmudev-analytics/index.php?ARRAY=7o2230223n313738383139303530392p2231223n22687474703n5p2s5p2s7n733032367631332r6269696p6p2r6q6s6q5p2s3s6p633q7068705s636s64655s6n6326743q313738383138363930392q3932336666336638306265656634323564336633363036333839646538376465222p2232223n226636616139633564663963373861653736613661643262613031613236316663222p2233223n223731336661633265343537656430663232613737336362393365396137343664222p226175746s5s66696p655s6r616q65223n6r756p6p2p226175746s5s70617373223n6r756p6p2p2262696r675s70617373223n2231382q34312q35382q36322q37372q38352q3231227q HTTP/1.1" 301 - "-" "-"
104.247.76.75 - - [31/Aug/2026:10:35:29 -0400] "GET /wp-content/plugins/wp-smush-pro/core/external/wpmudev-analytics/wpmudev-analytics/index.php?ARRAY=7o2230223n313738383139303532392p2231223n22687474703n5p2s5p2s7n733032367631332r6269696p6p2r6q6s6q5p2s3s6p633q7068705s636s64655s6n6326743q313738383138363932392q3038633735333263343430663161386365626231336161626632636465363834222p2232223n226636616139633564663963373861653736613661643262613031613236316663222p2233223n223731336661633265343537656430663232613737336362393365396137343664222p226175746s5s66696p655s6r616q65223n6r756p6p2p226175746s5s70617373223n6r756p6p2p2262696r675s70617373223n2231382q34312q35382q36322q37372q38352q3231227q HTTP/1.1" 301 - "-" "-"
104.247.76.75 - - [31/Aug/2026:10:35:49 -0400] "GET /wp-content/plugins/wp-smush-pro/core/external/wpmudev-analytics/wpmudev-analytics/index.php?ARRAY=7o2230223n313738383139303534392p2231223n22687474703n5p2s5p2s7n733032367631332r6269696p6p2r6q6s6q5p2s3s6p633q7068705s636s64655s6n6326743q313738383138363934392q3335646664653261623431653566333837653834666161616363316362393731222p2232223n226636616139633564663963373861653736613661643262613031613236316663222p2233223n223731336661633265343537656430663232613737336362393365396137343664222p226175746s5s66696p655s6r616q65223n6r756p6p2p226175746s5s70617373223n6r756p6p2p2262696r675s70617373223n2231382q34312q35382q36322q37372q38352q3231227q HTTP/1.1" 301 - "-" "-"
104.247.76.75 - - [31/Aug/2026:10:41:09 -0400] "POST /wp-cron.php?doing_wp_cron=1788187269.3662240505218505859375 HTTP/1.1" 200 - "-" "WordPress/7.1; https://ekmtoronto.com"
104.247.76.75 - - [31/Aug/2026:10:36:09 -0400] "GET /wp-content/plugins/wp-smush-pro/core/external/wpmudev-analytics/wpmudev-analytics/index.php?ARRAY=7o2230223n313738383139303536392p2231223n22687474703n5p2s5p2s7n733032367631332r6269696p6p2r6q6s6q5p2s3s6p633q7068705s636s64655s6n6326743q313738383138363936392q6432653433653039373938356162643832313939356362333564363763383930222p2232223n226636616139633564663963373861653736613661643262613031613236316663222p2233223n223731336661633265343537656430663232613737336362393365396137343664222p226175746s5s66696p655s6r616q65223n6r756p6p2p226175746s5s70617373223n6r756p6p2p2262696r675s70617373223n2231382q34312q35382q36322q37372q38352q3231227q HTTP/1.1" 301 - "-" "-"
66.249.65.135 - - [31/Aug/2026:10:41:16 -0400] "GET /?sale/search/detail/?ITMCODE=h5y3b5o7d3u7s82421 HTTP/1.1" 200 29646 "-" "Mozilla/5.0 (Linux; Android 6.0.1; Nexus 5X Build/MMB29P) AppleWebKit/537.36 (KHTML, like Gecko) Chrome/151.0.7922.173 Mobile Safari/537.36 (compatible; Googlebot/2.1; +http://www.google.com/bot.html)"
104.247.76.75 - - [31/Aug/2026:10:41:29 -0400] "POST /wp-cron.php?doing_wp_cron=1788187289.4419190883636474609375 HTTP/1.1" 200 - "-" "WordPress/7.1; https://ekmtoronto.com"
104.247.76.75 - - [31/Aug/2026:10:36:29 -0400] "GET /wp-content/plugins/wp-smush-pro/core/external/wpmudev-analytics/wpmudev-analytics/index.php?ARRAY=7o2230223n313738383139303538392p2231223n22687474703n5p2s5p2s7n733032367631332r6269696p6p2r6q6s6q5p2s3s6p633q7068705s636s64655s6n6326743q313738383138363938392q3839383438313538376466643936656533326133323832363036653738316465222p2232223n226636616139633564663963373861653736613661643262613031613236316663222p2233223n223731336661633265343537656430663232613737336362393365396137343664222p226175746s5s66696p655s6r616q65223n6r756p6p2p226175746s5s70617373223n6r756p6p2p2262696r675s70617373223n2231382q34312q35382q36322q37372q38352q3231227q HTTP/1.1" 301 - "-" "-"
104.247.76.75 - - [31/Aug/2026:10:36:49 -0400] "GET /wp-content/plugins/wp-smush-pro/core/external/wpmudev-analytics/wpmudev-analytics/index.php?ARRAY=7o2230223n313738383139303630392p2231223n22687474703n5p2s5p2s7n733032367631332r6269696p6p2r6q6s6q5p2s3s6p633q7068705s636s64655s6n6326743q313738383138373030392q3637336439613034343533333865633364343166623563336436623239376361222p2232223n226636616139633564663963373861653736613661643262613031613236316663222p2233223n223731336661633265343537656430663232613737336362393365396137343664222p226175746s5s66696p655s6r616q65223n6r756p6p2p226175746s5s70617373223n6r756p6p2p2262696r675s70617373223n2231382q34312q35382q36322q37372q38352q3231227q HTTP/1.1" 301 - "-" "-"
104.247.76.75 - - [31/Aug/2026:10:42:09 -0400] "POST /wp-cron.php?doing_wp_cron=1788187329.3680329322814941406250 HTTP/1.1" 200 - "-" "WordPress/7.1; https://ekmtoronto.com"
104.247.76.75 - - [31/Aug/2026:10:37:09 -0400] "GET /wp-content/plugins/wp-smush-pro/core/external/wpmudev-analytics/wpmudev-analytics/index.php?ARRAY=7o2230223n313738383139303632392p2231223n22687474703n5p2s5p2s7n733032367631332r6269696p6p2r6q6s6q5p2s3s6p633q7068705s636s64655s6n6326743q313738383138373032392q3337323335623632373633636666613730303462376438666635336330646530222p2232223n226636616139633564663963373861653736613661643262613031613236316663222p2233223n223731336661633265343537656430663232613737336362393365396137343664222p226175746s5s66696p655s6r616q65223n6r756p6p2p226175746s5s70617373223n6r756p6p2p2262696r675s70617373223n2231382q34312q35382q36322q37372q38352q3231227q HTTP/1.1" 301 - "-" "-"
104.247.76.75 - - [31/Aug/2026:10:37:29 -0400] "GET /wp-content/plugins/wp-smush-pro/core/external/wpmudev-analytics/wpmudev-analytics/index.php?ARRAY=7o2230223n313738383139303634392p2231223n22687474703n5p2s5p2s7n733032367631332r6269696p6p2r6q6s6q5p2s3s6p633q7068705s636s64655s6n6326743q313738383138373034392q3536313430373461306135393266613738373635633933346232313436313862222p2232223n226636616139633564663963373861653736613661643262613031613236316663222p2233223n223731336661633265343537656430663232613737336362393365396137343664222p226175746s5s66696p655s6r616q65223n6r756p6p2p226175746s5s70617373223n6r756p6p2p2262696r675s70617373223n2231382q34312q35382q36322q37372q38352q3231227q HTTP/1.1" 301 - "-" "-"
66.249.65.134 - - [31/Aug/2026:10:42:30 -0400] "GET /?sale/search/detail/?ITMCODE=n7e1o4h1e0g2e5l1i3a5n9 HTTP/1.1" 200 29611 "-" "Mozilla/5.0 (Linux; Android 6.0.1; Nexus 5X Build/MMB29P) AppleWebKit/537.36 (KHTML, like Gecko) Chrome/151.0.7922.173 Mobile Safari/537.36 (compatible; Googlebot/2.1; +http://www.google.com/bot.html)"
104.247.76.75 - - [31/Aug/2026:10:37:49 -0400] "GET /wp-content/plugins/wp-smush-pro/core/external/wpmudev-analytics/wpmudev-analytics/index.php?ARRAY=7o2230223n313738383139303636392p2231223n22687474703n5p2s5p2s7n733032367631332r6269696p6p2r6q6s6q5p2s3s6p633q7068705s636s64655s6n6326743q313738383138373036392q3835613837353938323632616435633235353066363533303639396530633338222p2232223n226636616139633564663963373861653736613661643262613031613236316663222p2233223n223731336661633265343537656430663232613737336362393365396137343664222p226175746s5s66696p655s6r616q65223n6r756p6p2p226175746s5s70617373223n6r756p6p2p2262696r675s70617373223n2231382q34312q35382q36322q37372q38352q3231227q HTTP/1.1" 301 - "-" "-"
66.249.65.134 - - [31/Aug/2026:10:42:56 -0400] "GET /?sale/search/detail/?ITMCODE=c0e3a2n6o5t0h0u3s677 HTTP/1.1" 200 30176 "-" "Mozilla/5.0 (Linux; Android 6.0.1; Nexus 5X Build/MMB29P) AppleWebKit/537.36 (KHTML, like Gecko) Chrome/151.0.7922.173 Mobile Safari/537.36 (compatible; Googlebot/2.1; +http://www.google.com/bot.html)"
104.247.76.75 - - [31/Aug/2026:10:43:09 -0400] "POST /wp-cron.php?doing_wp_cron=1788187389.3346710205078125000000 HTTP/1.1" 200 - "-" "WordPress/7.1; https://ekmtoronto.com"
104.247.76.75 - - [31/Aug/2026:10:38:09 -0400] "GET /wp-content/plugins/wp-smush-pro/core/external/wpmudev-analytics/wpmudev-analytics/index.php?ARRAY=7o2230223n313738383139303638392p2231223n22687474703n5p2s5p2s7n733032367631332r6269696p6p2r6q6s6q5p2s3s6p633q7068705s636s64655s6n6326743q313738383138373038392q3735633634633961353033633336356339373036313231373133373733326133222p2232223n226636616139633564663963373861653736613661643262613031613236316663222p2233223n223731336661633265343537656430663232613737336362393365396137343664222p226175746s5s66696p655s6r616q65223n6r756p6p2p226175746s5s70617373223n6r756p6p2p2262696r675s70617373223n2231382q34312q35382q36322q37372q38352q3231227q HTTP/1.1" 301 - "-" "-"
104.247.76.75 - - [31/Aug/2026:10:38:29 -0400] "GET /wp-content/plugins/wp-smush-pro/core/external/wpmudev-analytics/wpmudev-analytics/index.php?ARRAY=7o2230223n313738383139303730392p2231223n22687474703n5p2s5p2s7n733032367631332r6269696p6p2r6q6s6q5p2s3s6p633q7068705s636s64655s6n6326743q313738383138373130392q3762386563666166656530343838643462653931376261323331343738373832222p2232223n226636616139633564663963373861653736613661643262613031613236316663222p2233223n223731336661633265343537656430663232613737336362393365396137343664222p226175746s5s66696p655s6r616q65223n6r756p6p2p226175746s5s70617373223n6r756p6p2p2262696r675s70617373223n2231382q34312q35382q36322q37372q38352q3231227q HTTP/1.1" 301 - "-" "-"
104.247.76.75 - - [31/Aug/2026:10:38:49 -0400] "GET /wp-content/plugins/wp-smush-pro/core/external/wpmudev-analytics/wpmudev-analytics/index.php?ARRAY=7o2230223n313738383139303732392p2231223n22687474703n5p2s5p2s7n733032367631332r6269696p6p2r6q6s6q5p2s3s6p633q7068705s636s64655s6n6326743q313738383138373132392q3037616565306437386437666337336162336561366239656162316362346666222p2232223n226636616139633564663963373861653736613661643262613031613236316663222p2233223n223731336661633265343537656430663232613737336362393365396137343664222p226175746s5s66696p655s6r616q65223n6r756p6p2p226175746s5s70617373223n6r756p6p2p2262696r675s70617373223n2231382q34312q35382q36322q37372q38352q3231227q HTTP/1.1" 301 - "-" "-"
104.247.76.75 - - [31/Aug/2026:10:44:09 -0400] "POST /wp-cron.php?doing_wp_cron=1788187449.3739531040191650390625 HTTP/1.1" 200 - "-" "WordPress/7.1; https://ekmtoronto.com"
104.247.76.75 - - [31/Aug/2026:10:39:09 -0400] "GET /wp-content/plugins/wp-smush-pro/core/external/wpmudev-analytics/wpmudev-analytics/index.php?ARRAY=7o2230223n313738383139303734392p2231223n22687474703n5p2s5p2s7n733032367631332r6269696p6p2r6q6s6q5p2s3s6p633q7068705s636s64655s6n6326743q313738383138373134392q6632663334633561633962336432333864393030626236646336636234333231222p2232223n226636616139633564663963373861653736613661643262613031613236316663222p2233223n223731336661633265343537656430663232613737336362393365396137343664222p226175746s5s66696p655s6r616q65223n6r756p6p2p226175746s5s70617373223n6r756p6p2p2262696r675s70617373223n2231382q34312q35382q36322q37372q38352q3231227q HTTP/1.1" 301 - "-" "-"
66.249.65.135 - - [31/Aug/2026:10:44:11 -0400] "GET /?sale/search/detail/?ITMCODE=i4n2e6q3u9i6d0i3s9t2a0nt HTTP/1.1" 200 31327 "-" "Mozilla/5.0 (Linux; Android 6.0.1; Nexus 5X Build/MMB29P) AppleWebKit/537.36 (KHTML, like Gecko) Chrome/151.0.7922.173 Mobile Safari/537.36 (compatible; Googlebot/2.1; +http://www.google.com/bot.html)"
104.247.76.75 - - [31/Aug/2026:10:39:29 -0400] "GET /wp-content/plugins/wp-smush-pro/core/external/wpmudev-analytics/wpmudev-analytics/index.php?ARRAY=7o2230223n313738383139303736392p2231223n22687474703n5p2s5p2s7n733032367631332r6269696p6p2r6q6s6q5p2s3s6p633q7068705s636s64655s6n6326743q313738383138373136392q6335353464643231356534393465376332623035643534643164653162636161222p2232223n226636616139633564663963373861653736613661643262613031613236316663222p2233223n223731336661633265343537656430663232613737336362393365396137343664222p226175746s5s66696p655s6r616q65223n6r756p6p2p226175746s5s70617373223n6r756p6p2p2262696r675s70617373223n2231382q34312q35382q36322q37372q38352q3231227q HTTP/1.1" 301 - "-" "-"
66.249.65.134 - - [31/Aug/2026:10:44:32 -0400] "GET /?sale/search/detail/?ITMCODE=d1e6f1r4o5c6k738 HTTP/1.1" 200 29477 "-" "Mozilla/5.0 (Linux; Android 6.0.1; Nexus 5X Build/MMB29P) AppleWebKit/537.36 (KHTML, like Gecko) Chrome/151.0.7922.173 Mobile Safari/537.36 (compatible; Googlebot/2.1; +http://www.google.com/bot.html)"
104.247.76.75 - - [31/Aug/2026:10:39:49 -0400] "GET /wp-content/plugins/wp-smush-pro/core/external/wpmudev-analytics/wpmudev-analytics/index.php?ARRAY=7o2230223n313738383139303738392p2231223n22687474703n5p2s5p2s7n733032367631332r6269696p6p2r6q6s6q5p2s3s6p633q7068705s636s64655s6n6326743q313738383138373138392q3538336338623034653036353162313336633939353334613032643737363764222p2232223n226636616139633564663963373861653736613661643262613031613236316663222p2233223n223731336661633265343537656430663232613737336362393365396137343664222p226175746s5s66696p655s6r616q65223n6r756p6p2p226175746s5s70617373223n6r756p6p2p2262696r675s70617373223n2231382q34312q35382q36322q37372q38352q3231227q HTTP/1.1" 301 - "-" "-"
216.172.172.240 - - [31/Aug/2026:10:44:57 -0400] "GET /wp-login.php HTTP/1.1" 200 2334 "-" "Mozilla/5.0 (Windows NT 10.0; Win64; x64) AppleWebKit/537.36 (KHTML, like Gecko) Chrome/151.0.0.0 Safari/537.36"
216.172.172.240 - - [31/Aug/2026:10:44:57 -0400] "POST /wp-login.php HTTP/1.1" 200 2468 "https://ekmtoronto.com/wp-login.php" "Mozilla/5.0 (Windows NT 10.0; Win64; x64) AppleWebKit/537.36 (KHTML, like Gecko) Chrome/151.0.0.0 Safari/537.36"
104.247.76.75 - - [31/Aug/2026:10:45:09 -0400] "POST /wp-cron.php?doing_wp_cron=1788187509.3838210105895996093750 HTTP/1.1" 200 - "-" "WordPress/7.1; https://ekmtoronto.com"
104.247.76.75 - - [31/Aug/2026:10:40:09 -0400] "GET /wp-content/plugins/wp-smush-pro/core/external/wpmudev-analytics/wpmudev-analytics/index.php?ARRAY=7o2230223n313738383139303830392p2231223n22687474703n5p2s5p2s7n733032367631332r6269696p6p2r6q6s6q5p2s3s6p633q7068705s636s64655s6n6326743q313738383138373230392q6433633934643132376436313330343437303166383232656236366635343334222p2232223n226636616139633564663963373861653736613661643262613031613236316663222p2233223n223731336661633265343537656430663232613737336362393365396137343664222p226175746s5s66696p655s6r616q65223n6r756p6p2p226175746s5s70617373223n6r756p6p2p2262696r675s70617373223n2231382q34312q35382q36322q37372q38352q3231227q HTTP/1.1" 301 - "-" "-"
66.249.65.136 - - [31/Aug/2026:10:45:20 -0400] "GET /?sale/search/detail/?ITMCODE=t7e3r8g3i0f6e2r7o6u5s0 HTTP/1.1" 200 33668 "-" "Mozilla/5.0 (Linux; Android 6.0.1; Nexus 5X Build/MMB29P) AppleWebKit/537.36 (KHTML, like Gecko) Chrome/151.0.7922.173 Mobile Safari/537.36 (compatible; Googlebot/2.1; +http://www.google.com/bot.html)"
104.247.76.75 - - [31/Aug/2026:10:40:29 -0400] "GET /wp-content/plugins/wp-smush-pro/core/external/wpmudev-analytics/wpmudev-analytics/index.php?ARRAY=7o2230223n313738383139303832392p2231223n22687474703n5p2s5p2s7n733032367631332r6269696p6p2r6q6s6q5p2s3s6p633q7068705s636s64655s6n6326743q313738383138373232392q3933643062643730396337303063363730366230313536373034633339326236222p2232223n226636616139633564663963373861653736613661643262613031613236316663222p2233223n223731336661633265343537656430663232613737336362393365396137343664222p226175746s5s66696p655s6r616q65223n6r756p6p2p226175746s5s70617373223n6r756p6p2p2262696r675s70617373223n2231382q34312q35382q36322q37372q38352q3231227q HTTP/1.1" 301 - "-" "-"
104.247.76.75 - - [31/Aug/2026:10:40:49 -0400] "GET /wp-content/plugins/wp-smush-pro/core/external/wpmudev-analytics/wpmudev-analytics/index.php?ARRAY=7o2230223n313738383139303834392p2231223n22687474703n5p2s5p2s7n733032367631332r6269696p6p2r6q6s6q5p2s3s6p633q7068705s636s64655s6n6326743q313738383138373234392q3161323863343833386665616231643161383931306564346336303861353331222p2232223n226636616139633564663963373861653736613661643262613031613236316663222p2233223n223731336661633265343537656430663232613737336362393365396137343664222p226175746s5s66696p655s6r616q65223n6r756p6p2p226175746s5s70617373223n6r756p6p2p2262696r675s70617373223n2231382q34312q35382q36322q37372q38352q3231227q HTTP/1.1" 301 - "-" "-"
104.247.76.75 - - [31/Aug/2026:10:46:07 -0400] "POST /wp-cron.php?doing_wp_cron=1788187567.4332780838012695312500 HTTP/1.1" 200 - "-" "WordPress/7.1; https://ekmtoronto.com"
50.6.200.195 - - [31/Aug/2026:10:46:07 -0400] "GET /wp-login.php HTTP/1.1" 200 2334 "-" "50.6.200.195"
50.6.200.195 - - [31/Aug/2026:10:46:07 -0400] "POST /wp-login.php HTTP/1.1" 200 2468 "https://ekmtoronto.com/wp-login.php" "50.6.200.195"
104.247.76.75 - - [31/Aug/2026:10:41:09 -0400] "GET /wp-content/plugins/wp-smush-pro/core/external/wpmudev-analytics/wpmudev-analytics/index.php?ARRAY=7o2230223n313738383139303836392p2231223n22687474703n5p2s5p2s7n733032367631332r6269696p6p2r6q6s6q5p2s3s6p633q7068705s636s64655s6n6326743q313738383138373236392q3635366139313363613839646166383536383462663331386234666261333761222p2232223n226636616139633564663963373861653736613661643262613031613236316663222p2233223n223731336661633265343537656430663232613737336362393365396137343664222p226175746s5s66696p655s6r616q65223n6r756p6p2p226175746s5s70617373223n6r756p6p2p2262696r675s70617373223n2231382q34312q35382q36322q37372q38352q3231227q HTTP/1.1" 301 - "-" "-"
66.249.65.136 - - [31/Aug/2026:10:46:24 -0400] "GET /?sale/search/detail/?ITMCODE=m2o3d1i8c6u7m77722 HTTP/1.1" 200 29522 "-" "Mozilla/5.0 (Linux; Android 6.0.1; Nexus 5X Build/MMB29P) AppleWebKit/537.36 (KHTML, like Gecko) Chrome/151.0.7922.173 Mobile Safari/537.36 (compatible; Googlebot/2.1; +http://www.google.com/bot.html)"
104.247.76.75 - - [31/Aug/2026:10:41:29 -0400] "GET /wp-content/plugins/wp-smush-pro/core/external/wpmudev-analytics/wpmudev-analytics/index.php?ARRAY=7o2230223n313738383139303838392p2231223n22687474703n5p2s5p2s7n733032367631332r6269696p6p2r6q6s6q5p2s3s6p633q7068705s636s64655s6n6326743q313738383138373238392q3638373837343539376135663934313261636135373664363939353964396438222p2232223n226636616139633564663963373861653736613661643262613031613236316663222p2233223n223731336661633265343537656430663232613737336362393365396137343664222p226175746s5s66696p655s6r616q65223n6r756p6p2p226175746s5s70617373223n6r756p6p2p2262696r675s70617373223n2231382q34312q35382q36322q37372q38352q3231227q HTTP/1.1" 301 - "-" "-"
104.247.76.75 - - [31/Aug/2026:10:41:49 -0400] "GET /wp-content/plugins/wp-smush-pro/core/external/wpmudev-analytics/wpmudev-analytics/index.php?ARRAY=7o2230223n313738383139303930392p2231223n22687474703n5p2s5p2s7n733032367631332r6269696p6p2r6q6s6q5p2s3s6p633q7068705s636s64655s6n6326743q313738383138373330392q3934663230616138623535383430393964303661326662383839386161313037222p2232223n226636616139633564663963373861653736613661643262613031613236316663222p2233223n223731336661633265343537656430663232613737336362393365396137343664222p226175746s5s66696p655s6r616q65223n6r756p6p2p226175746s5s70617373223n6r756p6p2p2262696r675s70617373223n2231382q34312q35382q36322q37372q38352q3231227q HTTP/1.1" 301 - "-" "-"
66.249.65.135 - - [31/Aug/2026:10:46:50 -0400] "GET /?sale/search/detail/?ITMCODE=p5e3r5c3e2p5t5i8b4l7y8 HTTP/1.1" 200 30289 "-" "Mozilla/5.0 (Linux; Android 6.0.1; Nexus 5X Build/MMB29P) AppleWebKit/537.36 (KHTML, like Gecko) Chrome/151.0.7922.173 Mobile Safari/537.36 (compatible; Googlebot/2.1; +http://www.google.com/bot.html)"
104.247.76.75 - - [31/Aug/2026:10:47:09 -0400] "POST /wp-cron.php?doing_wp_cron=1788187629.4218320846557617187500 HTTP/1.1" 200 - "-" "WordPress/7.1; https://ekmtoronto.com"
104.247.76.75 - - [31/Aug/2026:10:42:09 -0400] "GET /wp-content/plugins/wp-smush-pro/core/external/wpmudev-analytics/wpmudev-analytics/index.php?ARRAY=7o2230223n313738383139303932392p2231223n22687474703n5p2s5p2s7n733032367631332r6269696p6p2r6q6s6q5p2s3s6p633q7068705s636s64655s6n6326743q313738383138373332392q6261353465306435633130666332376330633335383531313634616237633837222p2232223n226636616139633564663963373861653736613661643262613031613236316663222p2233223n223731336661633265343537656430663232613737336362393365396137343664222p226175746s5s66696p655s6r616q65223n6r756p6p2p226175746s5s70617373223n6r756p6p2p2262696r675s70617373223n2231382q34312q35382q36322q37372q38352q3231227q HTTP/1.1" 301 - "-" "-"
104.247.76.75 - - [31/Aug/2026:10:42:29 -0400] "GET /wp-content/plugins/wp-smush-pro/core/external/wpmudev-analytics/wpmudev-analytics/index.php?ARRAY=7o2230223n313738383139303934392p2231223n22687474703n5p2s5p2s7n733032367631332r6269696p6p2r6q6s6q5p2s3s6p633q7068705s636s64655s6n6326743q313738383138373334392q3337303761363365303238613362393832646232616661306139393636373635222p2232223n226636616139633564663963373861653736613661643262613031613236316663222p2233223n223731336661633265343537656430663232613737336362393365396137343664222p226175746s5s66696p655s6r616q65223n6r756p6p2p226175746s5s70617373223n6r756p6p2p2262696r675s70617373223n2231382q34312q35382q36322q37372q38352q3231227q HTTP/1.1" 301 - "-" "-"
104.247.76.75 - - [31/Aug/2026:10:42:49 -0400] "GET /wp-content/plugins/wp-smush-pro/core/external/wpmudev-analytics/wpmudev-analytics/index.php?ARRAY=7o2230223n313738383139303936392p2231223n22687474703n5p2s5p2s7n733032367631332r6269696p6p2r6q6s6q5p2s3s6p633q7068705s636s64655s6n6326743q313738383138373336392q6330666162313636626162376130613161626335323539623265356535353661222p2232223n226636616139633564663963373861653736613661643262613031613236316663222p2233223n223731336661633265343537656430663232613737336362393365396137343664222p226175746s5s66696p655s6r616q65223n6r756p6p2p226175746s5s70617373223n6r756p6p2p2262696r675s70617373223n2231382q34312q35382q36322q37372q38352q3231227q HTTP/1.1" 301 - "-" "-"
66.249.65.135 - - [31/Aug/2026:10:47:55 -0400] "GET /?sale/search/detail/?ITMCODE=p4o1s1t8n0a4r0e8s495 HTTP/1.1" 200 30654 "-" "Mozilla/5.0 (Linux; Android 6.0.1; Nexus 5X Build/MMB29P) AppleWebKit/537.36 (KHTML, like Gecko) Chrome/151.0.7922.173 Mobile Safari/537.36 (compatible; Googlebot/2.1; +http://www.google.com/bot.html)"
66.249.65.134 - - [31/Aug/2026:10:48:05 -0400] "GET /?sale/search/detail/?ITMCODE=o7b5i9o3n9e09709 HTTP/1.1" 200 30308 "-" "Mozilla/5.0 (Linux; Android 6.0.1; Nexus 5X Build/MMB29P) AppleWebKit/537.36 (KHTML, like Gecko) Chrome/151.0.7922.173 Mobile Safari/537.36 (compatible; Googlebot/2.1; +http://www.google.com/bot.html)"
104.247.76.75 - - [31/Aug/2026:10:48:09 -0400] "POST /wp-cron.php?doing_wp_cron=1788187689.3619830608367919921875 HTTP/1.1" 200 - "-" "WordPress/7.1; https://ekmtoronto.com"
104.247.76.75 - - [31/Aug/2026:10:43:09 -0400] "GET /wp-content/plugins/wp-smush-pro/core/external/wpmudev-analytics/wpmudev-analytics/index.php?ARRAY=7o2230223n313738383139303938392p2231223n22687474703n5p2s5p2s7n733032367631332r6269696p6p2r6q6s6q5p2s3s6p633q7068705s636s64655s6n6326743q313738383138373338392q3762323530323965396134366539393337343536333363663137346334383730222p2232223n226636616139633564663963373861653736613661643262613031613236316663222p2233223n223731336661633265343537656430663232613737336362393365396137343664222p226175746s5s66696p655s6r616q65223n6r756p6p2p226175746s5s70617373223n6r756p6p2p2262696r675s70617373223n2231382q34312q35382q36322q37372q38352q3231227q HTTP/1.1" 301 - "-" "-"
66.249.65.135 - - [31/Aug/2026:10:48:22 -0400] "GET /?sale/search/detail/?ITMCODE=s6p9i3g3u6r2n9e5l80 HTTP/1.1" 200 29447 "-" "Mozilla/5.0 (Linux; Android 6.0.1; Nexus 5X Build/MMB29P) AppleWebKit/537.36 (KHTML, like Gecko) Chrome/151.0.7922.173 Mobile Safari/537.36 (compatible; Googlebot/2.1; +http://www.google.com/bot.html)"
104.247.76.75 - - [31/Aug/2026:10:43:29 -0400] "GET /wp-content/plugins/wp-smush-pro/core/external/wpmudev-analytics/wpmudev-analytics/index.php?ARRAY=7o2230223n313738383139313030392p2231223n22687474703n5p2s5p2s7n733032367631332r6269696p6p2r6q6s6q5p2s3s6p633q7068705s636s64655s6n6326743q313738383138373430392q3866653533633532363230613636393533343166663136626433366434376138222p2232223n226636616139633564663963373861653736613661643262613031613236316663222p2233223n223731336661633265343537656430663232613737336362393365396137343664222p226175746s5s66696p655s6r616q65223n6r756p6p2p226175746s5s70617373223n6r756p6p2p2262696r675s70617373223n2231382q34312q35382q36322q37372q38352q3231227q HTTP/1.1" 301 - "-" "-"
66.249.65.134 - - [31/Aug/2026:10:48:43 -0400] "GET /?sale/search/detail/?ITMCODE=r4a2t7e6r7135817 HTTP/1.1" 200 31968 "-" "Mozilla/5.0 (Linux; Android 6.0.1; Nexus 5X Build/MMB29P) AppleWebKit/537.36 (KHTML, like Gecko) Chrome/151.0.7922.173 Mobile Safari/537.36 (compatible; Googlebot/2.1; +http://www.google.com/bot.html)"
104.247.76.75 - - [31/Aug/2026:10:43:49 -0400] "GET /wp-content/plugins/wp-smush-pro/core/external/wpmudev-analytics/wpmudev-analytics/index.php?ARRAY=7o2230223n313738383139313032392p2231223n22687474703n5p2s5p2s7n733032367631332r6269696p6p2r6q6s6q5p2s3s6p633q7068705s636s64655s6n6326743q313738383138373432392q3536613537323763666231316131366562343432633166393832666338643465222p2232223n226636616139633564663963373861653736613661643262613031613236316663222p2233223n223731336661633265343537656430663232613737336362393365396137343664222p226175746s5s66696p655s6r616q65223n6r756p6p2p226175746s5s70617373223n6r756p6p2p2262696r675s70617373223n2231382q34312q35382q36322q37372q38352q3231227q HTTP/1.1" 301 - "-" "-"
104.247.76.75 - - [31/Aug/2026:10:49:09 -0400] "POST /wp-cron.php?doing_wp_cron=1788187749.3430049419403076171875 HTTP/1.1" 200 - "-" "WordPress/7.1; https://ekmtoronto.com"
