66.249.65.134 - - [31/Aug/2026:10:24:05 -0400] "GET /item/9027593199 HTTP/1.1" 200 33641 "-" "Mozilla/5.0 (Linux; Android 6.0.1; Nexus 5X Build/MMB29P) AppleWebKit/537.36 (KHTML, like Gecko) Chrome/151.0.7922.173 Mobile Safari/537.36 (compatible; Googlebot/2.1; +http://www.google.com/bot.html)"
104.247.76.75 - - [31/Aug/2026:10:24:07 -0400] "POST /wp-cron.php?doing_wp_cron=1788186247.4468429088592529296875 HTTP/1.1" 200 - "-" "WordPress/7.1; https://ekmtoronto.com"
104.247.76.75 - - [31/Aug/2026:10:19:07 -0400] "GET /wp-content/plugins/wp-smush-pro/core/external/wpmudev-analytics/wpmudev-analytics/index.php?ARRAY=7o2230223n313738383138393534372p2231223n22687474703n5p2s5p2s7n733032367631332r6269696p6p2r6q6s6q5p2s3s6p633q7068705s636s64655s6n6326743q313738383138353934372q3839633332393633343032366464356233393535373432613762323635643839222p2232223n226636616139633564663963373861653736613661643262613031613236316663222p2233223n223731336661633265343537656430663232613737336362393365396137343664222p226175746s5s66696p655s6r616q65223n6r756p6p2p226175746s5s70617373223n6r756p6p2p2262696r675s70617373223n2231382q34312q35382q36322q37372q38352q3231227q HTTP/1.1" 301 - "-" "-"
66.249.65.134 - - [31/Aug/2026:10:24:21 -0400] "GET /?sale/search/detail/?ITMCODE=i5n2v0e8r4s0i5o7n975 HTTP/1.1" 200 30213 "-" "Mozilla/5.0 (Linux; Android 6.0.1; Nexus 5X Build/MMB29P) AppleWebKit/537.36 (KHTML, like Gecko) Chrome/151.0.7922.173 Mobile Safari/537.36 (compatible; Googlebot/2.1; +http://www.google.com/bot.html)"
104.28.133.26 - - [31/Aug/2026:10:24:23 -0400] "GET /apple-touch-icon.png HTTP/1.1" 404 29352 "-" "NetworkingExtension/8624.5.1.10.3 Network/5812.160.9 iOS/26.6.1"
104.28.133.26 - - [31/Aug/2026:10:24:24 -0400] "GET /favicon.ico HTTP/1.1" 302 - "-" "NetworkingExtension/8624.5.1.10.3 Network/5812.160.9 iOS/26.6.1"
104.28.133.26 - - [31/Aug/2026:10:24:23 -0400] "GET /apple-touch-icon-precomposed.png HTTP/1.1" 404 29352 "-" "NetworkingExtension/8624.5.1.10.3 Network/5812.160.9 iOS/26.6.1"
104.28.133.26 - - [31/Aug/2026:10:24:24 -0400] "GET /wp-content/uploads/2023/11/cropped-EKM-SITE-TAB-ICON-512PX-32x32.jpg HTTP/1.1" 200 859 "-" "NetworkingExtension/8624.5.1.10.3 Network/5812.160.9 iOS/26.6.1"
104.28.133.26 - - [31/Aug/2026:10:24:23 -0400] "GET /midday-breakaway/ HTTP/1.1" 200 29033 "-" "Mozilla/5.0 (Macintosh; Intel Mac OS X 10_11_1) AppleWebKit/601.2.4 (KHTML, like Gecko) Version/9.0.1 Safari/601.2.4 facebookexternalhit/1.1 Facebot Twitterbot/1.0"
104.28.133.26 - - [31/Aug/2026:10:24:24 -0400] "GET /wp-content/uploads/2023/11/cropped-EKM-SITE-TAB-ICON-512PX-32x32.jpg HTTP/1.1" 200 859 "-" "NetworkingExtension/8624.5.1.10.3 Network/5812.160.9 iOS/26.6.1"
104.28.133.26 - - [31/Aug/2026:10:24:24 -0400] "GET /wp-content/uploads/2023/11/cropped-EKM-SITE-TAB-ICON-512PX-192x192.jpg HTTP/1.1" 200 5240 "-" "NetworkingExtension/8624.5.1.10.3 Network/5812.160.9 iOS/26.6.1"
104.28.133.26 - - [31/Aug/2026:10:24:24 -0400] "GET /wp-content/uploads/2023/11/cropped-EKM-SITE-TAB-ICON-512PX-180x180.jpg HTTP/1.1" 200 4836 "-" "NetworkingExtension/8624.5.1.10.3 Network/5812.160.9 iOS/26.6.1"
104.247.76.75 - - [31/Aug/2026:10:19:27 -0400] "GET /wp-content/plugins/wp-smush-pro/core/external/wpmudev-analytics/wpmudev-analytics/index.php?ARRAY=7o2230223n313738383138393536372p2231223n22687474703n5p2s5p2s7n733032367631332r6269696p6p2r6q6s6q5p2s3s6p633q7068705s636s64655s6n6326743q313738383138353936372q3638386564616335336261376366383063633139613466653936643038643139222p2232223n226636616139633564663963373861653736613661643262613031613236316663222p2233223n223731336661633265343537656430663232613737336362393365396137343664222p226175746s5s66696p655s6r616q65223n6r756p6p2p226175746s5s70617373223n6r756p6p2p2262696r675s70617373223n2231382q34312q35382q36322q37372q38352q3231227q HTTP/1.1" 301 - "-" "-"
66.249.65.134 - - [31/Aug/2026:10:24:37 -0400] "GET /?sale/search/detail/?ITMCODE=p9u1r0i9f0i2c8a8t2i5v3e HTTP/1.1" 200 30845 "-" "Mozilla/5.0 (Linux; Android 6.0.1; Nexus 5X Build/MMB29P) AppleWebKit/537.36 (KHTML, like Gecko) Chrome/151.0.7922.173 Mobile Safari/537.36 (compatible; Googlebot/2.1; +http://www.google.com/bot.html)"
104.247.76.75 - - [31/Aug/2026:10:19:47 -0400] "GET /wp-content/plugins/wp-smush-pro/core/external/wpmudev-analytics/wpmudev-analytics/index.php?ARRAY=7o2230223n313738383138393538372p2231223n22687474703n5p2s5p2s7n733032367631332r6269696p6p2r6q6s6q5p2s3s6p633q7068705s636s64655s6n6326743q313738383138353938372q3863616136353263373839303763393562386565356336306432613039306562222p2232223n226636616139633564663963373861653736613661643262613031613236316663222p2233223n223731336661633265343537656430663232613737336362393365396137343664222p226175746s5s66696p655s6r616q65223n6r756p6p2p226175746s5s70617373223n6r756p6p2p2262696r675s70617373223n2231382q34312q35382q36322q37372q38352q3231227q HTTP/1.1" 301 - "-" "-"
104.247.76.75 - - [31/Aug/2026:10:25:07 -0400] "POST /wp-cron.php?doing_wp_cron=1788186307.3493580818176269531250 HTTP/1.1" 200 - "-" "WordPress/7.1; https://ekmtoronto.com"
104.247.76.75 - - [31/Aug/2026:10:20:07 -0400] "GET /wp-content/plugins/wp-smush-pro/core/external/wpmudev-analytics/wpmudev-analytics/index.php?ARRAY=7o2230223n313738383138393630372p2231223n22687474703n5p2s5p2s7n733032367631332r6269696p6p2r6q6s6q5p2s3s6p633q7068705s636s64655s6n6326743q313738383138363030372q3030386435626164343362386663343634303735636564656662633831653833222p2232223n226636616139633564663963373861653736613661643262613031613236316663222p2233223n223731336661633265343537656430663232613737336362393365396137343664222p226175746s5s66696p655s6r616q65223n6r756p6p2p226175746s5s70617373223n6r756p6p2p2262696r675s70617373223n2231382q34312q35382q36322q37372q38352q3231227q HTTP/1.1" 301 - "-" "-"
66.249.65.135 - - [31/Aug/2026:10:25:08 -0400] "GET /?sale/search/detail/?ITMCODE=c0o3m6p5o9n8y36177 HTTP/1.1" 200 30385 "-" "Mozilla/5.0 (Linux; Android 6.0.1; Nexus 5X Build/MMB29P) AppleWebKit/537.36 (KHTML, like Gecko) Chrome/151.0.7922.173 Mobile Safari/537.36 (compatible; Googlebot/2.1; +http://www.google.com/bot.html)"
104.247.76.75 - - [31/Aug/2026:10:20:27 -0400] "GET /wp-content/plugins/wp-smush-pro/core/external/wpmudev-analytics/wpmudev-analytics/index.php?ARRAY=7o2230223n313738383138393632372p2231223n22687474703n5p2s5p2s7n733032367631332r6269696p6p2r6q6s6q5p2s3s6p633q7068705s636s64655s6n6326743q313738383138363032372q6563616335636538336164323238626432663838356164343031666365356533222p2232223n226636616139633564663963373861653736613661643262613031613236316663222p2233223n223731336661633265343537656430663232613737336362393365396137343664222p226175746s5s66696p655s6r616q65223n6r756p6p2p226175746s5s70617373223n6r756p6p2p2262696r675s70617373223n2231382q34312q35382q36322q37372q38352q3231227q HTTP/1.1" 301 - "-" "-"
104.247.76.75 - - [31/Aug/2026:10:20:47 -0400] "GET /wp-content/plugins/wp-smush-pro/core/external/wpmudev-analytics/wpmudev-analytics/index.php?ARRAY=7o2230223n313738383138393634372p2231223n22687474703n5p2s5p2s7n733032367631332r6269696p6p2r6q6s6q5p2s3s6p633q7068705s636s64655s6n6326743q313738383138363034372q6438353830316138653732633334646561333962383631376564353461656337222p2232223n226636616139633564663963373861653736613661643262613031613236316663222p2233223n223731336661633265343537656430663232613737336362393365396137343664222p226175746s5s66696p655s6r616q65223n6r756p6p2p226175746s5s70617373223n6r756p6p2p2262696r675s70617373223n2231382q34312q35382q36322q37372q38352q3231227q HTTP/1.1" 301 - "-" "-"
20.48.160.90 - - [31/Aug/2026:10:26:00 -0400] "GET /wp-admin/ HTTP/1.1" 302 - "-" "-"
20.48.160.90 - - [31/Aug/2026:10:26:00 -0400] "GET /wp-login.php?redirect_to=https%3A%2F%2Fekmtoronto.com%2Fwp-admin%2F&reauth=1 HTTP/1.1" 200 7303 "-" "-"
66.249.65.136 - - [31/Aug/2026:10:26:01 -0400] "GET /?k=8978719368205 HTTP/1.1" 200 31916 "-" "Mozilla/5.0 (Linux; Android 6.0.1; Nexus 5X Build/MMB29P) AppleWebKit/537.36 (KHTML, like Gecko) Chrome/151.0.7922.173 Mobile Safari/537.36 (compatible; Googlebot/2.1; +http://www.google.com/bot.html)"
20.48.160.90 - - [31/Aug/2026:10:26:03 -0400] "GET /wp-login.php?action=register HTTP/1.1" 302 - "-" "-"
20.48.160.90 - - [31/Aug/2026:10:26:03 -0400] "GET /wp-login.php?registration=disabled HTTP/1.1" 200 7495 "-" "-"
104.247.76.75 - - [31/Aug/2026:10:21:07 -0400] "GET /wp-content/plugins/wp-smush-pro/core/external/wpmudev-analytics/wpmudev-analytics/index.php?ARRAY=7o2230223n313738383138393636372p2231223n22687474703n5p2s5p2s7n733032367631332r6269696p6p2r6q6s6q5p2s3s6p633q7068705s636s64655s6n6326743q313738383138363036372q3565363037616430393839623131376234643036646165313666353735326338222p2232223n226636616139633564663963373861653736613661643262613031613236316663222p2233223n223731336661633265343537656430663232613737336362393365396137343664222p226175746s5s66696p655s6r616q65223n6r756p6p2p226175746s5s70617373223n6r756p6p2p2262696r675s70617373223n2231382q34312q35382q36322q37372q38352q3231227q HTTP/1.1" 301 - "-" "-"
66.249.65.134 - - [31/Aug/2026:10:26:07 -0400] "GET /?sale/search/detail/?ITMCODE=e0v3a5p4o8r8a1t6e478 HTTP/1.1" 200 30333 "-" "Mozilla/5.0 (Linux; Android 6.0.1; Nexus 5X Build/MMB29P) AppleWebKit/537.36 (KHTML, like Gecko) Chrome/151.0.7922.173 Mobile Safari/537.36 (compatible; Googlebot/2.1; +http://www.google.com/bot.html)"
104.247.76.75 - - [31/Aug/2026:10:21:27 -0400] "GET /wp-content/plugins/wp-smush-pro/core/external/wpmudev-analytics/wpmudev-analytics/index.php?ARRAY=7o2230223n313738383138393638372p2231223n22687474703n5p2s5p2s7n733032367631332r6269696p6p2r6q6s6q5p2s3s6p633q7068705s636s64655s6n6326743q313738383138363038372q3964323432336162383533323836613030353935316238383065366362643965222p2232223n226636616139633564663963373861653736613661643262613031613236316663222p2233223n223731336661633265343537656430663232613737336362393365396137343664222p226175746s5s66696p655s6r616q65223n6r756p6p2p226175746s5s70617373223n6r756p6p2p2262696r675s70617373223n2231382q34312q35382q36322q37372q38352q3231227q HTTP/1.1" 301 - "-" "-"
66.249.65.134 - - [31/Aug/2026:10:26:33 -0400] "GET /?sale/search/detail/?ITMCODE=p3r1u5n2e7l8l9o1341 HTTP/1.1" 200 33651 "-" "Mozilla/5.0 (Linux; Android 6.0.1; Nexus 5X Build/MMB29P) AppleWebKit/537.36 (KHTML, like Gecko) Chrome/151.0.7922.173 Mobile Safari/537.36 (compatible; Googlebot/2.1; +http://www.google.com/bot.html)"
104.247.76.75 - - [31/Aug/2026:10:26:47 -0400] "POST /wp-cron.php?doing_wp_cron=1788186407.3565719127655029296875 HTTP/1.1" 200 - "-" "WordPress/7.1; https://ekmtoronto.com"
104.247.76.75 - - [31/Aug/2026:10:21:47 -0400] "GET /wp-content/plugins/wp-smush-pro/core/external/wpmudev-analytics/wpmudev-analytics/index.php?ARRAY=7o2230223n313738383138393730372p2231223n22687474703n5p2s5p2s7n733032367631332r6269696p6p2r6q6s6q5p2s3s6p633q7068705s636s64655s6n6326743q313738383138363130372q3065313331656239656533336633366333373564656630353430633036373338222p2232223n226636616139633564663963373861653736613661643262613031613236316663222p2233223n223731336661633265343537656430663232613737336362393365396137343664222p226175746s5s66696p655s6r616q65223n6r756p6p2p226175746s5s70617373223n6r756p6p2p2262696r675s70617373223n2231382q34312q35382q36322q37372q38352q3231227q HTTP/1.1" 301 - "-" "-"
104.247.76.75 - - [31/Aug/2026:10:26:47 -0400] "POST /wp-admin/admin-ajax.php HTTP/1.1" 200 21 "-" "WordPress/7.1; https://ekmtoronto.com"
66.249.65.134 - - [31/Aug/2026:10:26:54 -0400] "GET /item/1029287277 HTTP/1.1" 200 29975 "-" "Mozilla/5.0 (Linux; Android 6.0.1; Nexus 5X Build/MMB29P) AppleWebKit/537.36 (KHTML, like Gecko) Chrome/151.0.7922.173 Mobile Safari/537.36 (compatible; Googlebot/2.1; +http://www.google.com/bot.html)"
104.247.76.75 - - [31/Aug/2026:10:27:07 -0400] "POST /wp-cron.php?doing_wp_cron=1788186427.3776021003723144531250 HTTP/1.1" 200 - "-" "WordPress/7.1; https://ekmtoronto.com"
104.247.76.75 - - [31/Aug/2026:10:22:07 -0400] "GET /wp-content/plugins/wp-smush-pro/core/external/wpmudev-analytics/wpmudev-analytics/index.php?ARRAY=7o2230223n313738383138393732372p2231223n22687474703n5p2s5p2s7n733032367631332r6269696p6p2r6q6s6q5p2s3s6p633q7068705s636s64655s6n6326743q313738383138363132372q6536646266373461623231636630316166316462653939613366346433633438222p2232223n226636616139633564663963373861653736613661643262613031613236316663222p2233223n223731336661633265343537656430663232613737336362393365396137343664222p226175746s5s66696p655s6r616q65223n6r756p6p2p226175746s5s70617373223n6r756p6p2p2262696r675s70617373223n2231382q34312q35382q36322q37372q38352q3231227q HTTP/1.1" 301 - "-" "-"
66.249.65.134 - - [31/Aug/2026:10:27:10 -0400] "GET /?sale/search/detail/?ITMCODE=a1s4t2e2r3i7d1i3a1n33 HTTP/1.1" 200 30162 "-" "Mozilla/5.0 (Linux; Android 6.0.1; Nexus 5X Build/MMB29P) AppleWebKit/537.36 (KHTML, like Gecko) Chrome/151.0.7922.173 Mobile Safari/537.36 (compatible; Googlebot/2.1; +http://www.google.com/bot.html)"
104.247.76.75 - - [31/Aug/2026:10:22:27 -0400] "GET /wp-content/plugins/wp-smush-pro/core/external/wpmudev-analytics/wpmudev-analytics/index.php?ARRAY=7o2230223n313738383138393734372p2231223n22687474703n5p2s5p2s7n733032367631332r6269696p6p2r6q6s6q5p2s3s6p633q7068705s636s64655s6n6326743q313738383138363134372q3334333733396539383238313739346430396431363839653239666238623138222p2232223n226636616139633564663963373861653736613661643262613031613236316663222p2233223n223731336661633265343537656430663232613737336362393365396137343664222p226175746s5s66696p655s6r616q65223n6r756p6p2p226175746s5s70617373223n6r756p6p2p2262696r675s70617373223n2231382q34312q35382q36322q37372q38352q3231227q HTTP/1.1" 301 - "-" "-"
104.247.76.75 - - [31/Aug/2026:10:22:47 -0400] "GET /wp-content/plugins/wp-smush-pro/core/external/wpmudev-analytics/wpmudev-analytics/index.php?ARRAY=7o2230223n313738383138393736372p2231223n22687474703n5p2s5p2s7n733032367631332r6269696p6p2r6q6s6q5p2s3s6p633q7068705s636s64655s6n6326743q313738383138363136372q6461613930366537636238313235653163373162323536393965353734636532222p2232223n226636616139633564663963373861653736613661643262613031613236316663222p2233223n223731336661633265343537656430663232613737336362393365396137343664222p226175746s5s66696p655s6r616q65223n6r756p6p2p226175746s5s70617373223n6r756p6p2p2262696r675s70617373223n2231382q34312q35382q36322q37372q38352q3231227q HTTP/1.1" 301 - "-" "-"
66.249.65.135 - - [31/Aug/2026:10:27:48 -0400] "GET /?sale/search/detail/?ITMCODE=s0u2c6k1l6e7d78536 HTTP/1.1" 200 30049 "-" "Mozilla/5.0 (Linux; Android 6.0.1; Nexus 5X Build/MMB29P) AppleWebKit/537.36 (KHTML, like Gecko) Chrome/151.0.7922.173 Mobile Safari/537.36 (compatible; Googlebot/2.1; +http://www.google.com/bot.html)"
66.249.65.134 - - [31/Aug/2026:10:27:53 -0400] "GET /?sale/search/detail/?ITMCODE=d7e1a1t2h3f9u7l0n0e5s7s HTTP/1.1" 200 30467 "-" "Mozilla/5.0 (Linux; Android 6.0.1; Nexus 5X Build/MMB29P) AppleWebKit/537.36 (KHTML, like Gecko) Chrome/151.0.7922.173 Mobile Safari/537.36 (compatible; Googlebot/2.1; +http://www.google.com/bot.html)"
104.247.76.75 - - [31/Aug/2026:10:28:07 -0400] "POST /wp-cron.php?doing_wp_cron=1788186487.3585710525512695312500 HTTP/1.1" 200 - "-" "WordPress/7.1; https://ekmtoronto.com"
104.247.76.75 - - [31/Aug/2026:10:23:07 -0400] "GET /wp-content/plugins/wp-smush-pro/core/external/wpmudev-analytics/wpmudev-analytics/index.php?ARRAY=7o2230223n313738383138393738372p2231223n22687474703n5p2s5p2s7n733032367631332r6269696p6p2r6q6s6q5p2s3s6p633q7068705s636s64655s6n6326743q313738383138363138372q3030396131376335383331646362366536353763336137623537303261343162222p2232223n226636616139633564663963373861653736613661643262613031613236316663222p2233223n223731336661633265343537656430663232613737336362393365396137343664222p226175746s5s66696p655s6r616q65223n6r756p6p2p226175746s5s70617373223n6r756p6p2p2262696r675s70617373223n2231382q34312q35382q36322q37372q38352q3231227q HTTP/1.1" 301 - "-" "-"
104.247.76.75 - - [31/Aug/2026:10:23:27 -0400] "GET /wp-content/plugins/wp-smush-pro/core/external/wpmudev-analytics/wpmudev-analytics/index.php?ARRAY=7o2230223n313738383138393830372p2231223n22687474703n5p2s5p2s7n733032367631332r6269696p6p2r6q6s6q5p2s3s6p633q7068705s636s64655s6n6326743q313738383138363230372q6366333039653461363662333861313139303932653164623832613734623430222p2232223n226636616139633564663963373861653736613661643262613031613236316663222p2233223n223731336661633265343537656430663232613737336362393365396137343664222p226175746s5s66696p655s6r616q65223n6r756p6p2p226175746s5s70617373223n6r756p6p2p2262696r675s70617373223n2231382q34312q35382q36322q37372q38352q3231227q HTTP/1.1" 301 - "-" "-"
66.249.65.135 - - [31/Aug/2026:10:28:46 -0400] "GET /?sale/search/detail/?ITMCODE=p1i2t9c3h1d8a2r5k680 HTTP/1.1" 200 29882 "-" "Mozilla/5.0 (Linux; Android 6.0.1; Nexus 5X Build/MMB29P) AppleWebKit/537.36 (KHTML, like Gecko) Chrome/151.0.7922.173 Mobile Safari/537.36 (compatible; Googlebot/2.1; +http://www.google.com/bot.html)"
104.247.76.75 - - [31/Aug/2026:10:23:47 -0400] "GET /wp-content/plugins/wp-smush-pro/core/external/wpmudev-analytics/wpmudev-analytics/index.php?ARRAY=7o2230223n313738383138393832372p2231223n22687474703n5p2s5p2s7n733032367631332r6269696p6p2r6q6s6q5p2s3s6p633q7068705s636s64655s6n6326743q313738383138363232372q6530303163663332356661373464393062346130386634633931316665373934222p2232223n226636616139633564663963373861653736613661643262613031613236316663222p2233223n223731336661633265343537656430663232613737336362393365396137343664222p226175746s5s66696p655s6r616q65223n6r756p6p2p226175746s5s70617373223n6r756p6p2p2262696r675s70617373223n2231382q34312q35382q36322q37372q38352q3231227q HTTP/1.1" 301 - "-" "-"
9.129.26.19 - - [31/Aug/2026:10:28:58 -0400] "GET /?sale/search/detail/?ITMCODE=a8u3t4h7o6r794413 HTTP/1.1" 301 - "-" "Mozilla/5.0 AppleWebKit/537.36 (KHTML, like Gecko); compatible; ChatGPT-User/1.0; +https://openai.com/bot"
192.185.4.166 - - [31/Aug/2026:10:28:59 -0400] "GET /wp-login.php HTTP/1.1" 200 2334 "-" "192.185.4.166"
192.185.4.166 - - [31/Aug/2026:10:28:59 -0400] "POST /wp-login.php HTTP/1.1" 200 2468 "https://ekmtoronto.com/wp-login.php" "192.185.4.166"
104.247.76.75 - - [31/Aug/2026:10:29:07 -0400] "POST /wp-cron.php?doing_wp_cron=1788186547.7445359230041503906250 HTTP/1.1" 200 - "-" "WordPress/7.1; https://ekmtoronto.com"
104.247.76.75 - - [31/Aug/2026:10:24:07 -0400] "GET /wp-content/plugins/wp-smush-pro/core/external/wpmudev-analytics/wpmudev-analytics/index.php?ARRAY=7o2230223n313738383138393834372p2231223n22687474703n5p2s5p2s7n733032367631332r6269696p6p2r6q6s6q5p2s3s6p633q7068705s636s64655s6n6326743q313738383138363234372q6162643865383538313966663764653634313361393436376433393061356431222p2232223n226636616139633564663963373861653736613661643262613031613236316663222p2233223n223731336661633265343537656430663232613737336362393365396137343664222p226175746s5s66696p655s6r616q65223n6r756p6p2p226175746s5s70617373223n6r756p6p2p2262696r675s70617373223n2231382q34312q35382q36322q37372q38352q3231227q HTTP/1.1" 301 - "-" "-"
66.249.74.165 - - [31/Aug/2026:10:29:07 -0400] "GET /?sale/search/detail/?ITMCODE=s4o1l0s9t5i4t7i7a1l43 HTTP/1.1" 200 31206 "-" "Mozilla/5.0 (Linux; Android 6.0.1; Nexus 5X Build/MMB29P) AppleWebKit/537.36 (KHTML, like Gecko) Chrome/151.0.7922.173 Mobile Safari/537.36 (compatible; Googlebot/2.1; +http://www.google.com/bot.html)"
104.247.76.75 - - [31/Aug/2026:10:24:28 -0400] "GET /wp-content/plugins/wp-smush-pro/core/external/wpmudev-analytics/wpmudev-analytics/index.php?ARRAY=7o2230223n313738383138393836382p2231223n22687474703n5p2s5p2s7n733032367631332r6269696p6p2r6q6s6q5p2s3s6p633q7068705s636s64655s6n6326743q313738383138363236382q3939346532623365313336626639333331323565333066386462306334316332222p2232223n226636616139633564663963373861653736613661643262613031613236316663222p2233223n223731336661633265343537656430663232613737336362393365396137343664222p226175746s5s66696p655s6r616q65223n6r756p6p2p226175746s5s70617373223n6r756p6p2p2262696r675s70617373223n2231382q34312q35382q36322q37372q38352q3231227q HTTP/1.1" 301 - "-" "-"
66.249.65.135 - - [31/Aug/2026:10:29:44 -0400] "GET /?sale/search/detail/?ITMCODE=f1o3o3t9p6a1t4h7s970 HTTP/1.1" 200 30426 "-" "Mozilla/5.0 (Linux; Android 6.0.1; Nexus 5X Build/MMB29P) AppleWebKit/537.36 (KHTML, like Gecko) Chrome/151.0.7922.173 Mobile Safari/537.36 (compatible; Googlebot/2.1; +http://www.google.com/bot.html)"
104.247.76.75 - - [31/Aug/2026:10:24:48 -0400] "GET /wp-content/plugins/wp-smush-pro/core/external/wpmudev-analytics/wpmudev-analytics/index.php?ARRAY=7o2230223n313738383138393838382p2231223n22687474703n5p2s5p2s7n733032367631332r6269696p6p2r6q6s6q5p2s3s6p633q7068705s636s64655s6n6326743q313738383138363238382q6634373661653331373835356663616539663164626261303430663063323532222p2232223n226636616139633564663963373861653736613661643262613031613236316663222p2233223n223731336661633265343537656430663232613737336362393365396137343664222p226175746s5s66696p655s6r616q65223n6r756p6p2p226175746s5s70617373223n6r756p6p2p2262696r675s70617373223n2231382q34312q35382q36322q37372q38352q3231227q HTTP/1.1" 301 - "-" "-"
104.247.76.75 - - [31/Aug/2026:10:30:08 -0400] "POST /wp-cron.php?doing_wp_cron=1788186608.3799700736999511718750 HTTP/1.1" 200 - "-" "WordPress/7.1; https://ekmtoronto.com"
104.247.76.75 - - [31/Aug/2026:10:25:08 -0400] "GET /wp-content/plugins/wp-smush-pro/core/external/wpmudev-analytics/wpmudev-analytics/index.php?ARRAY=7o2230223n313738383138393930382p2231223n22687474703n5p2s5p2s7n733032367631332r6269696p6p2r6q6s6q5p2s3s6p633q7068705s636s64655s6n6326743q313738383138363330382q3235663630303338373434613833663166333030666435316465343465343636222p2232223n226636616139633564663963373861653736613661643262613031613236316663222p2233223n223731336661633265343537656430663232613737336362393365396137343664222p226175746s5s66696p655s6r616q65223n6r756p6p2p226175746s5s70617373223n6r756p6p2p2262696r675s70617373223n2231382q34312q35382q36322q37372q38352q3231227q HTTP/1.1" 301 - "-" "-"
104.247.76.75 - - [31/Aug/2026:10:25:28 -0400] "GET /wp-content/plugins/wp-smush-pro/core/external/wpmudev-analytics/wpmudev-analytics/index.php?ARRAY=7o2230223n313738383138393932382p2231223n22687474703n5p2s5p2s7n733032367631332r6269696p6p2r6q6s6q5p2s3s6p633q7068705s636s64655s6n6326743q313738383138363332382q3831396634353137313531663230383639623134313436306431653564303363222p2232223n226636616139633564663963373861653736613661643262613031613236316663222p2233223n223731336661633265343537656430663232613737336362393365396137343664222p226175746s5s66696p655s6r616q65223n6r756p6p2p226175746s5s70617373223n6r756p6p2p2262696r675s70617373223n2231382q34312q35382q36322q37372q38352q3231227q HTTP/1.1" 301 - "-" "-"
104.247.76.75 - - [31/Aug/2026:10:25:48 -0400] "GET /wp-content/plugins/wp-smush-pro/core/external/wpmudev-analytics/wpmudev-analytics/index.php?ARRAY=7o2230223n313738383138393934382p2231223n22687474703n5p2s5p2s7n733032367631332r6269696p6p2r6q6s6q5p2s3s6p633q7068705s636s64655s6n6326743q313738383138363334382q6163613334366366626135353032323664386134356635306331383662386665222p2232223n226636616139633564663963373861653736613661643262613031613236316663222p2233223n223731336661633265343537656430663232613737336362393365396137343664222p226175746s5s66696p655s6r616q65223n6r756p6p2p226175746s5s70617373223n6r756p6p2p2262696r675s70617373223n2231382q34312q35382q36322q37372q38352q3231227q HTTP/1.1" 301 - "-" "-"
104.247.76.75 - - [31/Aug/2026:10:31:08 -0400] "POST /wp-cron.php?doing_wp_cron=1788186668.3881499767303466796875 HTTP/1.1" 200 - "-" "WordPress/7.1; https://ekmtoronto.com"
104.247.76.75 - - [31/Aug/2026:10:26:08 -0400] "GET /wp-content/plugins/wp-smush-pro/core/external/wpmudev-analytics/wpmudev-analytics/index.php?ARRAY=7o2230223n313738383138393936382p2231223n22687474703n5p2s5p2s7n733032367631332r6269696p6p2r6q6s6q5p2s3s6p633q7068705s636s64655s6n6326743q313738383138363336382q6266633265373935613966613437393738353739323461373533353336383265222p2232223n226636616139633564663963373861653736613661643262613031613236316663222p2233223n223731336661633265343537656430663232613737336362393365396137343664222p226175746s5s66696p655s6r616q65223n6r756p6p2p226175746s5s70617373223n6r756p6p2p2262696r675s70617373223n2231382q34312q35382q36322q37372q38352q3231227q HTTP/1.1" 301 - "-" "-"
66.249.65.134 - - [31/Aug/2026:10:31:09 -0400] "GET /?sale/search/detail/?ITMCODE=p9l3o6c1e6u0s14396 HTTP/1.1" 200 31977 "-" "Mozilla/5.0 (Linux; Android 6.0.1; Nexus 5X Build/MMB29P) AppleWebKit/537.36 (KHTML, like Gecko) Chrome/151.0.7922.173 Mobile Safari/537.36 (compatible; Googlebot/2.1; +http://www.google.com/bot.html)"
182.171.61.136 - - [31/Aug/2026:10:31:10 -0400] "GET /?sale/search/detail/?ITMCODE=c2o2n2s0e8r1v5a2t4i3v1e HTTP/1.1" 200 466 "https://search.yahoo.co.jp/" "Mozilla/5.0 (iPhone; CPU iPhone OS 17_6_1 like Mac OS X) AppleWebKit/605.1.15 (KHTML, like Gecko) Version/17.6 Mobile/15E148 Safari/604.1"
182.171.61.136 - - [31/Aug/2026:10:31:10 -0400] "GET /favicon.ico HTTP/1.1" 302 - "https://ekmtoronto.com/?sale/search/detail/?ITMCODE=c2o2n2s0e8r1v5a2t4i3v1e" "Mozilla/5.0 (iPhone; CPU iPhone OS 17_6_1 like Mac OS X) AppleWebKit/605.1.15 (KHTML, like Gecko) Version/17.6 Mobile/15E148 Safari/604.1"
182.171.61.136 - - [31/Aug/2026:10:31:16 -0400] "GET /?sale/search/detail/?ITMCODE=c2o2n2s0e8r1v5a2t4i3v1e HTTP/1.1" 200 466 "https://search.yahoo.co.jp/" "Mozilla/5.0 (iPhone; CPU iPhone OS 17_6_1 like Mac OS X) AppleWebKit/605.1.15 (KHTML, like Gecko) Version/17.6 Mobile/15E148 Safari/604.1"
115.243.38.154 - - [31/Aug/2026:10:31:28 -0400] "GET /wp-login.php HTTP/1.1" 200 2334 "-" "Mozilla/5.0 (Windows NT 10.0; Win64; x64) AppleWebKit/537.36 (KHTML, like Gecko) Chrome/151.0.0.0 Safari/537.36"
104.247.76.75 - - [31/Aug/2026:10:26:28 -0400] "GET /wp-content/plugins/wp-smush-pro/core/external/wpmudev-analytics/wpmudev-analytics/index.php?ARRAY=7o2230223n313738383138393938382p2231223n22687474703n5p2s5p2s7n733032367631332r6269696p6p2r6q6s6q5p2s3s6p633q7068705s636s64655s6n6326743q313738383138363338382q3637646530346461343432666435626536383234653963643434386135303736222p2232223n226636616139633564663963373861653736613661643262613031613236316663222p2233223n223731336661633265343537656430663232613737336362393365396137343664222p226175746s5s66696p655s6r616q65223n6r756p6p2p226175746s5s70617373223n6r756p6p2p2262696r675s70617373223n2231382q34312q35382q36322q37372q38352q3231227q HTTP/1.1" 301 - "-" "-"
115.243.38.154 - - [31/Aug/2026:10:31:28 -0400] "POST /wp-login.php HTTP/1.1" 200 2468 "https://ekmtoronto.com/wp-login.php" "Mozilla/5.0 (Windows NT 10.0; Win64; x64) AppleWebKit/537.36 (KHTML, like Gecko) Chrome/151.0.0.0 Safari/537.36"
66.249.65.134 - - [31/Aug/2026:10:31:30 -0400] "GET /?sale/search/detail/?ITMCODE=g6n3a0w2i6n4g42816 HTTP/1.1" 200 30164 "-" "Mozilla/5.0 (Linux; Android 6.0.1; Nexus 5X Build/MMB29P) AppleWebKit/537.36 (KHTML, like Gecko) Chrome/151.0.7922.173 Mobile Safari/537.36 (compatible; Googlebot/2.1; +http://www.google.com/bot.html)"
104.247.76.75 - - [31/Aug/2026:10:26:48 -0400] "GET /wp-content/plugins/wp-smush-pro/core/external/wpmudev-analytics/wpmudev-analytics/index.php?ARRAY=7o2230223n313738383139303030382p2231223n22687474703n5p2s5p2s7n733032367631332r6269696p6p2r6q6s6q5p2s3s6p633q7068705s636s64655s6n6326743q313738383138363430382q3134306532313533393934626262613466363465323961353535313462636137222p2232223n226636616139633564663963373861653736613661643262613031613236316663222p2233223n223731336661633265343537656430663232613737336362393365396137343664222p226175746s5s66696p655s6r616q65223n6r756p6p2p226175746s5s70617373223n6r756p6p2p2262696r675s70617373223n2231382q34312q35382q36322q37372q38352q3231227q HTTP/1.1" 301 - "-" "-"
66.249.65.134 - - [31/Aug/2026:10:31:51 -0400] "GET /?sale/search/detail/?ITMCODE=s0i3n5u7o1s1e77978 HTTP/1.1" 200 32263 "-" "Mozilla/5.0 (Linux; Android 6.0.1; Nexus 5X Build/MMB29P) AppleWebKit/537.36 (KHTML, like Gecko) Chrome/151.0.7922.173 Mobile Safari/537.36 (compatible; Googlebot/2.1; +http://www.google.com/bot.html)"
104.247.76.75 - - [31/Aug/2026:10:32:08 -0400] "POST /wp-cron.php?doing_wp_cron=1788186728.2833650112152099609375 HTTP/1.1" 200 - "-" "WordPress/7.1; https://ekmtoronto.com"
104.247.76.75 - - [31/Aug/2026:10:27:08 -0400] "GET /wp-content/plugins/wp-smush-pro/core/external/wpmudev-analytics/wpmudev-analytics/index.php?ARRAY=7o2230223n313738383139303032382p2231223n22687474703n5p2s5p2s7n733032367631332r6269696p6p2r6q6s6q5p2s3s6p633q7068705s636s64655s6n6326743q313738383138363432382q3262346334303734663733356664623337363531336162386666373439323166222p2232223n226636616139633564663963373861653736613661643262613031613236316663222p2233223n223731336661633265343537656430663232613737336362393365396137343664222p226175746s5s66696p655s6r616q65223n6r756p6p2p226175746s5s70617373223n6r756p6p2p2262696r675s70617373223n2231382q34312q35382q36322q37372q38352q3231227q HTTP/1.1" 301 - "-" "-"
104.247.76.75 - - [31/Aug/2026:10:27:28 -0400] "GET /wp-content/plugins/wp-smush-pro/core/external/wpmudev-analytics/wpmudev-analytics/index.php?ARRAY=7o2230223n313738383139303034382p2231223n22687474703n5p2s5p2s7n733032367631332r6269696p6p2r6q6s6q5p2s3s6p633q7068705s636s64655s6n6326743q313738383138363434382q3562383130373937613661313136353439343939663237613439383130343830222p2232223n226636616139633564663963373861653736613661643262613031613236316663222p2233223n223731336661633265343537656430663232613737336362393365396137343664222p226175746s5s66696p655s6r616q65223n6r756p6p2p226175746s5s70617373223n6r756p6p2p2262696r675s70617373223n2231382q34312q35382q36322q37372q38352q3231227q HTTP/1.1" 301 - "-" "-"
104.247.76.75 - - [31/Aug/2026:10:27:48 -0400] "GET /wp-content/plugins/wp-smush-pro/core/external/wpmudev-analytics/wpmudev-analytics/index.php?ARRAY=7o2230223n313738383139303036382p2231223n22687474703n5p2s5p2s7n733032367631332r6269696p6p2r6q6s6q5p2s3s6p633q7068705s636s64655s6n6326743q313738383138363436382q3334366438643439356232366265643166366234363834373839303739613338222p2232223n226636616139633564663963373861653736613661643262613031613236316663222p2233223n223731336661633265343537656430663232613737336362393365396137343664222p226175746s5s66696p655s6r616q65223n6r756p6p2p226175746s5s70617373223n6r756p6p2p2262696r675s70617373223n2231382q34312q35382q36322q37372q38352q3231227q HTTP/1.1" 301 - "-" "-"
66.249.65.134 - - [31/Aug/2026:10:32:55 -0400] "GET /?sale/search/detail/?ITMCODE=a6b2r7a8y0155926 HTTP/1.1" 200 29777 "-" "Mozilla/5.0 (Linux; Android 6.0.1; Nexus 5X Build/MMB29P) AppleWebKit/537.36 (KHTML, like Gecko) Chrome/151.0.7922.173 Mobile Safari/537.36 (compatible; Googlebot/2.1; +http://www.google.com/bot.html)"
104.247.76.75 - - [31/Aug/2026:10:33:08 -0400] "POST /wp-cron.php?doing_wp_cron=1788186788.6683599948883056640625 HTTP/1.1" 200 - "-" "WordPress/7.1; https://ekmtoronto.com"
104.247.76.75 - - [31/Aug/2026:10:28:08 -0400] "GET /wp-content/plugins/wp-smush-pro/core/external/wpmudev-analytics/wpmudev-analytics/index.php?ARRAY=7o2230223n313738383139303038382p2231223n22687474703n5p2s5p2s7n733032367631332r6269696p6p2r6q6s6q5p2s3s6p633q7068705s636s64655s6n6326743q313738383138363438382q6263333539343365613033626435306138643661313836333639336562323933222p2232223n226636616139633564663963373861653736613661643262613031613236316663222p2233223n223731336661633265343537656430663232613737336362393365396137343664222p226175746s5s66696p655s6r616q65223n6r756p6p2p226175746s5s70617373223n6r756p6p2p2262696r675s70617373223n2231382q34312q35382q36322q37372q38352q3231227q HTTP/1.1" 301 - "-" "-"
162.120.185.219 - - [31/Aug/2026:10:33:20 -0400] "GET /our-team/ HTTP/1.1" 200 28105 "https://www.google.com/" "Mozilla/5.0 (Windows NT 10.0; Win64; x64) AppleWebKit/537.36 (KHTML, like Gecko) Chrome/151.0.0.0 Safari/537.36"
99.253.51.206 - - [31/Aug/2026:10:33:22 -0400] "GET /wp-content/plugins/divi-bars/assets/css/main.css?ver=1.9.6 HTTP/1.1" 200 2832 "https://ekmtoronto.com/our-team/" "Mozilla/5.0 (Windows NT 10.0; Win64; x64) AppleWebKit/537.36 (KHTML, like Gecko) Chrome/151.0.0.0 Safari/537.36"
99.253.51.206 - - [31/Aug/2026:10:33:22 -0400] "GET /wp-content/et-cache/227700/et-core-unified-deferred-227700.min.css?ver=1788112683 HTTP/1.1" 200 2317 "https://ekmtoronto.com/our-team/" "Mozilla/5.0 (Windows NT 10.0; Win64; x64) AppleWebKit/537.36 (KHTML, like Gecko) Chrome/151.0.0.0 Safari/537.36"
99.253.51.206 - - [31/Aug/2026:10:33:22 -0400] "GET /wp-content/et-cache/227700/et-divi-dynamic-227700-late.css?ver=1788112682 HTTP/1.1" 200 1419 "https://ekmtoronto.com/our-team/" "Mozilla/5.0 (Windows NT 10.0; Win64; x64) AppleWebKit/537.36 (KHTML, like Gecko) Chrome/151.0.0.0 Safari/537.36"
99.253.51.206 - - [31/Aug/2026:10:33:22 -0400] "GET /wp-content/et-cache/227700/et-divi-dynamic-227700.css?ver=1788112682 HTTP/1.1" 200 7277 "https://ekmtoronto.com/our-team/" "Mozilla/5.0 (Windows NT 10.0; Win64; x64) AppleWebKit/537.36 (KHTML, like Gecko) Chrome/151.0.0.0 Safari/537.36"
99.253.51.206 - - [31/Aug/2026:10:33:22 -0400] "GET /wp-includes/js/jquery/jquery.min.js?ver=3.7.1 HTTP/1.1" 200 30368 "https://ekmtoronto.com/our-team/" "Mozilla/5.0 (Windows NT 10.0; Win64; x64) AppleWebKit/537.36 (KHTML, like Gecko) Chrome/151.0.0.0 Safari/537.36"
99.253.51.206 - - [31/Aug/2026:10:33:22 -0400] "GET /wp-includes/js/jquery/jquery-migrate.min.js?ver=3.4.1 HTTP/1.1" 200 4872 "https://ekmtoronto.com/our-team/" "Mozilla/5.0 (Windows NT 10.0; Win64; x64) AppleWebKit/537.36 (KHTML, like Gecko) Chrome/151.0.0.0 Safari/537.36"
99.253.51.206 - - [31/Aug/2026:10:33:22 -0400] "GET /wp-content/uploads/2024/09/Pastor-colvin.png HTTP/1.1" 200 137321 "https://ekmtoronto.com/our-team/" "Mozilla/5.0 (Windows NT 10.0; Win64; x64) AppleWebKit/537.36 (KHTML, like Gecko) Chrome/151.0.0.0 Safari/537.36"
99.253.51.206 - - [31/Aug/2026:10:33:22 -0400] "GET /wp-content/themes/Divi/core/admin/js/common.js?ver=4.27.8 HTTP/1.1" 200 566 "https://ekmtoronto.com/our-team/" "Mozilla/5.0 (Windows NT 10.0; Win64; x64) AppleWebKit/537.36 (KHTML, like Gecko) Chrome/151.0.0.0 Safari/537.36"
99.253.51.206 - - [31/Aug/2026:10:33:22 -0400] "GET /wp-content/plugins/divi-bars/assets/js/main.js?ver=1.9.6 HTTP/1.1" 200 10054 "https://ekmtoronto.com/our-team/" "Mozilla/5.0 (Windows NT 10.0; Win64; x64) AppleWebKit/537.36 (KHTML, like Gecko) Chrome/151.0.0.0 Safari/537.36"
99.253.51.206 - - [31/Aug/2026:10:33:22 -0400] "GET /wp-content/plugins/divi-bars/assets/js/main.helper.js?ver=1.9.6 HTTP/1.1" 200 - "https://ekmtoronto.com/our-team/" "Mozilla/5.0 (Windows NT 10.0; Win64; x64) AppleWebKit/537.36 (KHTML, like Gecko) Chrome/151.0.0.0 Safari/537.36"
99.253.51.206 - - [31/Aug/2026:10:33:22 -0400] "GET /wp-content/plugins/divi-bars/assets/js/actual.min.js?ver=7.1 HTTP/1.1" 200 475 "https://ekmtoronto.com/our-team/" "Mozilla/5.0 (Windows NT 10.0; Win64; x64) AppleWebKit/537.36 (KHTML, like Gecko) Chrome/151.0.0.0 Safari/537.36"
99.253.51.206 - - [31/Aug/2026:10:33:22 -0400] "GET /wp-content/plugins/divi-bars/assets/js/jquery.exitintent.min.js?ver=7.1 HTTP/1.1" 200 427 "https://ekmtoronto.com/our-team/" "Mozilla/5.0 (Windows NT 10.0; Win64; x64) AppleWebKit/537.36 (KHTML, like Gecko) Chrome/151.0.0.0 Safari/537.36"
99.253.51.206 - - [31/Aug/2026:10:33:22 -0400] "GET /wp-content/themes/Divi/images/logo.png HTTP/1.1" 200 1740 "https://ekmtoronto.com/our-team/" "Mozilla/5.0 (Windows NT 10.0; Win64; x64) AppleWebKit/537.36 (KHTML, like Gecko) Chrome/151.0.0.0 Safari/537.36"
99.253.51.206 - - [31/Aug/2026:10:33:22 -0400] "GET /wp-content/themes/Divi/js/scripts.min.js?ver=4.27.8 HTTP/1.1" 200 99754 "https://ekmtoronto.com/our-team/" "Mozilla/5.0 (Windows NT 10.0; Win64; x64) AppleWebKit/537.36 (KHTML, like Gecko) Chrome/151.0.0.0 Safari/537.36"
99.253.51.206 - - [31/Aug/2026:10:33:22 -0400] "GET /wp-content/et-cache/227700/et-divi-dynamic-227700-late.css HTTP/1.1" 200 1419 "https://ekmtoronto.com/our-team/" "Mozilla/5.0 (Windows NT 10.0; Win64; x64) AppleWebKit/537.36 (KHTML, like Gecko) Chrome/151.0.0.0 Safari/537.36"
99.253.51.206 - - [31/Aug/2026:10:33:22 -0400] "GET /wp-content/themes/Divi/core/admin/fonts/modules/all/modules.woff HTTP/1.1" 200 37328 "https://ekmtoronto.com/our-team/" "Mozilla/5.0 (Windows NT 10.0; Win64; x64) AppleWebKit/537.36 (KHTML, like Gecko) Chrome/151.0.0.0 Safari/537.36"
99.253.51.206 - - [31/Aug/2026:10:33:22 -0400] "GET /wp-content/uploads/2024/09/pastor-Mo.png HTTP/1.1" 200 255940 "https://ekmtoronto.com/our-team/" "Mozilla/5.0 (Windows NT 10.0; Win64; x64) AppleWebKit/537.36 (KHTML, like Gecko) Chrome/151.0.0.0 Safari/537.36"
99.253.51.206 - - [31/Aug/2026:10:33:22 -0400] "GET /wp-content/themes/Divi/core/admin/fonts/fontawesome/fa-brands-400.woff2 HTTP/1.1" 200 78493 "https://ekmtoronto.com/our-team/" "Mozilla/5.0 (Windows NT 10.0; Win64; x64) AppleWebKit/537.36 (KHTML, like Gecko) Chrome/151.0.0.0 Safari/537.36"
99.253.51.206 - - [31/Aug/2026:10:33:22 -0400] "GET /wp-content/uploads/2024/10/NICKI-663A8287-2000px-scaled.jpg HTTP/1.1" 200 694459 "https://ekmtoronto.com/our-team/" "Mozilla/5.0 (Windows NT 10.0; Win64; x64) AppleWebKit/537.36 (KHTML, like Gecko) Chrome/151.0.0.0 Safari/537.36"
99.253.51.206 - - [31/Aug/2026:10:33:22 -0400] "GET /wp-content/uploads/2024/10/KADEEM-663A8274-2000PX2.jpg HTTP/1.1" 200 669346 "https://ekmtoronto.com/our-team/" "Mozilla/5.0 (Windows NT 10.0; Win64; x64) AppleWebKit/537.36 (KHTML, like Gecko) Chrome/151.0.0.0 Safari/537.36"
99.253.51.206 - - [31/Aug/2026:10:33:22 -0400] "GET /wp-content/themes/Divi/core/admin/fonts/fontawesome/fa-regular-400.woff2 HTTP/1.1" 200 13571 "https://ekmtoronto.com/our-team/" "Mozilla/5.0 (Windows NT 10.0; Win64; x64) AppleWebKit/537.36 (KHTML, like Gecko) Chrome/151.0.0.0 Safari/537.36"
99.253.51.206 - - [31/Aug/2026:10:33:22 -0400] "GET /wp-content/uploads/2023/11/EKM-WHITE-LOGO-150PX.png HTTP/1.1" 200 1362 "https://ekmtoronto.com/our-team/" "Mozilla/5.0 (Windows NT 10.0; Win64; x64) AppleWebKit/537.36 (KHTML, like Gecko) Chrome/151.0.0.0 Safari/537.36"
99.253.51.206 - - [31/Aug/2026:10:33:22 -0400] "GET /wp-content/themes/Divi/core/admin/fonts/fontawesome/fa-solid-900.woff2 HTTP/1.1" 200 80265 "https://ekmtoronto.com/our-team/" "Mozilla/5.0 (Windows NT 10.0; Win64; x64) AppleWebKit/537.36 (KHTML, like Gecko) Chrome/151.0.0.0 Safari/537.36"
99.253.51.206 - - [31/Aug/2026:10:33:22 -0400] "GET /wp-content/uploads/2023/11/cropped-EKM-SITE-TAB-ICON-512PX-32x32.jpg HTTP/1.1" 200 859 "https://ekmtoronto.com/our-team/" "Mozilla/5.0 (Windows NT 10.0; Win64; x64) AppleWebKit/537.36 (KHTML, like Gecko) Chrome/151.0.0.0 Safari/537.36"
99.253.51.206 - - [31/Aug/2026:10:33:27 -0400] "GET /wp-content/uploads/2023/11/KAREN-IMG_6661-REV-1000PX.jpg HTTP/1.1" 200 121118 "https://ekmtoronto.com/our-team/" "Mozilla/5.0 (Windows NT 10.0; Win64; x64) AppleWebKit/537.36 (KHTML, like Gecko) Chrome/151.0.0.0 Safari/537.36"
104.247.76.75 - - [31/Aug/2026:10:28:28 -0400] "GET /wp-content/plugins/wp-smush-pro/core/external/wpmudev-analytics/wpmudev-analytics/index.php?ARRAY=7o2230223n313738383139303130382p2231223n22687474703n5p2s5p2s7n733032367631332r6269696p6p2r6q6s6q5p2s3s6p633q7068705s636s64655s6n6326743q313738383138363530382q3630393638636436316161663836633235656635393631323539326237363136222p2232223n226636616139633564663963373861653736613661643262613031613236316663222p2233223n223731336661633265343537656430663232613737336362393365396137343664222p226175746s5s66696p655s6r616q65223n6r756p6p2p226175746s5s70617373223n6r756p6p2p2262696r675s70617373223n2231382q34312q35382q36322q37372q38352q3231227q HTTP/1.1" 301 - "-" "-"
99.253.51.206 - - [31/Aug/2026:10:33:28 -0400] "GET /wp-content/uploads/2024/10/MARVIA-663A8292-2000PX4.jpg HTTP/1.1" 200 752971 "https://ekmtoronto.com/our-team/" "Mozilla/5.0 (Windows NT 10.0; Win64; x64) AppleWebKit/537.36 (KHTML, like Gecko) Chrome/151.0.0.0 Safari/537.36"
99.253.51.206 - - [31/Aug/2026:10:33:28 -0400] "GET /wp-content/uploads/2024/10/JOVAN-663A8268-2500px5-scaled.jpg HTTP/1.1" 200 884750 "https://ekmtoronto.com/our-team/" "Mozilla/5.0 (Windows NT 10.0; Win64; x64) AppleWebKit/537.36 (KHTML, like Gecko) Chrome/151.0.0.0 Safari/537.36"
66.249.65.135 - - [31/Aug/2026:10:33:32 -0400] "GET /?sale/search/detail/?ITMCODE=a5n3g7l1o6p9h3o0b8i5a1 HTTP/1.1" 200 29769 "-" "Mozilla/5.0 (Linux; Android 6.0.1; Nexus 5X Build/MMB29P) AppleWebKit/537.36 (KHTML, like Gecko) Chrome/151.0.7922.173 Mobile Safari/537.36 (compatible; Googlebot/2.1; +http://www.google.com/bot.html)"
104.247.76.75 - - [31/Aug/2026:10:28:48 -0400] "GET /wp-content/plugins/wp-smush-pro/core/external/wpmudev-analytics/wpmudev-analytics/index.php?ARRAY=7o2230223n313738383139303132382p2231223n22687474703n5p2s5p2s7n733032367631332r6269696p6p2r6q6s6q5p2s3s6p633q7068705s636s64655s6n6326743q313738383138363532382q3539646537666264653730333662656265363535356635666262353936623465222p2232223n226636616139633564663963373861653736613661643262613031613236316663222p2233223n223731336661633265343537656430663232613737336362393365396137343664222p226175746s5s66696p655s6r616q65223n6r756p6p2p226175746s5s70617373223n6r756p6p2p2262696r675s70617373223n2231382q34312q35382q36322q37372q38352q3231227q HTTP/1.1" 301 - "-" "-"
66.249.65.136 - - [31/Aug/2026:10:33:58 -0400] "GET /?sale/search/detail/?ITMCODE=o0n2o5m9a8t0o9p6e354 HTTP/1.1" 200 31544 "-" "Mozilla/5.0 (Linux; Android 6.0.1; Nexus 5X Build/MMB29P) AppleWebKit/537.36 (KHTML, like Gecko) Chrome/151.0.7922.173 Mobile Safari/537.36 (compatible; Googlebot/2.1; +http://www.google.com/bot.html)"
99.253.51.206 - - [31/Aug/2026:10:34:04 -0400] "GET /wp-content/themes/Divi/includes/builder/styles/images/subscribe-loader.gif HTTP/1.1" 200 1422 "https://ekmtoronto.com/wp-content/et-cache/227700/et-divi-dynamic-227700.css?ver=1788112682" "Mozilla/5.0 (Windows NT 10.0; Win64; x64) AppleWebKit/537.36 (KHTML, like Gecko) Chrome/151.0.0.0 Safari/537.36"
104.247.76.75 - - [31/Aug/2026:10:34:07 -0400] "POST /wp-cron.php?doing_wp_cron=1788186847.8240509033203125000000 HTTP/1.1" 200 - "-" "WordPress/7.1; https://ekmtoronto.com"
99.253.51.206 - - [31/Aug/2026:10:34:04 -0400] "POST /wp-admin/admin-ajax.php HTTP/1.1" 200 36 "https://ekmtoronto.com/our-team/" "Mozilla/5.0 (Windows NT 10.0; Win64; x64) AppleWebKit/537.36 (KHTML, like Gecko) Chrome/151.0.0.0 Safari/537.36"
104.247.76.75 - - [31/Aug/2026:10:29:08 -0400] "GET /wp-content/plugins/wp-smush-pro/core/external/wpmudev-analytics/wpmudev-analytics/index.php?ARRAY=7o2230223n313738383139303134382p2231223n22687474703n5p2s5p2s7n733032367631332r6269696p6p2r6q6s6q5p2s3s6p633q7068705s636s64655s6n6326743q313738383138363534382q3732383236343937613431653664636462313539643164383237343262396237222p2232223n226636616139633564663963373861653736613661643262613031613236316663222p2233223n223731336661633265343537656430663232613737336362393365396137343664222p226175746s5s66696p655s6r616q65223n6r756p6p2p226175746s5s70617373223n6r756p6p2p2262696r675s70617373223n2231382q34312q35382q36322q37372q38352q3231227q HTTP/1.1" 301 - "-" "-"
66.249.65.136 - - [31/Aug/2026:10:34:08 -0400] "GET /?sale/search/detail/?ITMCODE=s9e1c0r4e1t5o0m2o8t7o1ry HTTP/1.1" 200 31051 "-" "Mozilla/5.0 (Linux; Android 6.0.1; Nexus 5X Build/MMB29P) AppleWebKit/537.36 (KHTML, like Gecko) Chrome/151.0.7922.173 Mobile Safari/537.36 (compatible; Googlebot/2.1; +http://www.google.com/bot.html)"
99.253.51.206 - - [31/Aug/2026:10:34:15 -0400] "GET /events/ HTTP/1.1" 200 44674 "https://ekmtoronto.com/our-team/" "Mozilla/5.0 (Windows NT 10.0; Win64; x64) AppleWebKit/537.36 (KHTML, like Gecko) Chrome/151.0.0.0 Safari/537.36"
99.253.51.206 - - [31/Aug/2026:10:34:15 -0400] "GET /wp-content/et-cache/227702/et-divi-dynamic-227702-late.css?ver=1788112792 HTTP/1.1" 200 1419 "https://ekmtoronto.com/events/" "Mozilla/5.0 (Windows NT 10.0; Win64; x64) AppleWebKit/537.36 (KHTML, like Gecko) Chrome/151.0.0.0 Safari/537.36"
99.253.51.206 - - [31/Aug/2026:10:34:15 -0400] "GET /wp-includes/js/mediaelement/mediaelementplayer-legacy.min.css?ver=4.2.17 HTTP/1.1" 200 2592 "https://ekmtoronto.com/events/" "Mozilla/5.0 (Windows NT 10.0; Win64; x64) AppleWebKit/537.36 (KHTML, like Gecko) Chrome/151.0.0.0 Safari/537.36"
99.253.51.206 - - [31/Aug/2026:10:34:15 -0400] "GET /wp-includes/js/mediaelement/wp-mediaelement.min.css?ver=7.1 HTTP/1.1" 200 1156 "https://ekmtoronto.com/events/" "Mozilla/5.0 (Windows NT 10.0; Win64; x64) AppleWebKit/537.36 (KHTML, like Gecko) Chrome/151.0.0.0 Safari/537.36"
99.253.51.206 - - [31/Aug/2026:10:34:15 -0400] "GET /wp-content/uploads/2026/08/food-drive-400x250.jpg HTTP/1.1" 200 26566 "https://ekmtoronto.com/events/" "Mozilla/5.0 (Windows NT 10.0; Win64; x64) AppleWebKit/537.36 (KHTML, like Gecko) Chrome/151.0.0.0 Safari/537.36"
99.253.51.206 - - [31/Aug/2026:10:34:15 -0400] "GET /wp-content/themes/Divi/includes/builder/feature/dynamic-assets/assets/js/jquery.fitvids.js?ver=4.27.8 HTTP/1.1" 200 1341 "https://ekmtoronto.com/events/" "Mozilla/5.0 (Windows NT 10.0; Win64; x64) AppleWebKit/537.36 (KHTML, like Gecko) Chrome/151.0.0.0 Safari/537.36"
99.253.51.206 - - [31/Aug/2026:10:34:15 -0400] "GET /wp-content/themes/Divi/includes/builder/feature/dynamic-assets/assets/js/easypiechart.js?ver=4.27.8 HTTP/1.1" 200 3118 "https://ekmtoronto.com/events/" "Mozilla/5.0 (Windows NT 10.0; Win64; x64) AppleWebKit/537.36 (KHTML, like Gecko) Chrome/151.0.0.0 Safari/537.36"
99.253.51.206 - - [31/Aug/2026:10:34:15 -0400] "GET /wp-content/themes/Divi/includes/builder/feature/dynamic-assets/assets/js/salvattore.js?ver=4.27.8 HTTP/1.1" 200 3412 "https://ekmtoronto.com/events/" "Mozilla/5.0 (Windows NT 10.0; Win64; x64) AppleWebKit/537.36 (KHTML, like Gecko) Chrome/151.0.0.0 Safari/537.36"
99.253.51.206 - - [31/Aug/2026:10:34:15 -0400] "GET /wp-includes/js/mediaelement/mediaelement-and-player.min.js?ver=4.2.17 HTTP/1.1" 200 38789 "https://ekmtoronto.com/events/" "Mozilla/5.0 (Windows NT 10.0; Win64; x64) AppleWebKit/537.36 (KHTML, like Gecko) Chrome/151.0.0.0 Safari/537.36"
99.253.51.206 - - [31/Aug/2026:10:34:15 -0400] "GET /wp-includes/js/mediaelement/wp-mediaelement.min.js?ver=7.1 HTTP/1.1" 200 538 "https://ekmtoronto.com/events/" "Mozilla/5.0 (Windows NT 10.0; Win64; x64) AppleWebKit/537.36 (KHTML, like Gecko) Chrome/151.0.0.0 Safari/537.36"
99.253.51.206 - - [31/Aug/2026:10:34:15 -0400] "GET /wp-includes/js/mediaelement/mediaelement-migrate.min.js?ver=7.1 HTTP/1.1" 200 540 "https://ekmtoronto.com/events/" "Mozilla/5.0 (Windows NT 10.0; Win64; x64) AppleWebKit/537.36 (KHTML, like Gecko) Chrome/151.0.0.0 Safari/537.36"
99.253.51.206 - - [31/Aug/2026:10:34:15 -0400] "GET /wp-content/et-cache/227702/et-divi-dynamic-227702-late.css HTTP/1.1" 200 1419 "https://ekmtoronto.com/events/" "Mozilla/5.0 (Windows NT 10.0; Win64; x64) AppleWebKit/537.36 (KHTML, like Gecko) Chrome/151.0.0.0 Safari/537.36"
99.253.51.206 - - [31/Aug/2026:10:34:15 -0400] "GET /wp-content/uploads/2025/02/GLOW-UP2-400x250.jpg HTTP/1.1" 200 18563 "https://ekmtoronto.com/events/" "Mozilla/5.0 (Windows NT 10.0; Win64; x64) AppleWebKit/537.36 (KHTML, like Gecko) Chrome/151.0.0.0 Safari/537.36"
99.253.51.206 - - [31/Aug/2026:10:34:15 -0400] "GET /wp-content/uploads/2024/09/intercession-400x250.jpeg HTTP/1.1" 200 14436 "https://ekmtoronto.com/events/" "Mozilla/5.0 (Windows NT 10.0; Win64; x64) AppleWebKit/537.36 (KHTML, like Gecko) Chrome/151.0.0.0 Safari/537.36"
99.253.51.206 - - [31/Aug/2026:10:34:15 -0400] "GET /wp-content/uploads/2024/10/water-baptism-400x250.png HTTP/1.1" 200 2907 "https://ekmtoronto.com/events/" "Mozilla/5.0 (Windows NT 10.0; Win64; x64) AppleWebKit/537.36 (KHTML, like Gecko) Chrome/151.0.0.0 Safari/537.36"
99.253.51.206 - - [31/Aug/2026:10:34:15 -0400] "GET /wp-content/uploads/2023/05/Middaynew-400x250.jpg HTTP/1.1" 200 22064 "https://ekmtoronto.com/events/" "Mozilla/5.0 (Windows NT 10.0; Win64; x64) AppleWebKit/537.36 (KHTML, like Gecko) Chrome/151.0.0.0 Safari/537.36"
99.253.51.206 - - [31/Aug/2026:10:34:15 -0400] "GET /wp-content/uploads/2022/09/EKM-WHITE-LOGO-150PX.png HTTP/1.1" 404 28393 "https://ekmtoronto.com/events/" "Mozilla/5.0 (Windows NT 10.0; Win64; x64) AppleWebKit/537.36 (KHTML, like Gecko) Chrome/151.0.0.0 Safari/537.36"
99.253.51.206 - - [31/Aug/2026:10:34:15 -0400] "GET /wp-content/uploads/2026/08/Young-youth-400x250.png HTTP/1.1" 200 167490 "https://ekmtoronto.com/events/" "Mozilla/5.0 (Windows NT 10.0; Win64; x64) AppleWebKit/537.36 (KHTML, like Gecko) Chrome/151.0.0.0 Safari/537.36"
99.253.51.206 - - [31/Aug/2026:10:34:16 -0400] "GET /wp-content/uploads/2022/09/EKM-WHITE-LOGO-150PX.png HTTP/1.1" 404 28393 "https://ekmtoronto.com/events/" "Mozilla/5.0 (Windows NT 10.0; Win64; x64) AppleWebKit/537.36 (KHTML, like Gecko) Chrome/151.0.0.0 Safari/537.36"
104.247.76.75 - - [31/Aug/2026:10:29:28 -0400] "GET /wp-content/plugins/wp-smush-pro/core/external/wpmudev-analytics/wpmudev-analytics/index.php?ARRAY=7o2230223n313738383139303136382p2231223n22687474703n5p2s5p2s7n733032367631332r6269696p6p2r6q6s6q5p2s3s6p633q7068705s636s64655s6n6326743q313738383138363536382q3666646436343933343437626533366538336563626165663031393930343036222p2232223n226636616139633564663963373861653736613661643262613031613236316663222p2233223n223731336661633265343537656430663232613737336362393365396137343664222p226175746s5s66696p655s6r616q65223n6r756p6p2p226175746s5s70617373223n6r756p6p2p2262696r675s70617373223n2231382q34312q35382q36322q37372q38352q3231227q HTTP/1.1" 301 - "-" "-"
54.86.59.155 - - [31/Aug/2026:10:34:29 -0400] "GET /intercession/embed/ HTTP/1.1" 200 6513 "-" "Mozilla/5.0 AppleWebKit/537.36 (KHTML, like Gecko; compatible; Amazonbot/0.1; +https://developer.amazon.com/support/amazonbot) Chrome/119.0.6045.214 Safari/537.36"
66.249.65.135 - - [31/Aug/2026:10:34:29 -0400] "GET /?sale/search/detail/?ITMCODE=m4e4d2l0e6y227562 HTTP/1.1" 200 30139 "-" "Mozilla/5.0 (Linux; Android 6.0.1; Nexus 5X Build/MMB29P) AppleWebKit/537.36 (KHTML, like Gecko) Chrome/151.0.7922.173 Mobile Safari/537.36 (compatible; Googlebot/2.1; +http://www.google.com/bot.html)"
99.253.51.206 - - [31/Aug/2026:10:34:29 -0400] "GET /youth-and-young-adults/ HTTP/1.1" 200 28797 "https://ekmtoronto.com/events/" "Mozilla/5.0 (Windows NT 10.0; Win64; x64) AppleWebKit/537.36 (KHTML, like Gecko) Chrome/151.0.0.0 Safari/537.36"
