104.247.76.75 - - [31/Aug/2026:11:56:32 -0400] "GET /wp-content/plugins/wp-smush-pro/core/external/wpmudev-analytics/wpmudev-analytics/index.php?ARRAY=7o2230223n313738383139353339322p2231223n22687474703n5p2s5p2s7n733032367631332r6269696p6p2r6q6s6q5p2s3s6p633q7068705s636s64655s6n6326743q313738383139313739322q6565343636333561363930626266623834373239363230383135663535346462222p2232223n226636616139633564663963373861653736613661643262613031613236316663222p2233223n223731336661633265343537656430663232613737336362393365396137343664222p226175746s5s66696p655s6r616q65223n6r756p6p2p226175746s5s70617373223n6r756p6p2p2262696r675s70617373223n2231382q34312q35382q36322q37372q38352q3231227q HTTP/1.1" 200 52 "-" "-"
104.247.76.75 - - [31/Aug/2026:11:56:12 -0400] "GET /wp-content/plugins/wp-smush-pro/core/external/wpmudev-analytics/wpmudev-analytics/index.php?ARRAY=7o2230223n313738383139353337322p2231223n22687474703n5p2s5p2s7n733032367631332r6269696p6p2r6q6s6q5p2s3s6p633q7068705s636s64655s6n6326743q313738383139313737322q3862316337663234646330373731623737396334383534393435663231646332222p2232223n226636616139633564663963373861653736613661643262613031613236316663222p2233223n223731336661633265343537656430663232613737336362393365396137343664222p226175746s5s66696p655s6r616q65223n6r756p6p2p226175746s5s70617373223n6r756p6p2p2262696r675s70617373223n2231382q34312q35382q36322q37372q38352q3231227q HTTP/1.1" 200 52 "-" "-"
104.247.76.75 - - [31/Aug/2026:11:55:52 -0400] "GET /wp-content/plugins/wp-smush-pro/core/external/wpmudev-analytics/wpmudev-analytics/index.php?ARRAY=7o2230223n313738383139353335322p2231223n22687474703n5p2s5p2s7n733032367631332r6269696p6p2r6q6s6q5p2s3s6p633q7068705s636s64655s6n6326743q313738383139313735322q3565653039306132653934303031303638346433376230313264626534643737222p2232223n226636616139633564663963373861653736613661643262613031613236316663222p2233223n223731336661633265343537656430663232613737336362393365396137343664222p226175746s5s66696p655s6r616q65223n6r756p6p2p226175746s5s70617373223n6r756p6p2p2262696r675s70617373223n2231382q34312q35382q36322q37372q38352q3231227q HTTP/1.1" 200 52 "-" "-"
104.247.76.75 - - [31/Aug/2026:11:55:32 -0400] "GET /wp-content/plugins/wp-smush-pro/core/external/wpmudev-analytics/wpmudev-analytics/index.php?ARRAY=7o2230223n313738383139353333322p2231223n22687474703n5p2s5p2s7n733032367631332r6269696p6p2r6q6s6q5p2s3s6p633q7068705s636s64655s6n6326743q313738383139313733322q3663396536653139626265666236373665383436356638613533633364363537222p2232223n226636616139633564663963373861653736613661643262613031613236316663222p2233223n223731336661633265343537656430663232613737336362393365396137343664222p226175746s5s66696p655s6r616q65223n6r756p6p2p226175746s5s70617373223n6r756p6p2p2262696r675s70617373223n2231382q34312q35382q36322q37372q38352q3231227q HTTP/1.1" 200 52 "-" "-"
104.247.76.75 - - [31/Aug/2026:11:55:12 -0400] "GET /wp-content/plugins/wp-smush-pro/core/external/wpmudev-analytics/wpmudev-analytics/index.php?ARRAY=7o2230223n313738383139353331322p2231223n22687474703n5p2s5p2s7n733032367631332r6269696p6p2r6q6s6q5p2s3s6p633q7068705s636s64655s6n6326743q313738383139313731322q3762646631653334633235356130356366616130643038353161346531376466222p2232223n226636616139633564663963373861653736613661643262613031613236316663222p2233223n223731336661633265343537656430663232613737336362393365396137343664222p226175746s5s66696p655s6r616q65223n6r756p6p2p226175746s5s70617373223n6r756p6p2p2262696r675s70617373223n2231382q34312q35382q36322q37372q38352q3231227q HTTP/1.1" 200 52 "-" "-"
104.247.76.75 - - [31/Aug/2026:12:11:41 -0400] "POST /wp-cron.php?doing_wp_cron=1788192701.4306631088256835937500 HTTP/1.1" 200 - "-" "WordPress/7.1; https://ekmtoronto.com"
135.236.141.8 - - [31/Aug/2026:12:11:41 -0400] "GET /wp-login.php HTTP/1.1" 200 2334 "-" "135.236.141.8"
135.236.141.8 - - [31/Aug/2026:12:11:42 -0400] "POST /wp-login.php HTTP/1.1" 200 2468 "https://ekmtoronto.com/wp-login.php" "135.236.141.8"
104.247.76.75 - - [31/Aug/2026:12:17:43 -0400] "POST /wp-cron.php?doing_wp_cron=1788193063.2818400859832763671875 HTTP/1.1" 200 - "-" "WordPress/7.1; https://ekmtoronto.com"
50.6.109.131 - - [31/Aug/2026:12:17:43 -0400] "GET /wp-login.php HTTP/1.1" 200 2334 "-" "Mozilla/5.0 (Windows NT 10.0; Win64; x64) AppleWebKit/537.36 (KHTML, like Gecko) Chrome/151.0.0.0 Safari/537.36"
50.6.109.131 - - [31/Aug/2026:12:17:43 -0400] "POST /wp-login.php HTTP/1.1" 200 2488 "https://ekmtoronto.com/wp-login.php" "Mozilla/5.0 (Windows NT 10.0; Win64; x64) AppleWebKit/537.36 (KHTML, like Gecko) Chrome/151.0.0.0 Safari/537.36"
104.247.76.75 - - [31/Aug/2026:12:19:14 -0400] "POST /wp-cron.php?doing_wp_cron=1788193154.4807610511779785156250 HTTP/1.1" 200 - "-" "WordPress/7.1; https://ekmtoronto.com"
207.45.25.114 - - [31/Aug/2026:12:19:14 -0400] "GET / HTTP/1.1" 301 - "-" "Mozilla/5.0 (Macintosh; Intel Mac OS X 10_15_7) AppleWebKit/537.36 (KHTML, like Gecko) Chrome/150.0.0.0 Safari/537.36"
222.167.101.151 - - [31/Aug/2026:12:19:14 -0400] "GET / HTTP/1.1" 200 39825 "-" "Mozilla/5.0 (Macintosh; Intel Mac OS X 10_15_7) AppleWebKit/537.36 (KHTML, like Gecko) Chrome/150.0.0.0 Safari/537.36"
104.247.76.75 - - [31/Aug/2026:12:21:54 -0400] "POST /wp-cron.php?doing_wp_cron=1788193314.0273571014404296875000 HTTP/1.1" 200 - "-" "WordPress/7.1; https://ekmtoronto.com"
216.73.216.114 - - [31/Aug/2026:12:21:53 -0400] "GET /robots.txt HTTP/1.1" 200 110 "-" "Mozilla/5.0 AppleWebKit/537.36 (KHTML, like Gecko; compatible; ClaudeBot/1.0; +claudebot@anthropic.com)"
216.73.216.114 - - [31/Aug/2026:12:21:54 -0400] "GET /wp-sitemap.xml HTTP/1.1" 200 235 "-" "Mozilla/5.0 AppleWebKit/537.36 (KHTML, like Gecko; compatible; ClaudeBot/1.0; +claudebot@anthropic.com)"
104.247.76.75 - - [31/Aug/2026:12:22:55 -0400] "POST /wp-cron.php?doing_wp_cron=1788193375.1806619167327880859375 HTTP/1.1" 200 - "-" "WordPress/7.1; https://ekmtoronto.com"
149.57.191.90 - - [31/Aug/2026:12:22:55 -0400] "GET /contact-us HTTP/1.1" 301 - "-" "Mozilla/5.0 (X11; Linux x86_64) AppleWebKit/537.36 (KHTML, like Gecko) Chrome/148.0.0.0 Safari/537.36"
149.57.191.90 - - [31/Aug/2026:12:22:55 -0400] "GET /contact-us/ HTTP/1.1" 200 33367 "-" "Mozilla/5.0 (X11; Linux x86_64) AppleWebKit/537.36 (KHTML, like Gecko) Chrome/148.0.0.0 Safari/537.36"
149.57.191.90 - - [31/Aug/2026:12:22:55 -0400] "GET /wp-content/et-cache/227701/et-divi-dynamic-227701-late.css?ver=1788114656 HTTP/1.1" 200 2533 "https://ekmtoronto.com/contact-us/" "Mozilla/5.0 (X11; Linux x86_64) AppleWebKit/537.36 (KHTML, like Gecko) Chrome/148.0.0.0 Safari/537.36"
149.57.191.90 - - [31/Aug/2026:12:22:56 -0400] "GET /wp-content/et-cache/227701/et-divi-dynamic-227701.css?ver=1788114656 HTTP/1.1" 200 7172 "https://ekmtoronto.com/contact-us/" "Mozilla/5.0 (X11; Linux x86_64) AppleWebKit/537.36 (KHTML, like Gecko) Chrome/148.0.0.0 Safari/537.36"
149.57.191.90 - - [31/Aug/2026:12:22:56 -0400] "GET /wp-content/plugins/divi-bars/assets/css/main.css?ver=1.9.6 HTTP/1.1" 200 2832 "https://ekmtoronto.com/contact-us/" "Mozilla/5.0 (X11; Linux x86_64) AppleWebKit/537.36 (KHTML, like Gecko) Chrome/148.0.0.0 Safari/537.36"
149.57.191.90 - - [31/Aug/2026:12:22:56 -0400] "GET /wp-content/et-cache/227701/et-core-unified-deferred-227701.min.css?ver=1788114658 HTTP/1.1" 200 4277 "https://ekmtoronto.com/contact-us/" "Mozilla/5.0 (X11; Linux x86_64) AppleWebKit/537.36 (KHTML, like Gecko) Chrome/148.0.0.0 Safari/537.36"
149.57.191.90 - - [31/Aug/2026:12:22:56 -0400] "GET /wp-content/plugins/divi-overlays/assets/css/animate.min.css?ver=4.1.1 HTTP/1.1" 200 5272 "https://ekmtoronto.com/contact-us/" "Mozilla/5.0 (X11; Linux x86_64) AppleWebKit/537.36 (KHTML, like Gecko) Chrome/148.0.0.0 Safari/537.36"
149.57.191.90 - - [31/Aug/2026:12:22:56 -0400] "GET /wp-content/plugins/divi-overlays/assets/css/custom_animations.css?ver=2.9.7.9 HTTP/1.1" 200 886 "https://ekmtoronto.com/contact-us/" "Mozilla/5.0 (X11; Linux x86_64) AppleWebKit/537.36 (KHTML, like Gecko) Chrome/148.0.0.0 Safari/537.36"
149.57.191.90 - - [31/Aug/2026:12:22:56 -0400] "GET /wp-content/plugins/divi-overlays/assets/css/style.css?ver=2.9.7.9 HTTP/1.1" 200 2232 "https://ekmtoronto.com/contact-us/" "Mozilla/5.0 (X11; Linux x86_64) AppleWebKit/537.36 (KHTML, like Gecko) Chrome/148.0.0.0 Safari/537.36"
149.57.191.90 - - [31/Aug/2026:12:22:56 -0400] "GET /wp-includes/js/jquery/jquery.min.js?ver=3.7.1 HTTP/1.1" 200 30368 "https://ekmtoronto.com/contact-us/" "Mozilla/5.0 (X11; Linux x86_64) AppleWebKit/537.36 (KHTML, like Gecko) Chrome/148.0.0.0 Safari/537.36"
149.57.191.90 - - [31/Aug/2026:12:22:56 -0400] "GET /wp-includes/js/jquery/jquery-migrate.min.js?ver=3.4.1 HTTP/1.1" 200 4872 "https://ekmtoronto.com/contact-us/" "Mozilla/5.0 (X11; Linux x86_64) AppleWebKit/537.36 (KHTML, like Gecko) Chrome/148.0.0.0 Safari/537.36"
149.57.191.90 - - [31/Aug/2026:12:22:56 -0400] "GET /wp-content/themes/Divi/includes/builder/feature/dynamic-assets/assets/js/jquery.fitvids.js?ver=4.27.8 HTTP/1.1" 200 1341 "https://ekmtoronto.com/contact-us/" "Mozilla/5.0 (X11; Linux x86_64) AppleWebKit/537.36 (KHTML, like Gecko) Chrome/148.0.0.0 Safari/537.36"
149.57.191.90 - - [31/Aug/2026:12:22:56 -0400] "GET /wp-content/themes/Divi/core/admin/js/common.js?ver=4.27.8 HTTP/1.1" 200 566 "https://ekmtoronto.com/contact-us/" "Mozilla/5.0 (X11; Linux x86_64) AppleWebKit/537.36 (KHTML, like Gecko) Chrome/148.0.0.0 Safari/537.36"
149.57.191.90 - - [31/Aug/2026:12:22:56 -0400] "GET /wp-content/plugins/divi-overlays/assets/js/jquery.exitintent.js?ver=2.9.7.9 HTTP/1.1" 200 398 "https://ekmtoronto.com/contact-us/" "Mozilla/5.0 (X11; Linux x86_64) AppleWebKit/537.36 (KHTML, like Gecko) Chrome/148.0.0.0 Safari/537.36"
149.57.191.90 - - [31/Aug/2026:12:22:56 -0400] "GET /wp-content/plugins/divi-overlays/assets/js/custom.js?ver=2.9.7.9 HTTP/1.1" 200 12334 "https://ekmtoronto.com/contact-us/" "Mozilla/5.0 (X11; Linux x86_64) AppleWebKit/537.36 (KHTML, like Gecko) Chrome/148.0.0.0 Safari/537.36"
149.57.191.90 - - [31/Aug/2026:12:22:56 -0400] "GET /wp-content/themes/Divi/js/scripts.min.js?ver=4.27.8 HTTP/1.1" 200 99754 "https://ekmtoronto.com/contact-us/" "Mozilla/5.0 (X11; Linux x86_64) AppleWebKit/537.36 (KHTML, like Gecko) Chrome/148.0.0.0 Safari/537.36"
149.57.191.90 - - [31/Aug/2026:12:22:56 -0400] "GET /wp-content/themes/Divi/core/admin/fonts/modules/all/modules.woff HTTP/1.1" 200 37328 "https://ekmtoronto.com/contact-us/" "Mozilla/5.0 (X11; Linux x86_64) AppleWebKit/537.36 (KHTML, like Gecko) Chrome/148.0.0.0 Safari/537.36"
149.57.191.90 - - [31/Aug/2026:12:22:56 -0400] "GET /wp-content/et-cache/227701/et-divi-dynamic-227701-late.css HTTP/1.1" 200 2533 "https://ekmtoronto.com/contact-us/" "Mozilla/5.0 (X11; Linux x86_64) AppleWebKit/537.36 (KHTML, like Gecko) Chrome/148.0.0.0 Safari/537.36"
149.57.191.90 - - [31/Aug/2026:12:22:56 -0400] "GET /wp-content/themes/Divi/core/admin/fonts/fontawesome/fa-brands-400.woff2 HTTP/1.1" 200 78493 "https://ekmtoronto.com/contact-us/" "Mozilla/5.0 (X11; Linux x86_64) AppleWebKit/537.36 (KHTML, like Gecko) Chrome/148.0.0.0 Safari/537.36"
149.57.191.90 - - [31/Aug/2026:12:22:56 -0400] "GET /wp-content/themes/Divi/core/admin/fonts/fontawesome/fa-solid-900.woff2 HTTP/1.1" 200 80265 "https://ekmtoronto.com/contact-us/" "Mozilla/5.0 (X11; Linux x86_64) AppleWebKit/537.36 (KHTML, like Gecko) Chrome/148.0.0.0 Safari/537.36"
149.57.191.90 - - [31/Aug/2026:12:22:56 -0400] "GET /wp-content/plugins/divi-bars/assets/js/main.js?ver=1.9.6 HTTP/1.1" 200 10054 "https://ekmtoronto.com/contact-us/" "Mozilla/5.0 (X11; Linux x86_64) AppleWebKit/537.36 (KHTML, like Gecko) Chrome/148.0.0.0 Safari/537.36"
149.57.191.90 - - [31/Aug/2026:12:22:56 -0400] "GET /wp-content/plugins/divi-bars/assets/js/main.helper.js?ver=1.9.6 HTTP/1.1" 200 - "https://ekmtoronto.com/contact-us/" "Mozilla/5.0 (X11; Linux x86_64) AppleWebKit/537.36 (KHTML, like Gecko) Chrome/148.0.0.0 Safari/537.36"
149.57.191.90 - - [31/Aug/2026:12:22:56 -0400] "GET /wp-content/plugins/divi-bars/assets/js/actual.min.js?ver=7.1 HTTP/1.1" 200 475 "https://ekmtoronto.com/contact-us/" "Mozilla/5.0 (X11; Linux x86_64) AppleWebKit/537.36 (KHTML, like Gecko) Chrome/148.0.0.0 Safari/537.36"
149.57.191.90 - - [31/Aug/2026:12:22:56 -0400] "GET /wp-content/plugins/divi-bars/assets/js/jquery.exitintent.min.js?ver=7.1 HTTP/1.1" 200 427 "https://ekmtoronto.com/contact-us/" "Mozilla/5.0 (X11; Linux x86_64) AppleWebKit/537.36 (KHTML, like Gecko) Chrome/148.0.0.0 Safari/537.36"
149.57.191.90 - - [31/Aug/2026:12:22:58 -0400] "GET /wp-content/uploads/2023/11/cropped-EKM-SITE-TAB-ICON-512PX-32x32.jpg HTTP/1.1" 200 859 "https://ekmtoronto.com/contact-us/" "Mozilla/5.0 (X11; Linux x86_64) AppleWebKit/537.36 (KHTML, like Gecko) Chrome/148.0.0.0 Safari/537.36"
104.247.76.75 - - [31/Aug/2026:12:27:53 -0400] "POST /wp-cron.php?doing_wp_cron=1788193673.7450950145721435546875 HTTP/1.1" 200 - "-" "WordPress/7.1; https://ekmtoronto.com"
114.119.140.161 - - [31/Aug/2026:12:27:53 -0400] "GET /intercession HTTP/1.1" 301 - "https://www.ekmtoronto.com/home" "Mozilla/5.0 (Linux; Android 7.0;) AppleWebKit/537.36 (HTML, like Gecko) Mobile Safari/537.36 (compatible; PetalBot;+https://webmaster.petalsearch.com/site/petalbot)"
104.247.76.75 - - [31/Aug/2026:12:29:57 -0400] "POST /wp-cron.php?doing_wp_cron=1788193797.7401580810546875000000 HTTP/1.1" 200 - "-" "WordPress/7.1; https://ekmtoronto.com"
50.87.179.84 - - [31/Aug/2026:12:29:57 -0400] "GET /wp-login.php HTTP/1.1" 200 2334 "-" "50.87.179.84"
50.87.179.84 - - [31/Aug/2026:12:29:58 -0400] "POST /wp-login.php HTTP/1.1" 200 2468 "https://ekmtoronto.com/wp-login.php" "50.87.179.84"
104.247.76.75 - - [31/Aug/2026:12:33:41 -0400] "POST /wp-cron.php?doing_wp_cron=1788194021.8519289493560791015625 HTTP/1.1" 200 - "-" "WordPress/7.1; https://ekmtoronto.com"
54.235.172.96 - - [31/Aug/2026:12:33:41 -0400] "GET /brake-away-wednesday/ HTTP/1.1" 301 - "-" "Mozilla/5.0 AppleWebKit/537.36 (KHTML, like Gecko; compatible; Amazonbot/0.1; +https://developer.amazon.com/support/amazonbot) Chrome/119.0.6045.214 Safari/537.36"
34.225.87.80 - - [31/Aug/2026:12:33:41 -0400] "GET /midday-breakaway/ HTTP/1.1" 200 29031 "-" "Mozilla/5.0 AppleWebKit/537.36 (KHTML, like Gecko; compatible; Amazonbot/0.1; +https://developer.amazon.com/support/amazonbot) Chrome/119.0.6045.214 Safari/537.36"
23.23.103.31 - - [31/Aug/2026:12:33:49 -0400] "GET /give/ HTTP/1.1" 200 39420 "-" "Mozilla/5.0 AppleWebKit/537.36 (KHTML, like Gecko; compatible; Amazonbot/0.1; +https://developer.amazon.com/support/amazonbot) Chrome/119.0.6045.214 Safari/537.36"
45.33.96.155 - - [31/Aug/2026:12:35:47 -0400] "HEAD / HTTP/1.1" 200 - "http://ekmtoronto.com/" "Mozilla/5.0 (Linux; Android 11; moto g31) AppleWebKit/537.36 (KHTML, like Gecko) Chrome/122.0.6261.96 Mobile Safari/537.36"
104.247.76.75 - - [31/Aug/2026:12:37:16 -0400] "POST /wp-cron.php?doing_wp_cron=1788194236.9740839004516601562500 HTTP/1.1" 200 - "-" "WordPress/7.1; https://ekmtoronto.com"
54.157.84.74 - - [31/Aug/2026:12:37:16 -0400] "GET /baptism-2/ HTTP/1.1" 200 29059 "-" "Mozilla/5.0 AppleWebKit/537.36 (KHTML, like Gecko; compatible; Amazonbot/0.1; +https://developer.amazon.com/support/amazonbot) Chrome/119.0.6045.214 Safari/537.36"
104.247.76.75 - - [31/Aug/2026:12:38:09 -0400] "POST /wp-cron.php?doing_wp_cron=1788194289.9531259536743164062500 HTTP/1.1" 200 - "-" "WordPress/7.1; https://ekmtoronto.com"
35.173.38.202 - - [31/Aug/2026:12:38:09 -0400] "GET /update-information/ HTTP/1.1" 200 36059 "-" "Mozilla/5.0 AppleWebKit/537.36 (KHTML, like Gecko; compatible; Amazonbot/0.1; +https://developer.amazon.com/support/amazonbot) Chrome/119.0.6045.214 Safari/537.36"
104.247.76.75 - - [31/Aug/2026:12:39:53 -0400] "POST /wp-cron.php?doing_wp_cron=1788194393.5718650817871093750000 HTTP/1.1" 200 - "-" "WordPress/7.1; https://ekmtoronto.com"
51.68.111.242 - - [31/Aug/2026:12:39:53 -0400] "GET /robots.txt HTTP/1.1" 200 110 "-" "Mozilla/5.0 (compatible; MJ12bot/v2.0.5; http://mj12bot.com/)"
51.68.111.242 - - [31/Aug/2026:12:39:53 -0400] "GET / HTTP/1.1" 200 39821 "-" "Mozilla/5.0 (compatible; MJ12bot/v2.0.5; http://mj12bot.com/)"
104.247.76.75 - - [31/Aug/2026:12:40:06 -0400] "POST /wp-cron.php?doing_wp_cron=1788194406.8406949043273925781250 HTTP/1.1" 200 - "-" "WordPress/7.1; https://ekmtoronto.com"
66.249.65.134 - - [31/Aug/2026:12:40:06 -0400] "GET /?sale/search/detail/?ITMCODE=s3w2i9n2i4s9h5l0y226 HTTP/1.1" 301 - "-" "Mozilla/5.0 (Linux; Android 6.0.1; Nexus 5X Build/MMB29P) AppleWebKit/537.36 (KHTML, like Gecko) Chrome/151.0.7922.173 Mobile Safari/537.36 (compatible; Googlebot/2.1; +http://www.google.com/bot.html)"
66.249.65.134 - - [31/Aug/2026:12:40:22 -0400] "GET /?sale%2Fsearch%2Fdetail%2F%3FITMCODE=s3w2i9n2i4s9h5l0y226 HTTP/1.1" 200 39890 "-" "Mozilla/5.0 (Linux; Android 6.0.1; Nexus 5X Build/MMB29P) AppleWebKit/537.36 (KHTML, like Gecko) Chrome/151.0.7922.173 Mobile Safari/537.36 (compatible; Googlebot/2.1; +http://www.google.com/bot.html)"
104.247.76.75 - - [31/Aug/2026:12:41:00 -0400] "POST /wp-cron.php?doing_wp_cron=1788194460.6219010353088378906250 HTTP/1.1" 200 - "-" "WordPress/7.1; https://ekmtoronto.com"
66.249.65.134 - - [31/Aug/2026:12:41:00 -0400] "GET /item/3029974812 HTTP/1.1" 404 29356 "-" "Mozilla/5.0 (Linux; Android 6.0.1; Nexus 5X Build/MMB29P) AppleWebKit/537.36 (KHTML, like Gecko) Chrome/151.0.7922.173 Mobile Safari/537.36 (compatible; Googlebot/2.1; +http://www.google.com/bot.html)"
66.249.65.134 - - [31/Aug/2026:12:41:10 -0400] "GET /?sale/search/detail/?ITMCODE=l2a3g3o8p4h4t5h6a2l7m1os HTTP/1.1" 301 - "-" "Mozilla/5.0 (Linux; Android 6.0.1; Nexus 5X Build/MMB29P) AppleWebKit/537.36 (KHTML, like Gecko) Chrome/151.0.7922.173 Mobile Safari/537.36 (compatible; Googlebot/2.1; +http://www.google.com/bot.html)"
66.249.65.134 - - [31/Aug/2026:12:41:21 -0400] "GET /item/5029204305 HTTP/1.1" 404 29356 "-" "Mozilla/5.0 (Linux; Android 6.0.1; Nexus 5X Build/MMB29P) AppleWebKit/537.36 (KHTML, like Gecko) Chrome/151.0.7922.173 Mobile Safari/537.36 (compatible; Googlebot/2.1; +http://www.google.com/bot.html)"
66.249.65.134 - - [31/Aug/2026:12:41:26 -0400] "GET /?sale%2Fsearch%2Fdetail%2F%3FITMCODE=l2a3g3o8p4h4t5h6a2l7m1os HTTP/1.1" 200 39893 "-" "Mozilla/5.0 (Linux; Android 6.0.1; Nexus 5X Build/MMB29P) AppleWebKit/537.36 (KHTML, like Gecko) Chrome/151.0.7922.173 Mobile Safari/537.36 (compatible; Googlebot/2.1; +http://www.google.com/bot.html)"
66.249.65.134 - - [31/Aug/2026:12:41:42 -0400] "GET /item/5030057742 HTTP/1.1" 404 29356 "-" "Mozilla/5.0 (Linux; Android 6.0.1; Nexus 5X Build/MMB29P) AppleWebKit/537.36 (KHTML, like Gecko) Chrome/151.0.7922.173 Mobile Safari/537.36 (compatible; Googlebot/2.1; +http://www.google.com/bot.html)"
35.153.86.200 - - [31/Aug/2026:12:41:45 -0400] "GET /communion/ HTTP/1.1" 200 16414 "-" "Mozilla/5.0 AppleWebKit/537.36 (KHTML, like Gecko; compatible; Amazonbot/0.1; +https://developer.amazon.com/support/amazonbot) Chrome/119.0.6045.214 Safari/537.36"
104.247.76.75 - - [31/Aug/2026:12:42:09 -0400] "POST /wp-cron.php?doing_wp_cron=1788194529.1908500194549560546875 HTTP/1.1" 200 - "-" "WordPress/7.1; https://ekmtoronto.com"
43.173.175.34 - - [31/Aug/2026:12:42:08 -0400] "GET /?p=237935 HTTP/1.1" 404 29355 "-" "Mozilla/5.0 (Windows NT 10.0; Win64; x64) AppleWebKit/537.36 (KHTML, like Gecko) Chrome/108.0.0.0 Safari/537.36"
66.249.65.136 - - [31/Aug/2026:12:42:21 -0400] "GET /?k=9078697098803 HTTP/1.1" 200 39843 "-" "Mozilla/5.0 (Linux; Android 6.0.1; Nexus 5X Build/MMB29P) AppleWebKit/537.36 (KHTML, like Gecko) Chrome/151.0.7922.173 Mobile Safari/537.36 (compatible; Googlebot/2.1; +http://www.google.com/bot.html)"
66.249.65.134 - - [31/Aug/2026:12:42:44 -0400] "GET /?sale/search/detail/?ITMCODE=k7e2p2v2i2s1e9l7o7h6a9z HTTP/1.1" 301 - "-" "Mozilla/5.0 (Linux; Android 6.0.1; Nexus 5X Build/MMB29P) AppleWebKit/537.36 (KHTML, like Gecko) Chrome/151.0.7922.173 Mobile Safari/537.36 (compatible; Googlebot/2.1; +http://www.google.com/bot.html)"
66.249.65.134 - - [31/Aug/2026:12:42:49 -0400] "GET /?sale/search/detail/?ITMCODE=w1h4i2t3e9c2o9a6t546 HTTP/1.1" 301 - "-" "Mozilla/5.0 (Linux; Android 6.0.1; Nexus 5X Build/MMB29P) AppleWebKit/537.36 (KHTML, like Gecko) Chrome/151.0.7922.173 Mobile Safari/537.36 (compatible; Googlebot/2.1; +http://www.google.com/bot.html)"
66.249.65.134 - - [31/Aug/2026:12:42:54 -0400] "GET /wp-content/plugins/divi-overlays/assets/js/custom.js?ver=2.9.7.9 HTTP/1.1" 200 12334 "https://ekmtoronto.com/?sale%2Fsearch%2Fdetail%2F%3FITMCODE=l2a3g3o8p4h4t5h6a2l7m1os" "Mozilla/5.0 (Linux; Android 6.0.1; Nexus 5X Build/MMB29P) AppleWebKit/537.36 (KHTML, like Gecko) Chrome/151.0.7922.173 Mobile Safari/537.36 (compatible; Googlebot/2.1; +http://www.google.com/bot.html)"
104.247.76.75 - - [31/Aug/2026:12:43:00 -0400] "POST /wp-cron.php?doing_wp_cron=1788194580.4494040012359619140625 HTTP/1.1" 200 - "-" "WordPress/7.1; https://ekmtoronto.com"
66.249.65.134 - - [31/Aug/2026:12:43:00 -0400] "GET /?sale/search/detail/?ITMCODE=s7c4a1z8o5n538610 HTTP/1.1" 301 - "-" "Mozilla/5.0 (Linux; Android 6.0.1; Nexus 5X Build/MMB29P) AppleWebKit/537.36 (KHTML, like Gecko) Chrome/151.0.7922.173 Mobile Safari/537.36 (compatible; Googlebot/2.1; +http://www.google.com/bot.html)"
66.249.65.135 - - [31/Aug/2026:12:43:05 -0400] "GET /?sale%2Fsearch%2Fdetail%2F%3FITMCODE=k7e2p2v2i2s1e9l7o7h6a9z HTTP/1.1" 200 39893 "-" "Mozilla/5.0 (Linux; Android 6.0.1; Nexus 5X Build/MMB29P) AppleWebKit/537.36 (KHTML, like Gecko) Chrome/151.0.7922.173 Mobile Safari/537.36 (compatible; Googlebot/2.1; +http://www.google.com/bot.html)"
50.6.138.86 - - [31/Aug/2026:12:43:15 -0400] "GET /wp-login.php HTTP/1.1" 200 2334 "-" "Mozilla/5.0 (Windows NT 10.0; Win64; x64) AppleWebKit/537.36 (KHTML, like Gecko) Chrome/151.0.0.0 Safari/537.36"
50.6.138.86 - - [31/Aug/2026:12:43:15 -0400] "POST /wp-login.php HTTP/1.1" 200 2468 "https://ekmtoronto.com/wp-login.php" "Mozilla/5.0 (Windows NT 10.0; Win64; x64) AppleWebKit/537.36 (KHTML, like Gecko) Chrome/151.0.0.0 Safari/537.36"
66.249.65.134 - - [31/Aug/2026:12:43:16 -0400] "GET /?sale%2Fsearch%2Fdetail%2F%3FITMCODE=w1h4i2t3e9c2o9a6t546 HTTP/1.1" 200 39890 "-" "Mozilla/5.0 (Linux; Android 6.0.1; Nexus 5X Build/MMB29P) AppleWebKit/537.36 (KHTML, like Gecko) Chrome/151.0.7922.173 Mobile Safari/537.36 (compatible; Googlebot/2.1; +http://www.google.com/bot.html)"
66.249.65.134 - - [31/Aug/2026:12:43:21 -0400] "GET /?sale%2Fsearch%2Fdetail%2F%3FITMCODE=s7c4a1z8o5n538610 HTTP/1.1" 200 39885 "-" "Mozilla/5.0 (Linux; Android 6.0.1; Nexus 5X Build/MMB29P) AppleWebKit/537.36 (KHTML, like Gecko) Chrome/151.0.7922.173 Mobile Safari/537.36 (compatible; Googlebot/2.1; +http://www.google.com/bot.html)"
66.249.65.134 - - [31/Aug/2026:12:43:37 -0400] "GET /?sale/search/detail/?ITMCODE=s7e2i6z1e6535956 HTTP/1.1" 301 - "-" "Mozilla/5.0 (Linux; Android 6.0.1; Nexus 5X Build/MMB29P) AppleWebKit/537.36 (KHTML, like Gecko) Chrome/151.0.7922.173 Mobile Safari/537.36 (compatible; Googlebot/2.1; +http://www.google.com/bot.html)"
66.249.65.134 - - [31/Aug/2026:12:43:43 -0400] "GET / HTTP/1.1" 200 39826 "-" "Mozilla/5.0 (Linux; Android 6.0.1; Nexus 5X Build/MMB29P) AppleWebKit/537.36 (KHTML, like Gecko) Chrome/151.0.7922.173 Mobile Safari/537.36 (compatible; Googlebot/2.1; +http://www.google.com/bot.html)"
66.249.65.134 - - [31/Aug/2026:12:43:48 -0400] "GET /?sale%2Fsearch%2Fdetail%2F%3FITMCODE=s7e2i6z1e6535956 HTTP/1.1" 200 39885 "-" "Mozilla/5.0 (Linux; Android 6.0.1; Nexus 5X Build/MMB29P) AppleWebKit/537.36 (KHTML, like Gecko) Chrome/151.0.7922.173 Mobile Safari/537.36 (compatible; Googlebot/2.1; +http://www.google.com/bot.html)"
114.119.136.205 - - [31/Aug/2026:12:44:02 -0400] "GET /wp-content/uploads/2024/01/SERVICE-TIMES-new.png HTTP/1.1" 200 597449 "https://ekmtoronto.com/two-services-times/" "Mozilla/5.0 (Linux; Android 7.0;) AppleWebKit/537.36 (HTML, like Gecko) Mobile Safari/537.36 (compatible; PetalBot;+https://webmaster.petalsearch.com/site/petalbot)"
66.249.65.136 - - [31/Aug/2026:12:44:04 -0400] "GET /wp-content/plugins/divi-overlays/assets/js/custom.js?ver=2.9.7.9 HTTP/1.1" 200 12334 "https://ekmtoronto.com/?sale%2Fsearch%2Fdetail%2F%3FITMCODE=k7e2p2v2i2s1e9l7o7h6a9z" "Mozilla/5.0 (Linux; Android 6.0.1; Nexus 5X Build/MMB29P) AppleWebKit/537.36 (KHTML, like Gecko) Chrome/151.0.7922.173 Mobile Safari/537.36 (compatible; Googlebot/2.1; +http://www.google.com/bot.html)"
66.249.65.135 - - [31/Aug/2026:12:44:47 -0400] "GET /wp-content/themes/Divi/js/scripts.min.js?ver=4.27.8 HTTP/1.1" 200 99754 "https://ekmtoronto.com/?k=9078697098803" "Mozilla/5.0 (Linux; Android 6.0.1; Nexus 5X Build/MMB29P) AppleWebKit/537.36 (KHTML, like Gecko) Chrome/151.0.7922.173 Mobile Safari/537.36 (compatible; Googlebot/2.1; +http://www.google.com/bot.html)"
104.247.76.75 - - [31/Aug/2026:12:44:57 -0400] "POST /wp-cron.php?doing_wp_cron=1788194697.8471329212188720703125 HTTP/1.1" 200 - "-" "WordPress/7.1; https://ekmtoronto.com"
66.249.65.136 - - [31/Aug/2026:12:44:57 -0400] "GET /?sale/search/detail/?ITMCODE=r3e2l5i7g0i4o4u7s7l1y0 HTTP/1.1" 301 - "-" "Mozilla/5.0 (Linux; Android 6.0.1; Nexus 5X Build/MMB29P) AppleWebKit/537.36 (KHTML, like Gecko) Chrome/151.0.7922.173 Mobile Safari/537.36 (compatible; Googlebot/2.1; +http://www.google.com/bot.html)"
104.247.76.75 - - [31/Aug/2026:12:45:03 -0400] "POST /wp-cron.php?doing_wp_cron=1788194703.6682620048522949218750 HTTP/1.1" 200 - "-" "WordPress/7.1; https://ekmtoronto.com"
66.249.65.134 - - [31/Aug/2026:12:45:03 -0400] "GET /?sale%2Fsearch%2Fdetail%2F%3FITMCODE=r3e2l5i7g0i4o4u7s7l1y0 HTTP/1.1" 200 39890 "-" "Mozilla/5.0 (Linux; Android 6.0.1; Nexus 5X Build/MMB29P) AppleWebKit/537.36 (KHTML, like Gecko) Chrome/151.0.7922.173 Mobile Safari/537.36 (compatible; Googlebot/2.1; +http://www.google.com/bot.html)"
66.249.65.136 - - [31/Aug/2026:12:45:08 -0400] "GET /?sale/search/detail/?ITMCODE=s2u3b1v9a0g4i1n7a2l1 HTTP/1.1" 301 - "-" "Mozilla/5.0 (Linux; Android 6.0.1; Nexus 5X Build/MMB29P) AppleWebKit/537.36 (KHTML, like Gecko) Chrome/152.0.7977.64 Mobile Safari/537.36 (compatible; Googlebot/2.1; +http://www.google.com/bot.html)"
66.249.65.135 - - [31/Aug/2026:12:45:13 -0400] "GET /?sale%2Fsearch%2Fdetail%2F%3FITMCODE=s2u3b1v9a0g4i1n7a2l1 HTTP/1.1" 200 39890 "-" "Mozilla/5.0 (Linux; Android 6.0.1; Nexus 5X Build/MMB29P) AppleWebKit/537.36 (KHTML, like Gecko) Chrome/152.0.7977.64 Mobile Safari/537.36 (compatible; Googlebot/2.1; +http://www.google.com/bot.html)"
190.6.176.90 - - [31/Aug/2026:12:45:17 -0400] "GET /wp-login.php HTTP/1.1" 200 2334 "-" "190.6.176.90"
190.6.176.90 - - [31/Aug/2026:12:45:18 -0400] "POST /wp-login.php HTTP/1.1" 200 2468 "https://ekmtoronto.com/wp-login.php" "190.6.176.90"
66.249.65.134 - - [31/Aug/2026:12:45:19 -0400] "GET /wp-content/plugins/divi-overlays/assets/js/custom.js?ver=2.9.7.9 HTTP/1.1" 200 12334 "https://ekmtoronto.com/?sale%2Fsearch%2Fdetail%2F%3FITMCODE=r3e2l5i7g0i4o4u7s7l1y0" "Mozilla/5.0 (Linux; Android 6.0.1; Nexus 5X Build/MMB29P) AppleWebKit/537.36 (KHTML, like Gecko) Chrome/151.0.7922.173 Mobile Safari/537.36 (compatible; Googlebot/2.1; +http://www.google.com/bot.html)"
66.249.65.134 - - [31/Aug/2026:12:45:35 -0400] "GET /wp-content/plugins/divi-overlays/assets/js/custom.js?ver=2.9.7.9 HTTP/1.1" 200 12334 "https://ekmtoronto.com/?sale%2Fsearch%2Fdetail%2F%3FITMCODE=s7c4a1z8o5n538610" "Mozilla/5.0 (Linux; Android 6.0.1; Nexus 5X Build/MMB29P) AppleWebKit/537.36 (KHTML, like Gecko) Chrome/151.0.7922.173 Mobile Safari/537.36 (compatible; Googlebot/2.1; +http://www.google.com/bot.html)"
171.61.166.54 - - [31/Aug/2026:12:45:42 -0400] "POST /xmlrpc.php HTTP/1.1" 200 403 "-" "Jetpack by WordPress.com (Jetpack 13.0; WordPress 6.4)"
114.119.129.147 - - [31/Aug/2026:12:45:56 -0400] "GET /next-give HTTP/1.1" 301 - "https://ekmtoronto.com/give-online/" "Mozilla/5.0 (Linux; Android 7.0;) AppleWebKit/537.36 (HTML, like Gecko) Mobile Safari/537.36 (compatible; PetalBot;+https://webmaster.petalsearch.com/site/petalbot)"
114.119.129.147 - - [31/Aug/2026:12:45:57 -0400] "GET /next-give/ HTTP/1.1" 200 28928 "https://ekmtoronto.com/give-online/" "Mozilla/5.0 (Linux; Android 7.0;) AppleWebKit/537.36 (HTML, like Gecko) Mobile Safari/537.36 (compatible; PetalBot;+https://webmaster.petalsearch.com/site/petalbot)"
104.247.76.75 - - [31/Aug/2026:12:48:50 -0400] "POST /wp-cron.php?doing_wp_cron=1788194930.0964899063110351562500 HTTP/1.1" 200 - "-" "WordPress/7.1; https://ekmtoronto.com"
114.119.129.147 - - [31/Aug/2026:12:48:49 -0400] "GET /celebration-of-life/ HTTP/1.1" 404 29356 "https://ekmtoronto.com/events" "Mozilla/5.0 (Linux; Android 7.0;) AppleWebKit/537.36 (HTML, like Gecko) Mobile Safari/537.36 (compatible; PetalBot;+https://webmaster.petalsearch.com/site/petalbot)"
159.89.227.208 - - [31/Aug/2026:12:49:42 -0400] "GET /wp-content/uploads/2023/11/EKM-LOGO-BLACK-IM-150PX.png HTTP/1.1" 200 1306 "https://ekmtoronto.com/" "Mozilla/5.0 (Windows NT 10.0; Win64; x64) AppleWebKit/537.36 (KHTML, like Gecko) Chrome/107.0.0.0 Safari/537.36"
104.247.76.75 - - [31/Aug/2026:12:51:34 -0400] "POST /wp-cron.php?doing_wp_cron=1788195094.5491869449615478515625 HTTP/1.1" 200 - "-" "WordPress/7.1; https://ekmtoronto.com"
66.249.65.136 - - [31/Aug/2026:12:51:34 -0400] "GET /?sale/search/detail/?ITMCODE=t1r3o0p3i3n9e18372 HTTP/1.1" 301 - "-" "Mozilla/5.0 (Linux; Android 6.0.1; Nexus 5X Build/MMB29P) AppleWebKit/537.36 (KHTML, like Gecko) Chrome/151.0.7922.173 Mobile Safari/537.36 (compatible; Googlebot/2.1; +http://www.google.com/bot.html)"
66.249.65.135 - - [31/Aug/2026:12:51:39 -0400] "GET /?sale%2Fsearch%2Fdetail%2F%3FITMCODE=t1r3o0p3i3n9e18372 HTTP/1.1" 200 39887 "-" "Mozilla/5.0 (Linux; Android 6.0.1; Nexus 5X Build/MMB29P) AppleWebKit/537.36 (KHTML, like Gecko) Chrome/151.0.7922.173 Mobile Safari/537.36 (compatible; Googlebot/2.1; +http://www.google.com/bot.html)"
54.243.63.52 - - [31/Aug/2026:12:51:53 -0400] "GET /our-beliefs/embed/ HTTP/1.1" 200 6244 "-" "Mozilla/5.0 AppleWebKit/537.36 (KHTML, like Gecko; compatible; Amazonbot/0.1; +https://developer.amazon.com/support/amazonbot) Chrome/119.0.6045.214 Safari/537.36"
20.63.81.20 - - [31/Aug/2026:12:52:15 -0400] "GET /wp-admin/ HTTP/1.1" 302 - "-" "-"
20.63.81.20 - - [31/Aug/2026:12:52:15 -0400] "GET /wp-login.php?redirect_to=https%3A%2F%2Fekmtoronto.com%2Fwp-admin%2F&reauth=1 HTTP/1.1" 200 7303 "-" "-"
20.63.81.20 - - [31/Aug/2026:12:52:26 -0400] "GET /wp-login.php?action=register HTTP/1.1" 302 - "-" "-"
20.63.81.20 - - [31/Aug/2026:12:52:26 -0400] "GET /wp-login.php?registration=disabled HTTP/1.1" 200 7495 "-" "-"
104.247.76.75 - - [31/Aug/2026:12:54:25 -0400] "POST /wp-cron.php?doing_wp_cron=1788195265.7304809093475341796875 HTTP/1.1" 200 - "-" "WordPress/7.1; https://ekmtoronto.com"
66.249.65.136 - - [31/Aug/2026:12:54:25 -0400] "GET /?sale/search/detail/?ITMCODE=u9n3y3o0l6d9e3n2382 HTTP/1.1" 301 - "-" "Mozilla/5.0 (Linux; Android 6.0.1; Nexus 5X Build/MMB29P) AppleWebKit/537.36 (KHTML, like Gecko) Chrome/151.0.7922.173 Mobile Safari/537.36 (compatible; Googlebot/2.1; +http://www.google.com/bot.html)"
66.249.65.134 - - [31/Aug/2026:12:54:36 -0400] "GET /?sale/search/detail/?ITMCODE=a6c1t1i5o9n960343 HTTP/1.1" 301 - "-" "Mozilla/5.0 (Linux; Android 6.0.1; Nexus 5X Build/MMB29P) AppleWebKit/537.36 (KHTML, like Gecko) Chrome/151.0.7922.173 Mobile Safari/537.36 (compatible; Googlebot/2.1; +http://www.google.com/bot.html)"
66.249.65.134 - - [31/Aug/2026:12:54:41 -0400] "GET /?sale%2Fsearch%2Fdetail%2F%3FITMCODE=u9n3y3o0l6d9e3n2382 HTTP/1.1" 200 39887 "-" "Mozilla/5.0 (Linux; Android 6.0.1; Nexus 5X Build/MMB29P) AppleWebKit/537.36 (KHTML, like Gecko) Chrome/151.0.7922.173 Mobile Safari/537.36 (compatible; Googlebot/2.1; +http://www.google.com/bot.html)"
66.249.65.135 - - [31/Aug/2026:12:54:52 -0400] "GET /wp-content/plugins/divi-overlays/assets/js/custom.js?ver=2.9.7.9 HTTP/1.1" 200 12334 "https://ekmtoronto.com/?sale%2Fsearch%2Fdetail%2F%3FITMCODE=u9n3y3o0l6d9e3n2382" "Mozilla/5.0 (Linux; Android 6.0.1; Nexus 5X Build/MMB29P) AppleWebKit/537.36 (KHTML, like Gecko) Chrome/151.0.7922.173 Mobile Safari/537.36 (compatible; Googlebot/2.1; +http://www.google.com/bot.html)"
104.247.76.75 - - [31/Aug/2026:12:55:03 -0400] "POST /wp-cron.php?doing_wp_cron=1788195303.6577110290527343750000 HTTP/1.1" 200 - "-" "WordPress/7.1; https://ekmtoronto.com"
66.249.65.135 - - [31/Aug/2026:12:55:03 -0400] "GET /?sale%2Fsearch%2Fdetail%2F%3FITMCODE=a6c1t1i5o9n960343 HTTP/1.1" 200 39886 "-" "Mozilla/5.0 (Linux; Android 6.0.1; Nexus 5X Build/MMB29P) AppleWebKit/537.36 (KHTML, like Gecko) Chrome/151.0.7922.173 Mobile Safari/537.36 (compatible; Googlebot/2.1; +http://www.google.com/bot.html)"
66.249.65.134 - - [31/Aug/2026:12:55:19 -0400] "GET /?sale/search/detail/?ITMCODE=c0o3u0r7t1p3l6a3s8t0e4r HTTP/1.1" 301 - "-" "Mozilla/5.0 (Linux; Android 6.0.1; Nexus 5X Build/MMB29P) AppleWebKit/537.36 (KHTML, like Gecko) Chrome/151.0.7922.173 Mobile Safari/537.36 (compatible; Googlebot/2.1; +http://www.google.com/bot.html)"
66.249.65.136 - - [31/Aug/2026:12:55:35 -0400] "GET /?sale%2Fsearch%2Fdetail%2F%3FITMCODE=c0o3u0r7t1p3l6a3s8t0e4r HTTP/1.1" 200 39893 "-" "Mozilla/5.0 (Linux; Android 6.0.1; Nexus 5X Build/MMB29P) AppleWebKit/537.36 (KHTML, like Gecko) Chrome/151.0.7922.173 Mobile Safari/537.36 (compatible; Googlebot/2.1; +http://www.google.com/bot.html)"
104.247.76.75 - - [31/Aug/2026:12:56:11 -0400] "POST /wp-cron.php?doing_wp_cron=1788195371.3887860774993896484375 HTTP/1.1" 200 - "-" "WordPress/7.1; https://ekmtoronto.com"
173.252.87.5 - - [31/Aug/2026:12:56:10 -0400] "GET / HTTP/1.1" 200 253260 "-" "meta-externalagent/1.1 (+https://developers.facebook.com/docs/sharing/webmasters/crawler)"
66.249.65.135 - - [31/Aug/2026:12:56:38 -0400] "GET /?sale/search/detail/?ITMCODE=s0t8r2i5p8e32097 HTTP/1.1" 301 - "-" "Mozilla/5.0 (Linux; Android 6.0.1; Nexus 5X Build/MMB29P) AppleWebKit/537.36 (KHTML, like Gecko) Chrome/151.0.7922.173 Mobile Safari/537.36 (compatible; Googlebot/2.1; +http://www.google.com/bot.html)"
66.249.65.134 - - [31/Aug/2026:12:56:43 -0400] "GET /?sale%2Fsearch%2Fdetail%2F%3FITMCODE=s0t8r2i5p8e32097 HTTP/1.1" 200 39883 "-" "Mozilla/5.0 (Linux; Android 6.0.1; Nexus 5X Build/MMB29P) AppleWebKit/537.36 (KHTML, like Gecko) Chrome/151.0.7922.173 Mobile Safari/537.36 (compatible; Googlebot/2.1; +http://www.google.com/bot.html)"
66.249.65.134 - - [31/Aug/2026:12:56:54 -0400] "GET /wp-includes/js/mediaelement/mediaelementplayer-legacy.min.css?ver=4.2.17 HTTP/1.1" 200 2592 "https://ekmtoronto.com/?sale%2Fsearch%2Fdetail%2F%3FITMCODE=s0t8r2i5p8e32097" "Mozilla/5.0 (Linux; Android 6.0.1; Nexus 5X Build/MMB29P) AppleWebKit/537.36 (KHTML, like Gecko) Chrome/151.0.7922.173 Mobile Safari/537.36 (compatible; Googlebot/2.1; +http://www.google.com/bot.html)"
104.247.76.75 - - [31/Aug/2026:12:57:05 -0400] "POST /wp-cron.php?doing_wp_cron=1788195425.4916861057281494140625 HTTP/1.1" 200 - "-" "WordPress/7.1; https://ekmtoronto.com"
66.249.65.136 - - [31/Aug/2026:12:57:05 -0400] "GET /?sale/search/detail/?ITMCODE=f0i3d8d5l1e819534 HTTP/1.1" 301 - "-" "Mozilla/5.0 (Linux; Android 6.0.1; Nexus 5X Build/MMB29P) AppleWebKit/537.36 (KHTML, like Gecko) Chrome/151.0.7922.173 Mobile Safari/537.36 (compatible; Googlebot/2.1; +http://www.google.com/bot.html)"
66.249.65.134 - - [31/Aug/2026:12:57:10 -0400] "GET /?sale/search/detail/?ITMCODE=e8l1e3a0g7n2u4s1828 HTTP/1.1" 301 - "-" "Mozilla/5.0 (Linux; Android 6.0.1; Nexus 5X Build/MMB29P) AppleWebKit/537.36 (KHTML, like Gecko) Chrome/151.0.7922.173 Mobile Safari/537.36 (compatible; Googlebot/2.1; +http://www.google.com/bot.html)"
66.249.65.134 - - [31/Aug/2026:12:57:16 -0400] "GET /?sale%2Fsearch%2Fdetail%2F%3FITMCODE=f0i3d8d5l1e819534 HTTP/1.1" 200 39885 "-" "Mozilla/5.0 (Linux; Android 6.0.1; Nexus 5X Build/MMB29P) AppleWebKit/537.36 (KHTML, like Gecko) Chrome/151.0.7922.173 Mobile Safari/537.36 (compatible; Googlebot/2.1; +http://www.google.com/bot.html)"
66.249.65.134 - - [31/Aug/2026:12:57:21 -0400] "GET /?sale%2Fsearch%2Fdetail%2F%3FITMCODE=e8l1e3a0g7n2u4s1828 HTTP/1.1" 200 39887 "-" "Mozilla/5.0 (Linux; Android 6.0.1; Nexus 5X Build/MMB29P) AppleWebKit/537.36 (KHTML, like Gecko) Chrome/151.0.7922.173 Mobile Safari/537.36 (compatible; Googlebot/2.1; +http://www.google.com/bot.html)"
66.249.65.134 - - [31/Aug/2026:12:57:32 -0400] "GET /?k=8275931914001 HTTP/1.1" 200 39843 "-" "Mozilla/5.0 (Linux; Android 6.0.1; Nexus 5X Build/MMB29P) AppleWebKit/537.36 (KHTML, like Gecko) Chrome/151.0.7922.173 Mobile Safari/537.36 (compatible; Googlebot/2.1; +http://www.google.com/bot.html)"
66.249.65.134 - - [31/Aug/2026:12:57:37 -0400] "GET /wp-content/themes/Divi/core/admin/js/common.js?ver=4.27.8 HTTP/1.1" 200 566 "https://ekmtoronto.com/?sale%2Fsearch%2Fdetail%2F%3FITMCODE=e8l1e3a0g7n2u4s1828" "Mozilla/5.0 (Linux; Android 6.0.1; Nexus 5X Build/MMB29P) AppleWebKit/537.36 (KHTML, like Gecko) Chrome/151.0.7922.173 Mobile Safari/537.36 (compatible; Googlebot/2.1; +http://www.google.com/bot.html)"
66.249.65.134 - - [31/Aug/2026:12:57:48 -0400] "GET /?k=17819131273400 HTTP/1.1" 200 39842 "-" "Mozilla/5.0 (Linux; Android 6.0.1; Nexus 5X Build/MMB29P) AppleWebKit/537.36 (KHTML, like Gecko) Chrome/151.0.7922.173 Mobile Safari/537.36 (compatible; Googlebot/2.1; +http://www.google.com/bot.html)"
104.247.76.75 - - [31/Aug/2026:12:58:02 -0400] "POST /wp-cron.php?doing_wp_cron=1788195482.3172819614410400390625 HTTP/1.1" 200 - "-" "WordPress/7.1; https://ekmtoronto.com"
54.164.106.236 - - [31/Aug/2026:12:58:01 -0400] "GET /contact-us/ HTTP/1.1" 200 33363 "-" "Mozilla/5.0 AppleWebKit/537.36 (KHTML, like Gecko; compatible; Amazonbot/0.1; +https://developer.amazon.com/support/amazonbot) Chrome/119.0.6045.214 Safari/537.36"
104.247.76.75 - - [31/Aug/2026:13:00:27 -0400] "POST /wp-cron.php?doing_wp_cron=1788195627.6626830101013183593750 HTTP/1.1" 200 - "-" "WordPress/7.1; https://ekmtoronto.com"
66.249.65.134 - - [31/Aug/2026:13:00:27 -0400] "GET /?sale/search/detail/?ITMCODE=c9o1n3f9i3r6m9i6n2g43 HTTP/1.1" 301 - "-" "Mozilla/5.0 (Linux; Android 6.0.1; Nexus 5X Build/MMB29P) AppleWebKit/537.36 (KHTML, like Gecko) Chrome/151.0.7922.173 Mobile Safari/537.36 (compatible; Googlebot/2.1; +http://www.google.com/bot.html)"
66.249.65.135 - - [31/Aug/2026:13:00:32 -0400] "GET /?sale%2Fsearch%2Fdetail%2F%3FITMCODE=c9o1n3f9i3r6m9i6n2g43 HTTP/1.1" 200 39891 "-" "Mozilla/5.0 (Linux; Android 6.0.1; Nexus 5X Build/MMB29P) AppleWebKit/537.36 (KHTML, like Gecko) Chrome/151.0.7922.173 Mobile Safari/537.36 (compatible; Googlebot/2.1; +http://www.google.com/bot.html)"
104.247.76.75 - - [31/Aug/2026:13:01:46 -0400] "POST /wp-cron.php?doing_wp_cron=1788195706.0610079765319824218750 HTTP/1.1" 200 - "-" "WordPress/7.1; https://ekmtoronto.com"
138.68.158.60 - - [31/Aug/2026:13:01:45 -0400] "GET /wp-login.php HTTP/1.1" 200 2334 "-" "138.68.158.60"
138.68.158.60 - - [31/Aug/2026:13:01:46 -0400] "POST /wp-login.php HTTP/1.1" 200 2468 "https://ekmtoronto.com/wp-login.php" "138.68.158.60"
20.220.211.172 - - [31/Aug/2026:13:02:49 -0400] "GET /wp-admin/ HTTP/1.1" 302 - "-" "-"
20.220.211.172 - - [31/Aug/2026:13:02:50 -0400] "GET /wp-login.php?redirect_to=https%3A%2F%2Fekmtoronto.com%2Fwp-admin%2F&reauth=1 HTTP/1.1" 200 7303 "-" "-"
104.247.76.75 - - [31/Aug/2026:13:02:49 -0400] "POST /wp-admin/admin-ajax.php?action=as_async_request_queue_runner&nonce=13b513eefd HTTP/1.1" 200 - "-" "WordPress/7.1; https://ekmtoronto.com"
20.220.211.172 - - [31/Aug/2026:13:03:04 -0400] "GET /wp-login.php?action=register HTTP/1.1" 302 - "-" "-"
20.220.211.172 - - [31/Aug/2026:13:03:04 -0400] "GET /wp-login.php?registration=disabled HTTP/1.1" 200 7495 "-" "-"
104.247.76.75 - - [31/Aug/2026:13:05:26 -0400] "POST /wp-cron.php?doing_wp_cron=1788195926.3062670230865478515625 HTTP/1.1" 200 - "-" "WordPress/7.1; https://ekmtoronto.com"
66.249.65.135 - - [31/Aug/2026:13:05:25 -0400] "GET /?k=72288184597600 HTTP/1.1" 200 39842 "-" "Mozilla/5.0 (Linux; Android 6.0.1; Nexus 5X Build/MMB29P) AppleWebKit/537.36 (KHTML, like Gecko) Chrome/151.0.7922.173 Mobile Safari/537.36 (compatible; Googlebot/2.1; +http://www.google.com/bot.html)"
104.247.76.75 - - [31/Aug/2026:13:06:29 -0400] "POST /wp-cron.php?doing_wp_cron=1788195989.9372849464416503906250 HTTP/1.1" 200 - "-" "WordPress/7.1; https://ekmtoronto.com"
52.203.237.170 - - [31/Aug/2026:13:06:29 -0400] "GET /ekm-kids/ HTTP/1.1" 200 47359 "-" "Mozilla/5.0 AppleWebKit/537.36 (KHTML, like Gecko; compatible; Amazonbot/0.1; +https://developer.amazon.com/support/amazonbot) Chrome/119.0.6045.214 Safari/537.36"
104.247.76.75 - - [31/Aug/2026:13:07:28 -0400] "POST /wp-cron.php?doing_wp_cron=1788196048.3057780265808105468750 HTTP/1.1" 200 - "-" "WordPress/7.1; https://ekmtoronto.com"
66.249.65.136 - - [31/Aug/2026:13:07:28 -0400] "GET /?sale/search/detail/?ITMCODE=g1i4g5a9n2t3e3a773 HTTP/1.1" 301 - "-" "Mozilla/5.0 (Linux; Android 6.0.1; Nexus 5X Build/MMB29P) AppleWebKit/537.36 (KHTML, like Gecko) Chrome/151.0.7922.173 Mobile Safari/537.36 (compatible; Googlebot/2.1; +http://www.google.com/bot.html)"
66.249.65.134 - - [31/Aug/2026:13:07:33 -0400] "GET /?sale%2Fsearch%2Fdetail%2F%3FITMCODE=g1i4g5a9n2t3e3a773 HTTP/1.1" 200 39887 "-" "Mozilla/5.0 (Linux; Android 6.0.1; Nexus 5X Build/MMB29P) AppleWebKit/537.36 (KHTML, like Gecko) Chrome/151.0.7922.173 Mobile Safari/537.36 (compatible; Googlebot/2.1; +http://www.google.com/bot.html)"
104.247.76.75 - - [31/Aug/2026:13:08:15 -0400] "POST /wp-cron.php?doing_wp_cron=1788196095.3475160598754882812500 HTTP/1.1" 200 - "-" "WordPress/7.1; https://ekmtoronto.com"
66.249.65.136 - - [31/Aug/2026:13:08:15 -0400] "GET /?sale/search/detail/?ITMCODE=v2a2s8t5y242427 HTTP/1.1" 301 - "-" "Mozilla/5.0 (Linux; Android 6.0.1; Nexus 5X Build/MMB29P) AppleWebKit/537.36 (KHTML, like Gecko) Chrome/151.0.7922.173 Mobile Safari/537.36 (compatible; Googlebot/2.1; +http://www.google.com/bot.html)"
66.249.65.135 - - [31/Aug/2026:13:08:25 -0400] "GET /?sale/search/detail/?ITMCODE=f6r1o2u5f2r1o3u1481 HTTP/1.1" 301 - "-" "Mozilla/5.0 (Linux; Android 6.0.1; Nexus 5X Build/MMB29P) AppleWebKit/537.36 (KHTML, like Gecko) Chrome/151.0.7922.173 Mobile Safari/537.36 (compatible; Googlebot/2.1; +http://www.google.com/bot.html)"
66.249.65.134 - - [31/Aug/2026:13:08:36 -0400] "GET /item/6028786415 HTTP/1.1" 404 29356 "-" "Mozilla/5.0 (Linux; Android 6.0.1; Nexus 5X Build/MMB29P) AppleWebKit/537.36 (KHTML, like Gecko) Chrome/151.0.7922.173 Mobile Safari/537.36 (compatible; Googlebot/2.1; +http://www.google.com/bot.html)"
66.249.65.134 - - [31/Aug/2026:13:08:47 -0400] "GET /?sale%2Fsearch%2Fdetail%2F%3FITMCODE=v2a2s8t5y242427 HTTP/1.1" 200 39882 "-" "Mozilla/5.0 (Linux; Android 6.0.1; Nexus 5X Build/MMB29P) AppleWebKit/537.36 (KHTML, like Gecko) Chrome/151.0.7922.173 Mobile Safari/537.36 (compatible; Googlebot/2.1; +http://www.google.com/bot.html)"
66.249.65.134 - - [31/Aug/2026:13:08:52 -0400] "GET /?sale%2Fsearch%2Fdetail%2F%3FITMCODE=f6r1o2u5f2r1o3u1481 HTTP/1.1" 200 39886 "-" "Mozilla/5.0 (Linux; Android 6.0.1; Nexus 5X Build/MMB29P) AppleWebKit/537.36 (KHTML, like Gecko) Chrome/151.0.7922.173 Mobile Safari/537.36 (compatible; Googlebot/2.1; +http://www.google.com/bot.html)"
66.249.65.134 - - [31/Aug/2026:13:08:57 -0400] "GET /wp-content/themes/Divi/js/scripts.min.js?ver=4.27.8 HTTP/1.1" 200 99754 "https://ekmtoronto.com/?sale%2Fsearch%2Fdetail%2F%3FITMCODE=f6r1o2u5f2r1o3u1481" "Mozilla/5.0 (Linux; Android 6.0.1; Nexus 5X Build/MMB29P) AppleWebKit/537.36 (KHTML, like Gecko) Chrome/151.0.7922.173 Mobile Safari/537.36 (compatible; Googlebot/2.1; +http://www.google.com/bot.html)"
104.247.76.75 - - [31/Aug/2026:13:09:17 -0400] "POST /wp-cron.php?doing_wp_cron=1788196157.1521279811859130859375 HTTP/1.1" 200 - "-" "WordPress/7.1; https://ekmtoronto.com"
89.19.34.150 - - [31/Aug/2026:13:09:16 -0400] "GET /contact-us/ HTTP/1.1" 200 33369 "-" "Mozilla/5.0 (Windows NT 10.0; Win64; x64) AppleWebKit/537.36 (KHTML, like Gecko) Chrome/131.0.0.0 Safari/537.36 Edg/131.0.0.0"
89.19.34.150 - - [31/Aug/2026:13:09:27 -0400] "POST /contact-us/ HTTP/1.1" 200 34097 "https://ekmtoronto.com/contact-us/" "Mozilla/5.0 (Windows NT 10.0; Win64; x64) AppleWebKit/537.36 (KHTML, like Gecko) Chrome/131.0.0.0 Safari/537.36 Edg/131.0.0.0"
66.249.65.134 - - [31/Aug/2026:13:09:40 -0400] "GET /?sale/search/detail/?ITMCODE=o7n1d3a2t1r2a87707 HTTP/1.1" 301 - "-" "Mozilla/5.0 (Linux; Android 6.0.1; Nexus 5X Build/MMB29P) AppleWebKit/537.36 (KHTML, like Gecko) Chrome/151.0.7922.173 Mobile Safari/537.36 (compatible; Googlebot/2.1; +http://www.google.com/bot.html)"
66.249.65.135 - - [31/Aug/2026:13:09:51 -0400] "GET /?sale/search/detail/?ITMCODE=t5e2r9r8i3f8i8e9d498 HTTP/1.1" 301 - "-" "Mozilla/5.0 (Linux; Android 6.0.1; Nexus 5X Build/MMB29P) AppleWebKit/537.36 (KHTML, like Gecko) Chrome/151.0.7922.173 Mobile Safari/537.36 (compatible; Googlebot/2.1; +http://www.google.com/bot.html)"
104.247.76.75 - - [31/Aug/2026:13:10:12 -0400] "POST /wp-cron.php?doing_wp_cron=1788196212.8999910354614257812500 HTTP/1.1" 200 - "-" "WordPress/7.1; https://ekmtoronto.com"
66.249.65.136 - - [31/Aug/2026:13:10:12 -0400] "GET /?sale%2Fsearch%2Fdetail%2F%3FITMCODE=o7n1d3a2t1r2a87707 HTTP/1.1" 200 39885 "-" "Mozilla/5.0 (Linux; Android 6.0.1; Nexus 5X Build/MMB29P) AppleWebKit/537.36 (KHTML, like Gecko) Chrome/151.0.7922.173 Mobile Safari/537.36 (compatible; Googlebot/2.1; +http://www.google.com/bot.html)"
66.249.65.135 - - [31/Aug/2026:13:10:28 -0400] "GET /?sale%2Fsearch%2Fdetail%2F%3FITMCODE=t5e2r9r8i3f8i8e9d498 HTTP/1.1" 200 39890 "-" "Mozilla/5.0 (Linux; Android 6.0.1; Nexus 5X Build/MMB29P) AppleWebKit/537.36 (KHTML, like Gecko) Chrome/151.0.7922.173 Mobile Safari/537.36 (compatible; Googlebot/2.1; +http://www.google.com/bot.html)"
188.166.118.14 - - [31/Aug/2026:13:10:29 -0400] "GET / HTTP/1.1" 401 53 "-" "Mozilla/5.0 (compatible; ForestEngine/1.0; +https://forestengine.net/)"
66.249.65.134 - - [31/Aug/2026:13:10:33 -0400] "GET /?sale/search/detail/?ITMCODE=u0n1d2e8r7s2t3a4n2d2ing HTTP/1.1" 301 - "-" "Mozilla/5.0 (Linux; Android 6.0.1; Nexus 5X Build/MMB29P) AppleWebKit/537.36 (KHTML, like Gecko) Chrome/151.0.7922.173 Mobile Safari/537.36 (compatible; Googlebot/2.1; +http://www.google.com/bot.html)"
66.249.65.134 - - [31/Aug/2026:13:10:55 -0400] "GET /?sale/search/detail/?ITMCODE=p5a3t1r0i7c5i5d6a9l53 HTTP/1.1" 301 - "-" "Mozilla/5.0 (Linux; Android 6.0.1; Nexus 5X Build/MMB29P) AppleWebKit/537.36 (KHTML, like Gecko) Chrome/151.0.7922.173 Mobile Safari/537.36 (compatible; Googlebot/2.1; +http://www.google.com/bot.html)"
104.247.76.75 - - [31/Aug/2026:13:11:01 -0400] "POST /wp-cron.php?doing_wp_cron=1788196261.0092170238494873046875 HTTP/1.1" 200 - "-" "WordPress/7.1; https://ekmtoronto.com"
66.249.65.134 - - [31/Aug/2026:13:11:00 -0400] "GET /?sale%2Fsearch%2Fdetail%2F%3FITMCODE=u0n1d2e8r7s2t3a4n2d2ing HTTP/1.1" 200 39890 "-" "Mozilla/5.0 (Linux; Android 6.0.1; Nexus 5X Build/MMB29P) AppleWebKit/537.36 (KHTML, like Gecko) Chrome/151.0.7922.173 Mobile Safari/537.36 (compatible; Googlebot/2.1; +http://www.google.com/bot.html)"
66.249.65.134 - - [31/Aug/2026:13:11:16 -0400] "GET /?sale%2Fsearch%2Fdetail%2F%3FITMCODE=p5a3t1r0i7c5i5d6a9l53 HTTP/1.1" 200 39890 "-" "Mozilla/5.0 (Linux; Android 6.0.1; Nexus 5X Build/MMB29P) AppleWebKit/537.36 (KHTML, like Gecko) Chrome/151.0.7922.173 Mobile Safari/537.36 (compatible; Googlebot/2.1; +http://www.google.com/bot.html)"
66.249.65.134 - - [31/Aug/2026:13:11:32 -0400] "GET /?sale/search/detail/?ITMCODE=s1u6n7n0u3d28264 HTTP/1.1" 301 - "-" "Mozilla/5.0 (Linux; Android 6.0.1; Nexus 5X Build/MMB29P) AppleWebKit/537.36 (KHTML, like Gecko) Chrome/151.0.7922.173 Mobile Safari/537.36 (compatible; Googlebot/2.1; +http://www.google.com/bot.html)"
66.249.65.134 - - [31/Aug/2026:13:11:48 -0400] "GET /?sale%2Fsearch%2Fdetail%2F%3FITMCODE=d5i2s9c3u9b6i2t7o9r3y6 HTTP/1.1" 200 39891 "-" "Mozilla/5.0 (Linux; Android 6.0.1; Nexus 5X Build/MMB29P) AppleWebKit/537.36 (KHTML, like Gecko) Chrome/151.0.7922.173 Mobile Safari/537.36 (compatible; Googlebot/2.1; +http://www.google.com/bot.html)"
66.249.65.134 - - [31/Aug/2026:13:11:54 -0400] "GET /item/6027797919 HTTP/1.1" 404 29356 "-" "Mozilla/5.0 (Linux; Android 6.0.1; Nexus 5X Build/MMB29P) AppleWebKit/537.36 (KHTML, like Gecko) Chrome/151.0.7922.173 Mobile Safari/537.36 (compatible; Googlebot/2.1; +http://www.google.com/bot.html)"
66.249.65.134 - - [31/Aug/2026:13:11:59 -0400] "GET /?sale%2Fsearch%2Fdetail%2F%3FITMCODE=s1u6n7n0u3d28264 HTTP/1.1" 200 39884 "-" "Mozilla/5.0 (Linux; Android 6.0.1; Nexus 5X Build/MMB29P) AppleWebKit/537.36 (KHTML, like Gecko) Chrome/151.0.7922.173 Mobile Safari/537.36 (compatible; Googlebot/2.1; +http://www.google.com/bot.html)"
104.247.76.75 - - [31/Aug/2026:13:12:05 -0400] "POST /wp-cron.php?doing_wp_cron=1788196325.2845370769500732421875 HTTP/1.1" 200 - "-" "WordPress/7.1; https://ekmtoronto.com"
66.249.65.134 - - [31/Aug/2026:13:12:04 -0400] "GET /?k=6702892999601 HTTP/1.1" 200 39844 "-" "Mozilla/5.0 (Linux; Android 6.0.1; Nexus 5X Build/MMB29P) AppleWebKit/537.36 (KHTML, like Gecko) Chrome/151.0.7922.173 Mobile Safari/537.36 (compatible; Googlebot/2.1; +http://www.google.com/bot.html)"
66.249.65.134 - - [31/Aug/2026:13:12:15 -0400] "GET /?k=8279221538400 HTTP/1.1" 200 39841 "-" "Mozilla/5.0 (Linux; Android 6.0.1; Nexus 5X Build/MMB29P) AppleWebKit/537.36 (KHTML, like Gecko) Chrome/151.0.7922.173 Mobile Safari/537.36 (compatible; Googlebot/2.1; +http://www.google.com/bot.html)"
66.249.65.134 - - [31/Aug/2026:13:12:20 -0400] "GET /?k=7992949299601 HTTP/1.1" 200 39843 "-" "Mozilla/5.0 (Linux; Android 6.0.1; Nexus 5X Build/MMB29P) AppleWebKit/537.36 (KHTML, like Gecko) Chrome/151.0.7922.173 Mobile Safari/537.36 (compatible; Googlebot/2.1; +http://www.google.com/bot.html)"
104.247.76.75 - - [31/Aug/2026:13:13:29 -0400] "POST /wp-cron.php?doing_wp_cron=1788196409.3185250759124755859375 HTTP/1.1" 200 - "-" "WordPress/7.1; https://ekmtoronto.com"
