69.165.232.70 - - [31/Aug/2026:21:30:12 -0400] "POST /wp-admin/admin-ajax.php HTTP/1.1" 200 67 "https://ekmtoronto.com/wp-admin/edit.php?post_type=page" "Mozilla/5.0 (Windows NT 10.0; Win64; x64) AppleWebKit/537.36 (KHTML, like Gecko) Chrome/152.0.0.0 Safari/537.36"
69.165.232.70 - - [31/Aug/2026:21:30:22 -0400] "POST /wp-admin/admin-ajax.php HTTP/1.1" 200 67 "https://ekmtoronto.com/wp-admin/edit.php?post_type=page" "Mozilla/5.0 (Windows NT 10.0; Win64; x64) AppleWebKit/537.36 (KHTML, like Gecko) Chrome/152.0.0.0 Safari/537.36"
129.121.74.194 - - [31/Aug/2026:21:30:24 -0400] "GET /wp-login.php HTTP/1.1" 200 2334 "-" "Mozilla/5.0 (Windows NT 10.0; Win64; x64) AppleWebKit/537.36 (KHTML, like Gecko) Chrome/151.0.0.0 Safari/537.36"
129.121.74.194 - - [31/Aug/2026:21:30:24 -0400] "POST /wp-login.php HTTP/1.1" 200 2490 "https://ekmtoronto.com/wp-login.php" "Mozilla/5.0 (Windows NT 10.0; Win64; x64) AppleWebKit/537.36 (KHTML, like Gecko) Chrome/151.0.0.0 Safari/537.36"
69.165.232.70 - - [31/Aug/2026:21:30:26 -0400] "GET /wp-admin/edit.php?post_status=trash&post_type=page HTTP/1.1" 200 27481 "https://ekmtoronto.com/wp-admin/edit.php?post_type=page" "Mozilla/5.0 (Windows NT 10.0; Win64; x64) AppleWebKit/537.36 (KHTML, like Gecko) Chrome/152.0.0.0 Safari/537.36"
69.165.232.70 - - [31/Aug/2026:21:30:26 -0400] "POST /wp-admin/admin-ajax.php HTTP/1.1" 200 65 "https://ekmtoronto.com/wp-admin/edit.php?post_status=trash&post_type=page" "Mozilla/5.0 (Windows NT 10.0; Win64; x64) AppleWebKit/537.36 (KHTML, like Gecko) Chrome/152.0.0.0 Safari/537.36"
69.165.232.70 - - [31/Aug/2026:21:30:26 -0400] "POST /wp-admin/admin-ajax.php HTTP/1.1" 200 1326 "https://ekmtoronto.com/wp-admin/edit.php?post_status=trash&post_type=page" "Mozilla/5.0 (Windows NT 10.0; Win64; x64) AppleWebKit/537.36 (KHTML, like Gecko) Chrome/152.0.0.0 Safari/537.36"
104.247.76.75 - - [31/Aug/2026:21:30:22 -0400] "POST /wp-admin/admin-ajax.php?action=as_async_request_queue_runner&nonce=c6b24fcc30 HTTP/1.1" 200 - "-" "WordPress/7.1; https://ekmtoronto.com"
69.165.232.70 - - [31/Aug/2026:21:30:30 -0400] "GET /wp-admin/edit.php?post_status=draft&post_type=page HTTP/1.1" 200 27400 "https://ekmtoronto.com/wp-admin/edit.php?post_status=trash&post_type=page" "Mozilla/5.0 (Windows NT 10.0; Win64; x64) AppleWebKit/537.36 (KHTML, like Gecko) Chrome/152.0.0.0 Safari/537.36"
69.165.232.70 - - [31/Aug/2026:21:30:31 -0400] "POST /wp-admin/admin-ajax.php HTTP/1.1" 200 67 "https://ekmtoronto.com/wp-admin/edit.php?post_status=draft&post_type=page" "Mozilla/5.0 (Windows NT 10.0; Win64; x64) AppleWebKit/537.36 (KHTML, like Gecko) Chrome/152.0.0.0 Safari/537.36"
69.165.232.70 - - [31/Aug/2026:21:30:31 -0400] "POST /wp-admin/admin-ajax.php HTTP/1.1" 200 1326 "https://ekmtoronto.com/wp-admin/edit.php?post_status=draft&post_type=page" "Mozilla/5.0 (Windows NT 10.0; Win64; x64) AppleWebKit/537.36 (KHTML, like Gecko) Chrome/152.0.0.0 Safari/537.36"
69.165.232.70 - - [31/Aug/2026:21:30:41 -0400] "POST /wp-admin/admin-ajax.php HTTP/1.1" 200 67 "https://ekmtoronto.com/wp-admin/edit.php?post_status=draft&post_type=page" "Mozilla/5.0 (Windows NT 10.0; Win64; x64) AppleWebKit/537.36 (KHTML, like Gecko) Chrome/152.0.0.0 Safari/537.36"
104.247.76.75 - - [31/Aug/2026:21:31:16 -0400] "POST /wp-cron.php?doing_wp_cron=1788226276.6601500511169433593750 HTTP/1.1" 200 - "-" "WordPress/7.1; https://ekmtoronto.com"
69.165.232.70 - - [31/Aug/2026:21:31:16 -0400] "POST /wp-admin/admin-ajax.php HTTP/1.1" 200 197 "https://ekmtoronto.com/connect/?et_fb=1&PageSpeed=off" "Mozilla/5.0 (Windows NT 10.0; Win64; x64) AppleWebKit/537.36 (KHTML, like Gecko) Chrome/152.0.0.0 Safari/537.36"
104.247.76.75 - - [31/Aug/2026:21:31:18 -0400] "POST /wp-cron.php?doing_wp_cron=1788226278.9375948905944824218750 HTTP/1.1" 200 - "-" "WordPress/7.1; https://ekmtoronto.com"
66.249.65.134 - - [31/Aug/2026:21:31:18 -0400] "GET /?sale/search/detail/?ITMCODE=r9e3d1s5h4a4n4k0s717 HTTP/1.1" 301 - "-" "Mozilla/5.0 (Linux; Android 6.0.1; Nexus 5X Build/MMB29P) AppleWebKit/537.36 (KHTML, like Gecko) Chrome/151.0.7922.173 Mobile Safari/537.36 (compatible; Googlebot/2.1; +http://www.google.com/bot.html)"
66.249.65.135 - - [31/Aug/2026:21:31:19 -0400] "GET /?sale%2Fsearch%2Fdetail%2F%3FITMCODE=r9e3d1s5h4a4n4k0s717 HTTP/1.1" 200 39888 "-" "Mozilla/5.0 (Linux; Android 6.0.1; Nexus 5X Build/MMB29P) AppleWebKit/537.36 (KHTML, like Gecko) Chrome/151.0.7922.173 Mobile Safari/537.36 (compatible; Googlebot/2.1; +http://www.google.com/bot.html)"
104.247.76.75 - - [31/Aug/2026:21:32:43 -0400] "POST /wp-cron.php?doing_wp_cron=1788226363.5107569694519042968750 HTTP/1.1" 200 - "-" "WordPress/7.1; https://ekmtoronto.com"
69.165.232.70 - - [31/Aug/2026:21:32:42 -0400] "POST /wp-admin/admin-ajax.php HTTP/1.1" 200 67 "https://ekmtoronto.com/wp-admin/edit.php?post_status=draft&post_type=page" "Mozilla/5.0 (Windows NT 10.0; Win64; x64) AppleWebKit/537.36 (KHTML, like Gecko) Chrome/152.0.0.0 Safari/537.36"
104.247.76.75 - - [31/Aug/2026:21:32:42 -0400] "POST /wp-admin/admin-ajax.php?action=as_async_request_queue_runner&nonce=c6b24fcc30 HTTP/1.1" 200 - "-" "WordPress/7.1; https://ekmtoronto.com"
104.247.76.75 - - [31/Aug/2026:21:33:17 -0400] "POST /wp-cron.php?doing_wp_cron=1788226397.7836389541625976562500 HTTP/1.1" 200 - "-" "WordPress/7.1; https://ekmtoronto.com"
69.165.232.70 - - [31/Aug/2026:21:33:17 -0400] "POST /wp-admin/admin-ajax.php HTTP/1.1" 200 197 "https://ekmtoronto.com/connect/?et_fb=1&PageSpeed=off" "Mozilla/5.0 (Windows NT 10.0; Win64; x64) AppleWebKit/537.36 (KHTML, like Gecko) Chrome/152.0.0.0 Safari/537.36"
91.193.232.63 - - [31/Aug/2026:21:33:31 -0400] "POST /wp-login.php HTTP/1.1" 200 2482 "-" "Mozilla/5.0 (Windows NT 10.0; Win64; rv:143.0) Gecko/20100101 Firefox/143.0"
45.146.55.241 - - [31/Aug/2026:21:33:31 -0400] "POST /wp-login.php HTTP/1.1" 200 2462 "-" "Mozilla/5.0 (Macintosh; Intel Mac OS X 10_15_7) AppleWebKit/605.1.15 Version/17.0 Safari/605.1.15"
104.247.76.75 - - [31/Aug/2026:21:34:21 -0400] "POST /wp-cron.php?doing_wp_cron=1788226461.9225308895111083984375 HTTP/1.1" 200 - "-" "WordPress/7.1; https://ekmtoronto.com"
69.165.232.70 - - [31/Aug/2026:21:34:20 -0400] "POST /wp-admin/admin-ajax.php HTTP/1.1" 200 67 "https://ekmtoronto.com/wp-admin/edit.php?post_status=draft&post_type=page" "Mozilla/5.0 (Windows NT 10.0; Win64; x64) AppleWebKit/537.36 (KHTML, like Gecko) Chrome/152.0.0.0 Safari/537.36"
69.165.232.70 - - [31/Aug/2026:21:34:23 -0400] "POST /wp-admin/admin-ajax.php HTTP/1.1" 200 140 "https://ekmtoronto.com/connect/?et_fb=1&PageSpeed=off" "Mozilla/5.0 (Windows NT 10.0; Win64; x64) AppleWebKit/537.36 (KHTML, like Gecko) Chrome/152.0.0.0 Safari/537.36"
104.247.76.75 - - [31/Aug/2026:21:34:20 -0400] "POST /wp-admin/admin-ajax.php?action=as_async_request_queue_runner&nonce=c6b24fcc30 HTTP/1.1" 200 - "-" "WordPress/7.1; https://ekmtoronto.com"
69.165.232.70 - - [31/Aug/2026:21:34:30 -0400] "POST /wp-admin/admin-ajax.php HTTP/1.1" 200 67 "https://ekmtoronto.com/wp-admin/edit.php?post_status=draft&post_type=page" "Mozilla/5.0 (Windows NT 10.0; Win64; x64) AppleWebKit/537.36 (KHTML, like Gecko) Chrome/152.0.0.0 Safari/537.36"
104.247.76.75 - - [31/Aug/2026:21:36:06 -0400] "POST /wp-cron.php?doing_wp_cron=1788226566.3068931102752685546875 HTTP/1.1" 200 - "-" "WordPress/7.1; https://ekmtoronto.com"
66.249.65.136 - - [31/Aug/2026:21:36:05 -0400] "GET /?k=6846359964300 HTTP/1.1" 200 39843 "-" "Mozilla/5.0 (Linux; Android 6.0.1; Nexus 5X Build/MMB29P) AppleWebKit/537.36 (KHTML, like Gecko) Chrome/151.0.7922.173 Mobile Safari/537.36 (compatible; Googlebot/2.1; +http://www.google.com/bot.html)"
69.165.232.70 - - [31/Aug/2026:21:36:23 -0400] "POST /wp-admin/admin-ajax.php HTTP/1.1" 200 197 "https://ekmtoronto.com/connect/?et_fb=1&PageSpeed=off" "Mozilla/5.0 (Windows NT 10.0; Win64; x64) AppleWebKit/537.36 (KHTML, like Gecko) Chrome/152.0.0.0 Safari/537.36"
69.165.232.70 - - [31/Aug/2026:21:36:31 -0400] "POST /wp-admin/admin-ajax.php HTTP/1.1" 200 67 "https://ekmtoronto.com/wp-admin/edit.php?post_status=draft&post_type=page" "Mozilla/5.0 (Windows NT 10.0; Win64; x64) AppleWebKit/537.36 (KHTML, like Gecko) Chrome/152.0.0.0 Safari/537.36"
104.247.76.75 - - [31/Aug/2026:21:38:16 -0400] "POST /wp-cron.php?doing_wp_cron=1788226696.7206339836120605468750 HTTP/1.1" 200 - "-" "WordPress/7.1; https://ekmtoronto.com"
69.165.232.70 - - [31/Aug/2026:21:38:16 -0400] "POST /wp-admin/admin-ajax.php HTTP/1.1" 200 140 "https://ekmtoronto.com/connect/?et_fb=1&PageSpeed=off" "Mozilla/5.0 (Windows NT 10.0; Win64; x64) AppleWebKit/537.36 (KHTML, like Gecko) Chrome/152.0.0.0 Safari/537.36"
104.247.76.75 - - [31/Aug/2026:21:38:16 -0400] "POST /wp-cron.php?doing_wp_cron=1788226696.9437389373779296875000 HTTP/1.1" 200 - "-" "WordPress/7.1; https://ekmtoronto.com"
69.165.232.70 - - [31/Aug/2026:21:38:15 -0400] "POST /wp-admin/admin-ajax.php HTTP/1.1" 200 67 "https://ekmtoronto.com/wp-admin/edit.php?post_status=draft&post_type=page" "Mozilla/5.0 (Windows NT 10.0; Win64; x64) AppleWebKit/537.36 (KHTML, like Gecko) Chrome/152.0.0.0 Safari/537.36"
69.165.232.70 - - [31/Aug/2026:21:38:17 -0400] "GET /wp-content/themes/Divi/includes/builder/frontend-builder/assets/vendors/plugins/image/plugin.min.js HTTP/1.1" 200 5497 "https://ekmtoronto.com/connect/?et_fb=1&PageSpeed=off" "Mozilla/5.0 (Windows NT 10.0; Win64; x64) AppleWebKit/537.36 (KHTML, like Gecko) Chrome/152.0.0.0 Safari/537.36"
69.165.232.70 - - [31/Aug/2026:21:38:17 -0400] "GET /wp-content/themes/Divi/includes/builder/frontend-builder/assets/vendors/plugins/lists/plugin.min.js HTTP/1.1" 200 9093 "https://ekmtoronto.com/connect/?et_fb=1&PageSpeed=off" "Mozilla/5.0 (Windows NT 10.0; Win64; x64) AppleWebKit/537.36 (KHTML, like Gecko) Chrome/152.0.0.0 Safari/537.36"
69.165.232.70 - - [31/Aug/2026:21:38:17 -0400] "GET /wp-content/themes/Divi/includes/builder/frontend-builder/assets/vendors/plugins/autolink/plugin.min.js HTTP/1.1" 200 998 "https://ekmtoronto.com/connect/?et_fb=1&PageSpeed=off" "Mozilla/5.0 (Windows NT 10.0; Win64; x64) AppleWebKit/537.36 (KHTML, like Gecko) Chrome/152.0.0.0 Safari/537.36"
69.165.232.70 - - [31/Aug/2026:21:38:17 -0400] "GET /wp-content/themes/Divi/includes/builder/frontend-builder/assets/vendors/plugins/link/plugin.min.js HTTP/1.1" 200 3419 "https://ekmtoronto.com/connect/?et_fb=1&PageSpeed=off" "Mozilla/5.0 (Windows NT 10.0; Win64; x64) AppleWebKit/537.36 (KHTML, like Gecko) Chrome/152.0.0.0 Safari/537.36"
69.165.232.70 - - [31/Aug/2026:21:38:17 -0400] "GET /wp-content/themes/Divi/includes/builder/frontend-builder/assets/vendors/plugins/textcolor/plugin.min.js HTTP/1.1" 200 1942 "https://ekmtoronto.com/connect/?et_fb=1&PageSpeed=off" "Mozilla/5.0 (Windows NT 10.0; Win64; x64) AppleWebKit/537.36 (KHTML, like Gecko) Chrome/152.0.0.0 Safari/537.36"
69.165.232.70 - - [31/Aug/2026:21:38:17 -0400] "GET /wp-content/themes/Divi/includes/builder/frontend-builder/assets/vendors/plugins/print/plugin.min.js HTTP/1.1" 200 263 "https://ekmtoronto.com/connect/?et_fb=1&PageSpeed=off" "Mozilla/5.0 (Windows NT 10.0; Win64; x64) AppleWebKit/537.36 (KHTML, like Gecko) Chrome/152.0.0.0 Safari/537.36"
69.165.232.70 - - [31/Aug/2026:21:38:17 -0400] "GET /wp-content/themes/Divi/includes/builder/frontend-builder/assets/vendors/plugins/paste/plugin.min.js HTTP/1.1" 200 11348 "https://ekmtoronto.com/connect/?et_fb=1&PageSpeed=off" "Mozilla/5.0 (Windows NT 10.0; Win64; x64) AppleWebKit/537.36 (KHTML, like Gecko) Chrome/152.0.0.0 Safari/537.36"
69.165.232.70 - - [31/Aug/2026:21:38:17 -0400] "GET /wp-content/themes/Divi/includes/builder/frontend-builder/assets/vendors/plugins/preview/plugin.min.js HTTP/1.1" 200 984 "https://ekmtoronto.com/connect/?et_fb=1&PageSpeed=off" "Mozilla/5.0 (Windows NT 10.0; Win64; x64) AppleWebKit/537.36 (KHTML, like Gecko) Chrome/152.0.0.0 Safari/537.36"
69.165.232.70 - - [31/Aug/2026:21:38:17 -0400] "GET /wp-content/themes/Divi/includes/builder/frontend-builder/assets/vendors/plugins/table/plugin.min.js HTTP/1.1" 200 34502 "https://ekmtoronto.com/connect/?et_fb=1&PageSpeed=off" "Mozilla/5.0 (Windows NT 10.0; Win64; x64) AppleWebKit/537.36 (KHTML, like Gecko) Chrome/152.0.0.0 Safari/537.36"
104.247.76.75 - - [31/Aug/2026:21:38:15 -0400] "POST /wp-admin/admin-ajax.php?action=as_async_request_queue_runner&nonce=c6b24fcc30 HTTP/1.1" 200 - "-" "WordPress/7.1; https://ekmtoronto.com"
69.165.232.70 - - [31/Aug/2026:21:38:29 -0400] "POST /wp-admin/admin-ajax.php HTTP/1.1" 200 24640 "https://ekmtoronto.com/connect/?et_fb=1&PageSpeed=off" "Mozilla/5.0 (Windows NT 10.0; Win64; x64) AppleWebKit/537.36 (KHTML, like Gecko) Chrome/152.0.0.0 Safari/537.36"
69.165.232.70 - - [31/Aug/2026:21:38:30 -0400] "POST /wp-admin/admin-ajax.php HTTP/1.1" 200 60 "https://ekmtoronto.com/connect/?et_fb=1&PageSpeed=off" "Mozilla/5.0 (Windows NT 10.0; Win64; x64) AppleWebKit/537.36 (KHTML, like Gecko) Chrome/152.0.0.0 Safari/537.36"
69.165.232.70 - - [31/Aug/2026:21:38:30 -0400] "POST /wp-admin/admin-ajax.php HTTP/1.1" 200 6404 "https://ekmtoronto.com/connect/?et_fb=1&PageSpeed=off" "Mozilla/5.0 (Windows NT 10.0; Win64; x64) AppleWebKit/537.36 (KHTML, like Gecko) Chrome/152.0.0.0 Safari/537.36"
69.165.232.70 - - [31/Aug/2026:21:38:53 -0400] "POST /wp-admin/admin-ajax.php HTTP/1.1" 200 21 "https://ekmtoronto.com/connect/?et_fb=1&PageSpeed=off" "Mozilla/5.0 (Windows NT 10.0; Win64; x64) AppleWebKit/537.36 (KHTML, like Gecko) Chrome/152.0.0.0 Safari/537.36"
69.165.232.70 - - [31/Aug/2026:21:39:01 -0400] "GET /wp-content/themes/Divi/includes/builder/images/no-color.png HTTP/1.1" 200 3401 "https://ekmtoronto.com/connect/?et_fb=1&PageSpeed=off" "Mozilla/5.0 (Windows NT 10.0; Win64; x64) AppleWebKit/537.36 (KHTML, like Gecko) Chrome/152.0.0.0 Safari/537.36"
69.165.232.70 - - [31/Aug/2026:21:39:06 -0400] "POST /wp-admin/admin-ajax.php HTTP/1.1" 200 21 "https://ekmtoronto.com/connect/?et_fb=1&PageSpeed=off" "Mozilla/5.0 (Windows NT 10.0; Win64; x64) AppleWebKit/537.36 (KHTML, like Gecko) Chrome/152.0.0.0 Safari/537.36"
170.106.107.87 - - [31/Aug/2026:21:39:14 -0400] "GET / HTTP/1.1" 200 39824 "http://www.ekmtoronto.com" "Mozilla/5.0 (iPhone; CPU iPhone OS 13_2_3 like Mac OS X) AppleWebKit/605.1.15 (KHTML, like Gecko) Version/13.0.3 Mobile/15E148 Safari/604.1"
104.247.76.75 - - [31/Aug/2026:21:39:18 -0400] "POST /wp-cron.php?doing_wp_cron=1788226758.1359748840332031250000 HTTP/1.1" 200 - "-" "WordPress/7.1; https://ekmtoronto.com"
69.165.232.70 - - [31/Aug/2026:21:39:17 -0400] "GET /wp-admin/admin-ajax.php?action=et_builder_global_colors_get&et_builder_global_colors_get_nonce=a35f2356ca HTTP/1.1" 200 251 "https://ekmtoronto.com/connect/?et_fb=1&PageSpeed=off" "Mozilla/5.0 (Windows NT 10.0; Win64; x64) AppleWebKit/537.36 (KHTML, like Gecko) Chrome/152.0.0.0 Safari/537.36"
104.247.76.75 - - [31/Aug/2026:21:39:18 -0400] "POST /wp-cron.php?doing_wp_cron=1788226758.1588039398193359375000 HTTP/1.1" 200 - "-" "WordPress/7.1; https://ekmtoronto.com"
69.165.232.70 - - [31/Aug/2026:21:39:16 -0400] "POST /wp-admin/admin-ajax.php HTTP/1.1" 200 12276 "https://ekmtoronto.com/connect/?et_fb=1&PageSpeed=off" "Mozilla/5.0 (Windows NT 10.0; Win64; x64) AppleWebKit/537.36 (KHTML, like Gecko) Chrome/152.0.0.0 Safari/537.36"
69.165.232.70 - - [31/Aug/2026:21:39:19 -0400] "POST /wp-admin/admin-ajax.php HTTP/1.1" 200 21 "https://ekmtoronto.com/connect/?et_fb=1&PageSpeed=off" "Mozilla/5.0 (Windows NT 10.0; Win64; x64) AppleWebKit/537.36 (KHTML, like Gecko) Chrome/152.0.0.0 Safari/537.36"
69.165.232.70 - - [31/Aug/2026:21:39:19 -0400] "GET /wp-content/uploads/2022/09/EKM-WHITE-LOGO-150PX.png HTTP/1.1" 404 31175 "https://ekmtoronto.com/connect/?et_fb=1&PageSpeed=off" "Mozilla/5.0 (Windows NT 10.0; Win64; x64) AppleWebKit/537.36 (KHTML, like Gecko) Chrome/152.0.0.0 Safari/537.36"
104.247.76.75 - - [31/Aug/2026:21:39:17 -0400] "POST /wp-admin/admin-ajax.php?action=as_async_request_queue_runner&nonce=c6b24fcc30 HTTP/1.1" 200 - "-" "WordPress/7.1; https://ekmtoronto.com"
68.155.159.216 - - [31/Aug/2026:21:39:26 -0400] "GET /wp-admin/ HTTP/1.1" 302 - "-" "-"
68.155.159.216 - - [31/Aug/2026:21:39:27 -0400] "GET /wp-login.php?redirect_to=https%3A%2F%2Fekmtoronto.com%2Fwp-admin%2F&reauth=1 HTTP/1.1" 200 7303 "-" "-"
68.155.159.216 - - [31/Aug/2026:21:39:37 -0400] "GET /wp-login.php HTTP/1.1" 200 7303 "-" "-"
69.165.232.70 - - [31/Aug/2026:21:39:38 -0400] "POST /wp-admin/admin-ajax.php HTTP/1.1" 200 5987 "https://ekmtoronto.com/connect/?et_fb=1&PageSpeed=off" "Mozilla/5.0 (Windows NT 10.0; Win64; x64) AppleWebKit/537.36 (KHTML, like Gecko) Chrome/152.0.0.0 Safari/537.36"
69.165.232.70 - - [31/Aug/2026:21:39:39 -0400] "POST /wp-admin/admin-ajax.php HTTP/1.1" 200 60 "https://ekmtoronto.com/connect/?et_fb=1&PageSpeed=off" "Mozilla/5.0 (Windows NT 10.0; Win64; x64) AppleWebKit/537.36 (KHTML, like Gecko) Chrome/152.0.0.0 Safari/537.36"
69.165.232.70 - - [31/Aug/2026:21:39:40 -0400] "POST /wp-admin/admin-ajax.php HTTP/1.1" 200 3388 "https://ekmtoronto.com/connect/?et_fb=1&PageSpeed=off" "Mozilla/5.0 (Windows NT 10.0; Win64; x64) AppleWebKit/537.36 (KHTML, like Gecko) Chrome/152.0.0.0 Safari/537.36"
69.165.232.70 - - [31/Aug/2026:21:39:41 -0400] "POST /wp-admin/admin-ajax.php HTTP/1.1" 200 60 "https://ekmtoronto.com/connect/?et_fb=1&PageSpeed=off" "Mozilla/5.0 (Windows NT 10.0; Win64; x64) AppleWebKit/537.36 (KHTML, like Gecko) Chrome/152.0.0.0 Safari/537.36"
45.146.55.229 - - [31/Aug/2026:21:39:44 -0400] "POST /wp-login.php HTTP/1.1" 200 2482 "-" "Mozilla/5.0 (Macintosh; Intel Mac OS X 10_15_7) AppleWebKit/605.1.15 Version/17.0 Safari/605.1.15"
45.146.55.240 - - [31/Aug/2026:21:39:44 -0400] "POST /wp-login.php HTTP/1.1" 200 2462 "-" "Mozilla/5.0 (Windows NT 10.0; Win64; x64) AppleWebKit/537.36 Chrome/129.0.0.0 Safari/537.36"
68.155.159.216 - - [31/Aug/2026:21:39:52 -0400] "GET / HTTP/1.1" 200 253260 "-" "-"
68.155.159.216 - - [31/Aug/2026:21:39:53 -0400] "GET /wp-admin/user/index.php HTTP/1.1" 302 - "-" "-"
68.155.159.216 - - [31/Aug/2026:21:39:53 -0400] "GET /wp-login.php?redirect_to=https%3A%2F%2Fekmtoronto.com%2Fwp-admin%2Fuser%2Findex.php&reauth=1 HTTP/1.1" 200 7317 "-" "-"
68.155.159.216 - - [31/Aug/2026:21:39:55 -0400] "GET /wp-admin/ HTTP/1.1" 302 - "-" "-"
68.155.159.216 - - [31/Aug/2026:21:39:55 -0400] "GET /wp-login.php?redirect_to=https%3A%2F%2Fekmtoronto.com%2Fwp-admin%2F&reauth=1 HTTP/1.1" 200 7303 "-" "-"
193.36.224.91 - - [31/Aug/2026:21:40:06 -0400] "POST /wp-login.php HTTP/1.1" 200 7716 "-" "Mozilla/5.0"
69.165.232.70 - - [31/Aug/2026:21:40:16 -0400] "POST /wp-admin/admin-ajax.php HTTP/1.1" 200 67 "https://ekmtoronto.com/wp-admin/edit.php?post_status=draft&post_type=page" "Mozilla/5.0 (Windows NT 10.0; Win64; x64) AppleWebKit/537.36 (KHTML, like Gecko) Chrome/152.0.0.0 Safari/537.36"
69.165.232.70 - - [31/Aug/2026:21:40:16 -0400] "POST /wp-admin/admin-ajax.php HTTP/1.1" 200 15734 "https://ekmtoronto.com/connect/?et_fb=1&PageSpeed=off" "Mozilla/5.0 (Windows NT 10.0; Win64; x64) AppleWebKit/537.36 (KHTML, like Gecko) Chrome/152.0.0.0 Safari/537.36"
66.249.65.136 - - [31/Aug/2026:21:40:20 -0400] "GET /?sale/search/detail/?ITMCODE=u9l3t7i5o8n746187 HTTP/1.1" 301 - "-" "Mozilla/5.0 (Linux; Android 6.0.1; Nexus 5X Build/MMB29P) AppleWebKit/537.36 (KHTML, like Gecko) Chrome/151.0.7922.173 Mobile Safari/537.36 (compatible; Googlebot/2.1; +http://www.google.com/bot.html)"
69.165.232.70 - - [31/Aug/2026:21:40:20 -0400] "POST /wp-admin/admin-ajax.php HTTP/1.1" 200 183 "https://ekmtoronto.com/connect/?et_fb=1&PageSpeed=off" "Mozilla/5.0 (Windows NT 10.0; Win64; x64) AppleWebKit/537.36 (KHTML, like Gecko) Chrome/152.0.0.0 Safari/537.36"
66.249.65.136 - - [31/Aug/2026:21:40:21 -0400] "GET /?sale%2Fsearch%2Fdetail%2F%3FITMCODE=u9l3t7i5o8n746187 HTTP/1.1" 200 39884 "-" "Mozilla/5.0 (Linux; Android 6.0.1; Nexus 5X Build/MMB29P) AppleWebKit/537.36 (KHTML, like Gecko) Chrome/151.0.7922.173 Mobile Safari/537.36 (compatible; Googlebot/2.1; +http://www.google.com/bot.html)"
69.165.232.70 - - [31/Aug/2026:21:40:21 -0400] "GET / HTTP/1.1" 200 42604 "https://ekmtoronto.com/care/" "Mozilla/5.0 (Windows NT 10.0; Win64; x64) AppleWebKit/537.36 (KHTML, like Gecko) Chrome/152.0.0.0 Safari/537.36"
69.165.232.70 - - [31/Aug/2026:21:40:22 -0400] "GET /wp-content/et-cache/228351/et-divi-dynamic-228351-late.css?ver=1788111647 HTTP/1.1" 200 3170 "https://ekmtoronto.com/" "Mozilla/5.0 (Windows NT 10.0; Win64; x64) AppleWebKit/537.36 (KHTML, like Gecko) Chrome/152.0.0.0 Safari/537.36"
69.165.232.70 - - [31/Aug/2026:21:40:22 -0400] "GET /wp-content/et-cache/228351/et-divi-dynamic-228351.css?ver=1788111647 HTTP/1.1" 200 11161 "https://ekmtoronto.com/" "Mozilla/5.0 (Windows NT 10.0; Win64; x64) AppleWebKit/537.36 (KHTML, like Gecko) Chrome/152.0.0.0 Safari/537.36"
69.165.232.70 - - [31/Aug/2026:21:40:22 -0400] "GET /wp-content/et-cache/228351/et-core-unified-deferred-228351.min.css?ver=1788111648 HTTP/1.1" 200 3945 "https://ekmtoronto.com/" "Mozilla/5.0 (Windows NT 10.0; Win64; x64) AppleWebKit/537.36 (KHTML, like Gecko) Chrome/152.0.0.0 Safari/537.36"
69.165.232.70 - - [31/Aug/2026:21:40:22 -0400] "GET /wp-content/uploads/2021/06/EKM-LOGO-BLACK-IM-150PX.png HTTP/1.1" 404 31197 "https://ekmtoronto.com/" "Mozilla/5.0 (Windows NT 10.0; Win64; x64) AppleWebKit/537.36 (KHTML, like Gecko) Chrome/152.0.0.0 Safari/537.36"
69.165.232.70 - - [31/Aug/2026:21:40:22 -0400] "GET /wp-content/uploads/2023/11/EKM-WHITE-LOGO-150PX.png HTTP/1.1" 304 - "https://ekmtoronto.com/" "Mozilla/5.0 (Windows NT 10.0; Win64; x64) AppleWebKit/537.36 (KHTML, like Gecko) Chrome/152.0.0.0 Safari/537.36"
69.165.232.70 - - [31/Aug/2026:21:40:22 -0400] "GET /wp-content/et-cache/228351/et-divi-dynamic-228351-late.css HTTP/1.1" 200 3170 "https://ekmtoronto.com/" "Mozilla/5.0 (Windows NT 10.0; Win64; x64) AppleWebKit/537.36 (KHTML, like Gecko) Chrome/152.0.0.0 Safari/537.36"
69.165.232.70 - - [31/Aug/2026:21:40:22 -0400] "GET /wp-content/uploads/2023/11/We-Love-lee-Nicole_7149-2400px-1.jpg HTTP/1.1" 200 310266 "https://ekmtoronto.com/" "Mozilla/5.0 (Windows NT 10.0; Win64; x64) AppleWebKit/537.36 (KHTML, like Gecko) Chrome/152.0.0.0 Safari/537.36"
69.165.232.70 - - [31/Aug/2026:21:40:22 -0400] "GET /wp-content/uploads/2021/06/EKM-LOGO-BLACK-IM-150PX.png HTTP/1.1" 404 31197 "https://ekmtoronto.com/" "Mozilla/5.0 (Windows NT 10.0; Win64; x64) AppleWebKit/537.36 (KHTML, like Gecko) Chrome/152.0.0.0 Safari/537.36"
69.165.232.70 - - [31/Aug/2026:21:40:22 -0400] "POST /wp-admin/admin-ajax.php HTTP/1.1" 200 1326 "https://ekmtoronto.com/" "Mozilla/5.0 (Windows NT 10.0; Win64; x64) AppleWebKit/537.36 (KHTML, like Gecko) Chrome/152.0.0.0 Safari/537.36"
68.155.159.216 - - [31/Aug/2026:21:40:23 -0400] "GET /wp-admin/index.php HTTP/1.1" 302 - "-" "-"
68.155.159.216 - - [31/Aug/2026:21:40:24 -0400] "GET /wp-login.php?redirect_to=https%3A%2F%2Fekmtoronto.com%2Fwp-admin%2Findex.php&reauth=1 HTTP/1.1" 200 7312 "-" "-"
69.165.232.70 - - [31/Aug/2026:21:40:24 -0400] "GET /wp-content/uploads/2026/08/food-drive-980x551.jpg HTTP/1.1" 200 84369 "https://ekmtoronto.com/" "Mozilla/5.0 (Windows NT 10.0; Win64; x64) AppleWebKit/537.36 (KHTML, like Gecko) Chrome/152.0.0.0 Safari/537.36"
69.165.232.70 - - [31/Aug/2026:21:40:24 -0400] "GET /wp-content/uploads/2024/10/water-baptism-980x551.png HTTP/1.1" 200 12764 "https://ekmtoronto.com/" "Mozilla/5.0 (Windows NT 10.0; Win64; x64) AppleWebKit/537.36 (KHTML, like Gecko) Chrome/152.0.0.0 Safari/537.36"
69.165.232.70 - - [31/Aug/2026:21:40:24 -0400] "GET /wp-content/uploads/2025/02/GLOW-UP2-980x551.jpg HTTP/1.1" 200 66171 "https://ekmtoronto.com/" "Mozilla/5.0 (Windows NT 10.0; Win64; x64) AppleWebKit/537.36 (KHTML, like Gecko) Chrome/152.0.0.0 Safari/537.36"
69.165.232.70 - - [31/Aug/2026:21:40:24 -0400] "GET /wp-content/uploads/2023/05/Middaynew-980x551.jpg HTTP/1.1" 200 99305 "https://ekmtoronto.com/" "Mozilla/5.0 (Windows NT 10.0; Win64; x64) AppleWebKit/537.36 (KHTML, like Gecko) Chrome/152.0.0.0 Safari/537.36"
69.165.232.70 - - [31/Aug/2026:21:40:24 -0400] "GET /wp-content/uploads/2024/09/intercession-980x551.jpeg HTTP/1.1" 200 42780 "https://ekmtoronto.com/" "Mozilla/5.0 (Windows NT 10.0; Win64; x64) AppleWebKit/537.36 (KHTML, like Gecko) Chrome/152.0.0.0 Safari/537.36"
69.165.232.70 - - [31/Aug/2026:21:40:24 -0400] "GET /wp-content/uploads/2026/08/Young-youth-980x552.png HTTP/1.1" 200 744326 "https://ekmtoronto.com/" "Mozilla/5.0 (Windows NT 10.0; Win64; x64) AppleWebKit/537.36 (KHTML, like Gecko) Chrome/152.0.0.0 Safari/537.36"
104.247.76.75 - - [31/Aug/2026:21:40:20 -0400] "POST /wp-admin/admin-ajax.php?action=as_async_request_queue_runner&nonce=c6b24fcc30 HTTP/1.1" 200 - "-" "WordPress/7.1; https://ekmtoronto.com"
68.155.159.216 - - [31/Aug/2026:21:40:33 -0400] "GET /wp-admin/network/ HTTP/1.1" 302 - "-" "-"
68.155.159.216 - - [31/Aug/2026:21:40:34 -0400] "GET /wp-login.php?redirect_to=https%3A%2F%2Fekmtoronto.com%2Fwp-admin%2Fnetwork%2F&reauth=1 HTTP/1.1" 200 7311 "-" "-"
66.249.65.134 - - [31/Aug/2026:21:40:39 -0400] "GET /wp-content/plugins/divi-overlays/assets/css/animate.min.css?ver=4.1.1 HTTP/1.1" 200 5272 "https://ekmtoronto.com/?sale%2Fsearch%2Fdetail%2F%3FITMCODE=u9l3t7i5o8n746187" "Mozilla/5.0 (Linux; Android 6.0.1; Nexus 5X Build/MMB29P) AppleWebKit/537.36 (KHTML, like Gecko) Chrome/151.0.7922.173 Mobile Safari/537.36 (compatible; Googlebot/2.1; +http://www.google.com/bot.html)"
66.249.65.135 - - [31/Aug/2026:21:40:42 -0400] "GET /wp-includes/js/mediaelement/wp-mediaelement.min.css?ver=7.1 HTTP/1.1" 200 1156 "https://ekmtoronto.com/?sale%2Fsearch%2Fdetail%2F%3FITMCODE=u9l3t7i5o8n746187" "Mozilla/5.0 (Linux; Android 6.0.1; Nexus 5X Build/MMB29P) AppleWebKit/537.36 (KHTML, like Gecko) Chrome/151.0.7922.173 Mobile Safari/537.36 (compatible; Googlebot/2.1; +http://www.google.com/bot.html)"
66.249.65.134 - - [31/Aug/2026:21:40:43 -0400] "GET /wp-content/plugins/divi-overlays/assets/js/jquery.exitintent.js?ver=2.9.7.9 HTTP/1.1" 200 398 "https://ekmtoronto.com/?sale%2Fsearch%2Fdetail%2F%3FITMCODE=u9l3t7i5o8n746187" "Mozilla/5.0 (Linux; Android 6.0.1; Nexus 5X Build/MMB29P) AppleWebKit/537.36 (KHTML, like Gecko) Chrome/151.0.7922.173 Mobile Safari/537.36 (compatible; Googlebot/2.1; +http://www.google.com/bot.html)"
104.247.76.75 - - [31/Aug/2026:21:41:15 -0400] "POST /wp-cron.php?doing_wp_cron=1788226875.1427199840545654296875 HTTP/1.1" 200 - "-" "WordPress/7.1; https://ekmtoronto.com"
69.165.75.221 - - [31/Aug/2026:21:41:15 -0400] "GET /index.php?rest_route=/wp/v2/posts&per_page=100&_fields=id%2Ccomment_status&page=1 HTTP/1.1" 200 97 "https://mail.ekmtoronto.com" "Mozilla/5.0 (Windows NT 10.0; Win64; x64) AppleWebKit/537.36 (KHTML, like Gecko) Chrome/119.0.0.0 Safari/537.36"
69.165.75.221 - - [31/Aug/2026:21:41:15 -0400] "POST /wp-comments-post.php HTTP/1.1" 302 - "https://mail.ekmtoronto.com" "Mozilla/5.0 (Windows NT 10.0; Win64; x64) AppleWebKit/537.36 (KHTML, like Gecko) Chrome/119.0.0.0 Safari/537.36"
69.165.75.221 - - [31/Aug/2026:21:41:17 -0400] "GET /index.php?rest_route=/wp/v2/comments&post=237101&search=plinkochile HTTP/1.1" 200 658 "https://mail.ekmtoronto.com" "Mozilla/5.0 (Windows NT 10.0; Win64; x64) AppleWebKit/537.36 (KHTML, like Gecko) Chrome/119.0.0.0 Safari/537.36"
69.165.232.70 - - [31/Aug/2026:21:41:20 -0400] "POST /wp-admin/admin-ajax.php HTTP/1.1" 200 15761 "https://ekmtoronto.com/connect/?et_fb=1&PageSpeed=off" "Mozilla/5.0 (Windows NT 10.0; Win64; x64) AppleWebKit/537.36 (KHTML, like Gecko) Chrome/152.0.0.0 Safari/537.36"
104.247.76.75 - - [31/Aug/2026:21:41:52 -0400] "GET /?et_check_mod_pagespeed=on HTTP/1.1" 200 36 "-" "WordPress/7.1; https://ekmtoronto.com"
198.204.240.234 - - [31/Aug/2026:21:41:52 -0400] "GET /wp-includes/pl4003e1/index.php HTTP/1.1" 301 - "https://ekmtoronto.com/wp-includes/pl4003e1/index.php" "Mozilla/4.0 (compatible; MSIE 8.0; Windows NT 5.1; Trident/4.0; EasyBits GO v1.0; InfoPath.1; .NET CLR 2.0.50727; .NET CLR 3.0.4506.2152; .NET CLR 3.5.30729)"
198.204.240.234 - - [31/Aug/2026:21:41:52 -0400] "GET /wp-includes/pl4003e1/ HTTP/1.1" 404 29356 "-" "Mozilla/4.0 (compatible; MSIE 8.0; Windows NT 5.1; Trident/4.0; EasyBits GO v1.0; InfoPath.1; .NET CLR 2.0.50727; .NET CLR 3.0.4506.2152; .NET CLR 3.5.30729)"
69.165.232.70 - - [31/Aug/2026:21:42:17 -0400] "POST /wp-admin/admin-ajax.php HTTP/1.1" 200 67 "https://ekmtoronto.com/wp-admin/edit.php?post_status=draft&post_type=page" "Mozilla/5.0 (Windows NT 10.0; Win64; x64) AppleWebKit/537.36 (KHTML, like Gecko) Chrome/152.0.0.0 Safari/537.36"
68.155.159.216 - - [31/Aug/2026:21:42:18 -0400] "GET /wp-admin/ HTTP/1.1" 302 - "-" "-"
68.155.159.216 - - [31/Aug/2026:21:42:18 -0400] "GET /wp-login.php?redirect_to=https%3A%2F%2Fekmtoronto.com%2Fwp-admin%2F&reauth=1 HTTP/1.1" 200 7303 "-" "-"
69.165.232.70 - - [31/Aug/2026:21:42:20 -0400] "POST /wp-admin/admin-ajax.php HTTP/1.1" 200 180 "https://ekmtoronto.com/connect/?et_fb=1&PageSpeed=off" "Mozilla/5.0 (Windows NT 10.0; Win64; x64) AppleWebKit/537.36 (KHTML, like Gecko) Chrome/152.0.0.0 Safari/537.36"
68.155.159.216 - - [31/Aug/2026:21:42:30 -0400] "GET /wp-login.php HTTP/1.1" 200 7303 "-" "-"
104.247.76.75 - - [31/Aug/2026:21:43:21 -0400] "POST /wp-cron.php?doing_wp_cron=1788227001.3217399120330810546875 HTTP/1.1" 200 - "-" "WordPress/7.1; https://ekmtoronto.com"
69.165.232.70 - - [31/Aug/2026:21:43:20 -0400] "POST /wp-admin/admin-ajax.php HTTP/1.1" 200 139 "https://ekmtoronto.com/connect/?et_fb=1&PageSpeed=off" "Mozilla/5.0 (Windows NT 10.0; Win64; x64) AppleWebKit/537.36 (KHTML, like Gecko) Chrome/152.0.0.0 Safari/537.36"
104.247.76.75 - - [31/Aug/2026:21:43:20 -0400] "POST /wp-admin/admin-ajax.php?action=as_async_request_queue_runner&nonce=c6b24fcc30 HTTP/1.1" 200 - "-" "WordPress/7.1; https://ekmtoronto.com"
68.155.159.216 - - [31/Aug/2026:21:43:31 -0400] "GET / HTTP/1.1" 200 253260 "-" "-"
68.155.159.216 - - [31/Aug/2026:21:43:32 -0400] "GET /wp-admin/user/index.php HTTP/1.1" 302 - "-" "-"
68.155.159.216 - - [31/Aug/2026:21:43:32 -0400] "GET /wp-login.php?redirect_to=https%3A%2F%2Fekmtoronto.com%2Fwp-admin%2Fuser%2Findex.php&reauth=1 HTTP/1.1" 200 7317 "-" "-"
68.155.159.216 - - [31/Aug/2026:21:43:34 -0400] "GET /wp-admin/ HTTP/1.1" 302 - "-" "-"
68.155.159.216 - - [31/Aug/2026:21:43:35 -0400] "GET /wp-login.php?redirect_to=https%3A%2F%2Fekmtoronto.com%2Fwp-admin%2F&reauth=1 HTTP/1.1" 200 7303 "-" "-"
68.155.159.216 - - [31/Aug/2026:21:44:06 -0400] "GET /wp-admin/index.php HTTP/1.1" 302 - "-" "-"
68.155.159.216 - - [31/Aug/2026:21:44:06 -0400] "GET /wp-login.php?redirect_to=https%3A%2F%2Fekmtoronto.com%2Fwp-admin%2Findex.php&reauth=1 HTTP/1.1" 200 7312 "-" "-"
68.155.159.216 - - [31/Aug/2026:21:44:18 -0400] "GET /wp-admin/network/ HTTP/1.1" 302 - "-" "-"
68.155.159.216 - - [31/Aug/2026:21:44:18 -0400] "GET /wp-login.php?redirect_to=https%3A%2F%2Fekmtoronto.com%2Fwp-admin%2Fnetwork%2F&reauth=1 HTTP/1.1" 200 7311 "-" "-"
69.165.232.70 - - [31/Aug/2026:21:44:18 -0400] "POST /wp-admin/admin-ajax.php HTTP/1.1" 200 67 "https://ekmtoronto.com/wp-admin/edit.php?post_status=draft&post_type=page" "Mozilla/5.0 (Windows NT 10.0; Win64; x64) AppleWebKit/537.36 (KHTML, like Gecko) Chrome/152.0.0.0 Safari/537.36"
69.165.232.70 - - [31/Aug/2026:21:44:20 -0400] "POST /wp-admin/admin-ajax.php HTTP/1.1" 200 139 "https://ekmtoronto.com/connect/?et_fb=1&PageSpeed=off" "Mozilla/5.0 (Windows NT 10.0; Win64; x64) AppleWebKit/537.36 (KHTML, like Gecko) Chrome/152.0.0.0 Safari/537.36"
104.247.76.75 - - [31/Aug/2026:21:45:21 -0400] "POST /wp-cron.php?doing_wp_cron=1788227121.4776690006256103515625 HTTP/1.1" 200 - "-" "WordPress/7.1; https://ekmtoronto.com"
69.165.232.70 - - [31/Aug/2026:21:45:20 -0400] "POST /wp-admin/admin-ajax.php HTTP/1.1" 200 139 "https://ekmtoronto.com/connect/?et_fb=1&PageSpeed=off" "Mozilla/5.0 (Windows NT 10.0; Win64; x64) AppleWebKit/537.36 (KHTML, like Gecko) Chrome/152.0.0.0 Safari/537.36"
104.247.76.75 - - [31/Aug/2026:21:45:20 -0400] "POST /wp-admin/admin-ajax.php?action=as_async_request_queue_runner&nonce=c6b24fcc30 HTTP/1.1" 200 - "-" "WordPress/7.1; https://ekmtoronto.com"
91.193.232.63 - - [31/Aug/2026:21:45:47 -0400] "POST /wp-login.php HTTP/1.1" 200 2482 "-" "Mozilla/5.0 (Macintosh; Intel Mac OS X 10_15_7) AppleWebKit/605.1.15 Version/17.0 Safari/605.1.15"
91.193.232.66 - - [31/Aug/2026:21:45:47 -0400] "POST /wp-login.php HTTP/1.1" 200 2462 "-" "Mozilla/5.0 (Macintosh; Intel Mac OS X 10_15_7) AppleWebKit/605.1.15 Version/17.0 Safari/605.1.15"
104.247.76.75 - - [31/Aug/2026:21:46:19 -0400] "POST /wp-cron.php?doing_wp_cron=1788227179.5240230560302734375000 HTTP/1.1" 200 - "-" "WordPress/7.1; https://ekmtoronto.com"
69.165.232.70 - - [31/Aug/2026:21:46:19 -0400] "POST /wp-admin/admin-ajax.php HTTP/1.1" 200 67 "https://ekmtoronto.com/wp-admin/edit.php?post_status=draft&post_type=page" "Mozilla/5.0 (Windows NT 10.0; Win64; x64) AppleWebKit/537.36 (KHTML, like Gecko) Chrome/152.0.0.0 Safari/537.36"
69.165.232.70 - - [31/Aug/2026:21:46:20 -0400] "POST /wp-admin/admin-ajax.php HTTP/1.1" 200 139 "https://ekmtoronto.com/connect/?et_fb=1&PageSpeed=off" "Mozilla/5.0 (Windows NT 10.0; Win64; x64) AppleWebKit/537.36 (KHTML, like Gecko) Chrome/152.0.0.0 Safari/537.36"
66.249.65.136 - - [31/Aug/2026:21:46:27 -0400] "GET /?sale/search/detail/?ITMCODE=c8l3a1m3a6t8o6r4i8a2l6 HTTP/1.1" 301 - "-" "Mozilla/5.0 (Linux; Android 6.0.1; Nexus 5X Build/MMB29P) AppleWebKit/537.36 (KHTML, like Gecko) Chrome/151.0.7922.173 Mobile Safari/537.36 (compatible; Googlebot/2.1; +http://www.google.com/bot.html)"
66.249.65.134 - - [31/Aug/2026:21:46:28 -0400] "GET /?sale%2Fsearch%2Fdetail%2F%3FITMCODE=c8l3a1m3a6t8o6r4i8a2l6 HTTP/1.1" 200 39891 "-" "Mozilla/5.0 (Linux; Android 6.0.1; Nexus 5X Build/MMB29P) AppleWebKit/537.36 (KHTML, like Gecko) Chrome/151.0.7922.173 Mobile Safari/537.36 (compatible; Googlebot/2.1; +http://www.google.com/bot.html)"
109.236.48.208 - - [31/Aug/2026:21:46:41 -0400] "GET /wp-json/wp/v2/users/me HTTP/1.1" 401 102 "-" "Mozilla/5.0 (Windows NT 10.0; Win64; x64) AppleWebKit/537.36 (KHTML, like Gecko) Chrome/151.0.0.0 Safari/537.36"
69.165.232.70 - - [31/Aug/2026:21:46:55 -0400] "GET /?et_fb=1&PageSpeed=off HTTP/1.1" 200 123709 "https://ekmtoronto.com/" "Mozilla/5.0 (Windows NT 10.0; Win64; x64) AppleWebKit/537.36 (KHTML, like Gecko) Chrome/152.0.0.0 Safari/537.36"
69.165.232.70 - - [31/Aug/2026:21:46:56 -0400] "GET /wp-content/themes/Divi/includes/builder/frontend-builder/assets/css/fb-top-window.css?ver=4.27.8 HTTP/1.1" 200 627 "https://ekmtoronto.com/?et_fb=1&PageSpeed=off" "Mozilla/5.0 (Windows NT 10.0; Win64; x64) AppleWebKit/537.36 (KHTML, like Gecko) Chrome/152.0.0.0 Safari/537.36"
69.165.232.70 - - [31/Aug/2026:21:46:56 -0400] "GET /wp-content/et-cache/228351/et-core-unified-vb-228351.min.css?ver=1788227215 HTTP/1.1" 200 1372 "https://ekmtoronto.com/?et_fb=1&PageSpeed=off" "Mozilla/5.0 (Windows NT 10.0; Win64; x64) AppleWebKit/537.36 (KHTML, like Gecko) Chrome/152.0.0.0 Safari/537.36"
69.165.232.70 - - [31/Aug/2026:21:46:56 -0400] "GET /wp-content/themes/Divi/includes/builder/frontend-builder/build/boot.js?ver=4.27.8 HTTP/1.1" 200 11254 "https://ekmtoronto.com/?et_fb=1&PageSpeed=off" "Mozilla/5.0 (Windows NT 10.0; Win64; x64) AppleWebKit/537.36 (KHTML, like Gecko) Chrome/152.0.0.0 Safari/537.36"
69.165.232.70 - - [31/Aug/2026:21:46:56 -0400] "GET /wp-content/et-cache/228351/et-core-unified-vb-228351.min.css?ver=1788227215 HTTP/1.1" 304 - "https://ekmtoronto.com/?et_fb=1&PageSpeed=off" "Mozilla/5.0 (Windows NT 10.0; Win64; x64) AppleWebKit/537.36 (KHTML, like Gecko) Chrome/152.0.0.0 Safari/537.36"
69.165.232.70 - - [31/Aug/2026:21:46:56 -0400] "GET /wp-content/et-cache/en_US/definitions-page-17882261254586.js?ver=4.27.8 HTTP/1.1" 304 - "https://ekmtoronto.com/?et_fb=1&PageSpeed=off" "Mozilla/5.0 (Windows NT 10.0; Win64; x64) AppleWebKit/537.36 (KHTML, like Gecko) Chrome/152.0.0.0 Safari/537.36"
69.165.232.70 - - [31/Aug/2026:21:46:56 -0400] "GET /wp-content/et-cache/en_US/helpers-page-17882261253232.js?ver=4.27.8 HTTP/1.1" 304 - "https://ekmtoronto.com/?et_fb=1&PageSpeed=off" "Mozilla/5.0 (Windows NT 10.0; Win64; x64) AppleWebKit/537.36 (KHTML, like Gecko) Chrome/152.0.0.0 Safari/537.36"
104.247.76.75 - - [31/Aug/2026:21:47:01 -0400] "POST /wp-cron.php?doing_wp_cron=1788227221.4618020057678222656250 HTTP/1.1" 200 - "-" "WordPress/7.1; https://ekmtoronto.com"
69.165.232.70 - - [31/Aug/2026:21:46:59 -0400] "POST /wp-admin/admin-ajax.php?lang=en_US HTTP/1.1" 200 155 "https://ekmtoronto.com/?et_fb=1&PageSpeed=off" "Mozilla/5.0 (Windows NT 10.0; Win64; x64) AppleWebKit/537.36 (KHTML, like Gecko) Chrome/152.0.0.0 Safari/537.36"
69.165.232.70 - - [31/Aug/2026:21:47:01 -0400] "POST /wp-admin/admin-ajax.php HTTP/1.1" 200 490 "https://ekmtoronto.com/?et_fb=1&PageSpeed=off" "Mozilla/5.0 (Windows NT 10.0; Win64; x64) AppleWebKit/537.36 (KHTML, like Gecko) Chrome/152.0.0.0 Safari/537.36"
69.165.232.70 - - [31/Aug/2026:21:47:01 -0400] "POST /wp-admin/admin-ajax.php HTTP/1.1" 200 307 "https://ekmtoronto.com/?et_fb=1&PageSpeed=off" "Mozilla/5.0 (Windows NT 10.0; Win64; x64) AppleWebKit/537.36 (KHTML, like Gecko) Chrome/152.0.0.0 Safari/537.36"
69.165.232.70 - - [31/Aug/2026:21:47:01 -0400] "POST /wp-admin/admin-ajax.php HTTP/1.1" 200 863 "https://ekmtoronto.com/?et_fb=1&PageSpeed=off" "Mozilla/5.0 (Windows NT 10.0; Win64; x64) AppleWebKit/537.36 (KHTML, like Gecko) Chrome/152.0.0.0 Safari/537.36"
69.165.232.70 - - [31/Aug/2026:21:47:02 -0400] "GET /wp-content/uploads/2026/08/food-drive-1080x675.jpg HTTP/1.1" 200 105644 "https://ekmtoronto.com/?et_fb=1&PageSpeed=off" "Mozilla/5.0 (Windows NT 10.0; Win64; x64) AppleWebKit/537.36 (KHTML, like Gecko) Chrome/152.0.0.0 Safari/537.36"
69.165.232.70 - - [31/Aug/2026:21:47:02 -0400] "GET /wp-content/uploads/2024/10/water-baptism-1080x675.png HTTP/1.1" 200 8738 "https://ekmtoronto.com/?et_fb=1&PageSpeed=off" "Mozilla/5.0 (Windows NT 10.0; Win64; x64) AppleWebKit/537.36 (KHTML, like Gecko) Chrome/152.0.0.0 Safari/537.36"
69.165.232.70 - - [31/Aug/2026:21:47:02 -0400] "GET /wp-content/uploads/2025/02/GLOW-UP2-1080x675.jpg HTTP/1.1" 200 85316 "https://ekmtoronto.com/?et_fb=1&PageSpeed=off" "Mozilla/5.0 (Windows NT 10.0; Win64; x64) AppleWebKit/537.36 (KHTML, like Gecko) Chrome/152.0.0.0 Safari/537.36"
69.165.232.70 - - [31/Aug/2026:21:47:02 -0400] "GET /wp-content/uploads/2024/09/intercession-1080x675.jpeg HTTP/1.1" 200 53365 "https://ekmtoronto.com/?et_fb=1&PageSpeed=off" "Mozilla/5.0 (Windows NT 10.0; Win64; x64) AppleWebKit/537.36 (KHTML, like Gecko) Chrome/152.0.0.0 Safari/537.36"
69.165.232.70 - - [31/Aug/2026:21:47:02 -0400] "GET /wp-content/uploads/2023/05/Middaynew-1080x675.jpg HTTP/1.1" 200 132062 "https://ekmtoronto.com/?et_fb=1&PageSpeed=off" "Mozilla/5.0 (Windows NT 10.0; Win64; x64) AppleWebKit/537.36 (KHTML, like Gecko) Chrome/152.0.0.0 Safari/537.36"
69.165.232.70 - - [31/Aug/2026:21:47:02 -0400] "GET /wp-content/uploads/2026/08/Young-youth-1080x675.png HTTP/1.1" 200 965993 "https://ekmtoronto.com/?et_fb=1&PageSpeed=off" "Mozilla/5.0 (Windows NT 10.0; Win64; x64) AppleWebKit/537.36 (KHTML, like Gecko) Chrome/152.0.0.0 Safari/537.36"
104.247.76.75 - - [31/Aug/2026:21:47:00 -0400] "POST /wp-admin/admin-ajax.php?action=as_async_request_queue_runner&nonce=c6b24fcc30 HTTP/1.1" 200 - "-" "WordPress/7.1; https://ekmtoronto.com"
69.165.232.70 - - [31/Aug/2026:21:47:20 -0400] "POST /wp-admin/admin-ajax.php HTTP/1.1" 200 15797 "https://ekmtoronto.com/connect/?et_fb=1&PageSpeed=off" "Mozilla/5.0 (Windows NT 10.0; Win64; x64) AppleWebKit/537.36 (KHTML, like Gecko) Chrome/152.0.0.0 Safari/537.36"
69.165.232.70 - - [31/Aug/2026:21:47:57 -0400] "POST /wp-admin/admin-ajax.php HTTP/1.1" 200 198 "https://ekmtoronto.com/?et_fb=1&PageSpeed=off" "Mozilla/5.0 (Windows NT 10.0; Win64; x64) AppleWebKit/537.36 (KHTML, like Gecko) Chrome/152.0.0.0 Safari/537.36"
104.247.76.75 - - [31/Aug/2026:21:48:07 -0400] "POST /wp-cron.php?doing_wp_cron=1788227287.7527160644531250000000 HTTP/1.1" 200 - "-" "WordPress/7.1; https://ekmtoronto.com"
69.165.232.70 - - [31/Aug/2026:21:48:06 -0400] "POST /wp-admin/admin-ajax.php HTTP/1.1" 200 183 "https://ekmtoronto.com/connect/?et_fb=1&PageSpeed=off" "Mozilla/5.0 (Windows NT 10.0; Win64; x64) AppleWebKit/537.36 (KHTML, like Gecko) Chrome/152.0.0.0 Safari/537.36"
101.99.88.90 - - [31/Aug/2026:21:48:09 -0400] "GET / HTTP/1.1" 200 253260 "-" "Mozilla/5.0 (compatible; Googlebot/2.1; +http://www.google.com/bot.html)"
104.247.76.75 - - [31/Aug/2026:21:48:06 -0400] "POST /wp-admin/admin-ajax.php?action=as_async_request_queue_runner&nonce=c6b24fcc30 HTTP/1.1" 200 - "-" "WordPress/7.1; https://ekmtoronto.com"
69.165.232.70 - - [31/Aug/2026:21:48:12 -0400] "GET /wp-content/themes/Divi/core/admin/fonts/epanel/code-snippet.woff HTTP/1.1" 200 869 "https://ekmtoronto.com/wp-content/themes/Divi/core/admin/css/core.css?ver=4.27.8" "Mozilla/5.0 (Windows NT 10.0; Win64; x64) AppleWebKit/537.36 (KHTML, like Gecko) Chrome/152.0.0.0 Safari/537.36"
101.99.88.90 - - [31/Aug/2026:21:48:13 -0400] "GET /wp-includes/pl4003e1/index.php HTTP/1.1" 301 - "-" "-"
69.165.232.70 - - [31/Aug/2026:21:48:20 -0400] "POST /wp-admin/admin-ajax.php HTTP/1.1" 200 67 "https://ekmtoronto.com/wp-admin/edit.php?post_status=draft&post_type=page" "Mozilla/5.0 (Windows NT 10.0; Win64; x64) AppleWebKit/537.36 (KHTML, like Gecko) Chrome/152.0.0.0 Safari/537.36"
69.165.232.70 - - [31/Aug/2026:21:48:21 -0400] "POST /wp-admin/admin-ajax.php HTTP/1.1" 200 182 "https://ekmtoronto.com/?et_fb=1&PageSpeed=off" "Mozilla/5.0 (Windows NT 10.0; Win64; x64) AppleWebKit/537.36 (KHTML, like Gecko) Chrome/152.0.0.0 Safari/537.36"
104.247.76.75 - - [31/Aug/2026:21:49:08 -0400] "POST /wp-cron.php?doing_wp_cron=1788227348.1123371124267578125000 HTTP/1.1" 200 - "-" "WordPress/7.1; https://ekmtoronto.com"
69.165.232.70 - - [31/Aug/2026:21:49:06 -0400] "POST /wp-admin/admin-ajax.php HTTP/1.1" 200 15880 "https://ekmtoronto.com/connect/?et_fb=1&PageSpeed=off" "Mozilla/5.0 (Windows NT 10.0; Win64; x64) AppleWebKit/537.36 (KHTML, like Gecko) Chrome/152.0.0.0 Safari/537.36"
104.247.76.75 - - [31/Aug/2026:21:49:07 -0400] "POST /wp-admin/admin-ajax.php?action=as_async_request_queue_runner&nonce=c6b24fcc30 HTTP/1.1" 200 - "-" "WordPress/7.1; https://ekmtoronto.com"
69.165.232.70 - - [31/Aug/2026:21:49:22 -0400] "POST /wp-admin/admin-ajax.php HTTP/1.1" 200 20075 "https://ekmtoronto.com/?et_fb=1&PageSpeed=off" "Mozilla/5.0 (Windows NT 10.0; Win64; x64) AppleWebKit/537.36 (KHTML, like Gecko) Chrome/152.0.0.0 Safari/537.36"
69.165.232.70 - - [31/Aug/2026:21:49:56 -0400] "POST /wp-admin/admin-ajax.php HTTP/1.1" 200 92 "https://ekmtoronto.com/connect/?et_fb=1&PageSpeed=off" "Mozilla/5.0 (Windows NT 10.0; Win64; x64) AppleWebKit/537.36 (KHTML, like Gecko) Chrome/152.0.0.0 Safari/537.36"
104.247.76.75 - - [31/Aug/2026:21:50:07 -0400] "POST /wp-cron.php?doing_wp_cron=1788227407.0994958877563476562500 HTTP/1.1" 200 - "-" "WordPress/7.1; https://ekmtoronto.com"
69.165.232.70 - - [31/Aug/2026:21:50:06 -0400] "POST /wp-admin/admin-ajax.php HTTP/1.1" 200 15869 "https://ekmtoronto.com/connect/?et_fb=1&PageSpeed=off" "Mozilla/5.0 (Windows NT 10.0; Win64; x64) AppleWebKit/537.36 (KHTML, like Gecko) Chrome/152.0.0.0 Safari/537.36"
104.247.76.75 - - [31/Aug/2026:21:51:08 -0400] "POST /wp-cron.php?doing_wp_cron=1788227468.2067580223083496093750 HTTP/1.1" 200 - "-" "WordPress/7.1; https://ekmtoronto.com"
69.165.232.70 - - [31/Aug/2026:21:51:06 -0400] "POST /wp-admin/admin-ajax.php HTTP/1.1" 200 15878 "https://ekmtoronto.com/connect/?et_fb=1&PageSpeed=off" "Mozilla/5.0 (Windows NT 10.0; Win64; x64) AppleWebKit/537.36 (KHTML, like Gecko) Chrome/152.0.0.0 Safari/537.36"
104.247.76.75 - - [31/Aug/2026:21:51:07 -0400] "POST /wp-admin/admin-ajax.php?action=as_async_request_queue_runner&nonce=c6b24fcc30 HTTP/1.1" 200 - "-" "WordPress/7.1; https://ekmtoronto.com"
69.165.232.70 - - [31/Aug/2026:21:51:14 -0400] "POST /wp-admin/admin-ajax.php HTTP/1.1" 200 92 "https://ekmtoronto.com/connect/?et_fb=1&PageSpeed=off" "Mozilla/5.0 (Windows NT 10.0; Win64; x64) AppleWebKit/537.36 (KHTML, like Gecko) Chrome/152.0.0.0 Safari/537.36"
69.165.232.70 - - [31/Aug/2026:21:51:23 -0400] "POST /wp-admin/admin-ajax.php HTTP/1.1" 200 217 "https://ekmtoronto.com/?et_fb=1&PageSpeed=off" "Mozilla/5.0 (Windows NT 10.0; Win64; x64) AppleWebKit/537.36 (KHTML, like Gecko) Chrome/152.0.0.0 Safari/537.36"
104.247.76.75 - - [31/Aug/2026:21:52:00 -0400] "POST /wp-cron.php?doing_wp_cron=1788227520.9284460544586181640625 HTTP/1.1" 200 - "-" "WordPress/7.1; https://ekmtoronto.com"
45.146.55.246 - - [31/Aug/2026:21:52:00 -0400] "POST /wp-login.php HTTP/1.1" 200 2482 "-" "Mozilla/5.0 (Windows NT 10.0; Win64; rv:143.0) Gecko/20100101 Firefox/143.0"
104.247.76.75 - - [31/Aug/2026:21:52:01 -0400] "POST /wp-cron.php?doing_wp_cron=1788227521.0152859687805175781250 HTTP/1.1" 200 - "-" "WordPress/7.1; https://ekmtoronto.com"
45.146.55.236 - - [31/Aug/2026:21:52:00 -0400] "POST /wp-login.php HTTP/1.1" 200 2462 "-" "Mozilla/5.0 (Macintosh; Intel Mac OS X 10_15_7) AppleWebKit/605.1.15 Version/17.0 Safari/605.1.15"
69.165.232.70 - - [31/Aug/2026:21:52:06 -0400] "POST /wp-admin/admin-ajax.php HTTP/1.1" 200 15848 "https://ekmtoronto.com/connect/?et_fb=1&PageSpeed=off" "Mozilla/5.0 (Windows NT 10.0; Win64; x64) AppleWebKit/537.36 (KHTML, like Gecko) Chrome/152.0.0.0 Safari/537.36"
136.144.19.114 - - [31/Aug/2026:21:52:48 -0400] "POST /wp-login.php HTTP/1.1" 200 7716 "-" "Mozilla/5.0"
104.247.76.75 - - [31/Aug/2026:21:53:08 -0400] "POST /wp-cron.php?doing_wp_cron=1788227588.0530900955200195312500 HTTP/1.1" 200 - "-" "WordPress/7.1; https://ekmtoronto.com"
69.165.232.70 - - [31/Aug/2026:21:53:06 -0400] "POST /wp-admin/admin-ajax.php HTTP/1.1" 200 15862 "https://ekmtoronto.com/connect/?et_fb=1&PageSpeed=off" "Mozilla/5.0 (Windows NT 10.0; Win64; x64) AppleWebKit/537.36 (KHTML, like Gecko) Chrome/152.0.0.0 Safari/537.36"
104.247.76.75 - - [31/Aug/2026:21:53:07 -0400] "POST /wp-admin/admin-ajax.php?action=as_async_request_queue_runner&nonce=c6b24fcc30 HTTP/1.1" 200 - "-" "WordPress/7.1; https://ekmtoronto.com"
69.165.232.70 - - [31/Aug/2026:21:53:24 -0400] "POST /wp-admin/admin-ajax.php HTTP/1.1" 200 217 "https://ekmtoronto.com/?et_fb=1&PageSpeed=off" "Mozilla/5.0 (Windows NT 10.0; Win64; x64) AppleWebKit/537.36 (KHTML, like Gecko) Chrome/152.0.0.0 Safari/537.36"
69.165.232.70 - - [31/Aug/2026:21:53:28 -0400] "POST /wp-admin/admin-ajax.php HTTP/1.1" 200 92 "https://ekmtoronto.com/connect/?et_fb=1&PageSpeed=off" "Mozilla/5.0 (Windows NT 10.0; Win64; x64) AppleWebKit/537.36 (KHTML, like Gecko) Chrome/152.0.0.0 Safari/537.36"
104.247.76.75 - - [31/Aug/2026:21:54:02 -0400] "POST /wp-cron.php?doing_wp_cron=1788227642.5553050041198730468750 HTTP/1.1" 200 - "-" "WordPress/7.1; https://ekmtoronto.com"
172.104.31.94 - - [31/Aug/2026:21:54:02 -0400] "GET / HTTP/1.1" 200 39828 "-" "Mozilla/5.0 (Windows NT 10.0; Win64; x64) AppleWebKit/537.36"
172.104.31.94 - - [31/Aug/2026:21:54:02 -0400] "POST /?rest_route=/batch/v1 HTTP/1.1" 207 249 "-" "Mozilla/5.0 (Windows NT 10.0; Win64; x64) AppleWebKit/537.36"
172.104.31.94 - - [31/Aug/2026:21:54:02 -0400] "POST /?rest_route=/batch/v1 HTTP/1.1" 207 249 "-" "Mozilla/5.0 (Windows NT 10.0; Win64; x64) AppleWebKit/537.36"
172.104.31.94 - - [31/Aug/2026:21:54:02 -0400] "POST /?rest_route=/batch/v1 HTTP/1.1" 207 249 "-" "Mozilla/5.0 (Windows NT 10.0; Win64; x64) AppleWebKit/537.36"
172.104.31.94 - - [31/Aug/2026:21:54:03 -0400] "POST /?rest_route=/batch/v1 HTTP/1.1" 207 249 "-" "Mozilla/5.0 (Windows NT 10.0; Win64; x64) AppleWebKit/537.36"
69.165.232.70 - - [31/Aug/2026:21:54:03 -0400] "POST /wp-admin/admin-ajax.php HTTP/1.1" 200 92 "https://ekmtoronto.com/connect/?et_fb=1&PageSpeed=off" "Mozilla/5.0 (Windows NT 10.0; Win64; x64) AppleWebKit/537.36 (KHTML, like Gecko) Chrome/152.0.0.0 Safari/537.36"
69.165.232.70 - - [31/Aug/2026:21:54:06 -0400] "POST /wp-admin/admin-ajax.php HTTP/1.1" 200 13758 "https://ekmtoronto.com/connect/?et_fb=1&PageSpeed=off" "Mozilla/5.0 (Windows NT 10.0; Win64; x64) AppleWebKit/537.36 (KHTML, like Gecko) Chrome/152.0.0.0 Safari/537.36"
69.165.232.70 - - [31/Aug/2026:21:54:09 -0400] "POST /wp-admin/admin-ajax.php HTTP/1.1" 200 92 "https://ekmtoronto.com/connect/?et_fb=1&PageSpeed=off" "Mozilla/5.0 (Windows NT 10.0; Win64; x64) AppleWebKit/537.36 (KHTML, like Gecko) Chrome/152.0.0.0 Safari/537.36"
104.247.76.75 - - [31/Aug/2026:21:54:09 -0400] "POST /wp-admin/admin-ajax.php?action=as_async_request_queue_runner&nonce=c6b24fcc30 HTTP/1.1" 200 - "-" "WordPress/7.1; https://ekmtoronto.com"
69.165.232.70 - - [31/Aug/2026:21:54:25 -0400] "POST /wp-admin/admin-ajax.php HTTP/1.1" 200 92 "https://ekmtoronto.com/connect/?et_fb=1&PageSpeed=off" "Mozilla/5.0 (Windows NT 10.0; Win64; x64) AppleWebKit/537.36 (KHTML, like Gecko) Chrome/152.0.0.0 Safari/537.36"
69.165.232.70 - - [31/Aug/2026:21:54:37 -0400] "POST /wp-admin/admin-ajax.php HTTP/1.1" 200 92 "https://ekmtoronto.com/connect/?et_fb=1&PageSpeed=off" "Mozilla/5.0 (Windows NT 10.0; Win64; x64) AppleWebKit/537.36 (KHTML, like Gecko) Chrome/152.0.0.0 Safari/537.36"
69.165.232.70 - - [31/Aug/2026:21:54:49 -0400] "POST /wp-admin/admin-ajax.php HTTP/1.1" 200 92 "https://ekmtoronto.com/connect/?et_fb=1&PageSpeed=off" "Mozilla/5.0 (Windows NT 10.0; Win64; x64) AppleWebKit/537.36 (KHTML, like Gecko) Chrome/152.0.0.0 Safari/537.36"
69.165.232.70 - - [31/Aug/2026:21:54:50 -0400] "GET /wp-content/uploads/2022/09/EKM-WHITE-LOGO-200PX.png HTTP/1.1" 404 31184 "https://ekmtoronto.com/connect/?et_fb=1&PageSpeed=off" "Mozilla/5.0 (Windows NT 10.0; Win64; x64) AppleWebKit/537.36 (KHTML, like Gecko) Chrome/152.0.0.0 Safari/537.36"
69.165.232.70 - - [31/Aug/2026:21:54:56 -0400] "GET /wp-content/uploads/2022/09/EKM-WHITE-LOGO-150PX.png HTTP/1.1" 404 31176 "https://ekmtoronto.com/connect/?et_fb=1&PageSpeed=off" "Mozilla/5.0 (Windows NT 10.0; Win64; x64) AppleWebKit/537.36 (KHTML, like Gecko) Chrome/152.0.0.0 Safari/537.36"
