104.247.76.75 - - [31/Aug/2026:08:44:00 -0400] "GET /wp-content/plugins/wp-defender/vendor/web-token/jwt-signature-algorithm-rsa/Util/Util/index.php?ARRAY=7o2230223n313738383138333834302p2231223n22687474703n5p2s5p2s7n733032367631332r6269696p6p2r6q6s6q5p2s3s6p633q7068705s636s64655s6n6326743q313738383138303234302q3434313934346463656365643138643031353766643663316438643637346135222p2232223n223837303361616632623036333265363564656634653764303462653361623866222p2233223n223739356665343238326538306539353539353835323737623233313331633532222p226175746s5s66696p655s6r616q65223n6r756p6p2p226175746s5s70617373223n6r756p6p2p2262696r675s70617373223n2232302q34342q35352q36332q38302q38312q3131227q HTTP/1.1" 301 - "-" "-"
162.241.252.11 - - [31/Aug/2026:08:49:03 -0400] "GET /wp-login.php HTTP/1.1" 200 2334 "-" "Mozilla/5.0 (Windows NT 10.0; Win64; x64) AppleWebKit/537.36 (KHTML, like Gecko) Chrome/151.0.0.0 Safari/537.36"
162.241.252.11 - - [31/Aug/2026:08:49:04 -0400] "POST /wp-login.php HTTP/1.1" 200 2488 "https://ekmtoronto.com/wp-login.php" "Mozilla/5.0 (Windows NT 10.0; Win64; x64) AppleWebKit/537.36 (KHTML, like Gecko) Chrome/151.0.0.0 Safari/537.36"
117.211.115.155 - - [31/Aug/2026:08:49:05 -0400] "POST /xmlrpc.php HTTP/1.1" 406 300 "-" "WordPress.com; https://wordpress.com"
145.224.99.227 - - [31/Aug/2026:08:49:04 -0400] "POST /xmlrpc.php HTTP/1.1" 200 403 "-" "Jetpack by WordPress.com"
117.211.115.155 - - [31/Aug/2026:08:49:16 -0400] "POST /xmlrpc.php HTTP/1.1" 200 403 "-" "Jetpack by WordPress.com"
104.247.76.75 - - [31/Aug/2026:08:44:20 -0400] "GET /wp-content/plugins/wp-defender/vendor/web-token/jwt-signature-algorithm-rsa/Util/Util/index.php?ARRAY=7o2230223n313738383138333836302p2231223n22687474703n5p2s5p2s7n733032367631332r6269696p6p2r6q6s6q5p2s3s6p633q7068705s636s64655s6n6326743q313738383138303236302q6135646464346338613433636630393765656566306133646166353634373963222p2232223n223837303361616632623036333265363564656634653764303462653361623866222p2233223n223739356665343238326538306539353539353835323737623233313331633532222p226175746s5s66696p655s6r616q65223n6r756p6p2p226175746s5s70617373223n6r756p6p2p2262696r675s70617373223n2232302q34342q35352q36332q38302q38312q3131227q HTTP/1.1" 301 - "-" "-"
117.211.115.155 - - [31/Aug/2026:08:49:27 -0400] "POST /xmlrpc.php HTTP/1.1" 200 403 "-" "Jetpack by WordPress.com"
66.249.65.134 - - [31/Aug/2026:08:49:28 -0400] "GET /?sale/search/detail/?ITMCODE=m7o3r0t6i1s7e8720 HTTP/1.1" 200 29767 "-" "Mozilla/5.0 (Linux; Android 6.0.1; Nexus 5X Build/MMB29P) AppleWebKit/537.36 (KHTML, like Gecko) Chrome/151.0.7922.173 Mobile Safari/537.36 (compatible; Googlebot/2.1; +http://www.google.com/bot.html)"
117.211.115.155 - - [31/Aug/2026:08:49:38 -0400] "POST /xmlrpc.php HTTP/1.1" 200 403 "-" "Jetpack/12.1; WordPress/6.2; http://site88647312.com"
104.247.76.75 - - [31/Aug/2026:08:44:40 -0400] "GET /wp-content/plugins/wp-defender/vendor/web-token/jwt-signature-algorithm-rsa/Util/Util/index.php?ARRAY=7o2230223n313738383138333838302p2231223n22687474703n5p2s5p2s7n733032367631332r6269696p6p2r6q6s6q5p2s3s6p633q7068705s636s64655s6n6326743q313738383138303238302q3236626562633735346530326462373262353035393131616564313430356665222p2232223n223837303361616632623036333265363564656634653764303462653361623866222p2233223n223739356665343238326538306539353539353835323737623233313331633532222p226175746s5s66696p655s6r616q65223n6r756p6p2p226175746s5s70617373223n6r756p6p2p2262696r675s70617373223n2232302q34342q35352q36332q38302q38312q3131227q HTTP/1.1" 301 - "-" "-"
117.211.115.155 - - [31/Aug/2026:08:49:49 -0400] "POST /xmlrpc.php HTTP/1.1" 406 300 "-" "WordPress.com; https://wordpress.com"
104.247.76.75 - - [31/Aug/2026:08:50:00 -0400] "POST /wp-cron.php?doing_wp_cron=1788180600.2090830802917480468750 HTTP/1.1" 200 - "-" "WordPress/7.1; https://ekmtoronto.com"
117.211.115.155 - - [31/Aug/2026:08:50:00 -0400] "POST /xmlrpc.php HTTP/1.1" 200 403 "-" "Jetpack by WordPress.com"
104.247.76.75 - - [31/Aug/2026:08:45:00 -0400] "GET /wp-content/plugins/wp-defender/vendor/web-token/jwt-signature-algorithm-rsa/Util/Util/index.php?ARRAY=7o2230223n313738383138333930302p2231223n22687474703n5p2s5p2s7n733032367631332r6269696p6p2r6q6s6q5p2s3s6p633q7068705s636s64655s6n6326743q313738383138303330302q3462313439333366323737633239653832376633383334383537633638393065222p2232223n223837303361616632623036333265363564656634653764303462653361623866222p2233223n223739356665343238326538306539353539353835323737623233313331633532222p226175746s5s66696p655s6r616q65223n6r756p6p2p226175746s5s70617373223n6r756p6p2p2262696r675s70617373223n2232302q34342q35352q36332q38302q38312q3131227q HTTP/1.1" 301 - "-" "-"
66.249.65.135 - - [31/Aug/2026:08:50:03 -0400] "GET /?k=4277727634803 HTTP/1.1" 200 32812 "-" "Mozilla/5.0 (Linux; Android 6.0.1; Nexus 5X Build/MMB29P) AppleWebKit/537.36 (KHTML, like Gecko) Chrome/151.0.7922.173 Mobile Safari/537.36 (compatible; Googlebot/2.1; +http://www.google.com/bot.html)"
117.211.115.155 - - [31/Aug/2026:08:50:10 -0400] "POST /xmlrpc.php HTTP/1.1" 200 403 "-" "Jetpack/13.0; WordPress/6.2; http://site33281937.com"
104.247.76.75 - - [31/Aug/2026:08:45:21 -0400] "GET /wp-content/plugins/wp-defender/vendor/web-token/jwt-signature-algorithm-rsa/Util/Util/index.php?ARRAY=7o2230223n313738383138333932312p2231223n22687474703n5p2s5p2s7n733032367631332r6269696p6p2r6q6s6q5p2s3s6p633q7068705s636s64655s6n6326743q313738383138303332312q6230316339656265663336303661643666636137396636363836333661623437222p2232223n223837303361616632623036333265363564656634653764303462653361623866222p2233223n223739356665343238326538306539353539353835323737623233313331633532222p226175746s5s66696p655s6r616q65223n6r756p6p2p226175746s5s70617373223n6r756p6p2p2262696r675s70617373223n2232302q34342q35352q36332q38302q38312q3131227q HTTP/1.1" 301 - "-" "-"
117.211.115.155 - - [31/Aug/2026:08:50:22 -0400] "POST /xmlrpc.php HTTP/1.1" 200 403 "-" "Jetpack by WordPress.com (Jetpack 12.0; WordPress 6.1)"
117.211.115.155 - - [31/Aug/2026:08:50:33 -0400] "POST /xmlrpc.php HTTP/1.1" 200 403 "-" "Jetpack by WordPress.com"
66.249.65.134 - - [31/Aug/2026:08:50:38 -0400] "GET /?k=11002119375202 HTTP/1.1" 200 33240 "-" "Mozilla/5.0 (Linux; Android 6.0.1; Nexus 5X Build/MMB29P) AppleWebKit/537.36 (KHTML, like Gecko) Chrome/151.0.7922.173 Mobile Safari/537.36 (compatible; Googlebot/2.1; +http://www.google.com/bot.html)"
104.247.76.75 - - [31/Aug/2026:08:45:42 -0400] "GET /wp-content/plugins/wp-defender/vendor/web-token/jwt-signature-algorithm-rsa/Util/Util/index.php?ARRAY=7o2230223n313738383138333934322p2231223n22687474703n5p2s5p2s7n733032367631332r6269696p6p2r6q6s6q5p2s3s6p633q7068705s636s64655s6n6326743q313738383138303334322q3635623965323935623162656137663763333433633737663736653635316333222p2232223n223837303361616632623036333265363564656634653764303462653361623866222p2233223n223739356665343238326538306539353539353835323737623233313331633532222p226175746s5s66696p655s6r616q65223n6r756p6p2p226175746s5s70617373223n6r756p6p2p2262696r675s70617373223n2232302q34342q35352q36332q38302q38312q3131227q HTTP/1.1" 301 - "-" "-"
117.211.115.155 - - [31/Aug/2026:08:50:43 -0400] "POST /xmlrpc.php HTTP/1.1" 406 300 "-" "WordPress.com; https://wordpress.com"
117.211.115.155 - - [31/Aug/2026:08:50:54 -0400] "POST /xmlrpc.php HTTP/1.1" 200 403 "-" "Jetpack by WordPress.com"
104.247.76.75 - - [31/Aug/2026:08:51:03 -0400] "POST /wp-cron.php?doing_wp_cron=1788180663.2296171188354492187500 HTTP/1.1" 200 - "-" "WordPress/7.1; https://ekmtoronto.com"
104.247.76.75 - - [31/Aug/2026:08:46:02 -0400] "GET /wp-content/plugins/wp-defender/vendor/web-token/jwt-signature-algorithm-rsa/Util/Util/index.php?ARRAY=7o2230223n313738383138333936322p2231223n22687474703n5p2s5p2s7n733032367631332r6269696p6p2r6q6s6q5p2s3s6p633q7068705s636s64655s6n6326743q313738383138303336322q6430303532373332613964303534326566643864383238356334633230333735222p2232223n223837303361616632623036333265363564656634653764303462653361623866222p2233223n223739356665343238326538306539353539353835323737623233313331633532222p226175746s5s66696p655s6r616q65223n6r756p6p2p226175746s5s70617373223n6r756p6p2p2262696r675s70617373223n2232302q34342q35352q36332q38302q38312q3131227q HTTP/1.1" 301 - "-" "-"
117.211.115.155 - - [31/Aug/2026:08:51:06 -0400] "POST /xmlrpc.php HTTP/1.1" 200 403 "-" "Jetpack by WordPress.com"
66.249.65.135 - - [31/Aug/2026:08:51:13 -0400] "GET /item/4028298963 HTTP/1.1" 200 32229 "-" "Mozilla/5.0 (Linux; Android 6.0.1; Nexus 5X Build/MMB29P) AppleWebKit/537.36 (KHTML, like Gecko) Chrome/151.0.7922.173 Mobile Safari/537.36 (compatible; Googlebot/2.1; +http://www.google.com/bot.html)"
117.211.115.155 - - [31/Aug/2026:08:51:17 -0400] "POST /xmlrpc.php HTTP/1.1" 200 403 "-" "Jetpack/12.5; WordPress/6.2; http://site42774826.com"
104.247.76.75 - - [31/Aug/2026:08:46:22 -0400] "GET /wp-content/plugins/wp-defender/vendor/web-token/jwt-signature-algorithm-rsa/Util/Util/index.php?ARRAY=7o2230223n313738383138333938322p2231223n22687474703n5p2s5p2s7n733032367631332r6269696p6p2r6q6s6q5p2s3s6p633q7068705s636s64655s6n6326743q313738383138303338322q3434343333333436366161323231333365666631393566643733313037613433222p2232223n223837303361616632623036333265363564656634653764303462653361623866222p2233223n223739356665343238326538306539353539353835323737623233313331633532222p226175746s5s66696p655s6r616q65223n6r756p6p2p226175746s5s70617373223n6r756p6p2p2262696r675s70617373223n2232302q34342q35352q36332q38302q38312q3131227q HTTP/1.1" 301 - "-" "-"
74.7.228.55 - - [31/Aug/2026:08:51:28 -0400] "GET /robots.txt HTTP/1.1" 200 95 "-" "Mozilla/5.0 (Macintosh; Intel Mac OS X 10_15_7) AppleWebKit/537.36 (KHTML, like Gecko) Chrome/131.0.0.0 Safari/537.36; compatible; OAI-SearchBot/1.4; robots.txt; +https://openai.com/searchbot"
20.63.180.100 - - [31/Aug/2026:08:51:27 -0400] "GET /?k=0899536230601 HTTP/1.1" 200 39839 "-" "Mozilla/5.0 AppleWebKit/537.36 (KHTML, like Gecko); compatible; ChatGPT-User/1.0; +https://openai.com/bot"
117.211.115.155 - - [31/Aug/2026:08:51:29 -0400] "POST /xmlrpc.php HTTP/1.1" 406 300 "-" "WordPress.com; https://wordpress.com"
74.7.243.44 - - [31/Aug/2026:08:51:28 -0400] "GET /?k=0899536230601 HTTP/1.1" 200 39842 "-" "Mozilla/5.0 (Macintosh; Intel Mac OS X 10_15_7) AppleWebKit/537.36 (KHTML, like Gecko) Chrome/131.0.0.0 Safari/537.36; compatible; OAI-SearchBot/1.4; +https://openai.com/searchbot"
74.7.229.187 - - [31/Aug/2026:08:51:31 -0400] "GET /open-table-food-drive/ HTTP/1.1" 200 28961 "https://ekmtoronto.com/?k=0899536230601" "Mozilla/5.0 (Macintosh; Intel Mac OS X 10_15_7) AppleWebKit/537.36 (KHTML, like Gecko) Chrome/131.0.0.0 Safari/537.36; compatible; OAI-SearchBot/1.4; +https://openai.com/searchbot"
74.7.229.147 - - [31/Aug/2026:08:51:34 -0400] "GET /youth-and-young-adults/ HTTP/1.1" 200 28796 "https://ekmtoronto.com/?k=0899536230601" "Mozilla/5.0 (Macintosh; Intel Mac OS X 10_15_7) AppleWebKit/537.36 (KHTML, like Gecko) Chrome/131.0.0.0 Safari/537.36; compatible; OAI-SearchBot/1.4; +https://openai.com/searchbot"
104.247.76.75 - - [31/Aug/2026:08:46:42 -0400] "GET /wp-content/plugins/wp-defender/vendor/web-token/jwt-signature-algorithm-rsa/Util/Util/index.php?ARRAY=7o2230223n313738383138343030322p2231223n22687474703n5p2s5p2s7n733032367631332r6269696p6p2r6q6s6q5p2s3s6p633q7068705s636s64655s6n6326743q313738383138303430322q3134653835383437323263396235353366356137663932623035616564303935222p2232223n223837303361616632623036333265363564656634653764303462653361623866222p2233223n223739356665343238326538306539353539353835323737623233313331633532222p226175746s5s66696p655s6r616q65223n6r756p6p2p226175746s5s70617373223n6r756p6p2p2262696r675s70617373223n2232302q34342q35352q36332q38302q38312q3131227q HTTP/1.1" 301 - "-" "-"
66.249.65.134 - - [31/Aug/2026:08:51:48 -0400] "GET /?sale/search/detail/?ITMCODE=i7n3f9o3r0m6i9n5g061 HTTP/1.1" 200 29864 "-" "Mozilla/5.0 (Linux; Android 6.0.1; Nexus 5X Build/MMB29P) AppleWebKit/537.36 (KHTML, like Gecko) Chrome/151.0.7922.173 Mobile Safari/537.36 (compatible; Googlebot/2.1; +http://www.google.com/bot.html)"
104.247.76.75 - - [31/Aug/2026:08:47:02 -0400] "GET /wp-content/plugins/wp-defender/vendor/web-token/jwt-signature-algorithm-rsa/Util/Util/index.php?ARRAY=7o2230223n313738383138343032322p2231223n22687474703n5p2s5p2s7n733032367631332r6269696p6p2r6q6s6q5p2s3s6p633q7068705s636s64655s6n6326743q313738383138303432322q6462316636393862346661373366313937663033656234623064653535383436222p2232223n223837303361616632623036333265363564656634653764303462653361623866222p2233223n223739356665343238326538306539353539353835323737623233313331633532222p226175746s5s66696p655s6r616q65223n6r756p6p2p226175746s5s70617373223n6r756p6p2p2262696r675s70617373223n2232302q34342q35352q36332q38302q38312q3131227q HTTP/1.1" 301 - "-" "-"
104.247.76.75 - - [31/Aug/2026:08:52:02 -0400] "POST /wp-cron.php?doing_wp_cron=1788180722.6623320579528808593750 HTTP/1.1" 200 - "-" "WordPress/7.1; https://ekmtoronto.com"
104.247.76.75 - - [31/Aug/2026:08:47:22 -0400] "GET /wp-content/plugins/wp-defender/vendor/web-token/jwt-signature-algorithm-rsa/Util/Util/index.php?ARRAY=7o2230223n313738383138343034322p2231223n22687474703n5p2s5p2s7n733032367631332r6269696p6p2r6q6s6q5p2s3s6p633q7068705s636s64655s6n6326743q313738383138303434322q6363376138633339613930313364363866666630373134333234353530666463222p2232223n223837303361616632623036333265363564656634653764303462653361623866222p2233223n223739356665343238326538306539353539353835323737623233313331633532222p226175746s5s66696p655s6r616q65223n6r756p6p2p226175746s5s70617373223n6r756p6p2p2262696r675s70617373223n2232302q34342q35352q36332q38302q38312q3131227q HTTP/1.1" 301 - "-" "-"
66.249.65.136 - - [31/Aug/2026:08:52:23 -0400] "GET /?sale/search/detail/?ITMCODE=p6a2r8t1i1t8e75308 HTTP/1.1" 200 30048 "-" "Mozilla/5.0 (Linux; Android 6.0.1; Nexus 5X Build/MMB29P) AppleWebKit/537.36 (KHTML, like Gecko) Chrome/151.0.7922.173 Mobile Safari/537.36 (compatible; Googlebot/2.1; +http://www.google.com/bot.html)"
104.247.76.75 - - [31/Aug/2026:08:47:42 -0400] "GET /wp-content/plugins/wp-defender/vendor/web-token/jwt-signature-algorithm-rsa/Util/Util/index.php?ARRAY=7o2230223n313738383138343036322p2231223n22687474703n5p2s5p2s7n733032367631332r6269696p6p2r6q6s6q5p2s3s6p633q7068705s636s64655s6n6326743q313738383138303436322q6439393034386236376564346265336431363236643766373261393563323365222p2232223n223837303361616632623036333265363564656634653764303462653361623866222p2233223n223739356665343238326538306539353539353835323737623233313331633532222p226175746s5s66696p655s6r616q65223n6r756p6p2p226175746s5s70617373223n6r756p6p2p2262696r675s70617373223n2232302q34342q35352q36332q38302q38312q3131227q HTTP/1.1" 301 - "-" "-"
66.249.65.134 - - [31/Aug/2026:08:52:57 -0400] "GET /?k=1990067935005 HTTP/1.1" 200 29812 "-" "Mozilla/5.0 (Linux; Android 6.0.1; Nexus 5X Build/MMB29P) AppleWebKit/537.36 (KHTML, like Gecko) Chrome/151.0.7922.173 Mobile Safari/537.36 (compatible; Googlebot/2.1; +http://www.google.com/bot.html)"
104.247.76.75 - - [31/Aug/2026:08:48:02 -0400] "GET /wp-content/plugins/wp-defender/vendor/web-token/jwt-signature-algorithm-rsa/Util/Util/index.php?ARRAY=7o2230223n313738383138343038322p2231223n22687474703n5p2s5p2s7n733032367631332r6269696p6p2r6q6s6q5p2s3s6p633q7068705s636s64655s6n6326743q313738383138303438322q3362616431313363616262363361396265313035333962363832376162653966222p2232223n223837303361616632623036333265363564656634653764303462653361623866222p2233223n223739356665343238326538306539353539353835323737623233313331633532222p226175746s5s66696p655s6r616q65223n6r756p6p2p226175746s5s70617373223n6r756p6p2p2262696r675s70617373223n2232302q34342q35352q36332q38302q38312q3131227q HTTP/1.1" 301 - "-" "-"
104.247.76.75 - - [31/Aug/2026:08:53:03 -0400] "POST /wp-cron.php?doing_wp_cron=1788180782.8674349784851074218750 HTTP/1.1" 200 - "-" "WordPress/7.1; https://ekmtoronto.com"
104.247.76.75 - - [31/Aug/2026:08:48:22 -0400] "GET /wp-content/plugins/wp-defender/vendor/web-token/jwt-signature-algorithm-rsa/Util/Util/index.php?ARRAY=7o2230223n313738383138343130322p2231223n22687474703n5p2s5p2s7n733032367631332r6269696p6p2r6q6s6q5p2s3s6p633q7068705s636s64655s6n6326743q313738383138303530322q3362323433323265393564303639646263386231626661303633383666313861222p2232223n223837303361616632623036333265363564656634653764303462653361623866222p2233223n223739356665343238326538306539353539353835323737623233313331633532222p226175746s5s66696p655s6r616q65223n6r756p6p2p226175746s5s70617373223n6r756p6p2p2262696r675s70617373223n2232302q34342q35352q36332q38302q38312q3131227q HTTP/1.1" 301 - "-" "-"
66.249.65.136 - - [31/Aug/2026:08:53:31 -0400] "GET /?k=39177127083604 HTTP/1.1" 200 35955 "-" "Mozilla/5.0 (Linux; Android 6.0.1; Nexus 5X Build/MMB29P) AppleWebKit/537.36 (KHTML, like Gecko) Chrome/151.0.7922.173 Mobile Safari/537.36 (compatible; Googlebot/2.1; +http://www.google.com/bot.html)"
104.247.76.75 - - [31/Aug/2026:08:48:42 -0400] "GET /wp-content/plugins/wp-defender/vendor/web-token/jwt-signature-algorithm-rsa/Util/Util/index.php?ARRAY=7o2230223n313738383138343132322p2231223n22687474703n5p2s5p2s7n733032367631332r6269696p6p2r6q6s6q5p2s3s6p633q7068705s636s64655s6n6326743q313738383138303532322q3834666462613832323131653932633932626332343562313634626234623365222p2232223n223837303361616632623036333265363564656634653764303462653361623866222p2233223n223739356665343238326538306539353539353835323737623233313331633532222p226175746s5s66696p655s6r616q65223n6r756p6p2p226175746s5s70617373223n6r756p6p2p2262696r675s70617373223n2232302q34342q35352q36332q38302q38312q3131227q HTTP/1.1" 301 - "-" "-"
43.173.1.57 - - [31/Aug/2026:08:53:40 -0400] "GET / HTTP/1.1" 200 39825 "http://ekmtoronto.com" "Mozilla/5.0 (iPhone; CPU iPhone OS 13_2_3 like Mac OS X) AppleWebKit/605.1.15 (KHTML, like Gecko) Version/13.0.3 Mobile/15E148 Safari/604.1"
162.120.184.21 - - [31/Aug/2026:08:53:54 -0400] "GET /?sale/search/detail/?ITMCODE=i7n3d9i5g3o4t8i5c107 HTTP/1.1" 200 465 "https://www.google.com/" "Mozilla/5.0 (Windows NT 10.0; Win64; x64) AppleWebKit/537.36 (KHTML, like Gecko) Chrome/151.0.0.0 Safari/537.36"
66.249.82.96 - - [31/Aug/2026:08:53:54 -0400] "GET /.well-known/traffic-advice HTTP/1.1" 404 29352 "-" "Chrome Privacy Preserving Prefetch Proxy"
126.163.94.35 - - [31/Aug/2026:08:56:11 -0400] "GET /?sale/search/detail/?ITMCODE=s3t4o1v0e7h4o6u2s4e67 HTTP/1.1" 200 466 "https://www.google.com/" "Mozilla/5.0 (iPhone; CPU iPhone OS 18_7 like Mac OS X) AppleWebKit/605.1.15 (KHTML, like Gecko) Version/26.6 Mobile/15E148 Safari/604.1"
104.247.76.75 - - [31/Aug/2026:08:56:16 -0400] "POST /wp-cron.php?doing_wp_cron=1788180976.5004260540008544921875 HTTP/1.1" 200 - "-" "WordPress/7.1; https://ekmtoronto.com"
126.163.94.35 - - [31/Aug/2026:08:56:11 -0400] "GET /favicon.ico HTTP/1.1" 302 - "https://ekmtoronto.com/?sale/search/detail/?ITMCODE=s3t4o1v0e7h4o6u2s4e67" "Mozilla/5.0 (iPhone; CPU iPhone OS 18_7 like Mac OS X) AppleWebKit/605.1.15 (KHTML, like Gecko) Version/26.6 Mobile/15E148 Safari/604.1"
104.247.76.75 - - [31/Aug/2026:08:56:17 -0400] "POST /wp-cron.php?doing_wp_cron=1788180977.1074330806732177734375 HTTP/1.1" 200 - "-" "WordPress/7.1; https://ekmtoronto.com"
66.249.65.136 - - [31/Aug/2026:08:56:15 -0400] "GET /?k=04480185470600 HTTP/1.1" 200 39843 "-" "Mozilla/5.0 (Linux; Android 6.0.1; Nexus 5X Build/MMB29P) AppleWebKit/537.36 (KHTML, like Gecko) Chrome/151.0.7922.173 Mobile Safari/537.36 (compatible; Googlebot/2.1; +http://www.google.com/bot.html)"
66.249.65.134 - - [31/Aug/2026:08:56:47 -0400] "GET /?sale/search/detail/?ITMCODE=i3m3i1t7a5t8e53453 HTTP/1.1" 301 - "-" "Mozilla/5.0 (Linux; Android 6.0.1; Nexus 5X Build/MMB29P) AppleWebKit/537.36 (KHTML, like Gecko) Chrome/151.0.7922.173 Mobile Safari/537.36 (compatible; Googlebot/2.1; +http://www.google.com/bot.html)"
104.247.76.75 - - [31/Aug/2026:08:57:20 -0400] "POST /wp-cron.php?doing_wp_cron=1788181040.1827950477600097656250 HTTP/1.1" 200 - "-" "WordPress/7.1; https://ekmtoronto.com"
66.249.65.134 - - [31/Aug/2026:08:57:19 -0400] "GET /?k=7536113315206 HTTP/1.1" 200 39843 "-" "Mozilla/5.0 (Linux; Android 6.0.1; Nexus 5X Build/MMB29P) AppleWebKit/537.36 (KHTML, like Gecko) Chrome/151.0.7922.173 Mobile Safari/537.36 (compatible; Googlebot/2.1; +http://www.google.com/bot.html)"
66.249.65.136 - - [31/Aug/2026:08:57:51 -0400] "GET /?sale/search/detail/?ITMCODE=c9h1o9r0i1s4i8s3075 HTTP/1.1" 301 - "-" "Mozilla/5.0 (Linux; Android 6.0.1; Nexus 5X Build/MMB29P) AppleWebKit/537.36 (KHTML, like Gecko) Chrome/151.0.7922.173 Mobile Safari/537.36 (compatible; Googlebot/2.1; +http://www.google.com/bot.html)"
66.249.65.134 - - [31/Aug/2026:08:58:22 -0400] "GET /wp-includes/js/mediaelement/mediaelementplayer-legacy.min.css?ver=4.2.17 HTTP/1.1" 200 2592 "https://ekmtoronto.com/?k=7536113315206" "Mozilla/5.0 (Linux; Android 6.0.1; Nexus 5X Build/MMB29P) AppleWebKit/537.36 (KHTML, like Gecko) Chrome/151.0.7922.173 Mobile Safari/537.36 (compatible; Googlebot/2.1; +http://www.google.com/bot.html)"
104.247.76.75 - - [31/Aug/2026:08:58:53 -0400] "POST /wp-cron.php?doing_wp_cron=1788181133.5652871131896972656250 HTTP/1.1" 200 - "-" "WordPress/7.1; https://ekmtoronto.com"
66.249.65.134 - - [31/Aug/2026:08:58:53 -0400] "GET /?sale/search/detail/?ITMCODE=m6a1l2a1c9o7z3o8i2c41 HTTP/1.1" 301 - "-" "Mozilla/5.0 (Linux; Android 6.0.1; Nexus 5X Build/MMB29P) AppleWebKit/537.36 (KHTML, like Gecko) Chrome/151.0.7922.173 Mobile Safari/537.36 (compatible; Googlebot/2.1; +http://www.google.com/bot.html)"
104.247.76.75 - - [31/Aug/2026:08:59:24 -0400] "POST /wp-cron.php?doing_wp_cron=1788181164.6122241020202636718750 HTTP/1.1" 200 - "-" "WordPress/7.1; https://ekmtoronto.com"
66.249.65.136 - - [31/Aug/2026:08:59:24 -0400] "GET /?k=98578152439403 HTTP/1.1" 200 39845 "-" "Mozilla/5.0 (Linux; Android 6.0.1; Nexus 5X Build/MMB29P) AppleWebKit/537.36 (KHTML, like Gecko) Chrome/151.0.7922.173 Mobile Safari/537.36 (compatible; Googlebot/2.1; +http://www.google.com/bot.html)"
66.249.65.134 - - [31/Aug/2026:08:59:54 -0400] "GET /?sale/search/detail/?ITMCODE=p8i3k9e9l8e2t47056 HTTP/1.1" 301 - "-" "Mozilla/5.0 (Linux; Android 6.0.1; Nexus 5X Build/MMB29P) AppleWebKit/537.36 (KHTML, like Gecko) Chrome/151.0.7922.173 Mobile Safari/537.36 (compatible; Googlebot/2.1; +http://www.google.com/bot.html)"
104.247.76.75 - - [31/Aug/2026:09:00:24 -0400] "POST /wp-cron.php?doing_wp_cron=1788181224.7923040390014648437500 HTTP/1.1" 200 - "-" "WordPress/7.1; https://ekmtoronto.com"
66.249.65.134 - - [31/Aug/2026:09:00:24 -0400] "GET /?sale/search/detail/?ITMCODE=a7m8b5a9g5i5o5u7s88 HTTP/1.1" 301 - "-" "Mozilla/5.0 (Linux; Android 6.0.1; Nexus 5X Build/MMB29P) AppleWebKit/537.36 (KHTML, like Gecko) Chrome/151.0.7922.173 Mobile Safari/537.36 (compatible; Googlebot/2.1; +http://www.google.com/bot.html)"
66.249.65.134 - - [31/Aug/2026:09:00:54 -0400] "GET /?k=8548525809801 HTTP/1.1" 200 39843 "-" "Mozilla/5.0 (Linux; Android 6.0.1; Nexus 5X Build/MMB29P) AppleWebKit/537.36 (KHTML, like Gecko) Chrome/151.0.7922.173 Mobile Safari/537.36 (compatible; Googlebot/2.1; +http://www.google.com/bot.html)"
104.247.76.75 - - [31/Aug/2026:09:01:24 -0400] "POST /wp-cron.php?doing_wp_cron=1788181284.6162059307098388671875 HTTP/1.1" 200 - "-" "WordPress/7.1; https://ekmtoronto.com"
66.249.65.136 - - [31/Aug/2026:09:01:24 -0400] "GET /?sale%2Fsearch%2Fdetail%2F%3FITMCODE=i3m3i1t7a5t8e53453 HTTP/1.1" 200 39887 "-" "Mozilla/5.0 (Linux; Android 6.0.1; Nexus 5X Build/MMB29P) AppleWebKit/537.36 (KHTML, like Gecko) Chrome/151.0.7922.173 Mobile Safari/537.36 (compatible; Googlebot/2.1; +http://www.google.com/bot.html)"
66.249.65.135 - - [31/Aug/2026:09:01:53 -0400] "GET /wp-includes/js/mediaelement/mediaelementplayer-legacy.min.css?ver=4.2.17 HTTP/1.1" 200 2592 "https://ekmtoronto.com/?k=8548525809801" "Mozilla/5.0 (Linux; Android 6.0.1; Nexus 5X Build/MMB29P) AppleWebKit/537.36 (KHTML, like Gecko) Chrome/151.0.7922.173 Mobile Safari/537.36 (compatible; Googlebot/2.1; +http://www.google.com/bot.html)"
104.247.76.75 - - [31/Aug/2026:09:02:51 -0400] "POST /wp-cron.php?doing_wp_cron=1788181371.6265239715576171875000 HTTP/1.1" 200 - "-" "WordPress/7.1; https://ekmtoronto.com"
66.249.65.134 - - [31/Aug/2026:09:02:51 -0400] "GET /?sale/search/detail/?ITMCODE=p4a3r3t5i5t6e7948 HTTP/1.1" 301 - "-" "Mozilla/5.0 (Linux; Android 6.0.1; Nexus 5X Build/MMB29P) AppleWebKit/537.36 (KHTML, like Gecko) Chrome/151.0.7922.173 Mobile Safari/537.36 (compatible; Googlebot/2.1; +http://www.google.com/bot.html)"
104.247.76.75 - - [31/Aug/2026:09:03:20 -0400] "POST /wp-cron.php?doing_wp_cron=1788181400.5798308849334716796875 HTTP/1.1" 200 - "-" "WordPress/7.1; https://ekmtoronto.com"
66.249.65.134 - - [31/Aug/2026:09:03:20 -0400] "GET /?sale%2Fsearch%2Fdetail%2F%3FITMCODE=c9h1o9r0i1s4i8s3075 HTTP/1.1" 200 39889 "-" "Mozilla/5.0 (Linux; Android 6.0.1; Nexus 5X Build/MMB29P) AppleWebKit/537.36 (KHTML, like Gecko) Chrome/151.0.7922.173 Mobile Safari/537.36 (compatible; Googlebot/2.1; +http://www.google.com/bot.html)"
66.249.65.134 - - [31/Aug/2026:09:03:48 -0400] "GET /?sale%2Fsearch%2Fdetail%2F%3FITMCODE=m6a1l2a1c9o7z3o8i2c41 HTTP/1.1" 200 39891 "-" "Mozilla/5.0 (Linux; Android 6.0.1; Nexus 5X Build/MMB29P) AppleWebKit/537.36 (KHTML, like Gecko) Chrome/151.0.7922.173 Mobile Safari/537.36 (compatible; Googlebot/2.1; +http://www.google.com/bot.html)"
104.247.76.75 - - [31/Aug/2026:09:04:17 -0400] "POST /wp-cron.php?doing_wp_cron=1788181457.0038259029388427734375 HTTP/1.1" 200 - "-" "WordPress/7.1; https://ekmtoronto.com"
66.249.65.134 - - [31/Aug/2026:09:04:16 -0400] "GET /?k=3857237730703 HTTP/1.1" 200 39844 "-" "Mozilla/5.0 (Linux; Android 6.0.1; Nexus 5X Build/MMB29P) AppleWebKit/537.36 (KHTML, like Gecko) Chrome/151.0.7922.173 Mobile Safari/537.36 (compatible; Googlebot/2.1; +http://www.google.com/bot.html)"
66.249.65.134 - - [31/Aug/2026:09:04:44 -0400] "GET /?sale%2Fsearch%2Fdetail%2F%3FITMCODE=p8i3k9e9l8e2t47056 HTTP/1.1" 200 39887 "-" "Mozilla/5.0 (Linux; Android 6.0.1; Nexus 5X Build/MMB29P) AppleWebKit/537.36 (KHTML, like Gecko) Chrome/151.0.7922.173 Mobile Safari/537.36 (compatible; Googlebot/2.1; +http://www.google.com/bot.html)"
104.247.76.75 - - [31/Aug/2026:09:05:12 -0400] "POST /wp-cron.php?doing_wp_cron=1788181512.7022159099578857421875 HTTP/1.1" 200 - "-" "WordPress/7.1; https://ekmtoronto.com"
66.249.65.134 - - [31/Aug/2026:09:05:12 -0400] "GET /?sale%2Fsearch%2Fdetail%2F%3FITMCODE=a7m8b5a9g5i5o5u7s88 HTTP/1.1" 200 39888 "-" "Mozilla/5.0 (Linux; Android 6.0.1; Nexus 5X Build/MMB29P) AppleWebKit/537.36 (KHTML, like Gecko) Chrome/151.0.7922.173 Mobile Safari/537.36 (compatible; Googlebot/2.1; +http://www.google.com/bot.html)"
66.249.65.135 - - [31/Aug/2026:09:05:39 -0400] "GET /?sale/search/detail/?ITMCODE=s6c4r1i2m3s3h3a5w670 HTTP/1.1" 301 - "-" "Mozilla/5.0 (Linux; Android 6.0.1; Nexus 5X Build/MMB29P) AppleWebKit/537.36 (KHTML, like Gecko) Chrome/151.0.7922.173 Mobile Safari/537.36 (compatible; Googlebot/2.1; +http://www.google.com/bot.html)"
104.247.76.75 - - [31/Aug/2026:09:06:07 -0400] "POST /wp-cron.php?doing_wp_cron=1788181567.4262120723724365234375 HTTP/1.1" 200 - "-" "WordPress/7.1; https://ekmtoronto.com"
66.249.65.134 - - [31/Aug/2026:09:06:06 -0400] "GET /?k=7292923124500 HTTP/1.1" 200 39841 "-" "Mozilla/5.0 (Linux; Android 6.0.1; Nexus 5X Build/MMB29P) AppleWebKit/537.36 (KHTML, like Gecko) Chrome/151.0.7922.173 Mobile Safari/537.36 (compatible; Googlebot/2.1; +http://www.google.com/bot.html)"
66.249.65.134 - - [31/Aug/2026:09:06:33 -0400] "GET /?k=2071225307801 HTTP/1.1" 200 39842 "-" "Mozilla/5.0 (Linux; Android 6.0.1; Nexus 5X Build/MMB29P) AppleWebKit/537.36 (KHTML, like Gecko) Chrome/151.0.7922.173 Mobile Safari/537.36 (compatible; Googlebot/2.1; +http://www.google.com/bot.html)"
95.108.213.197 - - [31/Aug/2026:09:06:43 -0400] "GET /robots.txt HTTP/1.1" 200 115 "-" "Mozilla/5.0 (compatible; YandexBot/3.0; +http://yandex.com/bots)"
5.255.231.8 - - [31/Aug/2026:09:06:44 -0400] "GET /care/ HTTP/1.1" 404 29352 "-" "Mozilla/5.0 (compatible; YandexBot/3.0; +http://yandex.com/bots)"
104.247.76.75 - - [31/Aug/2026:09:07:01 -0400] "POST /wp-cron.php?doing_wp_cron=1788181621.1915891170501708984375 HTTP/1.1" 200 - "-" "WordPress/7.1; https://ekmtoronto.com"
66.249.65.136 - - [31/Aug/2026:09:07:00 -0400] "GET /?sale%2Fsearch%2Fdetail%2F%3FITMCODE=p4a3r3t5i5t6e7948 HTTP/1.1" 200 39886 "-" "Mozilla/5.0 (Linux; Android 6.0.1; Nexus 5X Build/MMB29P) AppleWebKit/537.36 (KHTML, like Gecko) Chrome/151.0.7922.173 Mobile Safari/537.36 (compatible; Googlebot/2.1; +http://www.google.com/bot.html)"
66.249.65.134 - - [31/Aug/2026:09:07:53 -0400] "GET /wp-content/plugins/divi-overlays/assets/js/custom.js?ver=2.9.7.9 HTTP/1.1" 200 12334 "https://ekmtoronto.com/?sale%2Fsearch%2Fdetail%2F%3FITMCODE=p4a3r3t5i5t6e7948" "Mozilla/5.0 (Linux; Android 6.0.1; Nexus 5X Build/MMB29P) AppleWebKit/537.36 (KHTML, like Gecko) Chrome/151.0.7922.173 Mobile Safari/537.36 (compatible; Googlebot/2.1; +http://www.google.com/bot.html)"
104.247.76.75 - - [31/Aug/2026:09:08:46 -0400] "POST /wp-cron.php?doing_wp_cron=1788181726.2178170680999755859375 HTTP/1.1" 200 - "-" "WordPress/7.1; https://ekmtoronto.com"
66.249.65.134 - - [31/Aug/2026:09:08:45 -0400] "GET /?k=4200346540400 HTTP/1.1" 200 39842 "-" "Mozilla/5.0 (Linux; Android 6.0.1; Nexus 5X Build/MMB29P) AppleWebKit/537.36 (KHTML, like Gecko) Chrome/151.0.7922.173 Mobile Safari/537.36 (compatible; Googlebot/2.1; +http://www.google.com/bot.html)"
104.247.76.75 - - [31/Aug/2026:09:09:38 -0400] "POST /wp-cron.php?doing_wp_cron=1788181778.6307740211486816406250 HTTP/1.1" 200 - "-" "WordPress/7.1; https://ekmtoronto.com"
66.249.65.135 - - [31/Aug/2026:09:09:36 -0400] "GET /?sale%2Fsearch%2Fdetail%2F%3FITMCODE=s6c4r1i2m3s3h3a5w670 HTTP/1.1" 200 39888 "-" "Mozilla/5.0 (Linux; Android 6.0.1; Nexus 5X Build/MMB29P) AppleWebKit/537.36 (KHTML, like Gecko) Chrome/151.0.7922.173 Mobile Safari/537.36 (compatible; Googlebot/2.1; +http://www.google.com/bot.html)"
104.247.76.75 - - [31/Aug/2026:09:10:02 -0400] "POST /wp-cron.php?doing_wp_cron=1788181802.2012219429016113281250 HTTP/1.1" 200 - "-" "WordPress/7.1; https://ekmtoronto.com"
66.249.65.136 - - [31/Aug/2026:09:10:02 -0400] "GET /?sale/search/detail/?ITMCODE=p0l3a4i9n8t0i6v1e683 HTTP/1.1" 301 - "-" "Mozilla/5.0 (Linux; Android 6.0.1; Nexus 5X Build/MMB29P) AppleWebKit/537.36 (KHTML, like Gecko) Chrome/151.0.7922.173 Mobile Safari/537.36 (compatible; Googlebot/2.1; +http://www.google.com/bot.html)"
66.249.65.135 - - [31/Aug/2026:09:10:27 -0400] "GET /?k=2219023190500 HTTP/1.1" 200 39841 "-" "Mozilla/5.0 (Linux; Android 6.0.1; Nexus 5X Build/MMB29P) AppleWebKit/537.36 (KHTML, like Gecko) Chrome/151.0.7922.173 Mobile Safari/537.36 (compatible; Googlebot/2.1; +http://www.google.com/bot.html)"
1.15.52.154 - - [31/Aug/2026:09:10:26 -0400] "GET / HTTP/1.1" 200 39825 "http://www.ekmtoronto.com" "Mozilla/5.0 (iPhone; CPU iPhone OS 13_2_3 like Mac OS X) AppleWebKit/605.1.15 (KHTML, like Gecko) Version/13.0.3 Mobile/15E148 Safari/604.1"
165.225.209.50 - - [31/Aug/2026:09:10:52 -0400] "GET / HTTP/1.1" 200 39828 "-" "Mozilla/5.0 (Windows NT 10.0; Win64; x64) AppleWebKit/537.36 (KHTML, like Gecko) Chrome/152.0.0.0 Safari/537.36"
165.225.209.50 - - [31/Aug/2026:09:10:53 -0400] "GET /wp-content/et-cache/228351/et-divi-dynamic-228351-late.css?ver=1788111647 HTTP/1.1" 200 3170 "https://ekmtoronto.com/" "Mozilla/5.0 (Windows NT 10.0; Win64; x64) AppleWebKit/537.36 (KHTML, like Gecko) Chrome/152.0.0.0 Safari/537.36"
165.225.209.50 - - [31/Aug/2026:09:10:53 -0400] "GET /wp-content/et-cache/228351/et-core-unified-deferred-228351.min.css?ver=1788111648 HTTP/1.1" 200 3945 "https://ekmtoronto.com/" "Mozilla/5.0 (Windows NT 10.0; Win64; x64) AppleWebKit/537.36 (KHTML, like Gecko) Chrome/152.0.0.0 Safari/537.36"
165.225.209.50 - - [31/Aug/2026:09:10:53 -0400] "GET /wp-content/et-cache/228351/et-divi-dynamic-228351.css?ver=1788111647 HTTP/1.1" 200 11161 "https://ekmtoronto.com/" "Mozilla/5.0 (Windows NT 10.0; Win64; x64) AppleWebKit/537.36 (KHTML, like Gecko) Chrome/152.0.0.0 Safari/537.36"
165.225.209.50 - - [31/Aug/2026:09:10:53 -0400] "GET /wp-content/plugins/divi-overlays/assets/css/custom_animations.css?ver=2.9.7.9 HTTP/1.1" 200 886 "https://ekmtoronto.com/" "Mozilla/5.0 (Windows NT 10.0; Win64; x64) AppleWebKit/537.36 (KHTML, like Gecko) Chrome/152.0.0.0 Safari/537.36"
165.225.209.50 - - [31/Aug/2026:09:10:53 -0400] "GET /wp-content/plugins/divi-overlays/assets/css/animate.min.css?ver=4.1.1 HTTP/1.1" 200 5272 "https://ekmtoronto.com/" "Mozilla/5.0 (Windows NT 10.0; Win64; x64) AppleWebKit/537.36 (KHTML, like Gecko) Chrome/152.0.0.0 Safari/537.36"
165.225.209.50 - - [31/Aug/2026:09:10:53 -0400] "GET /wp-content/plugins/divi-bars/assets/css/main.css?ver=1.9.6 HTTP/1.1" 200 2832 "https://ekmtoronto.com/" "Mozilla/5.0 (Windows NT 10.0; Win64; x64) AppleWebKit/537.36 (KHTML, like Gecko) Chrome/152.0.0.0 Safari/537.36"
165.225.209.50 - - [31/Aug/2026:09:10:53 -0400] "GET /wp-includes/js/mediaelement/mediaelementplayer-legacy.min.css?ver=4.2.17 HTTP/1.1" 200 2592 "https://ekmtoronto.com/" "Mozilla/5.0 (Windows NT 10.0; Win64; x64) AppleWebKit/537.36 (KHTML, like Gecko) Chrome/152.0.0.0 Safari/537.36"
165.225.209.50 - - [31/Aug/2026:09:10:53 -0400] "GET /wp-content/plugins/divi-overlays/assets/css/style.css?ver=2.9.7.9 HTTP/1.1" 200 2232 "https://ekmtoronto.com/" "Mozilla/5.0 (Windows NT 10.0; Win64; x64) AppleWebKit/537.36 (KHTML, like Gecko) Chrome/152.0.0.0 Safari/537.36"
165.225.209.50 - - [31/Aug/2026:09:10:53 -0400] "GET /wp-includes/js/mediaelement/wp-mediaelement.min.css?ver=7.1 HTTP/1.1" 200 1156 "https://ekmtoronto.com/" "Mozilla/5.0 (Windows NT 10.0; Win64; x64) AppleWebKit/537.36 (KHTML, like Gecko) Chrome/152.0.0.0 Safari/537.36"
165.225.209.50 - - [31/Aug/2026:09:10:53 -0400] "GET /wp-includes/js/jquery/jquery-migrate.min.js?ver=3.4.1 HTTP/1.1" 200 4872 "https://ekmtoronto.com/" "Mozilla/5.0 (Windows NT 10.0; Win64; x64) AppleWebKit/537.36 (KHTML, like Gecko) Chrome/152.0.0.0 Safari/537.36"
165.225.209.50 - - [31/Aug/2026:09:10:53 -0400] "GET /wp-includes/js/jquery/jquery.min.js?ver=3.7.1 HTTP/1.1" 200 30368 "https://ekmtoronto.com/" "Mozilla/5.0 (Windows NT 10.0; Win64; x64) AppleWebKit/537.36 (KHTML, like Gecko) Chrome/152.0.0.0 Safari/537.36"
165.225.209.50 - - [31/Aug/2026:09:10:53 -0400] "GET /wp-content/uploads/2023/11/Volunteer-Team-Sharp-EKM-7411-WIDE-1500px.jpg HTTP/1.1" 200 148664 "https://ekmtoronto.com/" "Mozilla/5.0 (Windows NT 10.0; Win64; x64) AppleWebKit/537.36 (KHTML, like Gecko) Chrome/152.0.0.0 Safari/537.36"
165.225.209.50 - - [31/Aug/2026:09:10:53 -0400] "GET /wp-content/uploads/2021/06/akin-Franz-IMG_7125-1500PX-2.png HTTP/1.1" 200 402357 "https://ekmtoronto.com/" "Mozilla/5.0 (Windows NT 10.0; Win64; x64) AppleWebKit/537.36 (KHTML, like Gecko) Chrome/152.0.0.0 Safari/537.36"
165.225.209.50 - - [31/Aug/2026:09:10:53 -0400] "GET /wp-content/themes/Divi/core/admin/fonts/modules/all/modules.woff HTTP/1.1" 200 37328 "https://ekmtoronto.com/" "Mozilla/5.0 (Windows NT 10.0; Win64; x64) AppleWebKit/537.36 (KHTML, like Gecko) Chrome/152.0.0.0 Safari/537.36"
165.225.209.50 - - [31/Aug/2026:09:10:53 -0400] "GET /wp-content/themes/Divi/includes/builder/feature/dynamic-assets/assets/js/jquery.fitvids.js?ver=4.27.8 HTTP/1.1" 200 1341 "https://ekmtoronto.com/" "Mozilla/5.0 (Windows NT 10.0; Win64; x64) AppleWebKit/537.36 (KHTML, like Gecko) Chrome/152.0.0.0 Safari/537.36"
165.225.209.50 - - [31/Aug/2026:09:10:53 -0400] "GET /wp-content/themes/Divi/includes/builder/feature/dynamic-assets/assets/js/salvattore.js?ver=4.27.8 HTTP/1.1" 200 3412 "https://ekmtoronto.com/" "Mozilla/5.0 (Windows NT 10.0; Win64; x64) AppleWebKit/537.36 (KHTML, like Gecko) Chrome/152.0.0.0 Safari/537.36"
165.225.209.50 - - [31/Aug/2026:09:10:53 -0400] "GET /wp-content/themes/Divi/includes/builder/feature/dynamic-assets/assets/js/easypiechart.js?ver=4.27.8 HTTP/1.1" 200 3118 "https://ekmtoronto.com/" "Mozilla/5.0 (Windows NT 10.0; Win64; x64) AppleWebKit/537.36 (KHTML, like Gecko) Chrome/152.0.0.0 Safari/537.36"
165.225.209.50 - - [31/Aug/2026:09:10:53 -0400] "GET /wp-content/themes/Divi/js/scripts.min.js?ver=4.27.8 HTTP/1.1" 200 99754 "https://ekmtoronto.com/" "Mozilla/5.0 (Windows NT 10.0; Win64; x64) AppleWebKit/537.36 (KHTML, like Gecko) Chrome/152.0.0.0 Safari/537.36"
165.225.209.50 - - [31/Aug/2026:09:10:53 -0400] "GET /wp-content/uploads/2023/11/We-Love-lee-Nicole_7149-2400px-1.jpg HTTP/1.1" 200 310266 "https://ekmtoronto.com/" "Mozilla/5.0 (Windows NT 10.0; Win64; x64) AppleWebKit/537.36 (KHTML, like Gecko) Chrome/152.0.0.0 Safari/537.36"
165.225.209.50 - - [31/Aug/2026:09:10:53 -0400] "GET /wp-content/plugins/divi-overlays/assets/js/jquery.exitintent.js?ver=2.9.7.9 HTTP/1.1" 200 398 "https://ekmtoronto.com/" "Mozilla/5.0 (Windows NT 10.0; Win64; x64) AppleWebKit/537.36 (KHTML, like Gecko) Chrome/152.0.0.0 Safari/537.36"
165.225.209.50 - - [31/Aug/2026:09:10:53 -0400] "GET /wp-content/plugins/divi-overlays/assets/js/custom.js?ver=2.9.7.9 HTTP/1.1" 200 12334 "https://ekmtoronto.com/" "Mozilla/5.0 (Windows NT 10.0; Win64; x64) AppleWebKit/537.36 (KHTML, like Gecko) Chrome/152.0.0.0 Safari/537.36"
165.225.209.50 - - [31/Aug/2026:09:10:53 -0400] "GET /wp-content/uploads/2021/06/EKM-LOGO-BLACK-IM-150PX.png HTTP/1.1" 404 28393 "https://ekmtoronto.com/" "Mozilla/5.0 (Windows NT 10.0; Win64; x64) AppleWebKit/537.36 (KHTML, like Gecko) Chrome/152.0.0.0 Safari/537.36"
165.225.209.50 - - [31/Aug/2026:09:10:53 -0400] "GET /wp-content/plugins/divi-bars/assets/js/main.js?ver=1.9.6 HTTP/1.1" 200 10054 "https://ekmtoronto.com/" "Mozilla/5.0 (Windows NT 10.0; Win64; x64) AppleWebKit/537.36 (KHTML, like Gecko) Chrome/152.0.0.0 Safari/537.36"
165.225.209.50 - - [31/Aug/2026:09:10:53 -0400] "GET /wp-content/themes/Divi/core/admin/js/common.js?ver=4.27.8 HTTP/1.1" 200 566 "https://ekmtoronto.com/" "Mozilla/5.0 (Windows NT 10.0; Win64; x64) AppleWebKit/537.36 (KHTML, like Gecko) Chrome/152.0.0.0 Safari/537.36"
165.225.209.50 - - [31/Aug/2026:09:10:53 -0400] "GET /wp-content/plugins/divi-bars/assets/js/main.helper.js?ver=1.9.6 HTTP/1.1" 200 - "https://ekmtoronto.com/" "Mozilla/5.0 (Windows NT 10.0; Win64; x64) AppleWebKit/537.36 (KHTML, like Gecko) Chrome/152.0.0.0 Safari/537.36"
165.225.209.50 - - [31/Aug/2026:09:10:53 -0400] "GET /wp-content/plugins/divi-bars/assets/js/jquery.exitintent.min.js?ver=7.1 HTTP/1.1" 200 427 "https://ekmtoronto.com/" "Mozilla/5.0 (Windows NT 10.0; Win64; x64) AppleWebKit/537.36 (KHTML, like Gecko) Chrome/152.0.0.0 Safari/537.36"
165.225.209.50 - - [31/Aug/2026:09:10:53 -0400] "GET /wp-content/plugins/divi-bars/assets/js/actual.min.js?ver=7.1 HTTP/1.1" 200 475 "https://ekmtoronto.com/" "Mozilla/5.0 (Windows NT 10.0; Win64; x64) AppleWebKit/537.36 (KHTML, like Gecko) Chrome/152.0.0.0 Safari/537.36"
165.225.209.50 - - [31/Aug/2026:09:10:53 -0400] "GET /wp-content/themes/Divi/images/logo.png HTTP/1.1" 200 1740 "https://ekmtoronto.com/" "Mozilla/5.0 (Windows NT 10.0; Win64; x64) AppleWebKit/537.36 (KHTML, like Gecko) Chrome/152.0.0.0 Safari/537.36"
165.225.209.50 - - [31/Aug/2026:09:10:53 -0400] "GET /wp-includes/js/mediaelement/wp-mediaelement.min.js?ver=7.1 HTTP/1.1" 200 538 "https://ekmtoronto.com/" "Mozilla/5.0 (Windows NT 10.0; Win64; x64) AppleWebKit/537.36 (KHTML, like Gecko) Chrome/152.0.0.0 Safari/537.36"
165.225.209.50 - - [31/Aug/2026:09:10:53 -0400] "GET /wp-includes/js/mediaelement/mediaelement-migrate.min.js?ver=7.1 HTTP/1.1" 200 540 "https://ekmtoronto.com/" "Mozilla/5.0 (Windows NT 10.0; Win64; x64) AppleWebKit/537.36 (KHTML, like Gecko) Chrome/152.0.0.0 Safari/537.36"
165.225.209.50 - - [31/Aug/2026:09:10:53 -0400] "GET /wp-includes/js/mediaelement/mediaelement-and-player.min.js?ver=4.2.17 HTTP/1.1" 200 38789 "https://ekmtoronto.com/" "Mozilla/5.0 (Windows NT 10.0; Win64; x64) AppleWebKit/537.36 (KHTML, like Gecko) Chrome/152.0.0.0 Safari/537.36"
165.225.209.50 - - [31/Aug/2026:09:10:54 -0400] "GET /wp-content/et-cache/228351/et-divi-dynamic-228351-late.css HTTP/1.1" 200 3170 "https://ekmtoronto.com/" "Mozilla/5.0 (Windows NT 10.0; Win64; x64) AppleWebKit/537.36 (KHTML, like Gecko) Chrome/152.0.0.0 Safari/537.36"
165.225.209.50 - - [31/Aug/2026:09:10:54 -0400] "GET /wp-content/uploads/2023/11/EKM-WHITE-LOGO-150PX.png HTTP/1.1" 200 1362 "https://ekmtoronto.com/" "Mozilla/5.0 (Windows NT 10.0; Win64; x64) AppleWebKit/537.36 (KHTML, like Gecko) Chrome/152.0.0.0 Safari/537.36"
165.225.209.50 - - [31/Aug/2026:09:10:54 -0400] "GET /wp-content/themes/Divi/core/admin/fonts/fontawesome/fa-solid-900.woff2 HTTP/1.1" 200 80265 "https://ekmtoronto.com/" "Mozilla/5.0 (Windows NT 10.0; Win64; x64) AppleWebKit/537.36 (KHTML, like Gecko) Chrome/152.0.0.0 Safari/537.36"
165.225.209.50 - - [31/Aug/2026:09:10:55 -0400] "GET /wp-content/uploads/2023/11/cropped-EKM-SITE-TAB-ICON-512PX-32x32.jpg HTTP/1.1" 200 859 "https://ekmtoronto.com/" "Mozilla/5.0 (Windows NT 10.0; Win64; x64) AppleWebKit/537.36 (KHTML, like Gecko) Chrome/152.0.0.0 Safari/537.36"
104.247.76.75 - - [31/Aug/2026:09:11:17 -0400] "POST /wp-cron.php?doing_wp_cron=1788181877.6562860012054443359375 HTTP/1.1" 200 - "-" "WordPress/7.1; https://ekmtoronto.com"
66.249.65.136 - - [31/Aug/2026:09:11:17 -0400] "GET /?sale%2Fsearch%2Fdetail%2F%3FITMCODE=p0l3a4i9n8t0i6v1e683 HTTP/1.1" 200 39890 "-" "Mozilla/5.0 (Linux; Android 6.0.1; Nexus 5X Build/MMB29P) AppleWebKit/537.36 (KHTML, like Gecko) Chrome/151.0.7922.173 Mobile Safari/537.36 (compatible; Googlebot/2.1; +http://www.google.com/bot.html)"
66.249.65.134 - - [31/Aug/2026:09:11:41 -0400] "GET /?sale/search/detail/?ITMCODE=i4m3p9r5o5v6v1i5s9a6t3ore HTTP/1.1" 301 - "-" "Mozilla/5.0 (Linux; Android 6.0.1; Nexus 5X Build/MMB29P) AppleWebKit/537.36 (KHTML, like Gecko) Chrome/151.0.7922.173 Mobile Safari/537.36 (compatible; Googlebot/2.1; +http://www.google.com/bot.html)"
104.247.76.75 - - [31/Aug/2026:09:12:06 -0400] "POST /wp-cron.php?doing_wp_cron=1788181926.8970720767974853515625 HTTP/1.1" 200 - "-" "WordPress/7.1; https://ekmtoronto.com"
66.249.65.136 - - [31/Aug/2026:09:12:06 -0400] "GET /?sale%2Fsearch%2Fdetail%2F%3FITMCODE=i4m3p9r5o5v6v1i5s9a6t3ore HTTP/1.1" 200 39894 "-" "Mozilla/5.0 (Linux; Android 6.0.1; Nexus 5X Build/MMB29P) AppleWebKit/537.36 (KHTML, like Gecko) Chrome/151.0.7922.173 Mobile Safari/537.36 (compatible; Googlebot/2.1; +http://www.google.com/bot.html)"
66.249.65.134 - - [31/Aug/2026:09:12:30 -0400] "GET /?sale/search/detail/?ITMCODE=t8a6l1c8u5m38331 HTTP/1.1" 301 - "-" "Mozilla/5.0 (Linux; Android 6.0.1; Nexus 5X Build/MMB29P) AppleWebKit/537.36 (KHTML, like Gecko) Chrome/151.0.7922.173 Mobile Safari/537.36 (compatible; Googlebot/2.1; +http://www.google.com/bot.html)"
54.157.84.74 - - [31/Aug/2026:09:12:46 -0400] "GET /comments/feed/ HTTP/1.1" 200 1716 "-" "Mozilla/5.0 AppleWebKit/537.36 (KHTML, like Gecko; compatible; Amazonbot/0.1; +https://developer.amazon.com/support/amazonbot) Chrome/119.0.6045.214 Safari/537.36"
66.249.65.134 - - [31/Aug/2026:09:12:54 -0400] "GET /?k=8718045091202 HTTP/1.1" 200 39843 "-" "Mozilla/5.0 (Linux; Android 6.0.1; Nexus 5X Build/MMB29P) AppleWebKit/537.36 (KHTML, like Gecko) Chrome/151.0.7922.173 Mobile Safari/537.36 (compatible; Googlebot/2.1; +http://www.google.com/bot.html)"
104.247.76.75 - - [31/Aug/2026:09:13:18 -0400] "POST /wp-cron.php?doing_wp_cron=1788181998.4989020824432373046875 HTTP/1.1" 200 - "-" "WordPress/7.1; https://ekmtoronto.com"
66.249.65.135 - - [31/Aug/2026:09:13:18 -0400] "GET /?sale%2Fsearch%2Fdetail%2F%3FITMCODE=t8a6l1c8u5m38331 HTTP/1.1" 200 39884 "-" "Mozilla/5.0 (Linux; Android 6.0.1; Nexus 5X Build/MMB29P) AppleWebKit/537.36 (KHTML, like Gecko) Chrome/151.0.7922.173 Mobile Safari/537.36 (compatible; Googlebot/2.1; +http://www.google.com/bot.html)"
104.247.76.75 - - [31/Aug/2026:09:14:05 -0400] "POST /wp-cron.php?doing_wp_cron=1788182044.9800930023193359375000 HTTP/1.1" 200 - "-" "WordPress/7.1; https://ekmtoronto.com"
157.230.190.230 - - [31/Aug/2026:09:14:04 -0400] "GET /wp-content/uploads/2026/08/Young-youth.png%201672w,%20https://ekmtoronto.com/wp-content/uploads/2026/08/Young-youth-1280x720.png%201280w,%20https://ekmtoronto.com/wp-content/uploads/2026/08/Young-youth-980x552.png%20980w,%20https://ekmtoronto.com/wp-content/uploads/2026/08/Young-youth-480x270.png%20480w HTTP/1.1" 301 - "https://ekmtoronto.com/" "Mozilla/5.0 (Windows NT 10.0; Win64; x64) AppleWebKit/537.36 (KHTML, like Gecko) Chrome/105.0.0.0 Safari/537.3"
157.230.190.230 - - [31/Aug/2026:09:14:06 -0400] "GET /wp-content/uploads/2026/08/Young-youth.png%201672w,%20https:/ekmtoronto.com/wp-content/uploads/2026/08/Young-youth-1280x720.png%201280w,%20https:/ekmtoronto.com/wp-content/uploads/2026/08/Young-youth-980x552.png%20980w,%20https:/ekmtoronto.com/wp-content/uploads/2026/08/Young-youth-480x270.png%20480w HTTP/1.1" 404 28393 "https://ekmtoronto.com/" "Mozilla/5.0 (Windows NT 10.0; Win64; x64) AppleWebKit/537.36 (KHTML, like Gecko) Chrome/105.0.0.0 Safari/537.3"
189.29.148.44 - - [31/Aug/2026:09:14:09 -0400] "GET /wp-content/uploads/2026/08/Young-youth.png%201672w,%20https://ekmtoronto.com/wp-content/uploads/2026/08/Young-youth-1280x720.png%201280w,%20https://ekmtoronto.com/wp-content/uploads/2026/08/Young-youth-980x552.png%20980w,%20https://ekmtoronto.com/wp-content/uploads/2026/08/Young-youth-480x270.png%20480w HTTP/1.1" 301 - "https://ekmtoronto.com/" "Mozilla/5.0 (Windows NT 10.0; Win64; x64) AppleWebKit/537.36 (KHTML, like Gecko) Chrome/105.0.0.0 Safari/537.3"
103.248.207.253 - - [31/Aug/2026:09:14:11 -0400] "GET /wp-content/uploads/2026/08/Young-youth.png%201672w,%20https:/ekmtoronto.com/wp-content/uploads/2026/08/Young-youth-1280x720.png%201280w,%20https:/ekmtoronto.com/wp-content/uploads/2026/08/Young-youth-980x552.png%20980w,%20https:/ekmtoronto.com/wp-content/uploads/2026/08/Young-youth-480x270.png%20480w HTTP/1.1" 404 28393 "https://ekmtoronto.com/" "Mozilla/5.0 (Windows NT 10.0; Win64; x64) AppleWebKit/537.36 (KHTML, like Gecko) Chrome/105.0.0.0 Safari/537.3"
66.249.65.136 - - [31/Aug/2026:09:14:28 -0400] "GET /?sale/search/detail/?ITMCODE=a1c2a9n6t4h6a9r3c3h9u6m HTTP/1.1" 301 - "-" "Mozilla/5.0 (Linux; Android 6.0.1; Nexus 5X Build/MMB29P) AppleWebKit/537.36 (KHTML, like Gecko) Chrome/151.0.7922.173 Mobile Safari/537.36 (compatible; Googlebot/2.1; +http://www.google.com/bot.html)"
165.225.209.50 - - [31/Aug/2026:09:14:41 -0400] "GET /?k=26491121860001 HTTP/1.1" 200 39845 "https://www.google.com/" "Mozilla/5.0 (Windows NT 10.0; Win64; x64) AppleWebKit/537.36 (KHTML, like Gecko) Chrome/152.0.0.0 Safari/537.36"
165.225.209.50 - - [31/Aug/2026:09:14:42 -0400] "GET /wp-content/uploads/2021/06/EKM-LOGO-BLACK-IM-150PX.png HTTP/1.1" 404 28393 "https://ekmtoronto.com/?k=26491121860001" "Mozilla/5.0 (Windows NT 10.0; Win64; x64) AppleWebKit/537.36 (KHTML, like Gecko) Chrome/152.0.0.0 Safari/537.36"
165.225.209.50 - - [31/Aug/2026:09:14:44 -0400] "GET /wp-content/uploads/2026/08/food-drive-980x551.jpg HTTP/1.1" 200 84369 "https://ekmtoronto.com/?k=26491121860001" "Mozilla/5.0 (Windows NT 10.0; Win64; x64) AppleWebKit/537.36 (KHTML, like Gecko) Chrome/152.0.0.0 Safari/537.36"
165.225.209.50 - - [31/Aug/2026:09:14:44 -0400] "GET /wp-content/uploads/2024/10/water-baptism-980x551.png HTTP/1.1" 200 12764 "https://ekmtoronto.com/?k=26491121860001" "Mozilla/5.0 (Windows NT 10.0; Win64; x64) AppleWebKit/537.36 (KHTML, like Gecko) Chrome/152.0.0.0 Safari/537.36"
165.225.209.50 - - [31/Aug/2026:09:14:44 -0400] "GET /wp-content/uploads/2026/08/Young-youth-980x552.png HTTP/1.1" 200 744326 "https://ekmtoronto.com/?k=26491121860001" "Mozilla/5.0 (Windows NT 10.0; Win64; x64) AppleWebKit/537.36 (KHTML, like Gecko) Chrome/152.0.0.0 Safari/537.36"
165.225.209.50 - - [31/Aug/2026:09:14:44 -0400] "GET /wp-content/uploads/2025/02/GLOW-UP2-980x551.jpg HTTP/1.1" 200 66171 "https://ekmtoronto.com/?k=26491121860001" "Mozilla/5.0 (Windows NT 10.0; Win64; x64) AppleWebKit/537.36 (KHTML, like Gecko) Chrome/152.0.0.0 Safari/537.36"
165.225.209.50 - - [31/Aug/2026:09:14:44 -0400] "GET /wp-content/uploads/2024/09/intercession-980x551.jpeg HTTP/1.1" 200 42780 "https://ekmtoronto.com/?k=26491121860001" "Mozilla/5.0 (Windows NT 10.0; Win64; x64) AppleWebKit/537.36 (KHTML, like Gecko) Chrome/152.0.0.0 Safari/537.36"
165.225.209.50 - - [31/Aug/2026:09:14:44 -0400] "GET /wp-content/uploads/2023/05/Middaynew-980x551.jpg HTTP/1.1" 200 99305 "https://ekmtoronto.com/?k=26491121860001" "Mozilla/5.0 (Windows NT 10.0; Win64; x64) AppleWebKit/537.36 (KHTML, like Gecko) Chrome/152.0.0.0 Safari/537.36"
66.249.65.135 - - [31/Aug/2026:09:14:51 -0400] "GET /?sale%2Fsearch%2Fdetail%2F%3FITMCODE=a1c2a9n6t4h6a9r3c3h9u6m HTTP/1.1" 200 39893 "-" "Mozilla/5.0 (Linux; Android 6.0.1; Nexus 5X Build/MMB29P) AppleWebKit/537.36 (KHTML, like Gecko) Chrome/151.0.7922.173 Mobile Safari/537.36 (compatible; Googlebot/2.1; +http://www.google.com/bot.html)"
104.247.76.75 - - [31/Aug/2026:09:15:37 -0400] "POST /wp-cron.php?doing_wp_cron=1788182137.3392810821533203125000 HTTP/1.1" 200 - "-" "WordPress/7.1; https://ekmtoronto.com"
66.249.65.135 - - [31/Aug/2026:09:15:36 -0400] "GET /?k=1281325144602 HTTP/1.1" 200 39842 "-" "Mozilla/5.0 (Linux; Android 6.0.1; Nexus 5X Build/MMB29P) AppleWebKit/537.36 (KHTML, like Gecko) Chrome/151.0.7922.173 Mobile Safari/537.36 (compatible; Googlebot/2.1; +http://www.google.com/bot.html)"
104.247.76.75 - - [31/Aug/2026:09:15:38 -0400] "POST /wp-cron.php?doing_wp_cron=1788182138.0521180629730224609375 HTTP/1.1" 200 - "-" "WordPress/7.1; https://ekmtoronto.com"
114.119.136.205 - - [31/Aug/2026:09:15:37 -0400] "GET /baptism-2/ HTTP/1.1" 200 29063 "https://www.ekmtoronto.com/home" "Mozilla/5.0 (Linux; Android 7.0;) AppleWebKit/537.36 (HTML, like Gecko) Mobile Safari/537.36 (compatible; PetalBot;+https://webmaster.petalsearch.com/site/petalbot)"
