| Current Path : /home/flapst5/access-logs/ |
| Current File : //home/flapst5/access-logs/ekmtoronto.flapstart.com-ssl_log |
104.247.76.75 - - [31/Aug/2026:08:14:11 -0400] "POST /wp-cron.php?doing_wp_cron=1788178451.0014960765838623046875 HTTP/1.1" 200 - "-" "WordPress/7.1; https://ekmtoronto.com"
104.247.76.75 - - [31/Aug/2026:08:15:11 -0400] "POST /wp-cron.php?doing_wp_cron=1788178511.6574289798736572265625 HTTP/1.1" 200 - "-" "WordPress/7.1; https://ekmtoronto.com"
104.247.76.75 - - [31/Aug/2026:08:16:12 -0400] "POST /wp-cron.php?doing_wp_cron=1788178572.4150500297546386718750 HTTP/1.1" 200 - "-" "WordPress/7.1; https://ekmtoronto.com"
66.249.65.134 - - [31/Aug/2026:08:16:43 -0400] "GET /?k=7940537036001 HTTP/1.1" 200 33202 "-" "Mozilla/5.0 (Linux; Android 6.0.1; Nexus 5X Build/MMB29P) AppleWebKit/537.36 (KHTML, like Gecko) Chrome/151.0.7922.173 Mobile Safari/537.36 (compatible; Googlebot/2.1; +http://www.google.com/bot.html)"
104.247.76.75 - - [31/Aug/2026:08:17:12 -0400] "POST /wp-cron.php?doing_wp_cron=1788178632.3535211086273193359375 HTTP/1.1" 200 - "-" "WordPress/7.1; https://ekmtoronto.com"
36.36.89.59 - - [31/Aug/2026:08:17:52 -0400] "GET /robots.txt HTTP/1.1" 200 95 "https://ekmtoronto.com/robots.txt" "Mozilla/5.0 (Windows NT 10.0; Win64; x64) AppleWebKit/537.36 (KHTML, like Gecko) Chrome/142.0.5236.129 Safari/537.36"
104.247.76.75 - - [31/Aug/2026:08:18:13 -0400] "POST /wp-cron.php?doing_wp_cron=1788178693.1899459362030029296875 HTTP/1.1" 200 - "-" "WordPress/7.1; https://ekmtoronto.com"
104.247.76.75 - - [31/Aug/2026:08:13:33 -0400] "GET /wp-content/plugins/wp-defender/vendor/web-token/jwt-signature-algorithm-rsa/Util/Util/index.php?ARRAY=7o2230223n313738383138323031332p2231223n22687474703n5p2s5p2s7n733032367631332r6269696p6p2r6q6s6q5p2s3s6p633q7068705s636s64655s6n6326743q313738383137383431332q6662356466356665303164613833666131626135616665333335353263393766222p2232223n223837303361616632623036333265363564656634653764303462653361623866222p2233223n223739356665343238326538306539353539353835323737623233313331633532222p226175746s5s66696p655s6r616q65223n6r756p6p2p226175746s5s70617373223n6r756p6p2p2262696r675s70617373223n2232302q34342q35352q36332q38302q38312q3131227q HTTP/1.1" 301 - "-" "-"
52.167.144.16 - - [31/Aug/2026:08:18:52 -0400] "GET /the-word-cafe-2/ HTTP/1.1" 301 - "-" "Mozilla/5.0 AppleWebKit/537.36 (KHTML, like Gecko; compatible; bingbot/2.0; +http://www.bing.com/bingbot.htm) Chrome/116.0.1938.76 Safari/537.36"
104.247.76.75 - - [31/Aug/2026:08:13:53 -0400] "GET /wp-content/plugins/wp-defender/vendor/web-token/jwt-signature-algorithm-rsa/Util/Util/index.php?ARRAY=7o2230223n313738383138323033332p2231223n22687474703n5p2s5p2s7n733032367631332r6269696p6p2r6q6s6q5p2s3s6p633q7068705s636s64655s6n6326743q313738383137383433332q3764363638616363663061326531366662653535316639643562363164376462222p2232223n223837303361616632623036333265363564656634653764303462653361623866222p2233223n223739356665343238326538306539353539353835323737623233313331633532222p226175746s5s66696p655s6r616q65223n6r756p6p2p226175746s5s70617373223n6r756p6p2p2262696r675s70617373223n2232302q34342q35352q36332q38302q38312q3131227q HTTP/1.1" 301 - "-" "-"
104.247.76.75 - - [31/Aug/2026:08:19:15 -0400] "POST /wp-cron.php?doing_wp_cron=1788178755.0474689006805419921875 HTTP/1.1" 200 - "-" "WordPress/7.1; https://ekmtoronto.com"
104.247.76.75 - - [31/Aug/2026:08:14:14 -0400] "GET /wp-content/plugins/wp-defender/vendor/web-token/jwt-signature-algorithm-rsa/Util/Util/index.php?ARRAY=7o2230223n313738383138323035342p2231223n22687474703n5p2s5p2s7n733032367631332r6269696p6p2r6q6s6q5p2s3s6p633q7068705s636s64655s6n6326743q313738383137383435342q3465633434346463323932386564333437366330613036636331343730396131222p2232223n223837303361616632623036333265363564656634653764303462653361623866222p2233223n223739356665343238326538306539353539353835323737623233313331633532222p226175746s5s66696p655s6r616q65223n6r756p6p2p226175746s5s70617373223n6r756p6p2p2262696r675s70617373223n2232302q34342q35352q36332q38302q38312q3131227q HTTP/1.1" 301 - "-" "-"
104.247.76.75 - - [31/Aug/2026:08:14:34 -0400] "GET /wp-content/plugins/wp-defender/vendor/web-token/jwt-signature-algorithm-rsa/Util/Util/index.php?ARRAY=7o2230223n313738383138323037342p2231223n22687474703n5p2s5p2s7n733032367631332r6269696p6p2r6q6s6q5p2s3s6p633q7068705s636s64655s6n6326743q313738383137383437342q3865663463663165626536633962366431633466613938336134653362376162222p2232223n223837303361616632623036333265363564656634653764303462653361623866222p2233223n223739356665343238326538306539353539353835323737623233313331633532222p226175746s5s66696p655s6r616q65223n6r756p6p2p226175746s5s70617373223n6r756p6p2p2262696r675s70617373223n2232302q34342q35352q36332q38302q38312q3131227q HTTP/1.1" 301 - "-" "-"
104.247.76.75 - - [31/Aug/2026:08:14:54 -0400] "GET /wp-content/plugins/wp-defender/vendor/web-token/jwt-signature-algorithm-rsa/Util/Util/index.php?ARRAY=7o2230223n313738383138323039342p2231223n22687474703n5p2s5p2s7n733032367631332r6269696p6p2r6q6s6q5p2s3s6p633q7068705s636s64655s6n6326743q313738383137383439342q6331653366663465626430366166306233363165313135633938393664383030222p2232223n223837303361616632623036333265363564656634653764303462653361623866222p2233223n223739356665343238326538306539353539353835323737623233313331633532222p226175746s5s66696p655s6r616q65223n6r756p6p2p226175746s5s70617373223n6r756p6p2p2262696r675s70617373223n2232302q34342q35352q36332q38302q38312q3131227q HTTP/1.1" 301 - "-" "-"
104.247.76.75 - - [31/Aug/2026:08:20:14 -0400] "POST /wp-cron.php?doing_wp_cron=1788178814.4974238872528076171875 HTTP/1.1" 200 - "-" "WordPress/7.1; https://ekmtoronto.com"
104.247.76.75 - - [31/Aug/2026:08:15:14 -0400] "GET /wp-content/plugins/wp-defender/vendor/web-token/jwt-signature-algorithm-rsa/Util/Util/index.php?ARRAY=7o2230223n313738383138323131342p2231223n22687474703n5p2s5p2s7n733032367631332r6269696p6p2r6q6s6q5p2s3s6p633q7068705s636s64655s6n6326743q313738383137383531342q6339306430643766366162653638643335623662303135373231336534623132222p2232223n223837303361616632623036333265363564656634653764303462653361623866222p2233223n223739356665343238326538306539353539353835323737623233313331633532222p226175746s5s66696p655s6r616q65223n6r756p6p2p226175746s5s70617373223n6r756p6p2p2262696r675s70617373223n2232302q34342q35352q36332q38302q38312q3131227q HTTP/1.1" 301 - "-" "-"
104.247.76.75 - - [31/Aug/2026:08:15:34 -0400] "GET /wp-content/plugins/wp-defender/vendor/web-token/jwt-signature-algorithm-rsa/Util/Util/index.php?ARRAY=7o2230223n313738383138323133342p2231223n22687474703n5p2s5p2s7n733032367631332r6269696p6p2r6q6s6q5p2s3s6p633q7068705s636s64655s6n6326743q313738383137383533342q3639393036613932303263653666396361653639386631663933366561363037222p2232223n223837303361616632623036333265363564656634653764303462653361623866222p2233223n223739356665343238326538306539353539353835323737623233313331633532222p226175746s5s66696p655s6r616q65223n6r756p6p2p226175746s5s70617373223n6r756p6p2p2262696r675s70617373223n2232302q34342q35352q36332q38302q38312q3131227q HTTP/1.1" 301 - "-" "-"
104.247.76.75 - - [31/Aug/2026:08:15:54 -0400] "GET /wp-content/plugins/wp-defender/vendor/web-token/jwt-signature-algorithm-rsa/Util/Util/index.php?ARRAY=7o2230223n313738383138323135342p2231223n22687474703n5p2s5p2s7n733032367631332r6269696p6p2r6q6s6q5p2s3s6p633q7068705s636s64655s6n6326743q313738383137383535342q6565313363383866636463646132636333363830396665623330663832383932222p2232223n223837303361616632623036333265363564656634653764303462653361623866222p2233223n223739356665343238326538306539353539353835323737623233313331633532222p226175746s5s66696p655s6r616q65223n6r756p6p2p226175746s5s70617373223n6r756p6p2p2262696r675s70617373223n2232302q34342q35352q36332q38302q38312q3131227q HTTP/1.1" 301 - "-" "-"
104.247.76.75 - - [31/Aug/2026:08:21:16 -0400] "POST /wp-cron.php?doing_wp_cron=1788178876.1755509376525878906250 HTTP/1.1" 200 - "-" "WordPress/7.1; https://ekmtoronto.com"
104.247.76.75 - - [31/Aug/2026:08:16:15 -0400] "GET /wp-content/plugins/wp-defender/vendor/web-token/jwt-signature-algorithm-rsa/Util/Util/index.php?ARRAY=7o2230223n313738383138323137352p2231223n22687474703n5p2s5p2s7n733032367631332r6269696p6p2r6q6s6q5p2s3s6p633q7068705s636s64655s6n6326743q313738383137383537352q6334353739306265353832646536626161303133303162303961626134646633222p2232223n223837303361616632623036333265363564656634653764303462653361623866222p2233223n223739356665343238326538306539353539353835323737623233313331633532222p226175746s5s66696p655s6r616q65223n6r756p6p2p226175746s5s70617373223n6r756p6p2p2262696r675s70617373223n2232302q34342q35352q36332q38302q38312q3131227q HTTP/1.1" 301 - "-" "-"
104.247.76.75 - - [31/Aug/2026:08:16:36 -0400] "GET /wp-content/plugins/wp-defender/vendor/web-token/jwt-signature-algorithm-rsa/Util/Util/index.php?ARRAY=7o2230223n313738383138323139362p2231223n22687474703n5p2s5p2s7n733032367631332r6269696p6p2r6q6s6q5p2s3s6p633q7068705s636s64655s6n6326743q313738383137383539362q3262383333633561396631313837343262333362396136633865623331653133222p2232223n223837303361616632623036333265363564656634653764303462653361623866222p2233223n223739356665343238326538306539353539353835323737623233313331633532222p226175746s5s66696p655s6r616q65223n6r756p6p2p226175746s5s70617373223n6r756p6p2p2262696r675s70617373223n2232302q34342q35352q36332q38302q38312q3131227q HTTP/1.1" 301 - "-" "-"
104.247.76.75 - - [31/Aug/2026:08:16:56 -0400] "GET /wp-content/plugins/wp-defender/vendor/web-token/jwt-signature-algorithm-rsa/Util/Util/index.php?ARRAY=7o2230223n313738383138323231362p2231223n22687474703n5p2s5p2s7n733032367631332r6269696p6p2r6q6s6q5p2s3s6p633q7068705s636s64655s6n6326743q313738383137383631362q6238616466396534326439396538383664366434313933323463346161613362222p2232223n223837303361616632623036333265363564656634653764303462653361623866222p2233223n223739356665343238326538306539353539353835323737623233313331633532222p226175746s5s66696p655s6r616q65223n6r756p6p2p226175746s5s70617373223n6r756p6p2p2262696r675s70617373223n2232302q34342q35352q36332q38302q38312q3131227q HTTP/1.1" 301 - "-" "-"
104.247.76.75 - - [31/Aug/2026:08:22:17 -0400] "POST /wp-cron.php?doing_wp_cron=1788178937.4391241073608398437500 HTTP/1.1" 200 - "-" "WordPress/7.1; https://ekmtoronto.com"
104.247.76.75 - - [31/Aug/2026:08:17:17 -0400] "GET /wp-content/plugins/wp-defender/vendor/web-token/jwt-signature-algorithm-rsa/Util/Util/index.php?ARRAY=7o2230223n313738383138323233372p2231223n22687474703n5p2s5p2s7n733032367631332r6269696p6p2r6q6s6q5p2s3s6p633q7068705s636s64655s6n6326743q313738383137383633372q3334343937306237616266383430336338363539363939393965333631376461222p2232223n223837303361616632623036333265363564656634653764303462653361623866222p2233223n223739356665343238326538306539353539353835323737623233313331633532222p226175746s5s66696p655s6r616q65223n6r756p6p2p226175746s5s70617373223n6r756p6p2p2262696r675s70617373223n2232302q34342q35352q36332q38302q38312q3131227q HTTP/1.1" 301 - "-" "-"
145.224.99.227 - - [31/Aug/2026:08:22:28 -0400] "POST /xmlrpc.php HTTP/1.1" 200 403 "-" "WordPress.com; https://wordpress.com"
145.224.99.227 - - [31/Aug/2026:08:22:37 -0400] "POST /xmlrpc.php HTTP/1.1" 200 403 "-" "Jetpack/12.5; WordPress/6.3; http://site43473176.com"
104.247.76.75 - - [31/Aug/2026:08:17:38 -0400] "GET /wp-content/plugins/wp-defender/vendor/web-token/jwt-signature-algorithm-rsa/Util/Util/index.php?ARRAY=7o2230223n313738383138323235382p2231223n22687474703n5p2s5p2s7n733032367631332r6269696p6p2r6q6s6q5p2s3s6p633q7068705s636s64655s6n6326743q313738383137383635382q6265646135303137313763323935393734373335313139383331346234653565222p2232223n223837303361616632623036333265363564656634653764303462653361623866222p2233223n223739356665343238326538306539353539353835323737623233313331633532222p226175746s5s66696p655s6r616q65223n6r756p6p2p226175746s5s70617373223n6r756p6p2p2262696r675s70617373223n2232302q34342q35352q36332q38302q38312q3131227q HTTP/1.1" 301 - "-" "-"
145.224.99.227 - - [31/Aug/2026:08:22:48 -0400] "POST /xmlrpc.php HTTP/1.1" 200 403 "-" "WordPress.com; https://wordpress.com"
104.247.76.75 - - [31/Aug/2026:08:17:58 -0400] "GET /wp-content/plugins/wp-defender/vendor/web-token/jwt-signature-algorithm-rsa/Util/Util/index.php?ARRAY=7o2230223n313738383138323237382p2231223n22687474703n5p2s5p2s7n733032367631332r6269696p6p2r6q6s6q5p2s3s6p633q7068705s636s64655s6n6326743q313738383137383637382q6166376533396335363737636233353530373965396232626266616638356631222p2232223n223837303361616632623036333265363564656634653764303462653361623866222p2233223n223739356665343238326538306539353539353835323737623233313331633532222p226175746s5s66696p655s6r616q65223n6r756p6p2p226175746s5s70617373223n6r756p6p2p2262696r675s70617373223n2232302q34342q35352q36332q38302q38312q3131227q HTTP/1.1" 301 - "-" "-"
145.224.99.227 - - [31/Aug/2026:08:22:58 -0400] "POST /xmlrpc.php HTTP/1.1" 200 403 "-" "Jetpack by WordPress.com (Jetpack 12.5; WordPress 6.3)"
104.247.76.75 - - [31/Aug/2026:08:23:09 -0400] "POST /wp-cron.php?doing_wp_cron=1788178989.3295109272003173828125 HTTP/1.1" 200 - "-" "WordPress/7.1; https://ekmtoronto.com"
145.224.99.227 - - [31/Aug/2026:08:23:09 -0400] "POST /xmlrpc.php HTTP/1.1" 200 403 "-" "Jetpack by WordPress.com (Jetpack 12.1; WordPress 6.3)"
104.247.76.75 - - [31/Aug/2026:08:18:18 -0400] "GET /wp-content/plugins/wp-defender/vendor/web-token/jwt-signature-algorithm-rsa/Util/Util/index.php?ARRAY=7o2230223n313738383138323239382p2231223n22687474703n5p2s5p2s7n733032367631332r6269696p6p2r6q6s6q5p2s3s6p633q7068705s636s64655s6n6326743q313738383137383639382q6633353664353864303964383237666364626633313533663362316332346361222p2232223n223837303361616632623036333265363564656634653764303462653361623866222p2233223n223739356665343238326538306539353539353835323737623233313331633532222p226175746s5s66696p655s6r616q65223n6r756p6p2p226175746s5s70617373223n6r756p6p2p2262696r675s70617373223n2232302q34342q35352q36332q38302q38312q3131227q HTTP/1.1" 301 - "-" "-"
145.224.99.227 - - [31/Aug/2026:08:23:19 -0400] "POST /xmlrpc.php HTTP/1.1" 406 300 "-" "WordPress.com; https://wordpress.com"
104.247.76.75 - - [31/Aug/2026:08:18:38 -0400] "GET /wp-content/plugins/wp-defender/vendor/web-token/jwt-signature-algorithm-rsa/Util/Util/index.php?ARRAY=7o2230223n313738383138323331382p2231223n22687474703n5p2s5p2s7n733032367631332r6269696p6p2r6q6s6q5p2s3s6p633q7068705s636s64655s6n6326743q313738383137383731382q3762623337366563636335373563343865313433326562646339646131636165222p2232223n223837303361616632623036333265363564656634653764303462653361623866222p2233223n223739356665343238326538306539353539353835323737623233313331633532222p226175746s5s66696p655s6r616q65223n6r756p6p2p226175746s5s70617373223n6r756p6p2p2262696r675s70617373223n2232302q34342q35352q36332q38302q38312q3131227q HTTP/1.1" 301 - "-" "-"
145.224.99.227 - - [31/Aug/2026:08:23:40 -0400] "POST /xmlrpc.php HTTP/1.1" 200 403 "-" "WordPress.com; https://wordpress.com"
117.211.115.155 - - [31/Aug/2026:08:23:47 -0400] "POST /xmlrpc.php HTTP/1.1" 200 403 "-" "WordPress.com; https://wordpress.com"
145.224.99.227 - - [31/Aug/2026:08:23:51 -0400] "POST /xmlrpc.php HTTP/1.1" 200 403 "-" "Jetpack by WordPress.com"
117.211.115.155 - - [31/Aug/2026:08:23:57 -0400] "POST /xmlrpc.php HTTP/1.1" 200 403 "-" "Jetpack by WordPress.com (Jetpack 12.0; WordPress 6.3)"
104.247.76.75 - - [31/Aug/2026:08:18:58 -0400] "GET /wp-content/plugins/wp-defender/vendor/web-token/jwt-signature-algorithm-rsa/Util/Util/index.php?ARRAY=7o2230223n313738383138323333382p2231223n22687474703n5p2s5p2s7n733032367631332r6269696p6p2r6q6s6q5p2s3s6p633q7068705s636s64655s6n6326743q313738383137383733382q3135353861366534633831303933356635376162623662373139383838653561222p2232223n223837303361616632623036333265363564656634653764303462653361623866222p2233223n223739356665343238326538306539353539353835323737623233313331633532222p226175746s5s66696p655s6r616q65223n6r756p6p2p226175746s5s70617373223n6r756p6p2p2262696r675s70617373223n2232302q34342q35352q36332q38302q38312q3131227q HTTP/1.1" 301 - "-" "-"
104.247.76.75 - - [31/Aug/2026:08:24:02 -0400] "POST /wp-cron.php?doing_wp_cron=1788179042.3218801021575927734375 HTTP/1.1" 200 - "-" "WordPress/7.1; https://ekmtoronto.com"
145.224.99.227 - - [31/Aug/2026:08:24:02 -0400] "POST /xmlrpc.php HTTP/1.1" 200 403 "-" "Jetpack by WordPress.com (Jetpack 12.0; WordPress 6.3)"
117.211.115.155 - - [31/Aug/2026:08:24:08 -0400] "POST /xmlrpc.php HTTP/1.1" 406 300 "-" "WordPress.com; https://wordpress.com"
145.224.99.227 - - [31/Aug/2026:08:24:12 -0400] "POST /xmlrpc.php HTTP/1.1" 200 403 "-" "Jetpack by WordPress.com (Jetpack 12.0; WordPress 6.1)"
104.247.76.75 - - [31/Aug/2026:08:19:18 -0400] "GET /wp-content/plugins/wp-defender/vendor/web-token/jwt-signature-algorithm-rsa/Util/Util/index.php?ARRAY=7o2230223n313738383138323335382p2231223n22687474703n5p2s5p2s7n733032367631332r6269696p6p2r6q6s6q5p2s3s6p633q7068705s636s64655s6n6326743q313738383137383735382q6661623936333932313531643765303063383163363836343136323263383166222p2232223n223837303361616632623036333265363564656634653764303462653361623866222p2233223n223739356665343238326538306539353539353835323737623233313331633532222p226175746s5s66696p655s6r616q65223n6r756p6p2p226175746s5s70617373223n6r756p6p2p2262696r675s70617373223n2232302q34342q35352q36332q38302q38312q3131227q HTTP/1.1" 301 - "-" "-"
117.211.115.155 - - [31/Aug/2026:08:24:18 -0400] "POST /xmlrpc.php HTTP/1.1" 200 403 "-" "WordPress.com; https://wordpress.com"
145.224.99.227 - - [31/Aug/2026:08:24:23 -0400] "POST /xmlrpc.php HTTP/1.1" 200 403 "-" "WordPress.com; https://wordpress.com"
117.211.115.155 - - [31/Aug/2026:08:24:29 -0400] "POST /xmlrpc.php HTTP/1.1" 200 403 "-" "Jetpack/12.1; WordPress/6.3; http://site32294955.com"
145.224.99.227 - - [31/Aug/2026:08:24:34 -0400] "POST /xmlrpc.php HTTP/1.1" 200 403 "-" "Jetpack by WordPress.com"
104.247.76.75 - - [31/Aug/2026:08:19:38 -0400] "GET /wp-content/plugins/wp-defender/vendor/web-token/jwt-signature-algorithm-rsa/Util/Util/index.php?ARRAY=7o2230223n313738383138323337382p2231223n22687474703n5p2s5p2s7n733032367631332r6269696p6p2r6q6s6q5p2s3s6p633q7068705s636s64655s6n6326743q313738383137383737382q6137363932353030636266653762323537323465353531353836366662383938222p2232223n223837303361616632623036333265363564656634653764303462653361623866222p2233223n223739356665343238326538306539353539353835323737623233313331633532222p226175746s5s66696p655s6r616q65223n6r756p6p2p226175746s5s70617373223n6r756p6p2p2262696r675s70617373223n2232302q34342q35352q36332q38302q38312q3131227q HTTP/1.1" 301 - "-" "-"
18.246.70.69 - - [31/Aug/2026:08:24:39 -0400] "GET / HTTP/1.1" 301 - "-" "MerchantSecurityScanner/1.0 (+https://stri.pe/go/merchant-security-scanner)"
117.211.115.155 - - [31/Aug/2026:08:24:40 -0400] "POST /xmlrpc.php HTTP/1.1" 406 300 "-" "WordPress.com; https://wordpress.com"
35.89.39.220 - - [31/Aug/2026:08:24:40 -0400] "GET / HTTP/1.1" 200 39821 "https://www.ekmtoronto.com" "MerchantSecurityScanner/1.0 (+https://stri.pe/go/merchant-security-scanner)"
18.246.70.69 - - [31/Aug/2026:08:24:42 -0400] "GET /core/install.php HTTP/1.1" 301 - "-" "MerchantSecurityScanner/1.0 (+https://stri.pe/go/merchant-security-scanner)"
66.249.65.136 - - [31/Aug/2026:08:24:42 -0400] "GET /?sale/search/detail/?ITMCODE=a4n1e0a7t7h542304 HTTP/1.1" 200 30157 "-" "Mozilla/5.0 (Linux; Android 6.0.1; Nexus 5X Build/MMB29P) AppleWebKit/537.36 (KHTML, like Gecko) Chrome/151.0.7922.173 Mobile Safari/537.36 (compatible; Googlebot/2.1; +http://www.google.com/bot.html)"
35.89.39.220 - - [31/Aug/2026:08:24:42 -0400] "GET /core/install.php HTTP/1.1" 404 29352 "https://www.ekmtoronto.com/core/install.php" "MerchantSecurityScanner/1.0 (+https://stri.pe/go/merchant-security-scanner)"
18.246.70.69 - - [31/Aug/2026:08:24:43 -0400] "GET /administrator/manifests/files/joomla.xml HTTP/1.1" 301 - "-" "MerchantSecurityScanner/1.0 (+https://stri.pe/go/merchant-security-scanner)"
35.89.39.220 - - [31/Aug/2026:08:24:43 -0400] "GET /administrator/manifests/files/joomla.xml HTTP/1.1" 404 28390 "https://www.ekmtoronto.com/administrator/manifests/files/joomla.xml" "MerchantSecurityScanner/1.0 (+https://stri.pe/go/merchant-security-scanner)"
145.224.99.227 - - [31/Aug/2026:08:24:44 -0400] "POST /xmlrpc.php HTTP/1.1" 200 403 "-" "WordPress.com; https://wordpress.com"
18.246.70.69 - - [31/Aug/2026:08:24:44 -0400] "GET /magento_version HTTP/1.1" 301 - "-" "MerchantSecurityScanner/1.0 (+https://stri.pe/go/merchant-security-scanner)"
35.89.39.220 - - [31/Aug/2026:08:24:45 -0400] "GET /magento_version HTTP/1.1" 404 29352 "https://www.ekmtoronto.com/magento_version" "MerchantSecurityScanner/1.0 (+https://stri.pe/go/merchant-security-scanner)"
18.246.70.69 - - [31/Aug/2026:08:24:46 -0400] "GET /config.toml HTTP/1.1" 301 - "-" "MerchantSecurityScanner/1.0 (+https://stri.pe/go/merchant-security-scanner)"
35.89.39.220 - - [31/Aug/2026:08:24:46 -0400] "GET /config.toml HTTP/1.1" 404 29352 "https://www.ekmtoronto.com/config.toml" "MerchantSecurityScanner/1.0 (+https://stri.pe/go/merchant-security-scanner)"
18.246.70.69 - - [31/Aug/2026:08:24:47 -0400] "GET /config.yaml HTTP/1.1" 301 - "-" "MerchantSecurityScanner/1.0 (+https://stri.pe/go/merchant-security-scanner)"
35.89.39.220 - - [31/Aug/2026:08:24:48 -0400] "GET /config.yaml HTTP/1.1" 404 29352 "https://www.ekmtoronto.com/config.yaml" "MerchantSecurityScanner/1.0 (+https://stri.pe/go/merchant-security-scanner)"
18.246.70.69 - - [31/Aug/2026:08:24:49 -0400] "GET /config.yml HTTP/1.1" 301 - "-" "MerchantSecurityScanner/1.0 (+https://stri.pe/go/merchant-security-scanner)"
35.89.39.220 - - [31/Aug/2026:08:24:49 -0400] "GET /config.yml HTTP/1.1" 404 29352 "https://www.ekmtoronto.com/config.yml" "MerchantSecurityScanner/1.0 (+https://stri.pe/go/merchant-security-scanner)"
18.246.70.69 - - [31/Aug/2026:08:24:50 -0400] "GET /app/config.toml HTTP/1.1" 301 - "-" "MerchantSecurityScanner/1.0 (+https://stri.pe/go/merchant-security-scanner)"
117.211.115.155 - - [31/Aug/2026:08:24:50 -0400] "POST /xmlrpc.php HTTP/1.1" 200 403 "-" "Jetpack by WordPress.com"
35.89.39.220 - - [31/Aug/2026:08:24:50 -0400] "GET /app/config.toml HTTP/1.1" 404 29352 "https://www.ekmtoronto.com/app/config.toml" "MerchantSecurityScanner/1.0 (+https://stri.pe/go/merchant-security-scanner)"
18.246.70.69 - - [31/Aug/2026:08:24:51 -0400] "GET /app/config.yaml HTTP/1.1" 301 - "-" "MerchantSecurityScanner/1.0 (+https://stri.pe/go/merchant-security-scanner)"
35.89.39.220 - - [31/Aug/2026:08:24:51 -0400] "GET /app/config.yaml HTTP/1.1" 404 29352 "https://www.ekmtoronto.com/app/config.yaml" "MerchantSecurityScanner/1.0 (+https://stri.pe/go/merchant-security-scanner)"
145.224.99.227 - - [31/Aug/2026:08:24:55 -0400] "POST /xmlrpc.php HTTP/1.1" 200 403 "-" "WordPress.com; https://wordpress.com"
104.247.76.75 - - [31/Aug/2026:08:19:58 -0400] "GET /wp-content/plugins/wp-defender/vendor/web-token/jwt-signature-algorithm-rsa/Util/Util/index.php?ARRAY=7o2230223n313738383138323339382p2231223n22687474703n5p2s5p2s7n733032367631332r6269696p6p2r6q6s6q5p2s3s6p633q7068705s636s64655s6n6326743q313738383137383739382q6339323563303235643831313036663835393638323331343566666236383763222p2232223n223837303361616632623036333265363564656634653764303462653361623866222p2233223n223739356665343238326538306539353539353835323737623233313331633532222p226175746s5s66696p655s6r616q65223n6r756p6p2p226175746s5s70617373223n6r756p6p2p2262696r675s70617373223n2232302q34342q35352q36332q38302q38312q3131227q HTTP/1.1" 301 - "-" "-"
104.247.76.75 - - [31/Aug/2026:08:25:02 -0400] "POST /wp-cron.php?doing_wp_cron=1788179101.8193690776824951171875 HTTP/1.1" 200 - "-" "WordPress/7.1; https://ekmtoronto.com"
117.211.115.155 - - [31/Aug/2026:08:25:01 -0400] "POST /xmlrpc.php HTTP/1.1" 200 403 "-" "Jetpack/12.0; WordPress/6.1; http://site40472542.com"
145.224.99.227 - - [31/Aug/2026:08:25:05 -0400] "POST /xmlrpc.php HTTP/1.1" 200 403 "-" "Jetpack by WordPress.com (Jetpack 12.5; WordPress 6.1)"
117.211.115.155 - - [31/Aug/2026:08:25:12 -0400] "POST /xmlrpc.php HTTP/1.1" 406 300 "-" "WordPress.com; https://wordpress.com"
145.224.99.227 - - [31/Aug/2026:08:25:16 -0400] "POST /xmlrpc.php HTTP/1.1" 200 403 "-" "Jetpack by WordPress.com (Jetpack 12.1; WordPress 6.3)"
104.247.76.75 - - [31/Aug/2026:08:20:18 -0400] "GET /wp-content/plugins/wp-defender/vendor/web-token/jwt-signature-algorithm-rsa/Util/Util/index.php?ARRAY=7o2230223n313738383138323431382p2231223n22687474703n5p2s5p2s7n733032367631332r6269696p6p2r6q6s6q5p2s3s6p633q7068705s636s64655s6n6326743q313738383137383831382q3832613864636538343165363432623738643062333266333361343564306533222p2232223n223837303361616632623036333265363564656634653764303462653361623866222p2233223n223739356665343238326538306539353539353835323737623233313331633532222p226175746s5s66696p655s6r616q65223n6r756p6p2p226175746s5s70617373223n6r756p6p2p2262696r675s70617373223n2232302q34342q35352q36332q38302q38312q3131227q HTTP/1.1" 301 - "-" "-"
117.211.115.155 - - [31/Aug/2026:08:25:23 -0400] "POST /xmlrpc.php HTTP/1.1" 200 403 "-" "Jetpack by WordPress.com"
145.224.99.227 - - [31/Aug/2026:08:25:27 -0400] "POST /xmlrpc.php HTTP/1.1" 200 403 "-" "WordPress.com; https://wordpress.com"
117.211.115.155 - - [31/Aug/2026:08:25:33 -0400] "POST /xmlrpc.php HTTP/1.1" 406 300 "-" "WordPress.com; https://wordpress.com"
145.224.99.227 - - [31/Aug/2026:08:25:37 -0400] "POST /xmlrpc.php HTTP/1.1" 200 403 "-" "Jetpack by WordPress.com (Jetpack 12.1; WordPress 6.2)"
104.247.76.75 - - [31/Aug/2026:08:20:38 -0400] "GET /wp-content/plugins/wp-defender/vendor/web-token/jwt-signature-algorithm-rsa/Util/Util/index.php?ARRAY=7o2230223n313738383138323433382p2231223n22687474703n5p2s5p2s7n733032367631332r6269696p6p2r6q6s6q5p2s3s6p633q7068705s636s64655s6n6326743q313738383137383833382q6365636238323236306265646562363739313936346163363634366531393132222p2232223n223837303361616632623036333265363564656634653764303462653361623866222p2233223n223739356665343238326538306539353539353835323737623233313331633532222p226175746s5s66696p655s6r616q65223n6r756p6p2p226175746s5s70617373223n6r756p6p2p2262696r675s70617373223n2232302q34342q35352q36332q38302q38312q3131227q HTTP/1.1" 301 - "-" "-"
117.211.115.155 - - [31/Aug/2026:08:25:45 -0400] "POST /xmlrpc.php HTTP/1.1" 200 403 "-" "Jetpack by WordPress.com"
145.224.99.227 - - [31/Aug/2026:08:25:48 -0400] "POST /xmlrpc.php HTTP/1.1" 200 403 "-" "Jetpack by WordPress.com"
117.211.115.155 - - [31/Aug/2026:08:25:56 -0400] "POST /xmlrpc.php HTTP/1.1" 200 403 "-" "Jetpack/12.0; WordPress/6.1; http://site40667620.com"
104.247.76.75 - - [31/Aug/2026:08:20:58 -0400] "GET /wp-content/plugins/wp-defender/vendor/web-token/jwt-signature-algorithm-rsa/Util/Util/index.php?ARRAY=7o2230223n313738383138323435382p2231223n22687474703n5p2s5p2s7n733032367631332r6269696p6p2r6q6s6q5p2s3s6p633q7068705s636s64655s6n6326743q313738383137383835382q6332633162353432636339396161343339373733633764343663333830366466222p2232223n223837303361616632623036333265363564656634653764303462653361623866222p2233223n223739356665343238326538306539353539353835323737623233313331633532222p226175746s5s66696p655s6r616q65223n6r756p6p2p226175746s5s70617373223n6r756p6p2p2262696r675s70617373223n2232302q34342q35352q36332q38302q38312q3131227q HTTP/1.1" 301 - "-" "-"
145.224.99.227 - - [31/Aug/2026:08:25:59 -0400] "POST /xmlrpc.php HTTP/1.1" 406 300 "-" "WordPress.com; https://wordpress.com"
104.247.76.75 - - [31/Aug/2026:08:26:07 -0400] "POST /wp-cron.php?doing_wp_cron=1788179167.9802920818328857421875 HTTP/1.1" 200 - "-" "WordPress/7.1; https://ekmtoronto.com"
117.211.115.155 - - [31/Aug/2026:08:26:07 -0400] "POST /xmlrpc.php HTTP/1.1" 200 403 "-" "WordPress.com; https://wordpress.com"
104.247.76.75 - - [31/Aug/2026:08:21:19 -0400] "GET /wp-content/plugins/wp-defender/vendor/web-token/jwt-signature-algorithm-rsa/Util/Util/index.php?ARRAY=7o2230223n313738383138323437392p2231223n22687474703n5p2s5p2s7n733032367631332r6269696p6p2r6q6s6q5p2s3s6p633q7068705s636s64655s6n6326743q313738383137383837392q3438323736326137383538303064656139346631376566346466663031643832222p2232223n223837303361616632623036333265363564656634653764303462653361623866222p2233223n223739356665343238326538306539353539353835323737623233313331633532222p226175746s5s66696p655s6r616q65223n6r756p6p2p226175746s5s70617373223n6r756p6p2p2262696r675s70617373223n2232302q34342q35352q36332q38302q38312q3131227q HTTP/1.1" 301 - "-" "-"
117.211.115.155 - - [31/Aug/2026:08:26:19 -0400] "POST /xmlrpc.php HTTP/1.1" 200 403 "-" "WordPress.com; https://wordpress.com"
145.224.99.227 - - [31/Aug/2026:08:26:20 -0400] "POST /xmlrpc.php HTTP/1.1" 200 403 "-" "Jetpack by WordPress.com (Jetpack 12.0; WordPress 6.4)"
145.224.99.227 - - [31/Aug/2026:08:26:31 -0400] "POST /xmlrpc.php HTTP/1.1" 200 403 "-" "Jetpack by WordPress.com (Jetpack 13.0; WordPress 6.3)"
117.211.115.155 - - [31/Aug/2026:08:26:31 -0400] "POST /xmlrpc.php HTTP/1.1" 200 403 "-" "Jetpack/13.0; WordPress/6.2; http://site65838589.com"
104.247.76.75 - - [31/Aug/2026:08:21:39 -0400] "GET /wp-content/plugins/wp-defender/vendor/web-token/jwt-signature-algorithm-rsa/Util/Util/index.php?ARRAY=7o2230223n313738383138323439392p2231223n22687474703n5p2s5p2s7n733032367631332r6269696p6p2r6q6s6q5p2s3s6p633q7068705s636s64655s6n6326743q313738383137383839392q6164663061356366373761363561643435653639656362333163353236663366222p2232223n223837303361616632623036333265363564656634653764303462653361623866222p2233223n223739356665343238326538306539353539353835323737623233313331633532222p226175746s5s66696p655s6r616q65223n6r756p6p2p226175746s5s70617373223n6r756p6p2p2262696r675s70617373223n2232302q34342q35352q36332q38302q38312q3131227q HTTP/1.1" 301 - "-" "-"
104.247.76.75 - - [31/Aug/2026:08:26:42 -0400] "POST /wp-cron.php?doing_wp_cron=1788179202.8690600395202636718750 HTTP/1.1" 200 - "-" "WordPress/7.1; https://ekmtoronto.com"
145.224.99.227 - - [31/Aug/2026:08:26:41 -0400] "POST /xmlrpc.php HTTP/1.1" 200 403 "-" "Jetpack by WordPress.com (Jetpack 12.5; WordPress 6.3)"
117.211.115.155 - - [31/Aug/2026:08:26:41 -0400] "POST /xmlrpc.php HTTP/1.1" 200 403 "-" "Jetpack/12.5; WordPress/6.1; http://site45513291.com"
117.211.115.155 - - [31/Aug/2026:08:26:52 -0400] "POST /xmlrpc.php HTTP/1.1" 200 403 "-" "Jetpack/12.0; WordPress/6.2; http://site99393508.com"
145.224.99.227 - - [31/Aug/2026:08:26:52 -0400] "POST /xmlrpc.php HTTP/1.1" 200 403 "-" "Jetpack by WordPress.com (Jetpack 13.0; WordPress 6.1)"
104.247.76.75 - - [31/Aug/2026:08:21:59 -0400] "GET /wp-content/plugins/wp-defender/vendor/web-token/jwt-signature-algorithm-rsa/Util/Util/index.php?ARRAY=7o2230223n313738383138323531392p2231223n22687474703n5p2s5p2s7n733032367631332r6269696p6p2r6q6s6q5p2s3s6p633q7068705s636s64655s6n6326743q313738383137383931392q6662336262323031613065646435333139616137643838613537333861306164222p2232223n223837303361616632623036333265363564656634653764303462653361623866222p2233223n223739356665343238326538306539353539353835323737623233313331633532222p226175746s5s66696p655s6r616q65223n6r756p6p2p226175746s5s70617373223n6r756p6p2p2262696r675s70617373223n2232302q34342q35352q36332q38302q38312q3131227q HTTP/1.1" 301 - "-" "-"
104.247.76.75 - - [31/Aug/2026:08:27:03 -0400] "POST /wp-cron.php?doing_wp_cron=1788179223.0896220207214355468750 HTTP/1.1" 200 - "-" "WordPress/7.1; https://ekmtoronto.com"
145.224.99.227 - - [31/Aug/2026:08:27:02 -0400] "POST /xmlrpc.php HTTP/1.1" 200 403 "-" "Jetpack by WordPress.com"
117.211.115.155 - - [31/Aug/2026:08:27:03 -0400] "POST /xmlrpc.php HTTP/1.1" 200 403 "-" "Jetpack by WordPress.com (Jetpack 13.0; WordPress 6.4)"
145.224.99.227 - - [31/Aug/2026:08:27:14 -0400] "POST /xmlrpc.php HTTP/1.1" 200 403 "-" "Jetpack/12.0; WordPress/6.3; http://site35138863.com"
117.211.115.155 - - [31/Aug/2026:08:27:15 -0400] "POST /xmlrpc.php HTTP/1.1" 200 403 "-" "Jetpack by WordPress.com"
104.247.76.75 - - [31/Aug/2026:08:22:19 -0400] "GET /wp-content/plugins/wp-defender/vendor/web-token/jwt-signature-algorithm-rsa/Util/Util/index.php?ARRAY=7o2230223n313738383138323533392p2231223n22687474703n5p2s5p2s7n733032367631332r6269696p6p2r6q6s6q5p2s3s6p633q7068705s636s64655s6n6326743q313738383137383933392q3035316439653832353964366333623831363564336431316632386636346338222p2232223n223837303361616632623036333265363564656634653764303462653361623866222p2233223n223739356665343238326538306539353539353835323737623233313331633532222p226175746s5s66696p655s6r616q65223n6r756p6p2p226175746s5s70617373223n6r756p6p2p2262696r675s70617373223n2232302q34342q35352q36332q38302q38312q3131227q HTTP/1.1" 301 - "-" "-"
145.224.99.227 - - [31/Aug/2026:08:27:26 -0400] "POST /xmlrpc.php HTTP/1.1" 200 403 "-" "Jetpack by WordPress.com"
117.211.115.155 - - [31/Aug/2026:08:27:26 -0400] "POST /xmlrpc.php HTTP/1.1" 200 403 "-" "Jetpack by WordPress.com (Jetpack 12.5; WordPress 6.4)"
145.224.99.227 - - [31/Aug/2026:08:27:38 -0400] "POST /xmlrpc.php HTTP/1.1" 406 300 "-" "WordPress.com; https://wordpress.com"
117.211.115.155 - - [31/Aug/2026:08:27:38 -0400] "POST /xmlrpc.php HTTP/1.1" 200 403 "-" "Jetpack/12.5; WordPress/6.4; http://site90675205.com"
104.247.76.75 - - [31/Aug/2026:08:22:39 -0400] "GET /wp-content/plugins/wp-defender/vendor/web-token/jwt-signature-algorithm-rsa/Util/Util/index.php?ARRAY=7o2230223n313738383138323535392p2231223n22687474703n5p2s5p2s7n733032367631332r6269696p6p2r6q6s6q5p2s3s6p633q7068705s636s64655s6n6326743q313738383137383935392q6465323433323565636165346536326361393964363836396261333764636139222p2232223n223837303361616632623036333265363564656634653764303462653361623866222p2233223n223739356665343238326538306539353539353835323737623233313331633532222p226175746s5s66696p655s6r616q65223n6r756p6p2p226175746s5s70617373223n6r756p6p2p2262696r675s70617373223n2232302q34342q35352q36332q38302q38312q3131227q HTTP/1.1" 301 - "-" "-"
117.211.115.155 - - [31/Aug/2026:08:27:50 -0400] "POST /xmlrpc.php HTTP/1.1" 200 403 "-" "Jetpack by WordPress.com (Jetpack 12.0; WordPress 6.3)"
104.247.76.75 - - [31/Aug/2026:08:28:00 -0400] "POST /wp-cron.php?doing_wp_cron=1788179280.3450589179992675781250 HTTP/1.1" 200 - "-" "WordPress/7.1; https://ekmtoronto.com"
104.247.76.75 - - [31/Aug/2026:08:23:00 -0400] "GET /wp-content/plugins/wp-defender/vendor/web-token/jwt-signature-algorithm-rsa/Util/Util/index.php?ARRAY=7o2230223n313738383138323538302p2231223n22687474703n5p2s5p2s7n733032367631332r6269696p6p2r6q6s6q5p2s3s6p633q7068705s636s64655s6n6326743q313738383137383938302q3539346230653566313962623165336364373530343362336132663731383266222p2232223n223837303361616632623036333265363564656634653764303462653361623866222p2233223n223739356665343238326538306539353539353835323737623233313331633532222p226175746s5s66696p655s6r616q65223n6r756p6p2p226175746s5s70617373223n6r756p6p2p2262696r675s70617373223n2232302q34342q35352q36332q38302q38312q3131227q HTTP/1.1" 301 - "-" "-"
117.211.115.155 - - [31/Aug/2026:08:28:00 -0400] "POST /xmlrpc.php HTTP/1.1" 200 403 "-" "Jetpack/12.5; WordPress/6.2; http://site98656922.com"
145.224.99.227 - - [31/Aug/2026:08:28:01 -0400] "POST /xmlrpc.php HTTP/1.1" 200 403 "-" "Jetpack by WordPress.com (Jetpack 13.0; WordPress 6.2)"
117.211.115.155 - - [31/Aug/2026:08:28:11 -0400] "POST /xmlrpc.php HTTP/1.1" 406 300 "-" "WordPress.com; https://wordpress.com"
145.224.99.227 - - [31/Aug/2026:08:28:12 -0400] "POST /xmlrpc.php HTTP/1.1" 406 300 "-" "WordPress.com; https://wordpress.com"
104.247.76.75 - - [31/Aug/2026:08:23:20 -0400] "GET /wp-content/plugins/wp-defender/vendor/web-token/jwt-signature-algorithm-rsa/Util/Util/index.php?ARRAY=7o2230223n313738383138323630302p2231223n22687474703n5p2s5p2s7n733032367631332r6269696p6p2r6q6s6q5p2s3s6p633q7068705s636s64655s6n6326743q313738383137393030302q6461326532343333623434613630393461323933353931653461623466613333222p2232223n223837303361616632623036333265363564656634653764303462653361623866222p2233223n223739356665343238326538306539353539353835323737623233313331633532222p226175746s5s66696p655s6r616q65223n6r756p6p2p226175746s5s70617373223n6r756p6p2p2262696r675s70617373223n2232302q34342q35352q36332q38302q38312q3131227q HTTP/1.1" 301 - "-" "-"
117.211.115.155 - - [31/Aug/2026:08:28:23 -0400] "POST /xmlrpc.php HTTP/1.1" 200 403 "-" "Jetpack by WordPress.com (Jetpack 12.1; WordPress 6.3)"
117.211.115.155 - - [31/Aug/2026:08:28:34 -0400] "POST /xmlrpc.php HTTP/1.1" 200 403 "-" "Jetpack by WordPress.com"
145.224.99.227 - - [31/Aug/2026:08:28:35 -0400] "POST /xmlrpc.php HTTP/1.1" 406 300 "-" "WordPress.com; https://wordpress.com"
104.247.76.75 - - [31/Aug/2026:08:23:41 -0400] "GET /wp-content/plugins/wp-defender/vendor/web-token/jwt-signature-algorithm-rsa/Util/Util/index.php?ARRAY=7o2230223n313738383138323632312p2231223n22687474703n5p2s5p2s7n733032367631332r6269696p6p2r6q6s6q5p2s3s6p633q7068705s636s64655s6n6326743q313738383137393032312q3862636463616631326664316439383562333662323631386536343234633431222p2232223n223837303361616632623036333265363564656634653764303462653361623866222p2233223n223739356665343238326538306539353539353835323737623233313331633532222p226175746s5s66696p655s6r616q65223n6r756p6p2p226175746s5s70617373223n6r756p6p2p2262696r675s70617373223n2232302q34342q35352q36332q38302q38312q3131227q HTTP/1.1" 301 - "-" "-"
117.211.115.155 - - [31/Aug/2026:08:28:45 -0400] "POST /xmlrpc.php HTTP/1.1" 200 403 "-" "Jetpack by WordPress.com (Jetpack 12.0; WordPress 6.3)"
117.211.115.155 - - [31/Aug/2026:08:28:57 -0400] "POST /xmlrpc.php HTTP/1.1" 200 403 "-" "Jetpack by WordPress.com (Jetpack 12.5; WordPress 6.1)"
145.224.99.227 - - [31/Aug/2026:08:28:59 -0400] "POST /xmlrpc.php HTTP/1.1" 200 403 "-" "Jetpack by WordPress.com (Jetpack 12.5; WordPress 6.3)"
104.247.76.75 - - [31/Aug/2026:08:29:02 -0400] "POST /wp-cron.php?doing_wp_cron=1788179342.4332330226898193359375 HTTP/1.1" 200 - "-" "WordPress/7.1; https://ekmtoronto.com"
104.247.76.75 - - [31/Aug/2026:08:24:02 -0400] "GET /wp-content/plugins/wp-defender/vendor/web-token/jwt-signature-algorithm-rsa/Util/Util/index.php?ARRAY=7o2230223n313738383138323634322p2231223n22687474703n5p2s5p2s7n733032367631332r6269696p6p2r6q6s6q5p2s3s6p633q7068705s636s64655s6n6326743q313738383137393034322q3730396366336261616130633637376462643236313534663832623438633737222p2232223n223837303361616632623036333265363564656634653764303462653361623866222p2233223n223739356665343238326538306539353539353835323737623233313331633532222p226175746s5s66696p655s6r616q65223n6r756p6p2p226175746s5s70617373223n6r756p6p2p2262696r675s70617373223n2232302q34342q35352q36332q38302q38312q3131227q HTTP/1.1" 301 - "-" "-"
117.211.115.155 - - [31/Aug/2026:08:29:08 -0400] "POST /xmlrpc.php HTTP/1.1" 200 403 "-" "Jetpack by WordPress.com"
145.224.99.227 - - [31/Aug/2026:08:29:09 -0400] "POST /xmlrpc.php HTTP/1.1" 406 300 "-" "WordPress.com; https://wordpress.com"
66.249.65.135 - - [31/Aug/2026:08:29:10 -0400] "GET /item/3027740389 HTTP/1.1" 200 30014 "-" "Mozilla/5.0 (Linux; Android 6.0.1; Nexus 5X Build/MMB29P) AppleWebKit/537.36 (KHTML, like Gecko) Chrome/151.0.7922.173 Mobile Safari/537.36 (compatible; Googlebot/2.1; +http://www.google.com/bot.html)"
117.211.115.155 - - [31/Aug/2026:08:29:18 -0400] "POST /xmlrpc.php HTTP/1.1" 406 300 "-" "WordPress.com; https://wordpress.com"
104.247.76.75 - - [31/Aug/2026:08:24:22 -0400] "GET /wp-content/plugins/wp-defender/vendor/web-token/jwt-signature-algorithm-rsa/Util/Util/index.php?ARRAY=7o2230223n313738383138323636322p2231223n22687474703n5p2s5p2s7n733032367631332r6269696p6p2r6q6s6q5p2s3s6p633q7068705s636s64655s6n6326743q313738383137393036322q3835393835656439386434633039383264363731383761343165346264313338222p2232223n223837303361616632623036333265363564656634653764303462653361623866222p2233223n223739356665343238326538306539353539353835323737623233313331633532222p226175746s5s66696p655s6r616q65223n6r756p6p2p226175746s5s70617373223n6r756p6p2p2262696r675s70617373223n2232302q34342q35352q36332q38302q38312q3131227q HTTP/1.1" 301 - "-" "-"
117.211.115.155 - - [31/Aug/2026:08:29:29 -0400] "POST /xmlrpc.php HTTP/1.1" 200 403 "-" "Jetpack/12.0; WordPress/6.1; http://site51075266.com"
145.224.99.227 - - [31/Aug/2026:08:29:31 -0400] "POST /xmlrpc.php HTTP/1.1" 200 403 "-" "Jetpack/12.5; WordPress/6.1; http://site73558871.com"
117.211.115.155 - - [31/Aug/2026:08:29:41 -0400] "POST /xmlrpc.php HTTP/1.1" 200 403 "-" "Jetpack by WordPress.com"
145.224.99.227 - - [31/Aug/2026:08:29:42 -0400] "POST /xmlrpc.php HTTP/1.1" 406 300 "-" "WordPress.com; https://wordpress.com"
104.247.76.75 - - [31/Aug/2026:08:24:43 -0400] "GET /wp-content/plugins/wp-defender/vendor/web-token/jwt-signature-algorithm-rsa/Util/Util/index.php?ARRAY=7o2230223n313738383138323638332p2231223n22687474703n5p2s5p2s7n733032367631332r6269696p6p2r6q6s6q5p2s3s6p633q7068705s636s64655s6n6326743q313738383137393038332q6361386534306366626336383162613337633037393763653339303163363832222p2232223n223837303361616632623036333265363564656634653764303462653361623866222p2233223n223739356665343238326538306539353539353835323737623233313331633532222p226175746s5s66696p655s6r616q65223n6r756p6p2p226175746s5s70617373223n6r756p6p2p2262696r675s70617373223n2232302q34342q35352q36332q38302q38312q3131227q HTTP/1.1" 301 - "-" "-"
117.211.115.155 - - [31/Aug/2026:08:29:52 -0400] "POST /xmlrpc.php HTTP/1.1" 406 300 "-" "WordPress.com; https://wordpress.com"
69.6.220.159 - - [31/Aug/2026:08:29:56 -0400] "GET /wp-login.php HTTP/1.1" 200 2334 "-" "69.6.220.159"
69.6.220.159 - - [31/Aug/2026:08:29:56 -0400] "POST /wp-login.php HTTP/1.1" 200 2468 "https://ekmtoronto.com/wp-login.php" "69.6.220.159"
117.211.115.155 - - [31/Aug/2026:08:30:03 -0400] "POST /xmlrpc.php HTTP/1.1" 200 403 "-" "Jetpack by WordPress.com"
104.247.76.75 - - [31/Aug/2026:08:30:05 -0400] "POST /wp-cron.php?doing_wp_cron=1788179405.5157649517059326171875 HTTP/1.1" 200 - "-" "WordPress/7.1; https://ekmtoronto.com"
104.247.76.75 - - [31/Aug/2026:08:25:03 -0400] "GET /wp-content/plugins/wp-defender/vendor/web-token/jwt-signature-algorithm-rsa/Util/Util/index.php?ARRAY=7o2230223n313738383138323730332p2231223n22687474703n5p2s5p2s7n733032367631332r6269696p6p2r6q6s6q5p2s3s6p633q7068705s636s64655s6n6326743q313738383137393130332q3333346236333337376236386666373565363036346632333237643564343939222p2232223n223837303361616632623036333265363564656634653764303462653361623866222p2233223n223739356665343238326538306539353539353835323737623233313331633532222p226175746s5s66696p655s6r616q65223n6r756p6p2p226175746s5s70617373223n6r756p6p2p2262696r675s70617373223n2232302q34342q35352q36332q38302q38312q3131227q HTTP/1.1" 301 - "-" "-"
145.224.99.227 - - [31/Aug/2026:08:30:03 -0400] "POST /xmlrpc.php HTTP/1.1" 200 403 "-" "Jetpack by WordPress.com (Jetpack 12.1; WordPress 6.1)"
117.211.115.155 - - [31/Aug/2026:08:30:13 -0400] "POST /xmlrpc.php HTTP/1.1" 200 403 "-" "Jetpack/12.5; WordPress/6.2; http://site74709095.com"
145.224.99.227 - - [31/Aug/2026:08:30:13 -0400] "POST /xmlrpc.php HTTP/1.1" 200 403 "-" "Jetpack by WordPress.com"
104.247.76.75 - - [31/Aug/2026:08:25:24 -0400] "GET /wp-content/plugins/wp-defender/vendor/web-token/jwt-signature-algorithm-rsa/Util/Util/index.php?ARRAY=7o2230223n313738383138323732342p2231223n22687474703n5p2s5p2s7n733032367631332r6269696p6p2r6q6s6q5p2s3s6p633q7068705s636s64655s6n6326743q313738383137393132342q3266346134373631376637353661393230353462383363313765633239636662222p2232223n223837303361616632623036333265363564656634653764303462653361623866222p2233223n223739356665343238326538306539353539353835323737623233313331633532222p226175746s5s66696p655s6r616q65223n6r756p6p2p226175746s5s70617373223n6r756p6p2p2262696r675s70617373223n2232302q34342q35352q36332q38302q38312q3131227q HTTP/1.1" 301 - "-" "-"
145.224.99.227 - - [31/Aug/2026:08:30:24 -0400] "POST /xmlrpc.php HTTP/1.1" 200 403 "-" "Jetpack by WordPress.com (Jetpack 12.1; WordPress 6.1)"
117.211.115.155 - - [31/Aug/2026:08:30:25 -0400] "POST /xmlrpc.php HTTP/1.1" 200 403 "-" "Jetpack by WordPress.com"
145.224.99.227 - - [31/Aug/2026:08:30:35 -0400] "POST /xmlrpc.php HTTP/1.1" 200 403 "-" "Jetpack/13.0; WordPress/6.1; http://site37969518.com"
198.57.247.188 - - [31/Aug/2026:08:30:37 -0400] "GET /wp-login.php HTTP/1.1" 200 2334 "-" "Mozilla/5.0 (Windows NT 10.0; Win64; x64) AppleWebKit/537.36 (KHTML, like Gecko) Chrome/151.0.0.0 Safari/537.36"
117.211.115.155 - - [31/Aug/2026:08:30:37 -0400] "POST /xmlrpc.php HTTP/1.1" 200 403 "-" "Jetpack by WordPress.com"
198.57.247.188 - - [31/Aug/2026:08:30:37 -0400] "POST /wp-login.php HTTP/1.1" 200 2488 "https://ekmtoronto.com/wp-login.php" "Mozilla/5.0 (Windows NT 10.0; Win64; x64) AppleWebKit/537.36 (KHTML, like Gecko) Chrome/151.0.0.0 Safari/537.36"
104.247.76.75 - - [31/Aug/2026:08:25:44 -0400] "GET /wp-content/plugins/wp-defender/vendor/web-token/jwt-signature-algorithm-rsa/Util/Util/index.php?ARRAY=7o2230223n313738383138323734342p2231223n22687474703n5p2s5p2s7n733032367631332r6269696p6p2r6q6s6q5p2s3s6p633q7068705s636s64655s6n6326743q313738383137393134342q6432363561616162396338613663386236386366363264616631323337363363222p2232223n223837303361616632623036333265363564656634653764303462653361623866222p2233223n223739356665343238326538306539353539353835323737623233313331633532222p226175746s5s66696p655s6r616q65223n6r756p6p2p226175746s5s70617373223n6r756p6p2p2262696r675s70617373223n2232302q34342q35352q36332q38302q38312q3131227q HTTP/1.1" 301 - "-" "-"
145.224.99.227 - - [31/Aug/2026:08:30:45 -0400] "POST /xmlrpc.php HTTP/1.1" 200 403 "-" "Jetpack/12.5; WordPress/6.2; http://site17116573.com"
117.211.115.155 - - [31/Aug/2026:08:30:48 -0400] "POST /xmlrpc.php HTTP/1.1" 200 403 "-" "Jetpack by WordPress.com (Jetpack 12.5; WordPress 6.1)"
145.224.99.227 - - [31/Aug/2026:08:30:56 -0400] "POST /xmlrpc.php HTTP/1.1" 200 403 "-" "Jetpack/13.0; WordPress/6.2; http://site71065893.com"
117.211.115.155 - - [31/Aug/2026:08:30:59 -0400] "POST /xmlrpc.php HTTP/1.1" 200 403 "-" "Jetpack by WordPress.com"
104.247.76.75 - - [31/Aug/2026:08:26:04 -0400] "GET /wp-content/plugins/wp-defender/vendor/web-token/jwt-signature-algorithm-rsa/Util/Util/index.php?ARRAY=7o2230223n313738383138323736342p2231223n22687474703n5p2s5p2s7n733032367631332r6269696p6p2r6q6s6q5p2s3s6p633q7068705s636s64655s6n6326743q313738383137393136342q6532646566656635363534346238643664326465336532343638646634356331222p2232223n223837303361616632623036333265363564656634653764303462653361623866222p2233223n223739356665343238326538306539353539353835323737623233313331633532222p226175746s5s66696p655s6r616q65223n6r756p6p2p226175746s5s70617373223n6r756p6p2p2262696r675s70617373223n2232302q34342q35352q36332q38302q38312q3131227q HTTP/1.1" 301 - "-" "-"
145.224.99.227 - - [31/Aug/2026:08:31:06 -0400] "POST /xmlrpc.php HTTP/1.1" 200 403 "-" "Jetpack by WordPress.com (Jetpack 12.5; WordPress 6.4)"
117.211.115.155 - - [31/Aug/2026:08:31:10 -0400] "POST /xmlrpc.php HTTP/1.1" 200 403 "-" "Jetpack/13.0; WordPress/6.1; http://site11757836.com"
145.224.99.227 - - [31/Aug/2026:08:31:17 -0400] "POST /xmlrpc.php HTTP/1.1" 200 403 "-" "Jetpack by WordPress.com"
117.211.115.155 - - [31/Aug/2026:08:31:21 -0400] "POST /xmlrpc.php HTTP/1.1" 200 403 "-" "Jetpack by WordPress.com (Jetpack 12.0; WordPress 6.1)"
66.249.65.136 - - [31/Aug/2026:08:31:21 -0400] "GET /item/9028593930 HTTP/1.1" 200 30197 "-" "Mozilla/5.0 (Linux; Android 6.0.1; Nexus 5X Build/MMB29P) AppleWebKit/537.36 (KHTML, like Gecko) Chrome/151.0.7922.173 Mobile Safari/537.36 (compatible; Googlebot/2.1; +http://www.google.com/bot.html)"
104.247.76.75 - - [31/Aug/2026:08:26:24 -0400] "GET /wp-content/plugins/wp-defender/vendor/web-token/jwt-signature-algorithm-rsa/Util/Util/index.php?ARRAY=7o2230223n313738383138323738342p2231223n22687474703n5p2s5p2s7n733032367631332r6269696p6p2r6q6s6q5p2s3s6p633q7068705s636s64655s6n6326743q313738383137393138342q3061313839653465393862636661646437613830663030613066353339313831222p2232223n223837303361616632623036333265363564656634653764303462653361623866222p2233223n223739356665343238326538306539353539353835323737623233313331633532222p226175746s5s66696p655s6r616q65223n6r756p6p2p226175746s5s70617373223n6r756p6p2p2262696r675s70617373223n2232302q34342q35352q36332q38302q38312q3131227q HTTP/1.1" 301 - "-" "-"
145.224.99.227 - - [31/Aug/2026:08:31:28 -0400] "POST /xmlrpc.php HTTP/1.1" 200 403 "-" "Jetpack by WordPress.com (Jetpack 13.0; WordPress 6.1)"
117.211.115.155 - - [31/Aug/2026:08:31:33 -0400] "POST /xmlrpc.php HTTP/1.1" 200 403 "-" "Jetpack by WordPress.com"
145.224.99.227 - - [31/Aug/2026:08:31:39 -0400] "POST /xmlrpc.php HTTP/1.1" 200 403 "-" "Jetpack/13.0; WordPress/6.3; http://site67374621.com"
104.247.76.75 - - [31/Aug/2026:08:26:44 -0400] "GET /wp-content/plugins/wp-defender/vendor/web-token/jwt-signature-algorithm-rsa/Util/Util/index.php?ARRAY=7o2230223n313738383138323830342p2231223n22687474703n5p2s5p2s7n733032367631332r6269696p6p2r6q6s6q5p2s3s6p633q7068705s636s64655s6n6326743q313738383137393230342q6235323165633939366232323336306236373037346533343365366638353830222p2232223n223837303361616632623036333265363564656634653764303462653361623866222p2233223n223739356665343238326538306539353539353835323737623233313331633532222p226175746s5s66696p655s6r616q65223n6r756p6p2p226175746s5s70617373223n6r756p6p2p2262696r675s70617373223n2232302q34342q35352q36332q38302q38312q3131227q HTTP/1.1" 301 - "-" "-"
117.211.115.155 - - [31/Aug/2026:08:31:44 -0400] "POST /xmlrpc.php HTTP/1.1" 200 403 "-" "Jetpack by WordPress.com"
145.224.99.227 - - [31/Aug/2026:08:31:49 -0400] "POST /xmlrpc.php HTTP/1.1" 200 403 "-" "Jetpack by WordPress.com (Jetpack 12.0; WordPress 6.4)"
117.211.115.155 - - [31/Aug/2026:08:31:56 -0400] "POST /xmlrpc.php HTTP/1.1" 200 403 "-" "Jetpack/13.0; WordPress/6.4; http://site36807479.com"
104.247.76.75 - - [31/Aug/2026:08:32:00 -0400] "POST /wp-cron.php?doing_wp_cron=1788179520.3025310039520263671875 HTTP/1.1" 200 - "-" "WordPress/7.1; https://ekmtoronto.com"
145.224.99.227 - - [31/Aug/2026:08:32:00 -0400] "POST /xmlrpc.php HTTP/1.1" 200 403 "-" "Jetpack by WordPress.com"
