43.173.177.212 - - [31/Aug/2026:18:16:18 -0400] "GET /the-power-of-consistency/ HTTP/1.1" 404 29355 "-" "Mozilla/5.0 (Windows NT 10.0; Win64; x64) AppleWebKit/537.36 (KHTML, like Gecko) Chrome/120.0.0.0 Safari/537.36"
109.107.164.52 - - [31/Aug/2026:18:16:21 -0400] "GET /contact-us/ HTTP/1.0" 200 221757 "https://ekmtoronto.com/contact-us/" "Mozilla/5.0 (Windows NT 10.0; Win64; x64) AppleWebKit/537.36 (KHTML, like Gecko) Chrome/129.0.0.0 Safari/537.36"
109.107.164.52 - - [31/Aug/2026:18:16:22 -0400] "POST /contact-us/ HTTP/1.0" 200 225762 "https://ekmtoronto.com/contact-us/" "Mozilla/5.0 (Windows NT 10.0; Win64; x64) AppleWebKit/537.36 (KHTML, like Gecko) Chrome/129.0.0.0 Safari/537.36"
104.247.76.75 - - [31/Aug/2026:18:17:14 -0400] "POST /wp-cron.php?doing_wp_cron=1788214634.7584049701690673828125 HTTP/1.1" 200 - "-" "WordPress/7.1; https://ekmtoronto.com"
192.185.82.187 - - [31/Aug/2026:18:17:14 -0400] "GET /wp-login.php HTTP/1.1" 200 2334 "-" "192.185.82.187"
192.185.82.187 - - [31/Aug/2026:18:17:14 -0400] "POST /wp-login.php HTTP/1.1" 200 2468 "https://ekmtoronto.com/wp-login.php" "192.185.82.187"
66.249.65.135 - - [31/Aug/2026:18:17:30 -0400] "GET /?sale/search/detail/?ITMCODE=c5a3r1p7e7l6l4a2r9y21 HTTP/1.1" 301 - "-" "Mozilla/5.0 (Linux; Android 6.0.1; Nexus 5X Build/MMB29P) AppleWebKit/537.36 (KHTML, like Gecko) Chrome/151.0.7922.173 Mobile Safari/537.36 (compatible; Googlebot/2.1; +http://www.google.com/bot.html)"
66.249.65.135 - - [31/Aug/2026:18:17:30 -0400] "GET /?sale%2Fsearch%2Fdetail%2F%3FITMCODE=c5a3r1p7e7l6l4a2r9y21 HTTP/1.1" 200 39890 "-" "Mozilla/5.0 (Linux; Android 6.0.1; Nexus 5X Build/MMB29P) AppleWebKit/537.36 (KHTML, like Gecko) Chrome/151.0.7922.173 Mobile Safari/537.36 (compatible; Googlebot/2.1; +http://www.google.com/bot.html)"
104.247.76.75 - - [31/Aug/2026:18:19:30 -0400] "POST /wp-cron.php?doing_wp_cron=1788214770.7914869785308837890625 HTTP/1.1" 200 - "-" "WordPress/7.1; https://ekmtoronto.com"
66.249.65.134 - - [31/Aug/2026:18:19:30 -0400] "GET /?k=9267282457400 HTTP/1.1" 200 39842 "-" "Mozilla/5.0 (Linux; Android 6.0.1; Nexus 5X Build/MMB29P) AppleWebKit/537.36 (KHTML, like Gecko) Chrome/151.0.7922.173 Mobile Safari/537.36 (compatible; Googlebot/2.1; +http://www.google.com/bot.html)"
104.247.76.75 - - [31/Aug/2026:18:22:15 -0400] "POST /wp-cron.php?doing_wp_cron=1788214935.0462739467620849609375 HTTP/1.1" 200 - "-" "WordPress/7.1; https://ekmtoronto.com"
104.247.76.75 - - [31/Aug/2026:18:22:15 -0400] "POST /wp-cron.php?doing_wp_cron=1788214935.2193779945373535156250 HTTP/1.1" 200 - "-" "WordPress/7.1; https://ekmtoronto.com"
43.172.195.147 - - [31/Aug/2026:18:22:14 -0400] "GET /intercession/ HTTP/1.1" 200 28931 "-" "Mozilla/5.0 (Windows NT 10.0; Win64; x64) AppleWebKit/537.36 (KHTML, like Gecko) Chrome/111.0.0.0 Safari/537.36"
43.173.175.29 - - [31/Aug/2026:18:22:14 -0400] "GET / HTTP/1.1" 200 39828 "-" "Mozilla/5.0 (Windows NT 10.0; Win64; x64) AppleWebKit/537.36 (KHTML, like Gecko) Chrome/109.0.0.0 Safari/537.36"
43.173.173.185 - - [31/Aug/2026:18:22:16 -0400] "GET /wp-content/et-cache/237101/et-divi-dynamic-tb-25-tb-26-tb-27-237101.css?ver=1788113326 HTTP/1.1" 200 1883 "https://ekmtoronto.com/intercession/" "Mozilla/5.0 (Windows NT 10.0; Win64; x64) AppleWebKit/537.36 (KHTML, like Gecko) Chrome/111.0.0.0 Safari/537.36"
43.173.179.42 - - [31/Aug/2026:18:22:16 -0400] "GET /wp-content/et-cache/237101/et-core-unified-237101.min.css?ver=1788113326 HTTP/1.1" 200 1124 "https://ekmtoronto.com/intercession/" "Mozilla/5.0 (Windows NT 10.0; Win64; x64) AppleWebKit/537.36 (KHTML, like Gecko) Chrome/111.0.0.0 Safari/537.36"
43.172.195.66 - - [31/Aug/2026:18:22:16 -0400] "GET /wp-content/et-cache/237101/et-core-unified-tb-25-tb-26-tb-27-deferred-237101.min.css?ver=1788113326 HTTP/1.1" 200 2485 "https://ekmtoronto.com/intercession/" "Mozilla/5.0 (Windows NT 10.0; Win64; x64) AppleWebKit/537.36 (KHTML, like Gecko) Chrome/111.0.0.0 Safari/537.36"
43.172.194.70 - - [31/Aug/2026:18:22:16 -0400] "GET /wp-content/et-cache/237101/et-divi-dynamic-tb-25-tb-26-tb-27-237101-late.css?ver=1788113326 HTTP/1.1" 200 1419 "https://ekmtoronto.com/intercession/" "Mozilla/5.0 (Windows NT 10.0; Win64; x64) AppleWebKit/537.36 (KHTML, like Gecko) Chrome/111.0.0.0 Safari/537.36"
43.172.198.52 - - [31/Aug/2026:18:22:18 -0400] "GET /wp-content/et-cache/237101/et-divi-dynamic-tb-25-tb-26-tb-27-237101-late.css HTTP/1.1" 200 1419 "https://ekmtoronto.com/intercession/" "Mozilla/5.0 (Windows NT 10.0; Win64; x64) AppleWebKit/537.36 (KHTML, like Gecko) Chrome/111.0.0.0 Safari/537.36"
136.144.19.162 - - [31/Aug/2026:18:22:36 -0400] "POST /wp-login.php HTTP/1.1" 200 7716 "-" "Mozilla/5.0"
104.247.76.75 - - [31/Aug/2026:18:23:28 -0400] "POST /wp-cron.php?doing_wp_cron=1788215008.1695470809936523437500 HTTP/1.1" 200 - "-" "WordPress/7.1; https://ekmtoronto.com"
66.249.65.136 - - [31/Aug/2026:18:23:27 -0400] "GET /item/6030061080 HTTP/1.1" 404 29356 "-" "Mozilla/5.0 (Linux; Android 6.0.1; Nexus 5X Build/MMB29P) AppleWebKit/537.36 (KHTML, like Gecko) Chrome/151.0.7922.173 Mobile Safari/537.36 (compatible; Googlebot/2.1; +http://www.google.com/bot.html)"
66.249.65.135 - - [31/Aug/2026:18:23:28 -0400] "GET /?k=61988193758602 HTTP/1.1" 200 39844 "-" "Mozilla/5.0 (Linux; Android 6.0.1; Nexus 5X Build/MMB29P) AppleWebKit/537.36 (KHTML, like Gecko) Chrome/151.0.7922.173 Mobile Safari/537.36 (compatible; Googlebot/2.1; +http://www.google.com/bot.html)"
66.249.65.135 - - [31/Aug/2026:18:23:29 -0400] "GET /item/4029934733 HTTP/1.1" 404 29356 "-" "Mozilla/5.0 (Linux; Android 6.0.1; Nexus 5X Build/MMB29P) AppleWebKit/537.36 (KHTML, like Gecko) Chrome/151.0.7922.173 Mobile Safari/537.36 (compatible; Googlebot/2.1; +http://www.google.com/bot.html)"
66.249.65.135 - - [31/Aug/2026:18:23:31 -0400] "GET /item/9028593930 HTTP/1.1" 404 29356 "-" "Mozilla/5.0 (Linux; Android 6.0.1; Nexus 5X Build/MMB29P) AppleWebKit/537.36 (KHTML, like Gecko) Chrome/151.0.7922.173 Mobile Safari/537.36 (compatible; Googlebot/2.1; +http://www.google.com/bot.html)"
159.195.196.97 - - [31/Aug/2026:18:23:44 -0400] "GET / HTTP/1.1" 200 39828 "-" "Mozilla/5.0 (Windows NT 10.0; Win64; x64) AppleWebKit/537.36 (KHTML, like Gecko) Chrome/124.0.0.0 Safari/537.36"
104.247.76.75 - - [31/Aug/2026:18:24:46 -0400] "POST /wp-cron.php?doing_wp_cron=1788215086.0853950977325439453125 HTTP/1.1" 200 - "-" "WordPress/7.1; https://ekmtoronto.com"
66.249.65.136 - - [31/Aug/2026:18:24:45 -0400] "GET /item/4028298963 HTTP/1.1" 404 29356 "-" "Mozilla/5.0 (Linux; Android 6.0.1; Nexus 5X Build/MMB29P) AppleWebKit/537.36 (KHTML, like Gecko) Chrome/151.0.7922.173 Mobile Safari/537.36 (compatible; Googlebot/2.1; +http://www.google.com/bot.html)"
104.247.76.75 - - [31/Aug/2026:18:26:45 -0400] "POST /wp-cron.php?doing_wp_cron=1788215205.9361219406127929687500 HTTP/1.1" 200 - "-" "WordPress/7.1; https://ekmtoronto.com"
66.249.65.134 - - [31/Aug/2026:18:26:45 -0400] "GET /?k=884614526902 HTTP/1.1" 200 39843 "-" "Mozilla/5.0 (Linux; Android 6.0.1; Nexus 5X Build/MMB29P) AppleWebKit/537.36 (KHTML, like Gecko) Chrome/151.0.7922.173 Mobile Safari/537.36 (compatible; Googlebot/2.1; +http://www.google.com/bot.html)"
66.249.65.136 - - [31/Aug/2026:18:26:46 -0400] "GET /?sale/search/detail/?ITMCODE=d3r1e1a2m1w9o2r3l8d61 HTTP/1.1" 301 - "-" "Mozilla/5.0 (Linux; Android 6.0.1; Nexus 5X Build/MMB29P) AppleWebKit/537.36 (KHTML, like Gecko) Chrome/151.0.7922.173 Mobile Safari/537.36 (compatible; Googlebot/2.1; +http://www.google.com/bot.html)"
66.249.65.136 - - [31/Aug/2026:18:26:47 -0400] "GET /?sale%2Fsearch%2Fdetail%2F%3FITMCODE=d3r1e1a2m1w9o2r3l8d61 HTTP/1.1" 200 39890 "-" "Mozilla/5.0 (Linux; Android 6.0.1; Nexus 5X Build/MMB29P) AppleWebKit/537.36 (KHTML, like Gecko) Chrome/151.0.7922.173 Mobile Safari/537.36 (compatible; Googlebot/2.1; +http://www.google.com/bot.html)"
104.247.76.75 - - [31/Aug/2026:18:29:07 -0400] "POST /wp-cron.php?doing_wp_cron=1788215347.7938880920410156250000 HTTP/1.1" 200 - "-" "WordPress/7.1; https://ekmtoronto.com"
66.249.65.136 - - [31/Aug/2026:18:29:07 -0400] "GET /?sale/search/detail/?ITMCODE=r8h2y4m9e9s341416 HTTP/1.1" 301 - "-" "Mozilla/5.0 (Linux; Android 6.0.1; Nexus 5X Build/MMB29P) AppleWebKit/537.36 (KHTML, like Gecko) Chrome/151.0.7922.173 Mobile Safari/537.36 (compatible; Googlebot/2.1; +http://www.google.com/bot.html)"
66.249.65.135 - - [31/Aug/2026:18:29:08 -0400] "GET /?sale%2Fsearch%2Fdetail%2F%3FITMCODE=r8h2y4m9e9s341416 HTTP/1.1" 200 39885 "-" "Mozilla/5.0 (Linux; Android 6.0.1; Nexus 5X Build/MMB29P) AppleWebKit/537.36 (KHTML, like Gecko) Chrome/151.0.7922.173 Mobile Safari/537.36 (compatible; Googlebot/2.1; +http://www.google.com/bot.html)"
104.247.76.75 - - [31/Aug/2026:18:30:37 -0400] "POST /wp-cron.php?doing_wp_cron=1788215436.9894430637359619140625 HTTP/1.1" 200 - "-" "WordPress/7.1; https://ekmtoronto.com"
66.249.65.136 - - [31/Aug/2026:18:30:36 -0400] "GET /?k=2904149384607 HTTP/1.1" 200 39841 "-" "Mozilla/5.0 (Linux; Android 6.0.1; Nexus 5X Build/MMB29P) AppleWebKit/537.36 (KHTML, like Gecko) Chrome/151.0.7922.173 Mobile Safari/537.36 (compatible; Googlebot/2.1; +http://www.google.com/bot.html)"
66.249.65.134 - - [31/Aug/2026:18:30:37 -0400] "GET /?k=11002119375202 HTTP/1.1" 200 39842 "-" "Mozilla/5.0 (Linux; Android 6.0.1; Nexus 5X Build/MMB29P) AppleWebKit/537.36 (KHTML, like Gecko) Chrome/151.0.7922.173 Mobile Safari/537.36 (compatible; Googlebot/2.1; +http://www.google.com/bot.html)"
193.36.224.96 - - [31/Aug/2026:18:30:47 -0400] "POST /wp-login.php HTTP/1.1" 200 7716 "-" "Mozilla/5.0"
66.249.65.134 - - [31/Aug/2026:18:34:39 -0400] "GET /?k=19886117553804 HTTP/1.1" 200 39844 "-" "Mozilla/5.0 (Linux; Android 6.0.1; Nexus 5X Build/MMB29P) AppleWebKit/537.36 (KHTML, like Gecko) Chrome/151.0.7922.173 Mobile Safari/537.36 (compatible; Googlebot/2.1; +http://www.google.com/bot.html)"
104.247.76.75 - - [31/Aug/2026:18:35:39 -0400] "POST /wp-cron.php?doing_wp_cron=1788215739.0672419071197509765625 HTTP/1.1" 200 - "-" "WordPress/7.1; https://ekmtoronto.com"
66.249.65.134 - - [31/Aug/2026:18:35:38 -0400] "GET /?k=1990067935005 HTTP/1.1" 200 39843 "-" "Mozilla/5.0 (Linux; Android 6.0.1; Nexus 5X Build/MMB29P) AppleWebKit/537.36 (KHTML, like Gecko) Chrome/151.0.7922.173 Mobile Safari/537.36 (compatible; Googlebot/2.1; +http://www.google.com/bot.html)"
66.249.65.136 - - [31/Aug/2026:18:35:40 -0400] "GET /?k=3083085491201 HTTP/1.1" 200 39843 "-" "Mozilla/5.0 (Linux; Android 6.0.1; Nexus 5X Build/MMB29P) AppleWebKit/537.36 (KHTML, like Gecko) Chrome/151.0.7922.173 Mobile Safari/537.36 (compatible; Googlebot/2.1; +http://www.google.com/bot.html)"
66.249.65.134 - - [31/Aug/2026:18:35:56 -0400] "GET /?sale/search/detail/?ITMCODE=o2v2o1i9d9671058 HTTP/1.1" 301 - "-" "Mozilla/5.0 (Linux; Android 6.0.1; Nexus 5X Build/MMB29P) AppleWebKit/537.36 (KHTML, like Gecko) Chrome/152.0.7977.64 Mobile Safari/537.36 (compatible; Googlebot/2.1; +http://www.google.com/bot.html)"
66.249.65.134 - - [31/Aug/2026:18:35:57 -0400] "GET /?sale%2Fsearch%2Fdetail%2F%3FITMCODE=o2v2o1i9d9671058 HTTP/1.1" 200 39884 "-" "Mozilla/5.0 (Linux; Android 6.0.1; Nexus 5X Build/MMB29P) AppleWebKit/537.36 (KHTML, like Gecko) Chrome/152.0.7977.64 Mobile Safari/537.36 (compatible; Googlebot/2.1; +http://www.google.com/bot.html)"
66.249.65.135 - - [31/Aug/2026:18:35:59 -0400] "GET /?sale/search/detail/?ITMCODE=a2r1r4i4d9e552493 HTTP/1.1" 301 - "-" "Mozilla/5.0 (Linux; Android 6.0.1; Nexus 5X Build/MMB29P) AppleWebKit/537.36 (KHTML, like Gecko) Chrome/152.0.7977.64 Mobile Safari/537.36 (compatible; Googlebot/2.1; +http://www.google.com/bot.html)"
104.247.76.75 - - [31/Aug/2026:18:36:02 -0400] "POST /wp-cron.php?doing_wp_cron=1788215762.3648819923400878906250 HTTP/1.1" 200 - "-" "WordPress/7.1; https://ekmtoronto.com"
66.249.65.135 - - [31/Aug/2026:18:36:01 -0400] "GET /?sale%2Fsearch%2Fdetail%2F%3FITMCODE=a2r1r4i4d9e552493 HTTP/1.1" 200 39885 "-" "Mozilla/5.0 (Linux; Android 6.0.1; Nexus 5X Build/MMB29P) AppleWebKit/537.36 (KHTML, like Gecko) Chrome/152.0.7977.64 Mobile Safari/537.36 (compatible; Googlebot/2.1; +http://www.google.com/bot.html)"
52.167.144.210 - - [31/Aug/2026:18:36:32 -0400] "GET /page-sitemap1.xml HTTP/1.1" 301 - "-" "Mozilla/5.0 AppleWebKit/537.36 (KHTML, like Gecko; compatible; bingbot/2.0; +http://www.bing.com/bingbot.htm) Chrome/116.0.1938.76 Safari/537.36"
52.167.144.210 - - [31/Aug/2026:18:36:33 -0400] "GET / HTTP/1.1" 200 39821 "-" "Mozilla/5.0 AppleWebKit/537.36 (KHTML, like Gecko; compatible; bingbot/2.0; +http://www.bing.com/bingbot.htm) Chrome/116.0.1938.76 Safari/537.36"
14.237.125.142 - - [31/Aug/2026:18:36:36 -0400] "GET /the-power-of-consistency/ HTTP/1.1" 404 29355 "-" "Mozilla/5.0 (Windows NT 10.0; Win64; x64) AppleWebKit/537.36 (KHTML, like Gecko) Chrome/110.0.0.0 Safari/537.36"
66.249.65.135 - - [31/Aug/2026:18:36:41 -0400] "GET /item/9028692800 HTTP/1.1" 404 29356 "-" "Mozilla/5.0 (Linux; Android 6.0.1; Nexus 5X Build/MMB29P) AppleWebKit/537.36 (KHTML, like Gecko) Chrome/151.0.7922.173 Mobile Safari/537.36 (compatible; Googlebot/2.1; +http://www.google.com/bot.html)"
104.247.76.75 - - [31/Aug/2026:18:38:16 -0400] "POST /wp-cron.php?doing_wp_cron=1788215896.1641368865966796875000 HTTP/1.1" 200 - "-" "WordPress/7.1; https://ekmtoronto.com"
66.249.65.134 - - [31/Aug/2026:18:38:15 -0400] "GET /?k=7210437584400 HTTP/1.1" 200 39842 "-" "Mozilla/5.0 (Linux; Android 6.0.1; Nexus 5X Build/MMB29P) AppleWebKit/537.36 (KHTML, like Gecko) Chrome/151.0.7922.173 Mobile Safari/537.36 (compatible; Googlebot/2.1; +http://www.google.com/bot.html)"
104.247.76.75 - - [31/Aug/2026:18:39:15 -0400] "POST /wp-cron.php?doing_wp_cron=1788215955.2843830585479736328125 HTTP/1.1" 200 - "-" "WordPress/7.1; https://ekmtoronto.com"
66.249.65.135 - - [31/Aug/2026:18:39:15 -0400] "GET /?sale/search/detail/?ITMCODE=g2l1a8u9c3o0s4i5s277 HTTP/1.1" 301 - "-" "Mozilla/5.0 (Linux; Android 6.0.1; Nexus 5X Build/MMB29P) AppleWebKit/537.36 (KHTML, like Gecko) Chrome/151.0.7922.173 Mobile Safari/537.36 (compatible; Googlebot/2.1; +http://www.google.com/bot.html)"
66.249.65.135 - - [31/Aug/2026:18:39:16 -0400] "GET /item/4029202871 HTTP/1.1" 404 29356 "-" "Mozilla/5.0 (Linux; Android 6.0.1; Nexus 5X Build/MMB29P) AppleWebKit/537.36 (KHTML, like Gecko) Chrome/151.0.7922.173 Mobile Safari/537.36 (compatible; Googlebot/2.1; +http://www.google.com/bot.html)"
193.36.224.33 - - [31/Aug/2026:18:39:16 -0400] "POST /wp-login.php HTTP/1.1" 200 7716 "-" "Mozilla/5.0"
66.249.65.134 - - [31/Aug/2026:18:39:17 -0400] "GET /?sale%2Fsearch%2Fdetail%2F%3FITMCODE=g2l1a8u9c3o0s4i5s277 HTTP/1.1" 200 39889 "-" "Mozilla/5.0 (Linux; Android 6.0.1; Nexus 5X Build/MMB29P) AppleWebKit/537.36 (KHTML, like Gecko) Chrome/151.0.7922.173 Mobile Safari/537.36 (compatible; Googlebot/2.1; +http://www.google.com/bot.html)"
66.249.65.134 - - [31/Aug/2026:18:39:27 -0400] "GET /wp-content/plugins/divi-overlays/assets/css/custom_animations.css?ver=2.9.7.9 HTTP/1.1" 200 886 "https://ekmtoronto.com/?sale%2Fsearch%2Fdetail%2F%3FITMCODE=g2l1a8u9c3o0s4i5s277" "Mozilla/5.0 (Linux; Android 6.0.1; Nexus 5X Build/MMB29P) AppleWebKit/537.36 (KHTML, like Gecko) Chrome/151.0.7922.173 Mobile Safari/537.36 (compatible; Googlebot/2.1; +http://www.google.com/bot.html)"
66.249.65.134 - - [31/Aug/2026:18:40:22 -0400] "GET /?sale/search/detail/?ITMCODE=l7e4t1t4e9r6w1o8o3d99 HTTP/1.1" 301 - "-" "Mozilla/5.0 (Linux; Android 6.0.1; Nexus 5X Build/MMB29P) AppleWebKit/537.36 (KHTML, like Gecko) Chrome/151.0.7922.173 Mobile Safari/537.36 (compatible; Googlebot/2.1; +http://www.google.com/bot.html)"
66.249.65.136 - - [31/Aug/2026:18:40:23 -0400] "GET /?sale%2Fsearch%2Fdetail%2F%3FITMCODE=l7e4t1t4e9r6w1o8o3d99 HTTP/1.1" 200 39890 "-" "Mozilla/5.0 (Linux; Android 6.0.1; Nexus 5X Build/MMB29P) AppleWebKit/537.36 (KHTML, like Gecko) Chrome/151.0.7922.173 Mobile Safari/537.36 (compatible; Googlebot/2.1; +http://www.google.com/bot.html)"
104.247.76.75 - - [31/Aug/2026:18:41:34 -0400] "POST /wp-cron.php?doing_wp_cron=1788216093.9955759048461914062500 HTTP/1.1" 200 - "-" "WordPress/7.1; https://ekmtoronto.com"
66.249.65.135 - - [31/Aug/2026:18:41:33 -0400] "GET /?k=12390121307501 HTTP/1.1" 200 39844 "-" "Mozilla/5.0 (Linux; Android 6.0.1; Nexus 5X Build/MMB29P) AppleWebKit/537.36 (KHTML, like Gecko) Chrome/151.0.7922.173 Mobile Safari/537.36 (compatible; Googlebot/2.1; +http://www.google.com/bot.html)"
104.247.76.75 - - [31/Aug/2026:18:42:07 -0400] "POST /wp-cron.php?doing_wp_cron=1788216127.2099869251251220703125 HTTP/1.1" 200 - "-" "WordPress/7.1; https://ekmtoronto.com"
172.203.190.130 - - [31/Aug/2026:18:42:07 -0400] "GET /robots.txt HTTP/1.1" 200 110 "-" "Mozilla/5.0 (Macintosh; Intel Mac OS X 10_15_7) AppleWebKit/537.36 (KHTML, like Gecko) Chrome/131.0.0.0 Safari/537.36; compatible; OAI-SearchBot/1.0; +https://openai.com/searchbot"
123.253.29.3 - - [31/Aug/2026:18:42:51 -0400] "GET /wp-login.php HTTP/1.1" 200 2334 "-" "Mozilla/5.0 (Windows NT 10.0; Win64; x64) AppleWebKit/537.36 (KHTML, like Gecko) Chrome/151.0.0.0 Safari/537.36"
123.253.29.3 - - [31/Aug/2026:18:42:52 -0400] "POST /wp-login.php HTTP/1.1" 200 2488 "https://ekmtoronto.com/wp-login.php" "Mozilla/5.0 (Windows NT 10.0; Win64; x64) AppleWebKit/537.36 (KHTML, like Gecko) Chrome/151.0.0.0 Safari/537.36"
104.247.76.75 - - [31/Aug/2026:18:45:10 -0400] "POST /wp-cron.php?doing_wp_cron=1788216310.3107581138610839843750 HTTP/1.1" 200 - "-" "WordPress/7.1; https://ekmtoronto.com"
66.249.65.134 - - [31/Aug/2026:18:45:10 -0400] "GET /?sale/search/detail/?ITMCODE=n3o2n1p8l5a4n8e4021 HTTP/1.1" 301 - "-" "Mozilla/5.0 (Linux; Android 6.0.1; Nexus 5X Build/MMB29P) AppleWebKit/537.36 (KHTML, like Gecko) Chrome/151.0.7922.173 Mobile Safari/537.36 (compatible; Googlebot/2.1; +http://www.google.com/bot.html)"
66.249.65.135 - - [31/Aug/2026:18:45:11 -0400] "GET /?sale%2Fsearch%2Fdetail%2F%3FITMCODE=n3o2n1p8l5a4n8e4021 HTTP/1.1" 200 39888 "-" "Mozilla/5.0 (Linux; Android 6.0.1; Nexus 5X Build/MMB29P) AppleWebKit/537.36 (KHTML, like Gecko) Chrome/151.0.7922.173 Mobile Safari/537.36 (compatible; Googlebot/2.1; +http://www.google.com/bot.html)"
69.158.246.42 - - [31/Aug/2026:18:45:29 -0400] "GET /our-team/ HTTP/1.1" 200 28100 "https://ekmtoronto.com/events/" "Mozilla/5.0 (iPhone; CPU iPhone OS 26_1_0 like Mac OS X) AppleWebKit/605.1.15 (KHTML, like Gecko) CriOS/152.0.7977.64 Mobile/15E148 Safari/604.1"
69.158.246.42 - - [31/Aug/2026:18:45:29 -0400] "GET /wp-content/et-cache/227700/et-divi-dynamic-227700-late.css?ver=1788112682 HTTP/1.1" 200 1419 "https://ekmtoronto.com/our-team/" "Mozilla/5.0 (iPhone; CPU iPhone OS 26_1_0 like Mac OS X) AppleWebKit/605.1.15 (KHTML, like Gecko) CriOS/152.0.7977.64 Mobile/15E148 Safari/604.1"
69.158.246.42 - - [31/Aug/2026:18:45:29 -0400] "GET /wp-content/et-cache/227700/et-divi-dynamic-227700.css?ver=1788112682 HTTP/1.1" 200 7277 "https://ekmtoronto.com/our-team/" "Mozilla/5.0 (iPhone; CPU iPhone OS 26_1_0 like Mac OS X) AppleWebKit/605.1.15 (KHTML, like Gecko) CriOS/152.0.7977.64 Mobile/15E148 Safari/604.1"
69.158.246.42 - - [31/Aug/2026:18:45:30 -0400] "GET /wp-content/et-cache/227700/et-core-unified-deferred-227700.min.css?ver=1788112683 HTTP/1.1" 200 2317 "https://ekmtoronto.com/our-team/" "Mozilla/5.0 (iPhone; CPU iPhone OS 26_1_0 like Mac OS X) AppleWebKit/605.1.15 (KHTML, like Gecko) CriOS/152.0.7977.64 Mobile/15E148 Safari/604.1"
69.158.246.42 - - [31/Aug/2026:18:45:30 -0400] "GET /wp-content/et-cache/227700/et-divi-dynamic-227700-late.css HTTP/1.1" 200 1419 "https://ekmtoronto.com/our-team/" "Mozilla/5.0 (iPhone; CPU iPhone OS 26_1_0 like Mac OS X) AppleWebKit/605.1.15 (KHTML, like Gecko) CriOS/152.0.7977.64 Mobile/15E148 Safari/604.1"
69.158.246.42 - - [31/Aug/2026:18:45:30 -0400] "GET /wp-content/uploads/2024/09/Pastor-colvin.png HTTP/1.1" 200 137321 "https://ekmtoronto.com/our-team/" "Mozilla/5.0 (iPhone; CPU iPhone OS 26_1_0 like Mac OS X) AppleWebKit/605.1.15 (KHTML, like Gecko) CriOS/152.0.7977.64 Mobile/15E148 Safari/604.1"
69.158.246.42 - - [31/Aug/2026:18:45:28 -0400] "GET /wp-content/uploads/2022/09/EKM-WHITE-LOGO-150PX.png HTTP/1.1" 404 28393 "https://ekmtoronto.com/events/" "Mozilla/5.0 (iPhone; CPU iPhone OS 26_1_0 like Mac OS X) AppleWebKit/605.1.15 (KHTML, like Gecko) CriOS/152.0.7977.64 Mobile/15E148 Safari/604.1"
69.158.246.42 - - [31/Aug/2026:18:45:30 -0400] "GET /wp-content/uploads/2024/09/pastor-Mo.png HTTP/1.1" 200 255940 "https://ekmtoronto.com/our-team/" "Mozilla/5.0 (iPhone; CPU iPhone OS 26_1_0 like Mac OS X) AppleWebKit/605.1.15 (KHTML, like Gecko) CriOS/152.0.7977.64 Mobile/15E148 Safari/604.1"
69.158.246.42 - - [31/Aug/2026:18:45:30 -0400] "GET /wp-content/uploads/2024/10/KADEEM-663A8274-2000PX2.jpg HTTP/1.1" 200 669346 "https://ekmtoronto.com/our-team/" "Mozilla/5.0 (iPhone; CPU iPhone OS 26_1_0 like Mac OS X) AppleWebKit/605.1.15 (KHTML, like Gecko) CriOS/152.0.7977.64 Mobile/15E148 Safari/604.1"
69.158.246.42 - - [31/Aug/2026:18:45:30 -0400] "GET /wp-content/uploads/2024/10/JOVAN-663A8268-2500px5-scaled.jpg HTTP/1.1" 200 884750 "https://ekmtoronto.com/our-team/" "Mozilla/5.0 (iPhone; CPU iPhone OS 26_1_0 like Mac OS X) AppleWebKit/605.1.15 (KHTML, like Gecko) CriOS/152.0.7977.64 Mobile/15E148 Safari/604.1"
69.158.246.42 - - [31/Aug/2026:18:45:31 -0400] "GET /wp-content/uploads/2024/10/NICKI-663A8287-2000px-scaled.jpg HTTP/1.1" 200 694459 "https://ekmtoronto.com/our-team/" "Mozilla/5.0 (iPhone; CPU iPhone OS 26_1_0 like Mac OS X) AppleWebKit/605.1.15 (KHTML, like Gecko) CriOS/152.0.7977.64 Mobile/15E148 Safari/604.1"
69.158.246.42 - - [31/Aug/2026:18:45:31 -0400] "GET /wp-content/uploads/2024/10/MARVIA-663A8292-2000PX4.jpg HTTP/1.1" 200 752971 "https://ekmtoronto.com/our-team/" "Mozilla/5.0 (iPhone; CPU iPhone OS 26_1_0 like Mac OS X) AppleWebKit/605.1.15 (KHTML, like Gecko) CriOS/152.0.7977.64 Mobile/15E148 Safari/604.1"
69.158.246.42 - - [31/Aug/2026:18:45:37 -0400] "GET /wp-content/uploads/2023/11/KAREN-IMG_6661-REV-1000PX.jpg HTTP/1.1" 200 121118 "https://ekmtoronto.com/our-team/" "Mozilla/5.0 (iPhone; CPU iPhone OS 26_1_0 like Mac OS X) AppleWebKit/605.1.15 (KHTML, like Gecko) CriOS/152.0.7977.64 Mobile/15E148 Safari/604.1"
104.247.76.75 - - [31/Aug/2026:18:46:05 -0400] "POST /wp-cron.php?doing_wp_cron=1788216365.3646030426025390625000 HTTP/1.1" 200 - "-" "WordPress/7.1; https://ekmtoronto.com"
69.158.246.42 - - [31/Aug/2026:18:46:05 -0400] "GET /our-beliefs/ HTTP/1.1" 200 27147 "https://ekmtoronto.com/our-team/" "Mozilla/5.0 (iPhone; CPU iPhone OS 26_1_0 like Mac OS X) AppleWebKit/605.1.15 (KHTML, like Gecko) CriOS/152.0.7977.64 Mobile/15E148 Safari/604.1"
69.158.246.42 - - [31/Aug/2026:18:46:05 -0400] "GET /wp-content/et-cache/2262/et-divi-dynamic-2262-late.css?ver=1788141824 HTTP/1.1" 200 1756 "https://ekmtoronto.com/our-beliefs/" "Mozilla/5.0 (iPhone; CPU iPhone OS 26_1_0 like Mac OS X) AppleWebKit/605.1.15 (KHTML, like Gecko) CriOS/152.0.7977.64 Mobile/15E148 Safari/604.1"
69.158.246.42 - - [31/Aug/2026:18:46:05 -0400] "GET /wp-content/et-cache/2262/et-divi-dynamic-2262-late.css HTTP/1.1" 200 1756 "https://ekmtoronto.com/our-beliefs/" "Mozilla/5.0 (iPhone; CPU iPhone OS 26_1_0 like Mac OS X) AppleWebKit/605.1.15 (KHTML, like Gecko) CriOS/152.0.7977.64 Mobile/15E148 Safari/604.1"
69.158.246.42 - - [31/Aug/2026:18:46:05 -0400] "GET /wp-content/et-cache/2262/et-core-unified-deferred-2262.min.css?ver=1788141824 HTTP/1.1" 200 3124 "https://ekmtoronto.com/our-beliefs/" "Mozilla/5.0 (iPhone; CPU iPhone OS 26_1_0 like Mac OS X) AppleWebKit/605.1.15 (KHTML, like Gecko) CriOS/152.0.7977.64 Mobile/15E148 Safari/604.1"
69.158.246.42 - - [31/Aug/2026:18:46:05 -0400] "GET /wp-content/et-cache/2262/et-divi-dynamic-2262.css?ver=1788141824 HTTP/1.1" 200 7277 "https://ekmtoronto.com/our-beliefs/" "Mozilla/5.0 (iPhone; CPU iPhone OS 26_1_0 like Mac OS X) AppleWebKit/605.1.15 (KHTML, like Gecko) CriOS/152.0.7977.64 Mobile/15E148 Safari/604.1"
69.158.246.42 - - [31/Aug/2026:18:46:05 -0400] "GET /wp-content/uploads/2023/11/Sermon-Pastor-Mo-IMG_2077-1500px.jpg HTTP/1.1" 200 93292 "https://ekmtoronto.com/our-beliefs/" "Mozilla/5.0 (iPhone; CPU iPhone OS 26_1_0 like Mac OS X) AppleWebKit/605.1.15 (KHTML, like Gecko) CriOS/152.0.7977.64 Mobile/15E148 Safari/604.1"
104.247.76.75 - - [31/Aug/2026:18:47:11 -0400] "POST /wp-cron.php?doing_wp_cron=1788216431.1457700729370117187500 HTTP/1.1" 200 - "-" "WordPress/7.1; https://ekmtoronto.com"
66.249.65.134 - - [31/Aug/2026:18:47:10 -0400] "GET /?k=2842783609603 HTTP/1.1" 200 39843 "-" "Mozilla/5.0 (Linux; Android 6.0.1; Nexus 5X Build/MMB29P) AppleWebKit/537.36 (KHTML, like Gecko) Chrome/151.0.7922.173 Mobile Safari/537.36 (compatible; Googlebot/2.1; +http://www.google.com/bot.html)"
66.249.65.135 - - [31/Aug/2026:18:47:11 -0400] "GET /?k=8937554795700 HTTP/1.1" 200 39843 "-" "Mozilla/5.0 (Linux; Android 6.0.1; Nexus 5X Build/MMB29P) AppleWebKit/537.36 (KHTML, like Gecko) Chrome/151.0.7922.173 Mobile Safari/537.36 (compatible; Googlebot/2.1; +http://www.google.com/bot.html)"
136.144.19.145 - - [31/Aug/2026:18:47:32 -0400] "POST /wp-login.php HTTP/1.1" 200 7716 "-" "Mozilla/5.0"
69.6.213.66 - - [31/Aug/2026:18:47:35 -0400] "GET /wp-login.php HTTP/1.1" 200 2334 "-" "69.6.213.66"
69.6.213.66 - - [31/Aug/2026:18:47:36 -0400] "POST /wp-login.php HTTP/1.1" 200 2468 "https://ekmtoronto.com/wp-login.php" "69.6.213.66"
66.249.65.135 - - [31/Aug/2026:18:49:19 -0400] "GET /?k=26247147541505 HTTP/1.1" 200 39843 "-" "Mozilla/5.0 (Linux; Android 6.0.1; Nexus 5X Build/MMB29P) AppleWebKit/537.36 (KHTML, like Gecko) Chrome/151.0.7922.173 Mobile Safari/537.36 (compatible; Googlebot/2.1; +http://www.google.com/bot.html)"
104.247.76.75 - - [31/Aug/2026:18:50:52 -0400] "POST /wp-cron.php?doing_wp_cron=1788216652.7900590896606445312500 HTTP/1.1" 200 - "-" "WordPress/7.1; https://ekmtoronto.com"
162.241.252.11 - - [31/Aug/2026:18:50:52 -0400] "GET /wp-login.php HTTP/1.1" 200 2334 "-" "Mozilla/5.0 (Windows NT 10.0; Win64; x64) AppleWebKit/537.36 (KHTML, like Gecko) Chrome/151.0.0.0 Safari/537.36"
162.241.252.11 - - [31/Aug/2026:18:50:52 -0400] "POST /wp-login.php HTTP/1.1" 200 2468 "https://ekmtoronto.com/wp-login.php" "Mozilla/5.0 (Windows NT 10.0; Win64; x64) AppleWebKit/537.36 (KHTML, like Gecko) Chrome/151.0.0.0 Safari/537.36"
104.247.76.75 - - [31/Aug/2026:18:51:07 -0400] "POST /wp-cron.php?doing_wp_cron=1788216667.7443358898162841796875 HTTP/1.1" 200 - "-" "WordPress/7.1; https://ekmtoronto.com"
66.249.65.135 - - [31/Aug/2026:18:51:07 -0400] "GET /?sale/search/detail/?ITMCODE=r4e3d4r9a7w347972 HTTP/1.1" 301 - "-" "Mozilla/5.0 (Linux; Android 6.0.1; Nexus 5X Build/MMB29P) AppleWebKit/537.36 (KHTML, like Gecko) Chrome/151.0.7922.173 Mobile Safari/537.36 (compatible; Googlebot/2.1; +http://www.google.com/bot.html)"
66.249.65.136 - - [31/Aug/2026:18:51:08 -0400] "GET /?sale%2Fsearch%2Fdetail%2F%3FITMCODE=r4e3d4r9a7w347972 HTTP/1.1" 200 39886 "-" "Mozilla/5.0 (Linux; Android 6.0.1; Nexus 5X Build/MMB29P) AppleWebKit/537.36 (KHTML, like Gecko) Chrome/151.0.7922.173 Mobile Safari/537.36 (compatible; Googlebot/2.1; +http://www.google.com/bot.html)"
104.247.76.75 - - [31/Aug/2026:18:54:11 -0400] "POST /wp-cron.php?doing_wp_cron=1788216851.2962260246276855468750 HTTP/1.1" 200 - "-" "WordPress/7.1; https://ekmtoronto.com"
66.249.65.136 - - [31/Aug/2026:18:54:10 -0400] "GET /?k=2258954945901 HTTP/1.1" 200 39844 "-" "Mozilla/5.0 (Linux; Android 6.0.1; Nexus 5X Build/MMB29P) AppleWebKit/537.36 (KHTML, like Gecko) Chrome/151.0.7922.173 Mobile Safari/537.36 (compatible; Googlebot/2.1; +http://www.google.com/bot.html)"
66.249.65.136 - - [31/Aug/2026:18:54:13 -0400] "GET /?k=0807137122000 HTTP/1.1" 200 39842 "-" "Mozilla/5.0 (Linux; Android 6.0.1; Nexus 5X Build/MMB29P) AppleWebKit/537.36 (KHTML, like Gecko) Chrome/151.0.7922.173 Mobile Safari/537.36 (compatible; Googlebot/2.1; +http://www.google.com/bot.html)"
104.247.76.75 - - [31/Aug/2026:18:55:16 -0400] "POST /wp-cron.php?doing_wp_cron=1788216916.1055591106414794921875 HTTP/1.1" 200 - "-" "WordPress/7.1; https://ekmtoronto.com"
66.249.65.135 - - [31/Aug/2026:18:55:15 -0400] "GET /?k=2921870035302 HTTP/1.1" 200 39843 "-" "Mozilla/5.0 (Linux; Android 6.0.1; Nexus 5X Build/MMB29P) AppleWebKit/537.36 (KHTML, like Gecko) Chrome/151.0.7922.173 Mobile Safari/537.36 (compatible; Googlebot/2.1; +http://www.google.com/bot.html)"
193.36.224.98 - - [31/Aug/2026:18:55:48 -0400] "POST /wp-login.php HTTP/1.1" 200 7716 "-" "Mozilla/5.0"
20.220.211.172 - - [31/Aug/2026:18:55:50 -0400] "GET /wp-admin/network/plugins.php HTTP/1.1" 302 - "-" "-"
20.220.211.172 - - [31/Aug/2026:18:55:50 -0400] "GET /wp-login.php?redirect_to=https%3A%2F%2Fmail.ekmtoronto.com%2Fwp-admin%2Fnetwork%2Fplugins.php&reauth=1 HTTP/1.1" 200 7327 "-" "-"
196.251.121.151 - - [31/Aug/2026:18:59:53 -0400] "GET /wp-login.php HTTP/1.1" 200 2334 "-" "Mozilla/5.0 (Windows NT 10.0; Win64; x64; rv:121.0) Gecko/20100101 Firefox/121.0"
196.251.121.151 - - [31/Aug/2026:18:59:53 -0400] "GET /wp-login.php HTTP/1.1" 200 2334 "-" "Mozilla/5.0 (Windows NT 11.0; Win64; x64) AppleWebKit/537.36 (KHTML, like Gecko) Chrome/121.0.0.0 Safari/537.36"
196.251.121.151 - - [31/Aug/2026:18:59:53 -0400] "POST /wp-login.php HTTP/1.1" 200 2484 "https://ekmtoronto.com/wp-login.php" "Mozilla/5.0 (Macintosh; Intel Mac OS X 10_15_7) AppleWebKit/537.36 (KHTML, like Gecko) Chrome/120.0.0.0 Safari/537.36"
196.251.121.151 - - [31/Aug/2026:18:59:53 -0400] "POST /wp-login.php HTTP/1.1" 200 2451 "https://ekmtoronto.com/wp-login.php" "Mozilla/5.0 (Macintosh; Intel Mac OS X 10_15_7) AppleWebKit/537.36 (KHTML, like Gecko) Chrome/120.0.0.0 Safari/537.36"
196.251.121.151 - - [31/Aug/2026:18:59:54 -0400] "POST /wp-login.php HTTP/1.1" 200 2451 "https://ekmtoronto.com/wp-login.php" "Mozilla/5.0 (Macintosh; Intel Mac OS X 10_15_7) AppleWebKit/537.36 (KHTML, like Gecko) Chrome/120.0.0.0 Safari/537.36"
196.251.121.151 - - [31/Aug/2026:18:59:54 -0400] "GET /wp-login.php HTTP/1.1" 200 2334 "-" "Mozilla/5.0 (Macintosh; Intel Mac OS X 10_15_7) AppleWebKit/537.36 (KHTML, like Gecko) Chrome/120.0.0.0 Safari/537.36"
196.251.121.151 - - [31/Aug/2026:18:59:54 -0400] "POST /wp-login.php HTTP/1.1" 200 2486 "https://ekmtoronto.com/wp-login.php" "Mozilla/5.0 (X11; Linux x86_64) AppleWebKit/537.36 (KHTML, like Gecko) Chrome/120.0.0.0 Safari/537.36"
196.251.121.151 - - [31/Aug/2026:18:59:54 -0400] "POST /wp-login.php HTTP/1.1" 200 2451 "https://ekmtoronto.com/wp-login.php" "Mozilla/5.0 (X11; Linux x86_64) AppleWebKit/537.36 (KHTML, like Gecko) Chrome/120.0.0.0 Safari/537.36"
196.251.121.151 - - [31/Aug/2026:18:59:54 -0400] "POST /wp-login.php HTTP/1.1" 200 2451 "https://ekmtoronto.com/wp-login.php" "Mozilla/5.0 (X11; Linux x86_64) AppleWebKit/537.36 (KHTML, like Gecko) Chrome/120.0.0.0 Safari/537.36"
196.251.121.151 - - [31/Aug/2026:18:59:55 -0400] "GET /wp-login.php HTTP/1.1" 200 2334 "-" "Mozilla/5.0 (Windows NT 10.0; Win64; x64) AppleWebKit/537.36 (KHTML, like Gecko) Chrome/120.0.0.0 Safari/537.36"
196.251.121.151 - - [31/Aug/2026:18:59:55 -0400] "POST /wp-login.php HTTP/1.1" 200 2484 "https://ekmtoronto.com/wp-login.php" "Mozilla/5.0 (Macintosh; Intel Mac OS X 10_15_7) AppleWebKit/537.36 (KHTML, like Gecko) Chrome/120.0.0.0 Safari/537.36"
196.251.121.151 - - [31/Aug/2026:18:59:55 -0400] "POST /wp-login.php HTTP/1.1" 200 2451 "https://ekmtoronto.com/wp-login.php" "Mozilla/5.0 (Macintosh; Intel Mac OS X 10_15_7) AppleWebKit/537.36 (KHTML, like Gecko) Chrome/120.0.0.0 Safari/537.36"
196.251.121.151 - - [31/Aug/2026:18:59:55 -0400] "POST /wp-login.php HTTP/1.1" 200 2451 "https://ekmtoronto.com/wp-login.php" "Mozilla/5.0 (Macintosh; Intel Mac OS X 10_15_7) AppleWebKit/537.36 (KHTML, like Gecko) Chrome/120.0.0.0 Safari/537.36"
196.251.121.151 - - [31/Aug/2026:18:59:55 -0400] "GET /wp-login.php HTTP/1.1" 200 2334 "-" "Mozilla/5.0 (Windows NT 11.0; Win64; x64) AppleWebKit/537.36 (KHTML, like Gecko) Chrome/121.0.0.0 Safari/537.36"
196.251.121.151 - - [31/Aug/2026:18:59:55 -0400] "POST /wp-login.php HTTP/1.1" 200 2489 "https://ekmtoronto.com/wp-login.php" "Mozilla/5.0 (Windows NT 11.0; Win64; x64) AppleWebKit/537.36 (KHTML, like Gecko) Chrome/121.0.0.0 Safari/537.36"
196.251.121.151 - - [31/Aug/2026:18:59:56 -0400] "POST /wp-login.php HTTP/1.1" 200 2451 "https://ekmtoronto.com/wp-login.php" "Mozilla/5.0 (Windows NT 11.0; Win64; x64) AppleWebKit/537.36 (KHTML, like Gecko) Chrome/121.0.0.0 Safari/537.36"
196.251.121.151 - - [31/Aug/2026:18:59:56 -0400] "POST /wp-login.php HTTP/1.1" 200 2451 "https://ekmtoronto.com/wp-login.php" "Mozilla/5.0 (Windows NT 11.0; Win64; x64) AppleWebKit/537.36 (KHTML, like Gecko) Chrome/121.0.0.0 Safari/537.36"
196.251.121.151 - - [31/Aug/2026:18:59:56 -0400] "GET /wp-login.php HTTP/1.1" 200 2334 "-" "Mozilla/5.0 (Windows NT 10.0; Win64; x64) AppleWebKit/537.36 (KHTML, like Gecko) Chrome/120.0.0.0 Safari/537.36"
196.251.121.151 - - [31/Aug/2026:18:59:56 -0400] "POST /wp-login.php HTTP/1.1" 200 2485 "https://ekmtoronto.com/wp-login.php" "Mozilla/5.0 (Windows NT 11.0; Win64; x64) AppleWebKit/537.36 (KHTML, like Gecko) Chrome/121.0.0.0 Safari/537.36"
196.251.121.151 - - [31/Aug/2026:18:59:56 -0400] "POST /wp-login.php HTTP/1.1" 200 2451 "https://ekmtoronto.com/wp-login.php" "Mozilla/5.0 (Windows NT 11.0; Win64; x64) AppleWebKit/537.36 (KHTML, like Gecko) Chrome/121.0.0.0 Safari/537.36"
196.251.121.151 - - [31/Aug/2026:18:59:56 -0400] "POST /wp-login.php HTTP/1.1" 200 2451 "https://ekmtoronto.com/wp-login.php" "Mozilla/5.0 (Windows NT 11.0; Win64; x64) AppleWebKit/537.36 (KHTML, like Gecko) Chrome/121.0.0.0 Safari/537.36"
196.251.121.151 - - [31/Aug/2026:18:59:57 -0400] "GET /wp-login.php HTTP/1.1" 200 2334 "-" "Mozilla/5.0 (Windows NT 11.0; Win64; x64) AppleWebKit/537.36 (KHTML, like Gecko) Chrome/121.0.0.0 Safari/537.36"
196.251.121.151 - - [31/Aug/2026:18:59:57 -0400] "POST /wp-login.php HTTP/1.1" 200 2485 "https://ekmtoronto.com/wp-login.php" "Mozilla/5.0 (Windows NT 10.0; Win64; x64) AppleWebKit/537.36 (KHTML, like Gecko) Chrome/120.0.0.0 Safari/537.36"
196.251.121.151 - - [31/Aug/2026:18:59:57 -0400] "POST /wp-login.php HTTP/1.1" 200 2451 "https://ekmtoronto.com/wp-login.php" "Mozilla/5.0 (Windows NT 10.0; Win64; x64) AppleWebKit/537.36 (KHTML, like Gecko) Chrome/120.0.0.0 Safari/537.36"
196.251.121.151 - - [31/Aug/2026:18:59:57 -0400] "POST /wp-login.php HTTP/1.1" 200 2451 "https://ekmtoronto.com/wp-login.php" "Mozilla/5.0 (Windows NT 10.0; Win64; x64) AppleWebKit/537.36 (KHTML, like Gecko) Chrome/120.0.0.0 Safari/537.36"
196.251.121.151 - - [31/Aug/2026:18:59:57 -0400] "GET /wp-login.php HTTP/1.1" 200 2334 "-" "Mozilla/5.0 (Windows NT 11.0; Win64; x64) AppleWebKit/537.36 (KHTML, like Gecko) Chrome/121.0.0.0 Safari/537.36"
196.251.121.151 - - [31/Aug/2026:18:59:57 -0400] "POST /wp-login.php HTTP/1.1" 200 2487 "https://ekmtoronto.com/wp-login.php" "Mozilla/5.0 (Windows NT 10.0; Win64; x64; rv:121.0) Gecko/20100101 Firefox/121.0"
196.251.121.151 - - [31/Aug/2026:18:59:58 -0400] "POST /wp-login.php HTTP/1.1" 200 2451 "https://ekmtoronto.com/wp-login.php" "Mozilla/5.0 (Windows NT 10.0; Win64; x64; rv:121.0) Gecko/20100101 Firefox/121.0"
196.251.121.151 - - [31/Aug/2026:18:59:58 -0400] "POST /wp-login.php HTTP/1.1" 200 2451 "https://ekmtoronto.com/wp-login.php" "Mozilla/5.0 (Windows NT 10.0; Win64; x64; rv:121.0) Gecko/20100101 Firefox/121.0"
196.251.121.151 - - [31/Aug/2026:18:59:58 -0400] "GET /wp-login.php HTTP/1.1" 200 2334 "-" "Mozilla/5.0 (Windows NT 11.0; Win64; x64) AppleWebKit/537.36 (KHTML, like Gecko) Chrome/121.0.0.0 Safari/537.36"
196.251.121.151 - - [31/Aug/2026:18:59:58 -0400] "POST /wp-login.php HTTP/1.1" 200 2487 "https://ekmtoronto.com/wp-login.php" "Mozilla/5.0 (Windows NT 10.0; Win64; x64) AppleWebKit/537.36 (KHTML, like Gecko) Chrome/120.0.0.0 Safari/537.36"
196.251.121.151 - - [31/Aug/2026:18:59:58 -0400] "POST /wp-login.php HTTP/1.1" 200 2451 "https://ekmtoronto.com/wp-login.php" "Mozilla/5.0 (Windows NT 10.0; Win64; x64) AppleWebKit/537.36 (KHTML, like Gecko) Chrome/120.0.0.0 Safari/537.36"
196.251.121.151 - - [31/Aug/2026:18:59:59 -0400] "POST /wp-login.php HTTP/1.1" 200 2451 "https://ekmtoronto.com/wp-login.php" "Mozilla/5.0 (Windows NT 10.0; Win64; x64) AppleWebKit/537.36 (KHTML, like Gecko) Chrome/120.0.0.0 Safari/537.36"
104.247.76.75 - - [31/Aug/2026:19:00:18 -0400] "POST /wp-cron.php?doing_wp_cron=1788217218.6025340557098388671875 HTTP/1.1" 200 - "-" "WordPress/7.1; https://ekmtoronto.com"
99.224.204.51 - - [31/Aug/2026:19:00:18 -0400] "GET /monday-night-bible-study/ HTTP/1.1" 404 29356 "-" "Mozilla/5.0 (Linux; Android 10; K) AppleWebKit/537.36 (KHTML, like Gecko) Chrome/152.0.0.0 Mobile Safari/537.36"
99.224.204.51 - - [31/Aug/2026:19:00:18 -0400] "GET /wp-content/plugins/divi-bars/assets/css/main.css?ver=1.9.6 HTTP/1.1" 200 2832 "https://ekmtoronto.com/monday-night-bible-study/" "Mozilla/5.0 (Linux; Android 10; K) AppleWebKit/537.36 (KHTML, like Gecko) Chrome/152.0.0.0 Mobile Safari/537.36"
99.224.204.51 - - [31/Aug/2026:19:00:18 -0400] "GET /wp-content/et-cache/notfound/et-divi-dynamic-tb-24.css?ver=1788144286 HTTP/1.1" 200 1157 "https://ekmtoronto.com/monday-night-bible-study/" "Mozilla/5.0 (Linux; Android 10; K) AppleWebKit/537.36 (KHTML, like Gecko) Chrome/152.0.0.0 Mobile Safari/537.36"
99.224.204.51 - - [31/Aug/2026:19:00:18 -0400] "GET /wp-content/et-cache/24/et-core-unified-cpt-24.min.css?ver=1788111432 HTTP/1.1" 200 - "https://ekmtoronto.com/monday-night-bible-study/" "Mozilla/5.0 (Linux; Android 10; K) AppleWebKit/537.36 (KHTML, like Gecko) Chrome/152.0.0.0 Mobile Safari/537.36"
99.224.204.51 - - [31/Aug/2026:19:00:18 -0400] "GET /wp-content/et-cache/global/et-divi-customizer-global.min.css?ver=1788111432 HTTP/1.1" 200 1350 "https://ekmtoronto.com/monday-night-bible-study/" "Mozilla/5.0 (Linux; Android 10; K) AppleWebKit/537.36 (KHTML, like Gecko) Chrome/152.0.0.0 Mobile Safari/537.36"
99.224.204.51 - - [31/Aug/2026:19:00:18 -0400] "GET /wp-content/et-cache/24/et-core-unified-cpt-deferred-24.min.css?ver=1788111432 HTTP/1.1" 200 1094 "https://ekmtoronto.com/monday-night-bible-study/" "Mozilla/5.0 (Linux; Android 10; K) AppleWebKit/537.36 (KHTML, like Gecko) Chrome/152.0.0.0 Mobile Safari/537.36"
99.224.204.51 - - [31/Aug/2026:19:00:18 -0400] "GET /wp-content/themes/Divi/includes/builder/feature/dynamic-assets/assets/js/jquery.fitvids.js?ver=4.27.8 HTTP/1.1" 200 1341 "https://ekmtoronto.com/monday-night-bible-study/" "Mozilla/5.0 (Linux; Android 10; K) AppleWebKit/537.36 (KHTML, like Gecko) Chrome/152.0.0.0 Mobile Safari/537.36"
99.224.204.51 - - [31/Aug/2026:19:00:18 -0400] "GET /wp-includes/js/jquery/jquery-migrate.min.js?ver=3.4.1 HTTP/1.1" 200 4872 "https://ekmtoronto.com/monday-night-bible-study/" "Mozilla/5.0 (Linux; Android 10; K) AppleWebKit/537.36 (KHTML, like Gecko) Chrome/152.0.0.0 Mobile Safari/537.36"
99.224.204.51 - - [31/Aug/2026:19:00:18 -0400] "GET /wp-includes/js/jquery/jquery.min.js?ver=3.7.1 HTTP/1.1" 200 30368 "https://ekmtoronto.com/monday-night-bible-study/" "Mozilla/5.0 (Linux; Android 10; K) AppleWebKit/537.36 (KHTML, like Gecko) Chrome/152.0.0.0 Mobile Safari/537.36"
99.224.204.51 - - [31/Aug/2026:19:00:18 -0400] "GET /wp-content/themes/Divi/core/admin/js/common.js?ver=4.27.8 HTTP/1.1" 200 566 "https://ekmtoronto.com/monday-night-bible-study/" "Mozilla/5.0 (Linux; Android 10; K) AppleWebKit/537.36 (KHTML, like Gecko) Chrome/152.0.0.0 Mobile Safari/537.36"
99.224.204.51 - - [31/Aug/2026:19:00:18 -0400] "GET /wp-content/plugins/divi-bars/assets/js/main.helper.js?ver=1.9.6 HTTP/1.1" 200 - "https://ekmtoronto.com/monday-night-bible-study/" "Mozilla/5.0 (Linux; Android 10; K) AppleWebKit/537.36 (KHTML, like Gecko) Chrome/152.0.0.0 Mobile Safari/537.36"
99.224.204.51 - - [31/Aug/2026:19:00:18 -0400] "GET /wp-content/plugins/divi-bars/assets/js/main.js?ver=1.9.6 HTTP/1.1" 200 10054 "https://ekmtoronto.com/monday-night-bible-study/" "Mozilla/5.0 (Linux; Android 10; K) AppleWebKit/537.36 (KHTML, like Gecko) Chrome/152.0.0.0 Mobile Safari/537.36"
99.224.204.51 - - [31/Aug/2026:19:00:18 -0400] "GET /wp-content/themes/Divi/js/scripts.min.js?ver=4.27.8 HTTP/1.1" 200 99754 "https://ekmtoronto.com/monday-night-bible-study/" "Mozilla/5.0 (Linux; Android 10; K) AppleWebKit/537.36 (KHTML, like Gecko) Chrome/152.0.0.0 Mobile Safari/537.36"
99.224.204.51 - - [31/Aug/2026:19:00:18 -0400] "GET /wp-content/themes/Divi/core/admin/fonts/modules/all/modules.woff HTTP/1.1" 200 37328 "https://ekmtoronto.com/monday-night-bible-study/" "Mozilla/5.0 (Linux; Android 10; K) AppleWebKit/537.36 (KHTML, like Gecko) Chrome/152.0.0.0 Mobile Safari/537.36"
99.224.204.51 - - [31/Aug/2026:19:00:18 -0400] "GET /wp-content/plugins/divi-bars/assets/js/actual.min.js?ver=7.1 HTTP/1.1" 200 475 "https://ekmtoronto.com/monday-night-bible-study/" "Mozilla/5.0 (Linux; Android 10; K) AppleWebKit/537.36 (KHTML, like Gecko) Chrome/152.0.0.0 Mobile Safari/537.36"
99.224.204.51 - - [31/Aug/2026:19:00:18 -0400] "GET /wp-content/plugins/divi-bars/assets/js/jquery.exitintent.min.js?ver=7.1 HTTP/1.1" 200 427 "https://ekmtoronto.com/monday-night-bible-study/" "Mozilla/5.0 (Linux; Android 10; K) AppleWebKit/537.36 (KHTML, like Gecko) Chrome/152.0.0.0 Mobile Safari/537.36"
99.224.204.51 - - [31/Aug/2026:19:00:18 -0400] "GET /wp-content/uploads/2022/09/EKM-WHITE-LOGO-150PX.png HTTP/1.1" 404 28394 "https://ekmtoronto.com/monday-night-bible-study/" "Mozilla/5.0 (Linux; Android 10; K) AppleWebKit/537.36 (KHTML, like Gecko) Chrome/152.0.0.0 Mobile Safari/537.36"
99.224.204.51 - - [31/Aug/2026:19:00:19 -0400] "GET /wp-content/uploads/2022/09/EKM-WHITE-LOGO-100px3.png HTTP/1.1" 404 28394 "https://ekmtoronto.com/monday-night-bible-study/" "Mozilla/5.0 (Linux; Android 10; K) AppleWebKit/537.36 (KHTML, like Gecko) Chrome/152.0.0.0 Mobile Safari/537.36"
99.224.204.51 - - [31/Aug/2026:19:00:19 -0400] "GET /wp-content/uploads/2022/09/EKM-WHITE-LOGO-150PX.png HTTP/1.1" 404 28394 "https://ekmtoronto.com/monday-night-bible-study/" "Mozilla/5.0 (Linux; Android 10; K) AppleWebKit/537.36 (KHTML, like Gecko) Chrome/152.0.0.0 Mobile Safari/537.36"
99.224.204.51 - - [31/Aug/2026:19:00:19 -0400] "GET /wp-content/uploads/2023/11/cropped-EKM-SITE-TAB-ICON-512PX-180x180.jpg HTTP/1.1" 200 4836 "https://ekmtoronto.com/monday-night-bible-study/" "Mozilla/5.0 (Linux; Android 10; K) AppleWebKit/537.36 (KHTML, like Gecko) Chrome/152.0.0.0 Mobile Safari/537.36"
99.224.204.51 - - [31/Aug/2026:19:00:19 -0400] "GET /wp-content/uploads/2023/11/cropped-EKM-SITE-TAB-ICON-512PX-192x192.jpg HTTP/1.1" 200 5240 "https://ekmtoronto.com/monday-night-bible-study/" "Mozilla/5.0 (Linux; Android 10; K) AppleWebKit/537.36 (KHTML, like Gecko) Chrome/152.0.0.0 Mobile Safari/537.36"
99.224.204.51 - - [31/Aug/2026:19:00:20 -0400] "GET /monday-night-bible-study/ HTTP/1.1" 404 29356 "-" "Mozilla/5.0 (Linux; Android 10; K) AppleWebKit/537.36 (KHTML, like Gecko) Chrome/152.0.0.0 Mobile Safari/537.36"
99.224.204.51 - - [31/Aug/2026:19:00:20 -0400] "GET / HTTP/1.1" 200 39826 "https://ekmtoronto.com/monday-night-bible-study/" "Mozilla/5.0 (Linux; Android 10; K) AppleWebKit/537.36 (KHTML, like Gecko) Chrome/152.0.0.0 Mobile Safari/537.36"
99.224.204.51 - - [31/Aug/2026:19:00:20 -0400] "GET /wp-content/uploads/2022/09/EKM-WHITE-LOGO-150PX.png HTTP/1.1" 404 28394 "https://ekmtoronto.com/monday-night-bible-study/" "Mozilla/5.0 (Linux; Android 10; K) AppleWebKit/537.36 (KHTML, like Gecko) Chrome/152.0.0.0 Mobile Safari/537.36"
99.224.204.51 - - [31/Aug/2026:19:00:21 -0400] "GET /wp-content/uploads/2022/09/EKM-WHITE-LOGO-100px3.png HTTP/1.1" 404 28394 "https://ekmtoronto.com/monday-night-bible-study/" "Mozilla/5.0 (Linux; Android 10; K) AppleWebKit/537.36 (KHTML, like Gecko) Chrome/152.0.0.0 Mobile Safari/537.36"
99.224.204.51 - - [31/Aug/2026:19:00:41 -0400] "GET / HTTP/1.1" 200 39826 "https://www.google.com/" "Mozilla/5.0 (Linux; Android 10; K) AppleWebKit/537.36 (KHTML, like Gecko) Chrome/152.0.0.0 Mobile Safari/537.36"
99.224.204.51 - - [31/Aug/2026:19:00:41 -0400] "GET /wp-content/et-cache/228351/et-divi-dynamic-228351-late.css?ver=1788111647 HTTP/1.1" 200 3170 "https://ekmtoronto.com/" "Mozilla/5.0 (Linux; Android 10; K) AppleWebKit/537.36 (KHTML, like Gecko) Chrome/152.0.0.0 Mobile Safari/537.36"
99.224.204.51 - - [31/Aug/2026:19:00:41 -0400] "GET /wp-content/et-cache/228351/et-divi-dynamic-228351.css?ver=1788111647 HTTP/1.1" 200 11161 "https://ekmtoronto.com/" "Mozilla/5.0 (Linux; Android 10; K) AppleWebKit/537.36 (KHTML, like Gecko) Chrome/152.0.0.0 Mobile Safari/537.36"
99.224.204.51 - - [31/Aug/2026:19:00:41 -0400] "GET /wp-content/et-cache/228351/et-core-unified-deferred-228351.min.css?ver=1788111648 HTTP/1.1" 200 3945 "https://ekmtoronto.com/" "Mozilla/5.0 (Linux; Android 10; K) AppleWebKit/537.36 (KHTML, like Gecko) Chrome/152.0.0.0 Mobile Safari/537.36"
99.224.204.51 - - [31/Aug/2026:19:00:41 -0400] "GET /wp-content/plugins/divi-overlays/assets/css/animate.min.css?ver=4.1.1 HTTP/1.1" 200 5272 "https://ekmtoronto.com/" "Mozilla/5.0 (Linux; Android 10; K) AppleWebKit/537.36 (KHTML, like Gecko) Chrome/152.0.0.0 Mobile Safari/537.36"
99.224.204.51 - - [31/Aug/2026:19:00:41 -0400] "GET /wp-content/plugins/divi-overlays/assets/css/custom_animations.css?ver=2.9.7.9 HTTP/1.1" 200 886 "https://ekmtoronto.com/" "Mozilla/5.0 (Linux; Android 10; K) AppleWebKit/537.36 (KHTML, like Gecko) Chrome/152.0.0.0 Mobile Safari/537.36"
99.224.204.51 - - [31/Aug/2026:19:00:41 -0400] "GET /wp-content/plugins/divi-overlays/assets/css/style.css?ver=2.9.7.9 HTTP/1.1" 200 2232 "https://ekmtoronto.com/" "Mozilla/5.0 (Linux; Android 10; K) AppleWebKit/537.36 (KHTML, like Gecko) Chrome/152.0.0.0 Mobile Safari/537.36"
99.224.204.51 - - [31/Aug/2026:19:00:41 -0400] "GET /wp-includes/js/mediaelement/mediaelementplayer-legacy.min.css?ver=4.2.17 HTTP/1.1" 200 2592 "https://ekmtoronto.com/" "Mozilla/5.0 (Linux; Android 10; K) AppleWebKit/537.36 (KHTML, like Gecko) Chrome/152.0.0.0 Mobile Safari/537.36"
99.224.204.51 - - [31/Aug/2026:19:00:41 -0400] "GET /wp-includes/js/mediaelement/wp-mediaelement.min.css?ver=7.1 HTTP/1.1" 200 1156 "https://ekmtoronto.com/" "Mozilla/5.0 (Linux; Android 10; K) AppleWebKit/537.36 (KHTML, like Gecko) Chrome/152.0.0.0 Mobile Safari/537.36"
99.224.204.51 - - [31/Aug/2026:19:00:41 -0400] "GET /wp-content/uploads/2023/11/Volunteer-Team-Sharp-EKM-7411-WIDE-1500px-980x476.jpg HTTP/1.1" 200 64609 "https://ekmtoronto.com/" "Mozilla/5.0 (Linux; Android 10; K) AppleWebKit/537.36 (KHTML, like Gecko) Chrome/152.0.0.0 Mobile Safari/537.36"
99.224.204.51 - - [31/Aug/2026:19:00:41 -0400] "GET /wp-content/themes/Divi/includes/builder/feature/dynamic-assets/assets/js/salvattore.js?ver=4.27.8 HTTP/1.1" 200 3412 "https://ekmtoronto.com/" "Mozilla/5.0 (Linux; Android 10; K) AppleWebKit/537.36 (KHTML, like Gecko) Chrome/152.0.0.0 Mobile Safari/537.36"
99.224.204.51 - - [31/Aug/2026:19:00:41 -0400] "GET /wp-content/themes/Divi/includes/builder/feature/dynamic-assets/assets/js/easypiechart.js?ver=4.27.8 HTTP/1.1" 200 3118 "https://ekmtoronto.com/" "Mozilla/5.0 (Linux; Android 10; K) AppleWebKit/537.36 (KHTML, like Gecko) Chrome/152.0.0.0 Mobile Safari/537.36"
99.224.204.51 - - [31/Aug/2026:19:00:41 -0400] "GET /wp-content/plugins/divi-overlays/assets/js/jquery.exitintent.js?ver=2.9.7.9 HTTP/1.1" 200 398 "https://ekmtoronto.com/" "Mozilla/5.0 (Linux; Android 10; K) AppleWebKit/537.36 (KHTML, like Gecko) Chrome/152.0.0.0 Mobile Safari/537.36"
99.224.204.51 - - [31/Aug/2026:19:00:41 -0400] "GET /wp-content/uploads/2021/06/akin-Franz-IMG_7125-1500PX-2-980x414.png HTTP/1.1" 200 178639 "https://ekmtoronto.com/" "Mozilla/5.0 (Linux; Android 10; K) AppleWebKit/537.36 (KHTML, like Gecko) Chrome/152.0.0.0 Mobile Safari/537.36"
99.224.204.51 - - [31/Aug/2026:19:00:41 -0400] "GET /wp-content/plugins/divi-overlays/assets/js/custom.js?ver=2.9.7.9 HTTP/1.1" 200 12334 "https://ekmtoronto.com/" "Mozilla/5.0 (Linux; Android 10; K) AppleWebKit/537.36 (KHTML, like Gecko) Chrome/152.0.0.0 Mobile Safari/537.36"
99.224.204.51 - - [31/Aug/2026:19:00:41 -0400] "GET /wp-content/uploads/2023/11/We-Love-lee-Nicole_7149-1000PXMOB.jpg HTTP/1.1" 200 110730 "https://ekmtoronto.com/" "Mozilla/5.0 (Linux; Android 10; K) AppleWebKit/537.36 (KHTML, like Gecko) Chrome/152.0.0.0 Mobile Safari/537.36"
99.224.204.51 - - [31/Aug/2026:19:00:41 -0400] "GET /wp-content/uploads/2021/06/EKM-LOGO-BLACK-IM-150PX.png HTTP/1.1" 404 28394 "https://ekmtoronto.com/" "Mozilla/5.0 (Linux; Android 10; K) AppleWebKit/537.36 (KHTML, like Gecko) Chrome/152.0.0.0 Mobile Safari/537.36"
99.224.204.51 - - [31/Aug/2026:19:00:41 -0400] "GET /wp-content/et-cache/228351/et-divi-dynamic-228351-late.css HTTP/1.1" 200 3170 "https://ekmtoronto.com/" "Mozilla/5.0 (Linux; Android 10; K) AppleWebKit/537.36 (KHTML, like Gecko) Chrome/152.0.0.0 Mobile Safari/537.36"
99.224.204.51 - - [31/Aug/2026:19:00:41 -0400] "GET /wp-includes/js/mediaelement/mediaelement-and-player.min.js?ver=4.2.17 HTTP/1.1" 200 38789 "https://ekmtoronto.com/" "Mozilla/5.0 (Linux; Android 10; K) AppleWebKit/537.36 (KHTML, like Gecko) Chrome/152.0.0.0 Mobile Safari/537.36"
99.224.204.51 - - [31/Aug/2026:19:00:41 -0400] "GET /wp-content/themes/Divi/core/admin/fonts/fontawesome/fa-solid-900.woff2 HTTP/1.1" 200 80265 "https://ekmtoronto.com/" "Mozilla/5.0 (Linux; Android 10; K) AppleWebKit/537.36 (KHTML, like Gecko) Chrome/152.0.0.0 Mobile Safari/537.36"
99.224.204.51 - - [31/Aug/2026:19:00:41 -0400] "GET /wp-content/uploads/2023/11/EKM-WHITE-LOGO-150PX.png HTTP/1.1" 200 1362 "https://ekmtoronto.com/" "Mozilla/5.0 (Linux; Android 10; K) AppleWebKit/537.36 (KHTML, like Gecko) Chrome/152.0.0.0 Mobile Safari/537.36"
99.224.204.51 - - [31/Aug/2026:19:00:41 -0400] "GET /wp-includes/js/mediaelement/mediaelement-migrate.min.js?ver=7.1 HTTP/1.1" 200 540 "https://ekmtoronto.com/" "Mozilla/5.0 (Linux; Android 10; K) AppleWebKit/537.36 (KHTML, like Gecko) Chrome/152.0.0.0 Mobile Safari/537.36"
