66.249.65.135 - - [31/Aug/2026:13:13:28 -0400] "GET /?k=87875546800 HTTP/1.1" 200 39841 "-" "Mozilla/5.0 (Linux; Android 6.0.1; Nexus 5X Build/MMB29P) AppleWebKit/537.36 (KHTML, like Gecko) Chrome/151.0.7922.173 Mobile Safari/537.36 (compatible; Googlebot/2.1; +http://www.google.com/bot.html)"
178.60.63.113 - - [31/Aug/2026:13:13:38 -0400] "GET / HTTP/1.1" 301 - "-" "Mozilla/5.0 (Windows NT 10.0; Win64; x64) AppleWebKit/537.36 (KHTML, like Gecko) Chrome/126.0.0.0 Safari/537.36"
66.249.65.134 - - [31/Aug/2026:13:13:39 -0400] "GET /?sale/search/detail/?ITMCODE=t3a3b9l9e5l2a5n5d992 HTTP/1.1" 301 - "-" "Mozilla/5.0 (Linux; Android 6.0.1; Nexus 5X Build/MMB29P) AppleWebKit/537.36 (KHTML, like Gecko) Chrome/151.0.7922.173 Mobile Safari/537.36 (compatible; Googlebot/2.1; +http://www.google.com/bot.html)"
178.60.63.113 - - [31/Aug/2026:13:13:39 -0400] "GET / HTTP/1.1" 200 39828 "https://www.ekmtoronto.flapstart.com" "Mozilla/5.0 (Windows NT 10.0; Win64; x64) AppleWebKit/537.36 (KHTML, like Gecko) Chrome/126.0.0.0 Safari/537.36"
178.60.63.113 - - [31/Aug/2026:13:13:40 -0400] "GET /wp-content/plugins/divi-overlays/assets/js/custom.js?ver=2.9.7.9 HTTP/1.1" 200 12334 "-" "Mozilla/5.0 (Windows NT 10.0; Win64; x64) AppleWebKit/537.36 (KHTML, like Gecko) Chrome/126.0.0.0 Safari/537.36"
178.60.63.113 - - [31/Aug/2026:13:13:40 -0400] "GET /wp-includes/js/jquery/jquery-migrate.min.js?ver=3.4.1 HTTP/1.1" 200 4872 "-" "Mozilla/5.0 (Windows NT 10.0; Win64; x64) AppleWebKit/537.36 (KHTML, like Gecko) Chrome/126.0.0.0 Safari/537.36"
178.60.63.113 - - [31/Aug/2026:13:13:40 -0400] "GET /wp-includes/js/jquery/jquery.min.js?ver=3.7.1 HTTP/1.1" 200 30368 "-" "Mozilla/5.0 (Windows NT 10.0; Win64; x64) AppleWebKit/537.36 (KHTML, like Gecko) Chrome/126.0.0.0 Safari/537.36"
178.60.63.113 - - [31/Aug/2026:13:13:40 -0400] "GET /wp-includes/js/mediaelement/wp-mediaelement.min.js?ver=7.1 HTTP/1.1" 200 538 "-" "Mozilla/5.0 (Windows NT 10.0; Win64; x64) AppleWebKit/537.36 (KHTML, like Gecko) Chrome/126.0.0.0 Safari/537.36"
178.60.63.113 - - [31/Aug/2026:13:13:40 -0400] "GET /wp-content/themes/Divi/includes/builder/feature/dynamic-assets/assets/js/easypiechart.js?ver=4.27.8 HTTP/1.1" 200 3118 "-" "Mozilla/5.0 (Windows NT 10.0; Win64; x64) AppleWebKit/537.36 (KHTML, like Gecko) Chrome/126.0.0.0 Safari/537.36"
178.60.63.113 - - [31/Aug/2026:13:13:40 -0400] "GET /wp-content/themes/Divi/includes/builder/feature/dynamic-assets/assets/js/salvattore.js?ver=4.27.8 HTTP/1.1" 200 3412 "-" "Mozilla/5.0 (Windows NT 10.0; Win64; x64) AppleWebKit/537.36 (KHTML, like Gecko) Chrome/126.0.0.0 Safari/537.36"
178.60.63.113 - - [31/Aug/2026:13:13:40 -0400] "GET /wp-content/themes/Divi/core/admin/js/common.js?ver=4.27.8 HTTP/1.1" 200 566 "-" "Mozilla/5.0 (Windows NT 10.0; Win64; x64) AppleWebKit/537.36 (KHTML, like Gecko) Chrome/126.0.0.0 Safari/537.36"
178.60.63.113 - - [31/Aug/2026:13:13:40 -0400] "GET /wp-content/plugins/divi-bars/assets/js/jquery.exitintent.min.js?ver=7.1 HTTP/1.1" 200 427 "-" "Mozilla/5.0 (Windows NT 10.0; Win64; x64) AppleWebKit/537.36 (KHTML, like Gecko) Chrome/126.0.0.0 Safari/537.36"
178.60.63.113 - - [31/Aug/2026:13:13:40 -0400] "GET /wp-includes/js/mediaelement/mediaelement-and-player.min.js?ver=4.2.17 HTTP/1.1" 200 38789 "-" "Mozilla/5.0 (Windows NT 10.0; Win64; x64) AppleWebKit/537.36 (KHTML, like Gecko) Chrome/126.0.0.0 Safari/537.36"
178.60.63.113 - - [31/Aug/2026:13:13:40 -0400] "GET /wp-content/themes/Divi/includes/builder/feature/dynamic-assets/assets/js/jquery.fitvids.js?ver=4.27.8 HTTP/1.1" 200 1341 "-" "Mozilla/5.0 (Windows NT 10.0; Win64; x64) AppleWebKit/537.36 (KHTML, like Gecko) Chrome/126.0.0.0 Safari/537.36"
178.60.63.113 - - [31/Aug/2026:13:13:40 -0400] "GET /wp-content/themes/Divi/js/scripts.min.js?ver=4.27.8 HTTP/1.1" 200 99754 "-" "Mozilla/5.0 (Windows NT 10.0; Win64; x64) AppleWebKit/537.36 (KHTML, like Gecko) Chrome/126.0.0.0 Safari/537.36"
178.60.63.113 - - [31/Aug/2026:13:13:40 -0400] "GET /wp-content/plugins/divi-overlays/assets/js/jquery.exitintent.js?ver=2.9.7.9 HTTP/1.1" 200 398 "-" "Mozilla/5.0 (Windows NT 10.0; Win64; x64) AppleWebKit/537.36 (KHTML, like Gecko) Chrome/126.0.0.0 Safari/537.36"
178.60.63.113 - - [31/Aug/2026:13:13:40 -0400] "GET /wp-content/plugins/divi-bars/assets/js/main.js?ver=1.9.6 HTTP/1.1" 200 10054 "-" "Mozilla/5.0 (Windows NT 10.0; Win64; x64) AppleWebKit/537.36 (KHTML, like Gecko) Chrome/126.0.0.0 Safari/537.36"
178.60.63.113 - - [31/Aug/2026:13:13:40 -0400] "GET /wp-content/plugins/divi-bars/assets/js/main.helper.js?ver=1.9.6 HTTP/1.1" 200 - "-" "Mozilla/5.0 (Windows NT 10.0; Win64; x64) AppleWebKit/537.36 (KHTML, like Gecko) Chrome/126.0.0.0 Safari/537.36"
178.60.63.113 - - [31/Aug/2026:13:13:40 -0400] "GET /wp-includes/js/mediaelement/mediaelement-migrate.min.js?ver=7.1 HTTP/1.1" 200 540 "-" "Mozilla/5.0 (Windows NT 10.0; Win64; x64) AppleWebKit/537.36 (KHTML, like Gecko) Chrome/126.0.0.0 Safari/537.36"
178.60.63.113 - - [31/Aug/2026:13:13:40 -0400] "GET /wp-content/plugins/divi-bars/assets/js/actual.min.js?ver=7.1 HTTP/1.1" 200 475 "-" "Mozilla/5.0 (Windows NT 10.0; Win64; x64) AppleWebKit/537.36 (KHTML, like Gecko) Chrome/126.0.0.0 Safari/537.36"
66.249.65.136 - - [31/Aug/2026:13:13:55 -0400] "GET /wp-content/plugins/divi-bars/assets/js/jquery.exitintent.min.js?ver=7.1 HTTP/1.1" 200 427 "https://ekmtoronto.com/?k=87875546800" "Mozilla/5.0 (Linux; Android 6.0.1; Nexus 5X Build/MMB29P) AppleWebKit/537.36 (KHTML, like Gecko) Chrome/151.0.7922.173 Mobile Safari/537.36 (compatible; Googlebot/2.1; +http://www.google.com/bot.html)"
104.247.76.75 - - [31/Aug/2026:13:14:06 -0400] "POST /wp-cron.php?doing_wp_cron=1788196446.8126189708709716796875 HTTP/1.1" 200 - "-" "WordPress/7.1; https://ekmtoronto.com"
66.249.65.134 - - [31/Aug/2026:13:14:06 -0400] "GET /?sale%2Fsearch%2Fdetail%2F%3FITMCODE=t3a3b9l9e5l2a5n5d992 HTTP/1.1" 200 39890 "-" "Mozilla/5.0 (Linux; Android 6.0.1; Nexus 5X Build/MMB29P) AppleWebKit/537.36 (KHTML, like Gecko) Chrome/151.0.7922.173 Mobile Safari/537.36 (compatible; Googlebot/2.1; +http://www.google.com/bot.html)"
104.247.76.75 - - [31/Aug/2026:13:15:49 -0400] "POST /wp-cron.php?doing_wp_cron=1788196549.1645519733428955078125 HTTP/1.1" 200 - "-" "WordPress/7.1; https://ekmtoronto.com"
114.119.156.250 - - [31/Aug/2026:13:15:48 -0400] "GET / HTTP/1.1" 200 39826 "https://ekmtoronto.com/" "Mozilla/5.0 (Linux; Android 7.0;) AppleWebKit/537.36 (HTML, like Gecko) Mobile Safari/537.36 (compatible; PetalBot;+https://webmaster.petalsearch.com/site/petalbot)"
104.247.76.75 - - [31/Aug/2026:13:16:29 -0400] "POST /wp-cron.php?doing_wp_cron=1788196589.3966829776763916015625 HTTP/1.1" 200 - "-" "WordPress/7.1; https://ekmtoronto.com"
66.249.65.135 - - [31/Aug/2026:13:16:28 -0400] "GET /?k=78827160522800 HTTP/1.1" 200 39841 "-" "Mozilla/5.0 (Linux; Android 6.0.1; Nexus 5X Build/MMB29P) AppleWebKit/537.36 (KHTML, like Gecko) Chrome/151.0.7922.173 Mobile Safari/537.36 (compatible; Googlebot/2.1; +http://www.google.com/bot.html)"
66.249.65.135 - - [31/Aug/2026:13:16:34 -0400] "GET /wp-content/plugins/divi-bars/assets/js/main.js?ver=1.9.6 HTTP/1.1" 200 10054 "https://ekmtoronto.com/?k=78827160522800" "Mozilla/5.0 (Linux; Android 6.0.1; Nexus 5X Build/MMB29P) AppleWebKit/537.36 (KHTML, like Gecko) Chrome/151.0.7922.173 Mobile Safari/537.36 (compatible; Googlebot/2.1; +http://www.google.com/bot.html)"
66.249.65.134 - - [31/Aug/2026:13:16:39 -0400] "GET /wp-includes/js/jquery/jquery.min.js?ver=3.7.1 HTTP/1.1" 200 30368 "https://ekmtoronto.com/?k=78827160522800" "Mozilla/5.0 (Linux; Android 6.0.1; Nexus 5X Build/MMB29P) AppleWebKit/537.36 (KHTML, like Gecko) Chrome/151.0.7922.173 Mobile Safari/537.36 (compatible; Googlebot/2.1; +http://www.google.com/bot.html)"
66.249.65.134 - - [31/Aug/2026:13:16:44 -0400] "GET /wp-includes/js/mediaelement/mediaelement-and-player.min.js?ver=4.2.17 HTTP/1.1" 200 38789 "https://ekmtoronto.com/?k=78827160522800" "Mozilla/5.0 (Linux; Android 6.0.1; Nexus 5X Build/MMB29P) AppleWebKit/537.36 (KHTML, like Gecko) Chrome/151.0.7922.173 Mobile Safari/537.36 (compatible; Googlebot/2.1; +http://www.google.com/bot.html)"
104.247.76.75 - - [31/Aug/2026:13:18:53 -0400] "POST /wp-cron.php?doing_wp_cron=1788196733.7058460712432861328125 HTTP/1.1" 200 - "-" "WordPress/7.1; https://ekmtoronto.com"
98.80.219.40 - - [31/Aug/2026:13:18:53 -0400] "GET /wp-content/uploads/2021/06/EKM-LOGO-BLACK-IM-150PX.png HTTP/1.1" 404 28393 "-" "Mozilla/5.0 (Windows NT 10.0; Win64; x64) AppleWebKit/537.36 (KHTML, like Gecko) Chrome/120.0.0.0 Safari/537.36"
66.249.65.135 - - [31/Aug/2026:13:18:56 -0400] "GET /?k=08020122713200 HTTP/1.1" 200 39842 "-" "Mozilla/5.0 (Linux; Android 6.0.1; Nexus 5X Build/MMB29P) AppleWebKit/537.36 (KHTML, like Gecko) Chrome/151.0.7922.173 Mobile Safari/537.36 (compatible; Googlebot/2.1; +http://www.google.com/bot.html)"
104.247.76.75 - - [31/Aug/2026:13:19:14 -0400] "POST /wp-cron.php?doing_wp_cron=1788196754.8367140293121337890625 HTTP/1.1" 200 - "-" "WordPress/7.1; https://ekmtoronto.com"
98.80.219.40 - - [31/Aug/2026:13:19:14 -0400] "GET /wp-content/uploads/2021/06/EKM-LOGO-BLACK-IM-150PX.png HTTP/1.1" 404 28393 "-" "Mozilla/5.0 (Windows NT 10.0; Win64; x64) AppleWebKit/537.36 (KHTML, like Gecko) Chrome/120.0.0.0 Safari/537.36"
98.80.219.40 - - [31/Aug/2026:13:19:15 -0400] "GET /wp-content/uploads/2021/06/EKM-LOGO-BLACK-IM-150PX.png HTTP/1.1" 404 28393 "-" "Mozilla/5.0 (Windows NT 10.0; Win64; x64) AppleWebKit/537.36 (KHTML, like Gecko) Chrome/120.0.0.0 Safari/537.36"
98.80.219.40 - - [31/Aug/2026:13:19:30 -0400] "GET /wp-content/uploads/2021/06/EKM-LOGO-BLACK-IM-150PX.png HTTP/1.1" 404 28393 "-" "Mozilla/5.0 (Windows NT 10.0; Win64; x64) AppleWebKit/537.36 (KHTML, like Gecko) Chrome/120.0.0.0 Safari/537.36"
114.119.138.202 - - [31/Aug/2026:13:19:31 -0400] "GET /wp-sitemap.xml HTTP/1.1" 200 235 "-" "Mozilla/5.0 (Linux; Android 7.0;) AppleWebKit/537.36 (KHTML, like Gecko) Mobile Safari/537.36 (compatible; PetalBot;+https://webmaster.petalsearch.com/site/petalbot)"
98.80.219.40 - - [31/Aug/2026:13:19:51 -0400] "GET /wp-content/uploads/2021/06/EKM-LOGO-BLACK-IM-150PX.png HTTP/1.1" 404 28393 "-" "Mozilla/5.0 (Windows NT 10.0; Win64; x64) AppleWebKit/537.36 (KHTML, like Gecko) Chrome/120.0.0.0 Safari/537.36"
98.80.219.40 - - [31/Aug/2026:13:19:51 -0400] "GET /wp-content/uploads/2021/06/EKM-LOGO-BLACK-IM-150PX.png HTTP/1.1" 404 28393 "-" "Mozilla/5.0 (Windows NT 10.0; Win64; x64) AppleWebKit/537.36 (KHTML, like Gecko) Chrome/120.0.0.0 Safari/537.36"
104.247.76.75 - - [31/Aug/2026:13:20:30 -0400] "POST /wp-cron.php?doing_wp_cron=1788196830.2982549667358398437500 HTTP/1.1" 200 - "-" "WordPress/7.1; https://ekmtoronto.com"
99.253.171.235 - - [31/Aug/2026:13:20:29 -0400] "GET / HTTP/1.1" 200 39825 "-" "Mozilla/5.0 (iPhone; CPU iPhone OS 26_6_1 like Mac OS X) AppleWebKit/605.1.15 (KHTML, like Gecko) CriOS/152.0.7977.64 Mobile/15E148 Safari/604.1"
99.253.171.235 - - [31/Aug/2026:13:20:30 -0400] "GET /wp-content/et-cache/228351/et-divi-dynamic-228351-late.css?ver=1788111647 HTTP/1.1" 200 3170 "https://ekmtoronto.com/" "Mozilla/5.0 (iPhone; CPU iPhone OS 26_6_1 like Mac OS X) AppleWebKit/605.1.15 (KHTML, like Gecko) CriOS/152.0.7977.64 Mobile/15E148 Safari/604.1"
99.253.171.235 - - [31/Aug/2026:13:20:30 -0400] "GET /wp-content/et-cache/228351/et-divi-dynamic-228351.css?ver=1788111647 HTTP/1.1" 200 11161 "https://ekmtoronto.com/" "Mozilla/5.0 (iPhone; CPU iPhone OS 26_6_1 like Mac OS X) AppleWebKit/605.1.15 (KHTML, like Gecko) CriOS/152.0.7977.64 Mobile/15E148 Safari/604.1"
99.253.171.235 - - [31/Aug/2026:13:20:30 -0400] "GET /wp-content/plugins/divi-overlays/assets/css/animate.min.css?ver=4.1.1 HTTP/1.1" 200 5272 "https://ekmtoronto.com/" "Mozilla/5.0 (iPhone; CPU iPhone OS 26_6_1 like Mac OS X) AppleWebKit/605.1.15 (KHTML, like Gecko) CriOS/152.0.7977.64 Mobile/15E148 Safari/604.1"
99.253.171.235 - - [31/Aug/2026:13:20:30 -0400] "GET /wp-content/plugins/divi-overlays/assets/css/custom_animations.css?ver=2.9.7.9 HTTP/1.1" 200 886 "https://ekmtoronto.com/" "Mozilla/5.0 (iPhone; CPU iPhone OS 26_6_1 like Mac OS X) AppleWebKit/605.1.15 (KHTML, like Gecko) CriOS/152.0.7977.64 Mobile/15E148 Safari/604.1"
99.253.171.235 - - [31/Aug/2026:13:20:30 -0400] "GET /wp-content/plugins/divi-overlays/assets/css/style.css?ver=2.9.7.9 HTTP/1.1" 200 2232 "https://ekmtoronto.com/" "Mozilla/5.0 (iPhone; CPU iPhone OS 26_6_1 like Mac OS X) AppleWebKit/605.1.15 (KHTML, like Gecko) CriOS/152.0.7977.64 Mobile/15E148 Safari/604.1"
99.253.171.235 - - [31/Aug/2026:13:20:30 -0400] "GET /wp-includes/js/mediaelement/mediaelementplayer-legacy.min.css?ver=4.2.17 HTTP/1.1" 200 2592 "https://ekmtoronto.com/" "Mozilla/5.0 (iPhone; CPU iPhone OS 26_6_1 like Mac OS X) AppleWebKit/605.1.15 (KHTML, like Gecko) CriOS/152.0.7977.64 Mobile/15E148 Safari/604.1"
99.253.171.235 - - [31/Aug/2026:13:20:30 -0400] "GET /wp-content/plugins/divi-bars/assets/css/main.css?ver=1.9.6 HTTP/1.1" 200 2832 "https://ekmtoronto.com/" "Mozilla/5.0 (iPhone; CPU iPhone OS 26_6_1 like Mac OS X) AppleWebKit/605.1.15 (KHTML, like Gecko) CriOS/152.0.7977.64 Mobile/15E148 Safari/604.1"
99.253.171.235 - - [31/Aug/2026:13:20:30 -0400] "GET /wp-includes/js/jquery/jquery-migrate.min.js?ver=3.4.1 HTTP/1.1" 200 4872 "https://ekmtoronto.com/" "Mozilla/5.0 (iPhone; CPU iPhone OS 26_6_1 like Mac OS X) AppleWebKit/605.1.15 (KHTML, like Gecko) CriOS/152.0.7977.64 Mobile/15E148 Safari/604.1"
99.253.171.235 - - [31/Aug/2026:13:20:30 -0400] "GET /wp-includes/js/jquery/jquery.min.js?ver=3.7.1 HTTP/1.1" 200 30368 "https://ekmtoronto.com/" "Mozilla/5.0 (iPhone; CPU iPhone OS 26_6_1 like Mac OS X) AppleWebKit/605.1.15 (KHTML, like Gecko) CriOS/152.0.7977.64 Mobile/15E148 Safari/604.1"
99.253.171.235 - - [31/Aug/2026:13:20:30 -0400] "GET /wp-content/et-cache/228351/et-core-unified-deferred-228351.min.css?ver=1788111648 HTTP/1.1" 200 3945 "https://ekmtoronto.com/" "Mozilla/5.0 (iPhone; CPU iPhone OS 26_6_1 like Mac OS X) AppleWebKit/605.1.15 (KHTML, like Gecko) CriOS/152.0.7977.64 Mobile/15E148 Safari/604.1"
99.253.171.235 - - [31/Aug/2026:13:20:30 -0400] "GET /wp-includes/js/mediaelement/wp-mediaelement.min.css?ver=7.1 HTTP/1.1" 200 1156 "https://ekmtoronto.com/" "Mozilla/5.0 (iPhone; CPU iPhone OS 26_6_1 like Mac OS X) AppleWebKit/605.1.15 (KHTML, like Gecko) CriOS/152.0.7977.64 Mobile/15E148 Safari/604.1"
99.253.171.235 - - [31/Aug/2026:13:20:30 -0400] "GET /wp-content/themes/Divi/includes/builder/feature/dynamic-assets/assets/js/jquery.fitvids.js?ver=4.27.8 HTTP/1.1" 200 1341 "https://ekmtoronto.com/" "Mozilla/5.0 (iPhone; CPU iPhone OS 26_6_1 like Mac OS X) AppleWebKit/605.1.15 (KHTML, like Gecko) CriOS/152.0.7977.64 Mobile/15E148 Safari/604.1"
99.253.171.235 - - [31/Aug/2026:13:20:30 -0400] "GET /wp-content/uploads/2021/06/akin-Franz-IMG_7125-1500PX-2.png HTTP/1.1" 200 402357 "https://ekmtoronto.com/" "Mozilla/5.0 (iPhone; CPU iPhone OS 26_6_1 like Mac OS X) AppleWebKit/605.1.15 (KHTML, like Gecko) CriOS/152.0.7977.64 Mobile/15E148 Safari/604.1"
99.253.171.235 - - [31/Aug/2026:13:20:30 -0400] "GET /wp-content/themes/Divi/includes/builder/feature/dynamic-assets/assets/js/salvattore.js?ver=4.27.8 HTTP/1.1" 200 3412 "https://ekmtoronto.com/" "Mozilla/5.0 (iPhone; CPU iPhone OS 26_6_1 like Mac OS X) AppleWebKit/605.1.15 (KHTML, like Gecko) CriOS/152.0.7977.64 Mobile/15E148 Safari/604.1"
99.253.171.235 - - [31/Aug/2026:13:20:30 -0400] "GET /wp-content/themes/Divi/includes/builder/feature/dynamic-assets/assets/js/easypiechart.js?ver=4.27.8 HTTP/1.1" 200 3118 "https://ekmtoronto.com/" "Mozilla/5.0 (iPhone; CPU iPhone OS 26_6_1 like Mac OS X) AppleWebKit/605.1.15 (KHTML, like Gecko) CriOS/152.0.7977.64 Mobile/15E148 Safari/604.1"
99.253.171.235 - - [31/Aug/2026:13:20:30 -0400] "GET /wp-content/themes/Divi/js/scripts.min.js?ver=4.27.8 HTTP/1.1" 200 99754 "https://ekmtoronto.com/" "Mozilla/5.0 (iPhone; CPU iPhone OS 26_6_1 like Mac OS X) AppleWebKit/605.1.15 (KHTML, like Gecko) CriOS/152.0.7977.64 Mobile/15E148 Safari/604.1"
99.253.171.235 - - [31/Aug/2026:13:20:30 -0400] "GET /wp-content/themes/Divi/core/admin/js/common.js?ver=4.27.8 HTTP/1.1" 200 566 "https://ekmtoronto.com/" "Mozilla/5.0 (iPhone; CPU iPhone OS 26_6_1 like Mac OS X) AppleWebKit/605.1.15 (KHTML, like Gecko) CriOS/152.0.7977.64 Mobile/15E148 Safari/604.1"
99.253.171.235 - - [31/Aug/2026:13:20:30 -0400] "GET /wp-content/plugins/divi-overlays/assets/js/jquery.exitintent.js?ver=2.9.7.9 HTTP/1.1" 200 398 "https://ekmtoronto.com/" "Mozilla/5.0 (iPhone; CPU iPhone OS 26_6_1 like Mac OS X) AppleWebKit/605.1.15 (KHTML, like Gecko) CriOS/152.0.7977.64 Mobile/15E148 Safari/604.1"
99.253.171.235 - - [31/Aug/2026:13:20:30 -0400] "GET /wp-content/plugins/divi-bars/assets/js/main.js?ver=1.9.6 HTTP/1.1" 200 10054 "https://ekmtoronto.com/" "Mozilla/5.0 (iPhone; CPU iPhone OS 26_6_1 like Mac OS X) AppleWebKit/605.1.15 (KHTML, like Gecko) CriOS/152.0.7977.64 Mobile/15E148 Safari/604.1"
99.253.171.235 - - [31/Aug/2026:13:20:30 -0400] "GET /wp-content/plugins/divi-overlays/assets/js/custom.js?ver=2.9.7.9 HTTP/1.1" 200 12334 "https://ekmtoronto.com/" "Mozilla/5.0 (iPhone; CPU iPhone OS 26_6_1 like Mac OS X) AppleWebKit/605.1.15 (KHTML, like Gecko) CriOS/152.0.7977.64 Mobile/15E148 Safari/604.1"
99.253.171.235 - - [31/Aug/2026:13:20:30 -0400] "GET /wp-content/plugins/divi-bars/assets/js/actual.min.js?ver=7.1 HTTP/1.1" 200 475 "https://ekmtoronto.com/" "Mozilla/5.0 (iPhone; CPU iPhone OS 26_6_1 like Mac OS X) AppleWebKit/605.1.15 (KHTML, like Gecko) CriOS/152.0.7977.64 Mobile/15E148 Safari/604.1"
99.253.171.235 - - [31/Aug/2026:13:20:30 -0400] "GET /wp-content/plugins/divi-bars/assets/js/main.helper.js?ver=1.9.6 HTTP/1.1" 200 - "https://ekmtoronto.com/" "Mozilla/5.0 (iPhone; CPU iPhone OS 26_6_1 like Mac OS X) AppleWebKit/605.1.15 (KHTML, like Gecko) CriOS/152.0.7977.64 Mobile/15E148 Safari/604.1"
99.253.171.235 - - [31/Aug/2026:13:20:30 -0400] "GET /wp-content/plugins/divi-bars/assets/js/jquery.exitintent.min.js?ver=7.1 HTTP/1.1" 200 427 "https://ekmtoronto.com/" "Mozilla/5.0 (iPhone; CPU iPhone OS 26_6_1 like Mac OS X) AppleWebKit/605.1.15 (KHTML, like Gecko) CriOS/152.0.7977.64 Mobile/15E148 Safari/604.1"
99.253.171.235 - - [31/Aug/2026:13:20:30 -0400] "GET /wp-includes/js/mediaelement/mediaelement-migrate.min.js?ver=7.1 HTTP/1.1" 200 540 "https://ekmtoronto.com/" "Mozilla/5.0 (iPhone; CPU iPhone OS 26_6_1 like Mac OS X) AppleWebKit/605.1.15 (KHTML, like Gecko) CriOS/152.0.7977.64 Mobile/15E148 Safari/604.1"
99.253.171.235 - - [31/Aug/2026:13:20:30 -0400] "GET /wp-content/et-cache/228351/et-divi-dynamic-228351-late.css HTTP/1.1" 200 3170 "https://ekmtoronto.com/" "Mozilla/5.0 (iPhone; CPU iPhone OS 26_6_1 like Mac OS X) AppleWebKit/605.1.15 (KHTML, like Gecko) CriOS/152.0.7977.64 Mobile/15E148 Safari/604.1"
99.253.171.235 - - [31/Aug/2026:13:20:30 -0400] "GET /wp-includes/js/mediaelement/mediaelement-and-player.min.js?ver=4.2.17 HTTP/1.1" 200 38789 "https://ekmtoronto.com/" "Mozilla/5.0 (iPhone; CPU iPhone OS 26_6_1 like Mac OS X) AppleWebKit/605.1.15 (KHTML, like Gecko) CriOS/152.0.7977.64 Mobile/15E148 Safari/604.1"
99.253.171.235 - - [31/Aug/2026:13:20:30 -0400] "GET /wp-includes/js/mediaelement/wp-mediaelement.min.js?ver=7.1 HTTP/1.1" 200 538 "https://ekmtoronto.com/" "Mozilla/5.0 (iPhone; CPU iPhone OS 26_6_1 like Mac OS X) AppleWebKit/605.1.15 (KHTML, like Gecko) CriOS/152.0.7977.64 Mobile/15E148 Safari/604.1"
99.253.171.235 - - [31/Aug/2026:13:20:30 -0400] "GET /wp-content/uploads/2023/11/Volunteer-Team-Sharp-EKM-7411-WIDE-1500px.jpg HTTP/1.1" 200 148664 "https://ekmtoronto.com/" "Mozilla/5.0 (iPhone; CPU iPhone OS 26_6_1 like Mac OS X) AppleWebKit/605.1.15 (KHTML, like Gecko) CriOS/152.0.7977.64 Mobile/15E148 Safari/604.1"
99.253.171.235 - - [31/Aug/2026:13:20:30 -0400] "GET /wp-content/themes/Divi/core/admin/fonts/modules/all/modules.woff HTTP/1.1" 200 37328 "https://ekmtoronto.com/" "Mozilla/5.0 (iPhone; CPU iPhone OS 26_6_1 like Mac OS X) AppleWebKit/605.1.15 (KHTML, like Gecko) CriOS/152.0.7977.64 Mobile/15E148 Safari/604.1"
99.253.171.235 - - [31/Aug/2026:13:20:30 -0400] "GET /wp-content/themes/Divi/core/admin/fonts/fontawesome/fa-solid-900.woff2 HTTP/1.1" 200 80265 "https://ekmtoronto.com/" "Mozilla/5.0 (iPhone; CPU iPhone OS 26_6_1 like Mac OS X) AppleWebKit/605.1.15 (KHTML, like Gecko) CriOS/152.0.7977.64 Mobile/15E148 Safari/604.1"
99.253.171.235 - - [31/Aug/2026:13:20:30 -0400] "GET /wp-content/uploads/2023/11/EKM-WHITE-LOGO-150PX.png HTTP/1.1" 200 1362 "https://ekmtoronto.com/" "Mozilla/5.0 (iPhone; CPU iPhone OS 26_6_1 like Mac OS X) AppleWebKit/605.1.15 (KHTML, like Gecko) CriOS/152.0.7977.64 Mobile/15E148 Safari/604.1"
99.253.171.235 - - [31/Aug/2026:13:20:30 -0400] "GET /wp-content/uploads/2023/11/We-Love-lee-Nicole_7149-1000PXMOB.jpg HTTP/1.1" 200 110730 "https://ekmtoronto.com/" "Mozilla/5.0 (iPhone; CPU iPhone OS 26_6_1 like Mac OS X) AppleWebKit/605.1.15 (KHTML, like Gecko) CriOS/152.0.7977.64 Mobile/15E148 Safari/604.1"
99.253.171.235 - - [31/Aug/2026:13:20:30 -0400] "GET /wp-content/themes/Divi/images/logo.png HTTP/1.1" 200 1740 "https://ekmtoronto.com/" "Mozilla/5.0 (iPhone; CPU iPhone OS 26_6_1 like Mac OS X) AppleWebKit/605.1.15 (KHTML, like Gecko) CriOS/152.0.7977.64 Mobile/15E148 Safari/604.1"
99.253.171.235 - - [31/Aug/2026:13:20:30 -0400] "GET /wp-content/uploads/2021/06/EKM-LOGO-BLACK-IM-150PX.png HTTP/1.1" 404 28393 "https://ekmtoronto.com/" "Mozilla/5.0 (iPhone; CPU iPhone OS 26_6_1 like Mac OS X) AppleWebKit/605.1.15 (KHTML, like Gecko) CriOS/152.0.7977.64 Mobile/15E148 Safari/604.1"
99.253.171.235 - - [31/Aug/2026:13:20:30 -0400] "GET /wp-content/uploads/2022/09/EKM-LOGO-BLACK-IMG_100px.png HTTP/1.1" 404 28393 "https://ekmtoronto.com/" "Mozilla/5.0 (iPhone; CPU iPhone OS 26_6_1 like Mac OS X) AppleWebKit/605.1.15 (KHTML, like Gecko) CriOS/152.0.7977.64 Mobile/15E148 Safari/604.1"
99.253.171.235 - - [31/Aug/2026:13:20:37 -0400] "GET /wp-content/uploads/2026/08/food-drive-980x551.jpg HTTP/1.1" 200 84369 "https://ekmtoronto.com/" "Mozilla/5.0 (iPhone; CPU iPhone OS 26_6_1 like Mac OS X) AppleWebKit/605.1.15 (KHTML, like Gecko) CriOS/152.0.7977.64 Mobile/15E148 Safari/604.1"
99.253.171.235 - - [31/Aug/2026:13:20:37 -0400] "GET /wp-content/uploads/2023/05/Middaynew-980x551.jpg HTTP/1.1" 200 99305 "https://ekmtoronto.com/" "Mozilla/5.0 (iPhone; CPU iPhone OS 26_6_1 like Mac OS X) AppleWebKit/605.1.15 (KHTML, like Gecko) CriOS/152.0.7977.64 Mobile/15E148 Safari/604.1"
99.253.171.235 - - [31/Aug/2026:13:20:37 -0400] "GET /wp-content/uploads/2026/08/Young-youth-980x552.png HTTP/1.1" 200 744326 "https://ekmtoronto.com/" "Mozilla/5.0 (iPhone; CPU iPhone OS 26_6_1 like Mac OS X) AppleWebKit/605.1.15 (KHTML, like Gecko) CriOS/152.0.7977.64 Mobile/15E148 Safari/604.1"
99.253.171.235 - - [31/Aug/2026:13:20:42 -0400] "GET /wp-content/uploads/2025/02/GLOW-UP2-980x551.jpg HTTP/1.1" 200 66171 "https://ekmtoronto.com/" "Mozilla/5.0 (iPhone; CPU iPhone OS 26_6_1 like Mac OS X) AppleWebKit/605.1.15 (KHTML, like Gecko) CriOS/152.0.7977.64 Mobile/15E148 Safari/604.1"
99.253.171.235 - - [31/Aug/2026:13:20:45 -0400] "GET /youth-and-young-adults/ HTTP/1.1" 200 28796 "https://ekmtoronto.com/" "Mozilla/5.0 (iPhone; CPU iPhone OS 26_6_1 like Mac OS X) AppleWebKit/605.1.15 (KHTML, like Gecko) CriOS/152.0.7977.64 Mobile/15E148 Safari/604.1"
99.253.171.235 - - [31/Aug/2026:13:20:45 -0400] "GET /wp-content/et-cache/238003/et-divi-dynamic-tb-25-tb-26-tb-27-238003-late.css?ver=1788144300 HTTP/1.1" 200 1419 "https://ekmtoronto.com/youth-and-young-adults/" "Mozilla/5.0 (iPhone; CPU iPhone OS 26_6_1 like Mac OS X) AppleWebKit/605.1.15 (KHTML, like Gecko) CriOS/152.0.7977.64 Mobile/15E148 Safari/604.1"
99.253.171.235 - - [31/Aug/2026:13:20:45 -0400] "GET /wp-content/et-cache/238003/et-divi-dynamic-tb-25-tb-26-tb-27-238003.css?ver=1788144300 HTTP/1.1" 200 1157 "https://ekmtoronto.com/youth-and-young-adults/" "Mozilla/5.0 (iPhone; CPU iPhone OS 26_6_1 like Mac OS X) AppleWebKit/605.1.15 (KHTML, like Gecko) CriOS/152.0.7977.64 Mobile/15E148 Safari/604.1"
99.253.171.235 - - [31/Aug/2026:13:20:45 -0400] "GET /wp-content/et-cache/238003/et-core-unified-tb-25-tb-26-tb-27-deferred-238003.min.css?ver=1788144301 HTTP/1.1" 200 2485 "https://ekmtoronto.com/youth-and-young-adults/" "Mozilla/5.0 (iPhone; CPU iPhone OS 26_6_1 like Mac OS X) AppleWebKit/605.1.15 (KHTML, like Gecko) CriOS/152.0.7977.64 Mobile/15E148 Safari/604.1"
99.253.171.235 - - [31/Aug/2026:13:20:45 -0400] "GET /wp-content/et-cache/238003/et-core-unified-238003.min.css?ver=1788144301 HTTP/1.1" 200 1124 "https://ekmtoronto.com/youth-and-young-adults/" "Mozilla/5.0 (iPhone; CPU iPhone OS 26_6_1 like Mac OS X) AppleWebKit/605.1.15 (KHTML, like Gecko) CriOS/152.0.7977.64 Mobile/15E148 Safari/604.1"
99.253.171.235 - - [31/Aug/2026:13:20:45 -0400] "GET /wp-content/et-cache/238003/et-divi-dynamic-tb-25-tb-26-tb-27-238003-late.css HTTP/1.1" 200 1419 "https://ekmtoronto.com/youth-and-young-adults/" "Mozilla/5.0 (iPhone; CPU iPhone OS 26_6_1 like Mac OS X) AppleWebKit/605.1.15 (KHTML, like Gecko) CriOS/152.0.7977.64 Mobile/15E148 Safari/604.1"
99.253.171.235 - - [31/Aug/2026:13:20:45 -0400] "GET /wp-content/uploads/2026/08/Young-youth.png HTTP/1.1" 200 1741464 "https://ekmtoronto.com/youth-and-young-adults/" "Mozilla/5.0 (iPhone; CPU iPhone OS 26_6_1 like Mac OS X) AppleWebKit/605.1.15 (KHTML, like Gecko) CriOS/152.0.7977.64 Mobile/15E148 Safari/604.1"
99.253.171.235 - - [31/Aug/2026:13:20:45 -0400] "GET /wp-content/uploads/2021/06/EKM-LOGO-175PX-VR1.png HTTP/1.1" 404 28393 "https://ekmtoronto.com/youth-and-young-adults/" "Mozilla/5.0 (iPhone; CPU iPhone OS 26_6_1 like Mac OS X) AppleWebKit/605.1.15 (KHTML, like Gecko) CriOS/152.0.7977.64 Mobile/15E148 Safari/604.1"
104.247.76.75 - - [31/Aug/2026:13:21:04 -0400] "POST /wp-cron.php?doing_wp_cron=1788196864.8835959434509277343750 HTTP/1.1" 200 - "-" "WordPress/7.1; https://ekmtoronto.com"
195.164.49.144 - - [31/Aug/2026:13:21:04 -0400] "GET / HTTP/1.1" 200 39821 "-" "Mozilla/5.0 (Android 16; Mobile; rv:154.0) Gecko/154.0 Firefox/154.0"
66.249.65.134 - - [31/Aug/2026:13:21:18 -0400] "GET /item/9027438579 HTTP/1.1" 404 29356 "-" "Mozilla/5.0 (Linux; Android 6.0.1; Nexus 5X Build/MMB29P) AppleWebKit/537.36 (KHTML, like Gecko) Chrome/151.0.7922.173 Mobile Safari/537.36 (compatible; Googlebot/2.1; +http://www.google.com/bot.html)"
66.249.65.135 - - [31/Aug/2026:13:21:33 -0400] "GET /?sale/search/detail/?ITMCODE=c1a1s2u2a0l5i1s0m471 HTTP/1.1" 301 - "-" "Mozilla/5.0 (Linux; Android 6.0.1; Nexus 5X Build/MMB29P) AppleWebKit/537.36 (KHTML, like Gecko) Chrome/151.0.7922.173 Mobile Safari/537.36 (compatible; Googlebot/2.1; +http://www.google.com/bot.html)"
66.249.65.134 - - [31/Aug/2026:13:21:38 -0400] "GET /?sale%2Fsearch%2Fdetail%2F%3FITMCODE=c1a1s2u2a0l5i1s0m471 HTTP/1.1" 200 39889 "-" "Mozilla/5.0 (Linux; Android 6.0.1; Nexus 5X Build/MMB29P) AppleWebKit/537.36 (KHTML, like Gecko) Chrome/151.0.7922.173 Mobile Safari/537.36 (compatible; Googlebot/2.1; +http://www.google.com/bot.html)"
66.249.65.134 - - [31/Aug/2026:13:21:43 -0400] "GET /?k=21764133262410 HTTP/1.1" 200 39842 "-" "Mozilla/5.0 (Linux; Android 6.0.1; Nexus 5X Build/MMB29P) AppleWebKit/537.36 (KHTML, like Gecko) Chrome/151.0.7922.173 Mobile Safari/537.36 (compatible; Googlebot/2.1; +http://www.google.com/bot.html)"
44.221.180.179 - - [31/Aug/2026:13:21:57 -0400] "GET /baby-dedication/ HTTP/1.1" 404 29352 "-" "Mozilla/5.0 AppleWebKit/537.36 (KHTML, like Gecko; compatible; Amazonbot/0.1; +https://developer.amazon.com/support/amazonbot) Chrome/119.0.6045.214 Safari/537.36"
104.247.76.75 - - [31/Aug/2026:13:22:00 -0400] "POST /wp-cron.php?doing_wp_cron=1788196920.6347260475158691406250 HTTP/1.1" 200 - "-" "WordPress/7.1; https://ekmtoronto.com"
66.249.65.134 - - [31/Aug/2026:13:22:00 -0400] "GET /?k=99724139200000 HTTP/1.1" 200 39843 "-" "Mozilla/5.0 (Linux; Android 6.0.1; Nexus 5X Build/MMB29P) AppleWebKit/537.36 (KHTML, like Gecko) Chrome/151.0.7922.173 Mobile Safari/537.36 (compatible; Googlebot/2.1; +http://www.google.com/bot.html)"
66.249.65.134 - - [31/Aug/2026:13:22:34 -0400] "GET /?k=30379178025402 HTTP/1.1" 200 39844 "-" "Mozilla/5.0 (Linux; Android 6.0.1; Nexus 5X Build/MMB29P) AppleWebKit/537.36 (KHTML, like Gecko) Chrome/151.0.7922.173 Mobile Safari/537.36 (compatible; Googlebot/2.1; +http://www.google.com/bot.html)"
104.247.76.75 - - [31/Aug/2026:13:24:05 -0400] "POST /wp-cron.php?doing_wp_cron=1788197045.6549689769744873046875 HTTP/1.1" 200 - "-" "WordPress/7.1; https://ekmtoronto.com"
66.249.65.136 - - [31/Aug/2026:13:24:05 -0400] "GET /?sale/search/detail/?ITMCODE=f4u3r3f0u7r3a9t4i4o7n2 HTTP/1.1" 301 - "-" "Mozilla/5.0 (Linux; Android 6.0.1; Nexus 5X Build/MMB29P) AppleWebKit/537.36 (KHTML, like Gecko) Chrome/151.0.7922.173 Mobile Safari/537.36 (compatible; Googlebot/2.1; +http://www.google.com/bot.html)"
104.247.76.75 - - [31/Aug/2026:13:24:05 -0400] "POST /wp-cron.php?doing_wp_cron=1788197045.8352940082550048828125 HTTP/1.1" 200 - "-" "WordPress/7.1; https://ekmtoronto.com"
34.235.239.240 - - [31/Aug/2026:13:24:05 -0400] "GET /intercession/ HTTP/1.1" 200 28927 "-" "Mozilla/5.0 AppleWebKit/537.36 (KHTML, like Gecko; compatible; Amazonbot/0.1; +https://developer.amazon.com/support/amazonbot) Chrome/119.0.6045.214 Safari/537.36"
66.249.65.134 - - [31/Aug/2026:13:24:16 -0400] "GET /?sale%2Fsearch%2Fdetail%2F%3FITMCODE=f4u3r3f0u7r3a9t4i4o7n2 HTTP/1.1" 200 39891 "-" "Mozilla/5.0 (Linux; Android 6.0.1; Nexus 5X Build/MMB29P) AppleWebKit/537.36 (KHTML, like Gecko) Chrome/151.0.7922.173 Mobile Safari/537.36 (compatible; Googlebot/2.1; +http://www.google.com/bot.html)"
66.249.65.134 - - [31/Aug/2026:13:24:21 -0400] "GET /?sale/search/detail/?ITMCODE=i1g2n1a3t3i1u6s1s588 HTTP/1.1" 301 - "-" "Mozilla/5.0 (Linux; Android 6.0.1; Nexus 5X Build/MMB29P) AppleWebKit/537.36 (KHTML, like Gecko) Chrome/151.0.7922.173 Mobile Safari/537.36 (compatible; Googlebot/2.1; +http://www.google.com/bot.html)"
66.249.65.134 - - [31/Aug/2026:13:24:27 -0400] "GET /?sale%2Fsearch%2Fdetail%2F%3FITMCODE=i1g2n1a3t3i1u6s1s588 HTTP/1.1" 200 39889 "-" "Mozilla/5.0 (Linux; Android 6.0.1; Nexus 5X Build/MMB29P) AppleWebKit/537.36 (KHTML, like Gecko) Chrome/151.0.7922.173 Mobile Safari/537.36 (compatible; Googlebot/2.1; +http://www.google.com/bot.html)"
104.247.76.75 - - [31/Aug/2026:13:25:35 -0400] "POST /wp-cron.php?doing_wp_cron=1788197135.4141099452972412109375 HTTP/1.1" 200 - "-" "WordPress/7.1; https://ekmtoronto.com"
66.249.65.136 - - [31/Aug/2026:13:25:34 -0400] "GET /?sale/search/detail/?ITMCODE=a7n6t3h3r0o3p6o6m3e8try HTTP/1.1" 301 - "-" "Mozilla/5.0 (Linux; Android 6.0.1; Nexus 5X Build/MMB29P) AppleWebKit/537.36 (KHTML, like Gecko) Chrome/151.0.7922.173 Mobile Safari/537.36 (compatible; Googlebot/2.1; +http://www.google.com/bot.html)"
66.249.65.134 - - [31/Aug/2026:13:25:39 -0400] "GET /?sale%2Fsearch%2Fdetail%2F%3FITMCODE=a7n6t3h3r0o3p6o6m3e8try HTTP/1.1" 200 39893 "-" "Mozilla/5.0 (Linux; Android 6.0.1; Nexus 5X Build/MMB29P) AppleWebKit/537.36 (KHTML, like Gecko) Chrome/151.0.7922.173 Mobile Safari/537.36 (compatible; Googlebot/2.1; +http://www.google.com/bot.html)"
104.247.76.75 - - [31/Aug/2026:13:27:02 -0400] "POST /wp-cron.php?doing_wp_cron=1788197222.7915740013122558593750 HTTP/1.1" 200 - "-" "WordPress/7.1; https://ekmtoronto.com"
66.249.65.136 - - [31/Aug/2026:13:27:02 -0400] "GET /?sale/search/detail/?ITMCODE=f2u2l2l6p1a5g5e7978 HTTP/1.1" 301 - "-" "Mozilla/5.0 (Linux; Android 6.0.1; Nexus 5X Build/MMB29P) AppleWebKit/537.36 (KHTML, like Gecko) Chrome/152.0.7977.64 Mobile Safari/537.36 (compatible; Googlebot/2.1; +http://www.google.com/bot.html)"
66.249.65.135 - - [31/Aug/2026:13:27:08 -0400] "GET /?sale/search/detail/?ITMCODE=t3e2t5r2o4s4e91027 HTTP/1.1" 301 - "-" "Mozilla/5.0 (Linux; Android 6.0.1; Nexus 5X Build/MMB29P) AppleWebKit/537.36 (KHTML, like Gecko) Chrome/151.0.7922.173 Mobile Safari/537.36 (compatible; Googlebot/2.1; +http://www.google.com/bot.html)"
66.249.65.134 - - [31/Aug/2026:13:27:18 -0400] "GET /?sale%2Fsearch%2Fdetail%2F%3FITMCODE=m0e2t2h3i9o9n5i9c248 HTTP/1.1" 200 39890 "-" "Mozilla/5.0 (Linux; Android 6.0.1; Nexus 5X Build/MMB29P) AppleWebKit/537.36 (KHTML, like Gecko) Chrome/151.0.7922.173 Mobile Safari/537.36 (compatible; Googlebot/2.1; +http://www.google.com/bot.html)"
66.249.65.134 - - [31/Aug/2026:13:27:24 -0400] "GET /?sale%2Fsearch%2Fdetail%2F%3FITMCODE=t3e2t5r2o4s4e91027 HTTP/1.1" 200 39885 "-" "Mozilla/5.0 (Linux; Android 6.0.1; Nexus 5X Build/MMB29P) AppleWebKit/537.36 (KHTML, like Gecko) Chrome/151.0.7922.173 Mobile Safari/537.36 (compatible; Googlebot/2.1; +http://www.google.com/bot.html)"
66.249.65.134 - - [31/Aug/2026:13:27:46 -0400] "GET /?sale%2Fsearch%2Fdetail%2F%3FITMCODE=a1b3r8a5d0a7n0t1814 HTTP/1.1" 200 39887 "-" "Mozilla/5.0 (Linux; Android 6.0.1; Nexus 5X Build/MMB29P) AppleWebKit/537.36 (KHTML, like Gecko) Chrome/151.0.7922.173 Mobile Safari/537.36 (compatible; Googlebot/2.1; +http://www.google.com/bot.html)"
66.249.65.134 - - [31/Aug/2026:13:27:51 -0400] "GET /?sale/search/detail/?ITMCODE=e9p1a8u5l6e008614 HTTP/1.1" 301 - "-" "Mozilla/5.0 (Linux; Android 6.0.1; Nexus 5X Build/MMB29P) AppleWebKit/537.36 (KHTML, like Gecko) Chrome/151.0.7922.173 Mobile Safari/537.36 (compatible; Googlebot/2.1; +http://www.google.com/bot.html)"
66.249.65.134 - - [31/Aug/2026:13:27:56 -0400] "GET /?sale%2Fsearch%2Fdetail%2F%3FITMCODE=e9p1a8u5l6e008614 HTTP/1.1" 200 39885 "-" "Mozilla/5.0 (Linux; Android 6.0.1; Nexus 5X Build/MMB29P) AppleWebKit/537.36 (KHTML, like Gecko) Chrome/151.0.7922.173 Mobile Safari/537.36 (compatible; Googlebot/2.1; +http://www.google.com/bot.html)"
104.247.76.75 - - [31/Aug/2026:13:28:08 -0400] "POST /wp-cron.php?doing_wp_cron=1788197288.7832250595092773437500 HTTP/1.1" 200 - "-" "WordPress/7.1; https://ekmtoronto.com"
66.249.65.134 - - [31/Aug/2026:13:28:07 -0400] "GET /?k=39199192097803 HTTP/1.1" 200 39844 "-" "Mozilla/5.0 (Linux; Android 6.0.1; Nexus 5X Build/MMB29P) AppleWebKit/537.36 (KHTML, like Gecko) Chrome/151.0.7922.173 Mobile Safari/537.36 (compatible; Googlebot/2.1; +http://www.google.com/bot.html)"
66.249.65.135 - - [31/Aug/2026:13:28:13 -0400] "GET /?sale%2Fsearch%2Fdetail%2F%3FITMCODE=f2u2l2l6p1a5g5e7978 HTTP/1.1" 200 39887 "-" "Mozilla/5.0 (Linux; Android 6.0.1; Nexus 5X Build/MMB29P) AppleWebKit/537.36 (KHTML, like Gecko) Chrome/152.0.7977.64 Mobile Safari/537.36 (compatible; Googlebot/2.1; +http://www.google.com/bot.html)"
3.221.222.168 - - [31/Aug/2026:13:28:17 -0400] "GET /outreach/ HTTP/1.1" 200 31494 "-" "Mozilla/5.0 AppleWebKit/537.36 (KHTML, like Gecko; compatible; Amazonbot/0.1; +https://developer.amazon.com/support/amazonbot) Chrome/119.0.6045.214 Safari/537.36"
66.249.65.134 - - [31/Aug/2026:13:28:20 -0400] "GET /wp-content/et-cache/228351/et-core-unified-deferred-228351.min.css?ver=1785888000 HTTP/1.1" 200 3945 "https://ekmtoronto.com/?k=39199192097803" "Mozilla/5.0 (Linux; Android 6.0.1; Nexus 5X Build/MMB29P) AppleWebKit/537.36 (KHTML, like Gecko) Chrome/151.0.7922.173 Mobile Safari/537.36 (compatible; Googlebot/2.1; +http://www.google.com/bot.html)"
66.249.65.134 - - [31/Aug/2026:13:28:26 -0400] "GET /wp-content/et-cache/228351/et-divi-dynamic-228351-late.css?ver=1785888000 HTTP/1.1" 200 3170 "https://ekmtoronto.com/?sale%2Fsearch%2Fdetail%2F%3FITMCODE=e9p1a8u5l6e008614" "Mozilla/5.0 (Linux; Android 6.0.1; Nexus 5X Build/MMB29P) AppleWebKit/537.36 (KHTML, like Gecko) Chrome/151.0.7922.173 Mobile Safari/537.36 (compatible; Googlebot/2.1; +http://www.google.com/bot.html)"
104.247.76.75 - - [31/Aug/2026:13:30:07 -0400] "POST /wp-cron.php?doing_wp_cron=1788197407.3893311023712158203125 HTTP/1.1" 200 - "-" "WordPress/7.1; https://ekmtoronto.com"
66.249.65.136 - - [31/Aug/2026:13:30:07 -0400] "GET /?sale/search/detail/?ITMCODE=o3r5g1a9n1i6z4a4t5i1onal HTTP/1.1" 301 - "-" "Mozilla/5.0 (Linux; Android 6.0.1; Nexus 5X Build/MMB29P) AppleWebKit/537.36 (KHTML, like Gecko) Chrome/151.0.7922.173 Mobile Safari/537.36 (compatible; Googlebot/2.1; +http://www.google.com/bot.html)"
66.249.65.135 - - [31/Aug/2026:13:30:12 -0400] "GET /?sale%2Fsearch%2Fdetail%2F%3FITMCODE=o3r5g1a9n1i6z4a4t5i1onal HTTP/1.1" 200 39893 "-" "Mozilla/5.0 (Linux; Android 6.0.1; Nexus 5X Build/MMB29P) AppleWebKit/537.36 (KHTML, like Gecko) Chrome/151.0.7922.173 Mobile Safari/537.36 (compatible; Googlebot/2.1; +http://www.google.com/bot.html)"
104.247.76.75 - - [31/Aug/2026:13:31:46 -0400] "POST /wp-cron.php?doing_wp_cron=1788197506.6409471035003662109375 HTTP/1.1" 200 - "-" "WordPress/7.1; https://ekmtoronto.com"
47.251.82.1 - - [31/Aug/2026:13:31:46 -0400] "GET /wp-login.php HTTP/1.1" 200 2334 "-" "47.251.82.1"
47.251.82.1 - - [31/Aug/2026:13:31:49 -0400] "POST /wp-login.php HTTP/1.1" 200 2468 "https://ekmtoronto.com/wp-login.php" "47.251.82.1"
35.229.121.31 - - [31/Aug/2026:13:33:00 -0400] "GET / HTTP/1.1" 200 12504 "-" "Mozilla/5.0 (Macintosh; Intel Mac OS X 10_15_7) AppleWebKit/537.36 (KHTML, like Gecko) Chrome/147.0.0.0 Safari/537.36"
35.229.121.31 - - [31/Aug/2026:13:33:00 -0400] "GET /@fs/home/ubuntu/.aws/credentials?raw?? HTTP/1.1" 404 3417 "-" "Mozilla/5.0 (Macintosh; Intel Mac OS X 10_15_7) AppleWebKit/537.36 (KHTML, like Gecko) Chrome/147.0.0.0 Safari/537.36"
35.229.121.31 - - [31/Aug/2026:13:33:00 -0400] "GET /@fs/proc/self/cwd/.env?raw?? HTTP/1.1" 406 300 "-" "Mozilla/5.0 (Macintosh; Intel Mac OS X 10_15_7) AppleWebKit/537.36 (KHTML, like Gecko) Chrome/147.0.0.0 Safari/537.36"
35.229.121.31 - - [31/Aug/2026:13:33:00 -0400] "GET /@fs/var/task/.env?raw?? HTTP/1.1" 406 300 "-" "Mozilla/5.0 (Macintosh; Intel Mac OS X 10_15_7) AppleWebKit/537.36 (KHTML, like Gecko) Chrome/147.0.0.0 Safari/537.36"
35.229.121.31 - - [31/Aug/2026:13:33:00 -0400] "GET /z9x8c7v6b5-debug-trigger-cpanel.ekmtoronto.com HTTP/1.1" 401 12511 "-" "Mozilla/5.0 (Macintosh; Intel Mac OS X 10_15_7) AppleWebKit/537.36 (KHTML, like Gecko) Chrome/147.0.0.0 Safari/537.36"
35.229.121.31 - - [31/Aug/2026:13:33:00 -0400] "GET /static/manifest.json HTTP/1.1" 401 12518 "-" "Mozilla/5.0 (Macintosh; Intel Mac OS X 10_15_7) AppleWebKit/537.36 (KHTML, like Gecko) Chrome/147.0.0.0 Safari/537.36"
35.229.121.31 - - [31/Aug/2026:13:33:00 -0400] "GET /dist/manifest.json HTTP/1.1" 401 12516 "-" "Mozilla/5.0 (Macintosh; Intel Mac OS X 10_15_7) AppleWebKit/537.36 (KHTML, like Gecko) Chrome/147.0.0.0 Safari/537.36"
35.229.121.31 - - [31/Aug/2026:13:33:00 -0400] "GET /assets/manifest.json HTTP/1.1" 401 12527 "-" "Mozilla/5.0 (Macintosh; Intel Mac OS X 10_15_7) AppleWebKit/537.36 (KHTML, like Gecko) Chrome/147.0.0.0 Safari/537.36"
35.229.121.31 - - [31/Aug/2026:13:33:00 -0400] "GET /rclone.conf HTTP/1.1" 401 12526 "-" "Mozilla/5.0 (Macintosh; Intel Mac OS X 10_15_7) AppleWebKit/537.36 (KHTML, like Gecko) Chrome/147.0.0.0 Safari/537.36"
35.229.121.31 - - [31/Aug/2026:13:33:00 -0400] "GET /manifest.json HTTP/1.1" 401 12521 "-" "Mozilla/5.0 (Macintosh; Intel Mac OS X 10_15_7) AppleWebKit/537.36 (KHTML, like Gecko) Chrome/147.0.0.0 Safari/537.36"
35.229.121.31 - - [31/Aug/2026:13:33:00 -0400] "GET /@fs/home/ec2-user/.aws/credentials?raw?? HTTP/1.1" 401 12526 "-" "Mozilla/5.0 (Macintosh; Intel Mac OS X 10_15_7) AppleWebKit/537.36 (KHTML, like Gecko) Chrome/147.0.0.0 Safari/537.36"
35.229.121.31 - - [31/Aug/2026:13:33:00 -0400] "GET /api/uploads/%2e%2e%2f%2e%2e%2f%2e%2e%2f%2e%2e%2f.env HTTP/1.1" 404 236 "-" "Mozilla/5.0 (Macintosh; Intel Mac OS X 10_15_7) AppleWebKit/537.36 (KHTML, like Gecko) Chrome/147.0.0.0 Safari/537.36"
35.229.121.31 - - [31/Aug/2026:13:33:00 -0400] "GET /api/uploads/%2e%2e%2f%2e%2e%2f%2e%2e%2f%2e%2e%2f%2e%2e%2fproc/self/environ HTTP/1.1" 404 236 "-" "Mozilla/5.0 (Macintosh; Intel Mac OS X 10_15_7) AppleWebKit/537.36 (KHTML, like Gecko) Chrome/147.0.0.0 Safari/537.36"
35.229.121.31 - - [31/Aug/2026:13:33:00 -0400] "GET /webpack-stats.json HTTP/1.1" 401 12532 "-" "Mozilla/5.0 (Macintosh; Intel Mac OS X 10_15_7) AppleWebKit/537.36 (KHTML, like Gecko) Chrome/147.0.0.0 Safari/537.36"
35.229.121.31 - - [31/Aug/2026:13:33:00 -0400] "GET /?locale=ar HTTP/1.1" 200 12894 "-" "Mozilla/5.0 (Macintosh; Intel Mac OS X 10_15_7) AppleWebKit/537.36 (KHTML, like Gecko) Chrome/147.0.0.0 Safari/537.36"
35.229.121.31 - - [31/Aug/2026:13:33:00 -0400] "GET /public/plugins/alertlist/../../../../../../../../proc/self/environ HTTP/1.1" 401 12527 "-" "Mozilla/5.0 (Macintosh; Intel Mac OS X 10_15_7) AppleWebKit/537.36 (KHTML, like Gecko) Chrome/147.0.0.0 Safari/537.36"
35.229.121.31 - - [31/Aug/2026:13:33:00 -0400] "GET /asset-manifest.json HTTP/1.1" 401 12527 "-" "Mozilla/5.0 (Macintosh; Intel Mac OS X 10_15_7) AppleWebKit/537.36 (KHTML, like Gecko) Chrome/147.0.0.0 Safari/537.36"
35.229.121.31 - - [31/Aug/2026:13:33:00 -0400] "GET /admin%2F.env HTTP/1.1" 404 236 "-" "Mozilla/5.0 (Macintosh; Intel Mac OS X 10_15_7) AppleWebKit/537.36 (KHTML, like Gecko) Chrome/147.0.0.0 Safari/537.36"
35.229.121.31 - - [31/Aug/2026:13:33:00 -0400] "GET /dashboard%2F.env HTTP/1.1" 404 236 "-" "Mozilla/5.0 (Macintosh; Intel Mac OS X 10_15_7) AppleWebKit/537.36 (KHTML, like Gecko) Chrome/147.0.0.0 Safari/537.36"
35.229.121.31 - - [31/Aug/2026:13:33:00 -0400] "GET /uploads/%2e%2e%2f%2e%2e%2f%2e%2e%2f%2e%2e%2f.env HTTP/1.1" 404 236 "-" "Mozilla/5.0 (Macintosh; Intel Mac OS X 10_15_7) AppleWebKit/537.36 (KHTML, like Gecko) Chrome/147.0.0.0 Safari/537.36"
35.229.121.31 - - [31/Aug/2026:13:33:00 -0400] "GET /api%2F.env HTTP/1.1" 404 236 "-" "Mozilla/5.0 (Macintosh; Intel Mac OS X 10_15_7) AppleWebKit/537.36 (KHTML, like Gecko) Chrome/147.0.0.0 Safari/537.36"
35.229.121.31 - - [31/Aug/2026:13:33:01 -0400] "GET /@fs/.env?raw&url?? HTTP/1.1" 406 300 "-" "Mozilla/5.0 (Macintosh; Intel Mac OS X 10_15_7) AppleWebKit/537.36 (KHTML, like Gecko) Chrome/147.0.0.0 Safari/537.36"
35.229.121.31 - - [31/Aug/2026:13:33:01 -0400] "GET /?locale=cs HTTP/1.1" 200 12740 "-" "Mozilla/5.0 (Macintosh; Intel Mac OS X 10_15_7) AppleWebKit/537.36 (KHTML, like Gecko) Chrome/147.0.0.0 Safari/537.36"
35.229.121.31 - - [31/Aug/2026:13:33:01 -0400] "GET /@fs/.env?import&?raw?? HTTP/1.1" 406 300 "-" "Mozilla/5.0 (Macintosh; Intel Mac OS X 10_15_7) AppleWebKit/537.36 (KHTML, like Gecko) Chrome/147.0.0.0 Safari/537.36"
35.229.121.31 - - [31/Aug/2026:13:33:01 -0400] "POST /graphql HTTP/1.1" 404 3626 "https://cpanel.ekmtoronto.com" "Mozilla/5.0 (Macintosh; Intel Mac OS X 10_15_7) AppleWebKit/537.36 (KHTML, like Gecko) Chrome/147.0.0.0 Safari/537.36"
35.229.121.31 - - [31/Aug/2026:13:33:01 -0400] "GET /settings%2F.env HTTP/1.1" 404 236 "-" "Mozilla/5.0 (Macintosh; Intel Mac OS X 10_15_7) AppleWebKit/537.36 (KHTML, like Gecko) Chrome/147.0.0.0 Safari/537.36"
35.229.121.31 - - [31/Aug/2026:13:33:01 -0400] "GET /@fs/.env?url&raw?? HTTP/1.1" 406 300 "-" "Mozilla/5.0 (Macintosh; Intel Mac OS X 10_15_7) AppleWebKit/537.36 (KHTML, like Gecko) Chrome/147.0.0.0 Safari/537.36"
35.229.121.31 - - [31/Aug/2026:13:33:01 -0400] "GET /wp-config.php.bak HTTP/1.1" 403 228 "-" "Mozilla/5.0 (Macintosh; Intel Mac OS X 10_15_7) AppleWebKit/537.36 (KHTML, like Gecko) Chrome/147.0.0.0 Safari/537.36"
35.229.121.31 - - [31/Aug/2026:13:33:01 -0400] "GET /icons/.%2e/.%2e/.%2e/.%2e/.%2e/.%2e/proc/self/environ HTTP/1.1" 401 12895 "-" "Mozilla/5.0 (Macintosh; Intel Mac OS X 10_15_7) AppleWebKit/537.36 (KHTML, like Gecko) Chrome/147.0.0.0 Safari/537.36"
35.229.121.31 - - [31/Aug/2026:13:33:01 -0400] "GET /laravel/.env HTTP/1.1" 406 300 "-" "Mozilla/5.0 (Macintosh; Intel Mac OS X 10_15_7) AppleWebKit/537.36 (KHTML, like Gecko) Chrome/147.0.0.0 Safari/537.36"
35.229.121.31 - - [31/Aug/2026:13:33:01 -0400] "GET /config/.env.php HTTP/1.1" 406 300 "-" "Mozilla/5.0 (Macintosh; Intel Mac OS X 10_15_7) AppleWebKit/537.36 (KHTML, like Gecko) Chrome/147.0.0.0 Safari/537.36"
35.229.121.31 - - [31/Aug/2026:13:33:01 -0400] "POST /api/graphql HTTP/1.1" 404 3626 "https://cpanel.ekmtoronto.com" "Mozilla/5.0 (Macintosh; Intel Mac OS X 10_15_7) AppleWebKit/537.36 (KHTML, like Gecko) Chrome/147.0.0.0 Safari/537.36"
35.229.121.31 - - [31/Aug/2026:13:33:01 -0400] "GET /.env.php.bak HTTP/1.1" 406 300 "-" "Mozilla/5.0 (Macintosh; Intel Mac OS X 10_15_7) AppleWebKit/537.36 (KHTML, like Gecko) Chrome/147.0.0.0 Safari/537.36"
35.229.121.31 - - [31/Aug/2026:13:33:01 -0400] "GET /wp-config.php.old HTTP/1.1" 403 228 "-" "Mozilla/5.0 (Macintosh; Intel Mac OS X 10_15_7) AppleWebKit/537.36 (KHTML, like Gecko) Chrome/147.0.0.0 Safari/537.36"
35.229.121.31 - - [31/Aug/2026:13:33:02 -0400] "GET /core/.env HTTP/1.1" 406 300 "-" "Mozilla/5.0 (Macintosh; Intel Mac OS X 10_15_7) AppleWebKit/537.36 (KHTML, like Gecko) Chrome/147.0.0.0 Safari/537.36"
35.229.121.31 - - [31/Aug/2026:13:33:02 -0400] "GET /storage/logs/laravel.log HTTP/1.1" 401 12921 "-" "Mozilla/5.0 (Macintosh; Intel Mac OS X 10_15_7) AppleWebKit/537.36 (KHTML, like Gecko) Chrome/147.0.0.0 Safari/537.36"
35.229.121.31 - - [31/Aug/2026:13:33:02 -0400] "GET /auth.json HTTP/1.1" 401 12925 "-" "Mozilla/5.0 (Macintosh; Intel Mac OS X 10_15_7) AppleWebKit/537.36 (KHTML, like Gecko) Chrome/147.0.0.0 Safari/537.36"
35.229.121.31 - - [31/Aug/2026:13:33:02 -0400] "GET /config.php.bak HTTP/1.1" 401 12924 "-" "Mozilla/5.0 (Macintosh; Intel Mac OS X 10_15_7) AppleWebKit/537.36 (KHTML, like Gecko) Chrome/147.0.0.0 Safari/537.36"
35.229.121.31 - - [31/Aug/2026:13:33:02 -0400] "GET /public/.env HTTP/1.1" 406 300 "-" "Mozilla/5.0 (Macintosh; Intel Mac OS X 10_15_7) AppleWebKit/537.36 (KHTML, like Gecko) Chrome/147.0.0.0 Safari/537.36"
35.229.121.31 - - [31/Aug/2026:13:33:02 -0400] "GET /web/.env HTTP/1.1" 406 300 "-" "Mozilla/5.0 (Macintosh; Intel Mac OS X 10_15_7) AppleWebKit/537.36 (KHTML, like Gecko) Chrome/147.0.0.0 Safari/537.36"
35.229.121.31 - - [31/Aug/2026:13:33:02 -0400] "GET /.env.swp HTTP/1.1" 406 300 "-" "Mozilla/5.0 (Macintosh; Intel Mac OS X 10_15_7) AppleWebKit/537.36 (KHTML, like Gecko) Chrome/147.0.0.0 Safari/537.36"
35.229.121.31 - - [31/Aug/2026:13:33:02 -0400] "GET /.env.dev HTTP/1.1" 406 300 "-" "Mozilla/5.0 (Macintosh; Intel Mac OS X 10_15_7) AppleWebKit/537.36 (KHTML, like Gecko) Chrome/147.0.0.0 Safari/537.36"
35.229.121.31 - - [31/Aug/2026:13:33:02 -0400] "GET /configuration.php.bak HTTP/1.1" 404 3525 "-" "Mozilla/5.0 (Macintosh; Intel Mac OS X 10_15_7) AppleWebKit/537.36 (KHTML, like Gecko) Chrome/147.0.0.0 Safari/537.36"
35.229.121.31 - - [31/Aug/2026:13:33:03 -0400] "GET /wp-config.php~ HTTP/1.1" 403 228 "-" "Mozilla/5.0 (Macintosh; Intel Mac OS X 10_15_7) AppleWebKit/537.36 (KHTML, like Gecko) Chrome/147.0.0.0 Safari/537.36"
35.229.121.31 - - [31/Aug/2026:13:33:02 -0400] "GET /?locale=da HTTP/1.1" 401 12630 "-" "Mozilla/5.0 (Macintosh; Intel Mac OS X 10_15_7) AppleWebKit/537.36 (KHTML, like Gecko) Chrome/147.0.0.0 Safari/537.36"
35.229.121.31 - - [31/Aug/2026:13:33:03 -0400] "GET /storage/.env HTTP/1.1" 406 300 "-" "Mozilla/5.0 (Macintosh; Intel Mac OS X 10_15_7) AppleWebKit/537.36 (KHTML, like Gecko) Chrome/147.0.0.0 Safari/537.36"
35.229.121.31 - - [31/Aug/2026:13:33:02 -0400] "GET /wp-config.old HTTP/1.1" 404 3525 "-" "Mozilla/5.0 (Macintosh; Intel Mac OS X 10_15_7) AppleWebKit/537.36 (KHTML, like Gecko) Chrome/147.0.0.0 Safari/537.36"
35.229.121.31 - - [31/Aug/2026:13:33:03 -0400] "GET /wp/.env HTTP/1.1" 406 300 "-" "Mozilla/5.0 (Macintosh; Intel Mac OS X 10_15_7) AppleWebKit/537.36 (KHTML, like Gecko) Chrome/147.0.0.0 Safari/537.36"
35.229.121.31 - - [31/Aug/2026:13:33:03 -0400] "GET /wp-config.php.swp HTTP/1.1" 403 228 "-" "Mozilla/5.0 (Macintosh; Intel Mac OS X 10_15_7) AppleWebKit/537.36 (KHTML, like Gecko) Chrome/147.0.0.0 Safari/537.36"
35.229.121.31 - - [31/Aug/2026:13:33:03 -0400] "GET /bootstrap.properties HTTP/1.1" 404 3491 "-" "Mozilla/5.0 (Macintosh; Intel Mac OS X 10_15_7) AppleWebKit/537.36 (KHTML, like Gecko) Chrome/147.0.0.0 Safari/537.36"
35.229.121.31 - - [31/Aug/2026:13:33:03 -0400] "GET /resetpass?start=1 HTTP/1.1" 200 1101 "-" "Mozilla/5.0 (Macintosh; Intel Mac OS X 10_15_7) AppleWebKit/537.36 (KHTML, like Gecko) Chrome/147.0.0.0 Safari/537.36"
35.229.121.31 - - [31/Aug/2026:13:33:03 -0400] "GET /login HTTP/1.1" 401 12596 "-" "Mozilla/5.0 (Macintosh; Intel Mac OS X 10_15_7) AppleWebKit/537.36 (KHTML, like Gecko) Chrome/147.0.0.0 Safari/537.36"
35.229.121.31 - - [31/Aug/2026:13:33:03 -0400] "GET /sign-in HTTP/1.1" 401 12629 "-" "Mozilla/5.0 (Macintosh; Intel Mac OS X 10_15_7) AppleWebKit/537.36 (KHTML, like Gecko) Chrome/147.0.0.0 Safari/537.36"
35.229.121.31 - - [31/Aug/2026:13:33:03 -0400] "GET /signin HTTP/1.1" 401 12627 "-" "Mozilla/5.0 (Macintosh; Intel Mac OS X 10_15_7) AppleWebKit/537.36 (KHTML, like Gecko) Chrome/147.0.0.0 Safari/537.36"
35.229.121.31 - - [31/Aug/2026:13:33:03 -0400] "GET /auth/login HTTP/1.1" 401 12629 "-" "Mozilla/5.0 (Macintosh; Intel Mac OS X 10_15_7) AppleWebKit/537.36 (KHTML, like Gecko) Chrome/147.0.0.0 Safari/537.36"
35.229.121.31 - - [31/Aug/2026:13:33:03 -0400] "GET /auth HTTP/1.1" 401 12621 "-" "Mozilla/5.0 (Macintosh; Intel Mac OS X 10_15_7) AppleWebKit/537.36 (KHTML, like Gecko) Chrome/147.0.0.0 Safari/537.36"
35.229.121.31 - - [31/Aug/2026:13:33:03 -0400] "GET /secure HTTP/1.1" 401 12630 "-" "Mozilla/5.0 (Macintosh; Intel Mac OS X 10_15_7) AppleWebKit/537.36 (KHTML, like Gecko) Chrome/147.0.0.0 Safari/537.36"
35.229.121.31 - - [31/Aug/2026:13:33:03 -0400] "GET /bootstrap.yml HTTP/1.1" 401 12616 "-" "Mozilla/5.0 (Macintosh; Intel Mac OS X 10_15_7) AppleWebKit/537.36 (KHTML, like Gecko) Chrome/147.0.0.0 Safari/537.36"
35.229.121.31 - - [31/Aug/2026:13:33:03 -0400] "GET /application.yml HTTP/1.1" 401 12619 "-" "Mozilla/5.0 (Macintosh; Intel Mac OS X 10_15_7) AppleWebKit/537.36 (KHTML, like Gecko) Chrome/147.0.0.0 Safari/537.36"
35.229.121.31 - - [31/Aug/2026:13:33:03 -0400] "GET /config/secrets.yml HTTP/1.1" 401 12622 "-" "Mozilla/5.0 (Macintosh; Intel Mac OS X 10_15_7) AppleWebKit/537.36 (KHTML, like Gecko) Chrome/147.0.0.0 Safari/537.36"
35.229.121.31 - - [31/Aug/2026:13:33:03 -0400] "GET /users/login HTTP/1.1" 404 3491 "-" "Mozilla/5.0 (Macintosh; Intel Mac OS X 10_15_7) AppleWebKit/537.36 (KHTML, like Gecko) Chrome/147.0.0.0 Safari/537.36"
