69.165.232.70 - - [01/Sep/2026:09:02:41 -0400] "GET /wp-content/uploads/2024/05/MARKERIE-SEAT-CROSS-663A0789-2000PX-400x516.jpg HTTP/1.1" 200 21039 "https://kcjstudio.com/headshots/" "Mozilla/5.0 (Windows NT 10.0; Win64; x64) AppleWebKit/537.36 (KHTML, like Gecko) Chrome/152.0.0.0 Safari/537.36"
69.165.232.70 - - [01/Sep/2026:09:02:41 -0400] "GET /wp-content/uploads/2022/08/francine-Cocoa-Laugh-IMG_1538-1500PX-400x516.jpg HTTP/1.1" 200 17203 "https://kcjstudio.com/headshots/" "Mozilla/5.0 (Windows NT 10.0; Win64; x64) AppleWebKit/537.36 (KHTML, like Gecko) Chrome/152.0.0.0 Safari/537.36"
69.165.232.70 - - [01/Sep/2026:09:02:41 -0400] "GET /wp-content/uploads/2022/08/Marvelous-Move-Reease-IMG_0658-1500px6-400x516.jpg HTTP/1.1" 200 18142 "https://kcjstudio.com/headshots/" "Mozilla/5.0 (Windows NT 10.0; Win64; x64) AppleWebKit/537.36 (KHTML, like Gecko) Chrome/152.0.0.0 Safari/537.36"
69.165.232.70 - - [01/Sep/2026:09:02:41 -0400] "GET /wp-content/uploads/2022/08/Francine-Cocoa-Sharp-IMG_1536-1500PX-400x516.jpg HTTP/1.1" 200 17041 "https://kcjstudio.com/headshots/" "Mozilla/5.0 (Windows NT 10.0; Win64; x64) AppleWebKit/537.36 (KHTML, like Gecko) Chrome/152.0.0.0 Safari/537.36"
69.165.232.70 - - [01/Sep/2026:09:02:41 -0400] "GET /wp-content/uploads/2022/08/Marvelous-Triangle-Release-IMG_0650-1500px6-400x516.jpg HTTP/1.1" 200 20567 "https://kcjstudio.com/headshots/" "Mozilla/5.0 (Windows NT 10.0; Win64; x64) AppleWebKit/537.36 (KHTML, like Gecko) Chrome/152.0.0.0 Safari/537.36"
69.165.232.70 - - [01/Sep/2026:09:02:41 -0400] "GET /wp-content/uploads/2026/01/Henriette-Big-Smile-663A0969-2000px-400x516.jpg HTTP/1.1" 200 30461 "https://kcjstudio.com/headshots/" "Mozilla/5.0 (Windows NT 10.0; Win64; x64) AppleWebKit/537.36 (KHTML, like Gecko) Chrome/152.0.0.0 Safari/537.36"
69.165.232.70 - - [01/Sep/2026:09:02:41 -0400] "GET /wp-content/uploads/2022/07/MARVELOUS-SMILE-IMG_0854-1500PX-400x516.jpg HTTP/1.1" 200 57109 "https://kcjstudio.com/headshots/" "Mozilla/5.0 (Windows NT 10.0; Win64; x64) AppleWebKit/537.36 (KHTML, like Gecko) Chrome/152.0.0.0 Safari/537.36"
69.165.232.70 - - [01/Sep/2026:09:02:41 -0400] "GET /wp-content/uploads/2023/07/ROSETTE-RIGHT-TRIAD-POSE-IMG_0019-1500px-400x516.jpg HTTP/1.1" 200 24805 "https://kcjstudio.com/headshots/" "Mozilla/5.0 (Windows NT 10.0; Win64; x64) AppleWebKit/537.36 (KHTML, like Gecko) Chrome/152.0.0.0 Safari/537.36"
69.165.232.70 - - [01/Sep/2026:09:02:41 -0400] "GET /wp-content/uploads/2023/07/ROSETTE-TRIANGLE-BLUE-IMG_0039-1500px-400x516.png HTTP/1.1" 200 51139 "https://kcjstudio.com/headshots/" "Mozilla/5.0 (Windows NT 10.0; Win64; x64) AppleWebKit/537.36 (KHTML, like Gecko) Chrome/152.0.0.0 Safari/537.36"
69.165.232.70 - - [01/Sep/2026:09:02:42 -0400] "GET /wp-content/uploads/2023/06/Q-STOOL-STYLE-IMG_4207-3-1500PX-400x516.jpg HTTP/1.1" 200 23052 "https://kcjstudio.com/headshots/" "Mozilla/5.0 (Windows NT 10.0; Win64; x64) AppleWebKit/537.36 (KHTML, like Gecko) Chrome/152.0.0.0 Safari/537.36"
69.165.232.70 - - [01/Sep/2026:09:02:42 -0400] "GET /wp-content/uploads/2022/07/IDRAS-FLY-IMG_1443-1500px-400x516.jpg HTTP/1.1" 200 13346 "https://kcjstudio.com/headshots/" "Mozilla/5.0 (Windows NT 10.0; Win64; x64) AppleWebKit/537.36 (KHTML, like Gecko) Chrome/152.0.0.0 Safari/537.36"
69.165.232.70 - - [01/Sep/2026:09:02:42 -0400] "GET /wp-content/uploads/2022/07/Q-WIND-IMG_4233-1500px-400x516.jpg HTTP/1.1" 200 23939 "https://kcjstudio.com/headshots/" "Mozilla/5.0 (Windows NT 10.0; Win64; x64) AppleWebKit/537.36 (KHTML, like Gecko) Chrome/152.0.0.0 Safari/537.36"
69.165.232.70 - - [01/Sep/2026:09:02:42 -0400] "GET /wp-content/uploads/2023/06/MORLON-STAND-PRAY-IMG_1790-1500PX-400x516.jpg HTTP/1.1" 200 26854 "https://kcjstudio.com/headshots/" "Mozilla/5.0 (Windows NT 10.0; Win64; x64) AppleWebKit/537.36 (KHTML, like Gecko) Chrome/152.0.0.0 Safari/537.36"
69.165.232.70 - - [01/Sep/2026:09:02:42 -0400] "GET /wp-content/uploads/2023/01/ARIEL-QUEENS-LOOK-IMG_2682-800px-400x516.jpg HTTP/1.1" 200 27566 "https://kcjstudio.com/headshots/" "Mozilla/5.0 (Windows NT 10.0; Win64; x64) AppleWebKit/537.36 (KHTML, like Gecko) Chrome/152.0.0.0 Safari/537.36"
69.165.232.70 - - [01/Sep/2026:09:02:42 -0400] "GET /wp-content/uploads/2023/01/ARIEL-PURSE-PINK-IMG_2719-900px-400x516.jpg HTTP/1.1" 200 17365 "https://kcjstudio.com/headshots/" "Mozilla/5.0 (Windows NT 10.0; Win64; x64) AppleWebKit/537.36 (KHTML, like Gecko) Chrome/152.0.0.0 Safari/537.36"
69.165.232.70 - - [01/Sep/2026:09:02:42 -0400] "GET /wp-content/uploads/2023/07/EMMA-BENCH-ELBOW-IMG_0020-1500px-400x516.jpg HTTP/1.1" 200 27346 "https://kcjstudio.com/headshots/" "Mozilla/5.0 (Windows NT 10.0; Win64; x64) AppleWebKit/537.36 (KHTML, like Gecko) Chrome/152.0.0.0 Safari/537.36"
69.165.232.70 - - [01/Sep/2026:09:02:42 -0400] "GET /wp-content/uploads/2023/05/ARIEL-CROWN-2696-1300px-400x516.png HTTP/1.1" 200 48415 "https://kcjstudio.com/headshots/" "Mozilla/5.0 (Windows NT 10.0; Win64; x64) AppleWebKit/537.36 (KHTML, like Gecko) Chrome/152.0.0.0 Safari/537.36"
69.165.232.70 - - [01/Sep/2026:09:02:46 -0400] "GET /headshot-book/ HTTP/1.1" 200 51396 "https://kcjstudio.com/headshots/" "Mozilla/5.0 (Windows NT 10.0; Win64; x64) AppleWebKit/537.36 (KHTML, like Gecko) Chrome/152.0.0.0 Safari/537.36"
69.165.232.70 - - [01/Sep/2026:09:02:47 -0400] "GET /wp-content/uploads/2023/10/Marvelous-Seat-IMG_0735-4500PX2-CP-scaled.jpg HTTP/1.1" 200 131902 "https://kcjstudio.com/headshot-book/" "Mozilla/5.0 (Windows NT 10.0; Win64; x64) AppleWebKit/537.36 (KHTML, like Gecko) Chrome/152.0.0.0 Safari/537.36"
69.165.232.70 - - [01/Sep/2026:09:02:47 -0400] "GET /wp-content/plugins/ameliabooking/v3/public/assets/public.js HTTP/1.1" 200 12094 "https://kcjstudio.com/headshot-book/" "Mozilla/5.0 (Windows NT 10.0; Win64; x64) AppleWebKit/537.36 (KHTML, like Gecko) Chrome/152.0.0.0 Safari/537.36"
69.165.232.70 - - [01/Sep/2026:09:02:47 -0400] "GET /wp-content/uploads/hummingbird-assets/37ab0de2d481873baf5c435073ba3d22.css HTTP/1.1" 200 223760 "https://kcjstudio.com/headshot-book/" "Mozilla/5.0 (Windows NT 10.0; Win64; x64) AppleWebKit/537.36 (KHTML, like Gecko) Chrome/152.0.0.0 Safari/537.36"
69.165.232.70 - - [01/Sep/2026:09:02:48 -0400] "GET /wp-content/themes/Divi/core/admin/fonts/modules/base/modules.woff HTTP/1.1" 200 3076 "https://kcjstudio.com/headshot-book/" "Mozilla/5.0 (Windows NT 10.0; Win64; x64) AppleWebKit/537.36 (KHTML, like Gecko) Chrome/152.0.0.0 Safari/537.36"
69.165.232.70 - - [01/Sep/2026:09:02:48 -0400] "GET /wp-content/uploads/2024/10/KCJ-STUDIO-LOGO-ORG-NV-150PX.jpg HTTP/1.1" 200 7238 "https://kcjstudio.com/headshot-book/" "Mozilla/5.0 (Windows NT 10.0; Win64; x64) AppleWebKit/537.36 (KHTML, like Gecko) Chrome/152.0.0.0 Safari/537.36"
69.165.232.70 - - [01/Sep/2026:09:02:48 -0400] "GET /wp-content/plugins/ameliabooking/v3/public/assets/eventBooking-0d59801e.js HTTP/1.1" 200 29441 "https://kcjstudio.com/wp-content/plugins/ameliabooking/v3/public/assets/public.js" "Mozilla/5.0 (Windows NT 10.0; Win64; x64) AppleWebKit/537.36 (KHTML, like Gecko) Chrome/152.0.0.0 Safari/537.36"
69.165.232.70 - - [01/Sep/2026:09:02:48 -0400] "GET /wp-content/plugins/ameliabooking/v3/public/assets/eventListForm-ef552e3e.js HTTP/1.1" 200 93887 "https://kcjstudio.com/wp-content/plugins/ameliabooking/v3/public/assets/public.js" "Mozilla/5.0 (Windows NT 10.0; Win64; x64) AppleWebKit/537.36 (KHTML, like Gecko) Chrome/152.0.0.0 Safari/537.36"
69.165.232.70 - - [01/Sep/2026:09:02:48 -0400] "GET /wp-content/plugins/ameliabooking/v3/public/assets/customerPanel-28f46492.js HTTP/1.1" 200 218844 "https://kcjstudio.com/wp-content/plugins/ameliabooking/v3/public/assets/public.js" "Mozilla/5.0 (Windows NT 10.0; Win64; x64) AppleWebKit/537.36 (KHTML, like Gecko) Chrome/152.0.0.0 Safari/537.36"
69.165.232.70 - - [01/Sep/2026:09:02:48 -0400] "GET /wp-content/plugins/ameliabooking/v3/public/assets/stepForm-30792e3b.js HTTP/1.1" 200 511698 "https://kcjstudio.com/wp-content/plugins/ameliabooking/v3/public/assets/public.js" "Mozilla/5.0 (Windows NT 10.0; Win64; x64) AppleWebKit/537.36 (KHTML, like Gecko) Chrome/152.0.0.0 Safari/537.36"
69.165.232.70 - - [01/Sep/2026:09:02:48 -0400] "GET /wp-content/plugins/ameliabooking/v3/public/assets/en-93912b24.js HTTP/1.1" 200 726 "https://kcjstudio.com/wp-content/plugins/ameliabooking/v3/public/assets/stepForm-30792e3b.js" "Mozilla/5.0 (Windows NT 10.0; Win64; x64) AppleWebKit/537.36 (KHTML, like Gecko) Chrome/152.0.0.0 Safari/537.36"
69.165.232.70 - - [01/Sep/2026:09:02:48 -0400] "GET /wp-content/plugins/ameliabooking/v3/public/assets/fonts/amelia-icons.ttf?gx306v HTTP/1.1" 200 15341 "https://kcjstudio.com/wp-content/uploads/hummingbird-assets/37ab0de2d481873baf5c435073ba3d22.css" "Mozilla/5.0 (Windows NT 10.0; Win64; x64) AppleWebKit/537.36 (KHTML, like Gecko) Chrome/152.0.0.0 Safari/537.36"
69.165.232.70 - - [01/Sep/2026:09:02:48 -0400] "GET /wp-content/plugins/ameliabooking/v3/src/assets/scss/common/fonts/font.css HTTP/1.1" 200 6395 "https://kcjstudio.com/headshot-book/" "Mozilla/5.0 (Windows NT 10.0; Win64; x64) AppleWebKit/537.36 (KHTML, like Gecko) Chrome/152.0.0.0 Safari/537.36"
104.247.76.75 - - [01/Sep/2026:09:02:50 -0400] "POST /wp-cron.php?doing_wp_cron=1788267770.8617320060729980468750 HTTP/1.1" 200 - "-" "WordPress/7.1; https://kcjstudio.com"
69.165.232.70 - - [01/Sep/2026:09:02:48 -0400] "GET /wp-admin/admin-ajax.php?action=wpamelia_api&call=/entities&types=employees,categories,locations,packages,entitiesRelations,customFields,taxes&page=booking&lite=true HTTP/1.1" 200 6257 "https://kcjstudio.com/headshot-book/" "Mozilla/5.0 (Windows NT 10.0; Win64; x64) AppleWebKit/537.36 (KHTML, like Gecko) Chrome/152.0.0.0 Safari/537.36"
69.165.232.70 - - [01/Sep/2026:09:02:50 -0400] "GET /wp-admin/admin-ajax.php?action=wpamelia_api&call=/users/current HTTP/1.1" 200 249 "https://kcjstudio.com/headshot-book/" "Mozilla/5.0 (Windows NT 10.0; Win64; x64) AppleWebKit/537.36 (KHTML, like Gecko) Chrome/152.0.0.0 Safari/537.36"
69.165.232.70 - - [01/Sep/2026:09:02:50 -0400] "GET /wp-admin/admin-ajax.php?action=wpamelia_api&call=/slots&monthsLoad=1&locationId=1&serviceId=4&serviceDuration=3600&providerIds=1&group=1&page=booking&structured=true&persons=1 HTTP/1.1" 200 542 "https://kcjstudio.com/headshot-book/" "Mozilla/5.0 (Windows NT 10.0; Win64; x64) AppleWebKit/537.36 (KHTML, like Gecko) Chrome/152.0.0.0 Safari/537.36"
69.165.232.70 - - [01/Sep/2026:09:03:25 -0400] "GET /headshot-book/ HTTP/1.1" 200 51396 "https://kcjstudio.com/headshots/" "Mozilla/5.0 (Windows NT 10.0; Win64; x64) AppleWebKit/537.36 (KHTML, like Gecko) Chrome/152.0.0.0 Safari/537.36"
69.165.232.70 - - [01/Sep/2026:09:03:26 -0400] "GET /wp-admin/admin-ajax.php?action=wpamelia_api&call=/entities&types=employees,categories,locations,packages,entitiesRelations,customFields,taxes&page=booking&lite=true HTTP/1.1" 200 6257 "https://kcjstudio.com/headshot-book/" "Mozilla/5.0 (Windows NT 10.0; Win64; x64) AppleWebKit/537.36 (KHTML, like Gecko) Chrome/152.0.0.0 Safari/537.36"
69.165.232.70 - - [01/Sep/2026:09:03:27 -0400] "GET /wp-admin/admin-ajax.php?action=wpamelia_api&call=/users/current HTTP/1.1" 200 249 "https://kcjstudio.com/headshot-book/" "Mozilla/5.0 (Windows NT 10.0; Win64; x64) AppleWebKit/537.36 (KHTML, like Gecko) Chrome/152.0.0.0 Safari/537.36"
69.165.232.70 - - [01/Sep/2026:09:03:27 -0400] "GET /wp-admin/admin-ajax.php?action=wpamelia_api&call=/slots&monthsLoad=1&locationId=1&serviceId=4&serviceDuration=3600&providerIds=1&group=1&page=booking&structured=true&persons=1 HTTP/1.1" 200 542 "https://kcjstudio.com/headshot-book/" "Mozilla/5.0 (Windows NT 10.0; Win64; x64) AppleWebKit/537.36 (KHTML, like Gecko) Chrome/152.0.0.0 Safari/537.36"
69.165.232.70 - - [01/Sep/2026:09:03:29 -0400] "GET /wp-admin/ HTTP/1.1" 200 89875 "https://kcjstudio.com/headshot-book/" "Mozilla/5.0 (Windows NT 10.0; Win64; x64) AppleWebKit/537.36 (KHTML, like Gecko) Chrome/152.0.0.0 Safari/537.36"
69.165.232.70 - - [01/Sep/2026:09:03:29 -0400] "GET /wp-content/plugins/beehive-analytics/build/visitors-widget/index.css?ver=3.5.1 HTTP/1.1" 200 37884 "https://kcjstudio.com/wp-admin/" "Mozilla/5.0 (Windows NT 10.0; Win64; x64) AppleWebKit/537.36 (KHTML, like Gecko) Chrome/152.0.0.0 Safari/537.36"
69.165.232.70 - - [01/Sep/2026:09:03:29 -0400] "GET /wp-admin/load-styles.php?c=0&dir=ltr&load%5Bchunk_0%5D=dashicons,admin-bar,site-health,common,forms,admin-menu,dashboard,list-tables,edit,revisions,media,themes,about,nav-menus,wp-poi&load%5Bchunk_1%5D=nter,widgets,site-icon,l10n,wp-base-styles,wp-tooltip,buttons,wp-auth-check,wp-theme,wp-components,wp-commands&ver=7.1 HTTP/1.1" 200 123229 "https://kcjstudio.com/wp-admin/" "Mozilla/5.0 (Windows NT 10.0; Win64; x64) AppleWebKit/537.36 (KHTML, like Gecko) Chrome/152.0.0.0 Safari/537.36"
69.165.232.70 - - [01/Sep/2026:09:03:29 -0400] "GET /wp-admin/js/site-health.min.js?ver=7.1 HTTP/1.1" 200 2255 "https://kcjstudio.com/wp-admin/" "Mozilla/5.0 (Windows NT 10.0; Win64; x64) AppleWebKit/537.36 (KHTML, like Gecko) Chrome/152.0.0.0 Safari/537.36"
69.165.232.70 - - [01/Sep/2026:09:03:29 -0400] "GET /wp-includes/js/wp-ajax-response.min.js?ver=7.1 HTTP/1.1" 200 1134 "https://kcjstudio.com/wp-admin/" "Mozilla/5.0 (Windows NT 10.0; Win64; x64) AppleWebKit/537.36 (KHTML, like Gecko) Chrome/152.0.0.0 Safari/537.36"
69.165.232.70 - - [01/Sep/2026:09:03:29 -0400] "GET /wp-includes/js/jquery/jquery.color.min.js?ver=3.0.0 HTTP/1.1" 200 2724 "https://kcjstudio.com/wp-admin/" "Mozilla/5.0 (Windows NT 10.0; Win64; x64) AppleWebKit/537.36 (KHTML, like Gecko) Chrome/152.0.0.0 Safari/537.36"
69.165.232.70 - - [01/Sep/2026:09:03:29 -0400] "GET /wp-includes/js/wp-lists.min.js?ver=7.1 HTTP/1.1" 200 2534 "https://kcjstudio.com/wp-admin/" "Mozilla/5.0 (Windows NT 10.0; Win64; x64) AppleWebKit/537.36 (KHTML, like Gecko) Chrome/152.0.0.0 Safari/537.36"
69.165.232.70 - - [01/Sep/2026:09:03:29 -0400] "GET /wp-includes/js/jquery/jquery.query.js?ver=2.2.3 HTTP/1.1" 200 1627 "https://kcjstudio.com/wp-admin/" "Mozilla/5.0 (Windows NT 10.0; Win64; x64) AppleWebKit/537.36 (KHTML, like Gecko) Chrome/152.0.0.0 Safari/537.36"
69.165.232.70 - - [01/Sep/2026:09:03:29 -0400] "GET /wp-admin/js/edit-comments.min.js?ver=7.1 HTTP/1.1" 200 5184 "https://kcjstudio.com/wp-admin/" "Mozilla/5.0 (Windows NT 10.0; Win64; x64) AppleWebKit/537.36 (KHTML, like Gecko) Chrome/152.0.0.0 Safari/537.36"
69.165.232.70 - - [01/Sep/2026:09:03:29 -0400] "GET /wp-includes/js/wp-tooltip.js?ver=7.1 HTTP/1.1" 200 695 "https://kcjstudio.com/wp-admin/" "Mozilla/5.0 (Windows NT 10.0; Win64; x64) AppleWebKit/537.36 (KHTML, like Gecko) Chrome/152.0.0.0 Safari/537.36"
69.165.232.70 - - [01/Sep/2026:09:03:29 -0400] "GET /wp-admin/js/postbox.min.js?ver=7.1 HTTP/1.1" 200 2236 "https://kcjstudio.com/wp-admin/" "Mozilla/5.0 (Windows NT 10.0; Win64; x64) AppleWebKit/537.36 (KHTML, like Gecko) Chrome/152.0.0.0 Safari/537.36"
69.165.232.70 - - [01/Sep/2026:09:03:29 -0400] "GET /wp-admin/js/dashboard.min.js?ver=7.1 HTTP/1.1" 200 3066 "https://kcjstudio.com/wp-admin/" "Mozilla/5.0 (Windows NT 10.0; Win64; x64) AppleWebKit/537.36 (KHTML, like Gecko) Chrome/152.0.0.0 Safari/537.36"
69.165.232.70 - - [01/Sep/2026:09:03:29 -0400] "GET /wp-content/plugins/beehive-analytics/build/visitors-widget/index.js?ver=3.5.1 HTTP/1.1" 200 264112 "https://kcjstudio.com/wp-admin/" "Mozilla/5.0 (Windows NT 10.0; Win64; x64) AppleWebKit/537.36 (KHTML, like Gecko) Chrome/152.0.0.0 Safari/537.36"
69.165.232.70 - - [01/Sep/2026:09:03:30 -0400] "GET /wp-json/beehive/v1/stats/dashboard?from=2026-08-24&to=2026-08-30&network=0 HTTP/1.1" 200 119 "https://kcjstudio.com/wp-admin/" "Mozilla/5.0 (Windows NT 10.0; Win64; x64) AppleWebKit/537.36 (KHTML, like Gecko) Chrome/152.0.0.0 Safari/537.36"
69.165.232.70 - - [01/Sep/2026:09:03:30 -0400] "POST /wp-admin/admin-ajax.php HTTP/1.1" 200 67 "https://kcjstudio.com/wp-admin/admin.php?page=forminator-cform-wizard&id=247124" "Mozilla/5.0 (Windows NT 10.0; Win64; x64) AppleWebKit/537.36 (KHTML, like Gecko) Chrome/152.0.0.0 Safari/537.36"
104.247.76.75 - - [01/Sep/2026:09:03:26 -0400] "POST /wp-admin/admin-ajax.php?action=as_async_request_queue_runner&nonce=f888683fa3 HTTP/1.1" 200 - "-" "WordPress/7.1; https://kcjstudio.com"
104.247.76.75 - - [01/Sep/2026:09:03:52 -0400] "POST /wp-cron.php?doing_wp_cron=1788267832.8234829902648925781250 HTTP/1.1" 200 - "-" "WordPress/7.1; https://kcjstudio.com"
69.165.232.70 - - [01/Sep/2026:09:03:52 -0400] "GET /wp-admin/admin.php?page=forminator HTTP/1.1" 200 162718 "https://kcjstudio.com/wp-admin/" "Mozilla/5.0 (Windows NT 10.0; Win64; x64) AppleWebKit/537.36 (KHTML, like Gecko) Chrome/152.0.0.0 Safari/537.36"
69.165.232.70 - - [01/Sep/2026:09:03:53 -0400] "GET /wp-content/plugins/forminator/requirejs/main.js?ver=1.56.2 HTTP/1.1" 200 51726 "https://kcjstudio.com/wp-admin/admin.php?page=forminator" "Mozilla/5.0 (Windows NT 10.0; Win64; x64) AppleWebKit/537.36 (KHTML, like Gecko) Chrome/152.0.0.0 Safari/537.36"
69.165.232.70 - - [01/Sep/2026:09:04:08 -0400] "GET /wp-admin/admin.php?page=wpamelia-dashboard HTTP/1.1" 200 145606 "https://kcjstudio.com/wp-admin/admin.php?page=forminator" "Mozilla/5.0 (Windows NT 10.0; Win64; x64) AppleWebKit/537.36 (KHTML, like Gecko) Chrome/152.0.0.0 Safari/537.36"
69.165.232.70 - - [01/Sep/2026:09:04:09 -0400] "GET /wp-admin/load-styles.php?c=0&dir=ltr&load%5Bchunk_0%5D=media-views&ver=7.1 HTTP/1.1" 200 9106 "https://kcjstudio.com/wp-admin/admin.php?page=wpamelia-dashboard" "Mozilla/5.0 (Windows NT 10.0; Win64; x64) AppleWebKit/537.36 (KHTML, like Gecko) Chrome/152.0.0.0 Safari/537.36"
69.165.232.70 - - [01/Sep/2026:09:04:09 -0400] "GET /wp-content/plugins/ameliabooking/redesign/dist/index.css?ver=9.8.1 HTTP/1.1" 200 95608 "https://kcjstudio.com/wp-admin/admin.php?page=wpamelia-dashboard" "Mozilla/5.0 (Windows NT 10.0; Win64; x64) AppleWebKit/537.36 (KHTML, like Gecko) Chrome/152.0.0.0 Safari/537.36"
69.165.232.70 - - [01/Sep/2026:09:04:09 -0400] "GET /wp-admin/load-styles.php?c=0&dir=ltr&load%5Bchunk_0%5D=dashicons,admin-bar,common,forms,admin-menu,dashboard,list-tables,edit,revisions,media,themes,about,nav-menus,wp-pointer,widgets&load%5Bchunk_1%5D=,site-icon,l10n,wp-base-styles,wp-tooltip,buttons,wp-auth-check,wp-theme,wp-components,wp-commands&ver=7.1 HTTP/1.1" 200 122131 "https://kcjstudio.com/wp-admin/admin.php?page=wpamelia-dashboard" "Mozilla/5.0 (Windows NT 10.0; Win64; x64) AppleWebKit/537.36 (KHTML, like Gecko) Chrome/152.0.0.0 Safari/537.36"
69.165.232.70 - - [01/Sep/2026:09:04:09 -0400] "GET /wp-includes/js/plupload/plupload.min.js?ver=2.1.9 HTTP/1.1" 200 5587 "https://kcjstudio.com/wp-admin/admin.php?page=wpamelia-dashboard" "Mozilla/5.0 (Windows NT 10.0; Win64; x64) AppleWebKit/537.36 (KHTML, like Gecko) Chrome/152.0.0.0 Safari/537.36"
69.165.232.70 - - [01/Sep/2026:09:04:09 -0400] "GET /wp-includes/js/plupload/moxie.min.js?ver=1.3.5.1 HTTP/1.1" 200 27378 "https://kcjstudio.com/wp-admin/admin.php?page=wpamelia-dashboard" "Mozilla/5.0 (Windows NT 10.0; Win64; x64) AppleWebKit/537.36 (KHTML, like Gecko) Chrome/152.0.0.0 Safari/537.36"
69.165.232.70 - - [01/Sep/2026:09:04:09 -0400] "GET /wp-content/plugins/ameliabooking/redesign/dist/index.js?ver=9.8.1 HTTP/1.1" 200 1650741 "https://kcjstudio.com/wp-admin/admin.php?page=wpamelia-dashboard" "Mozilla/5.0 (Windows NT 10.0; Win64; x64) AppleWebKit/537.36 (KHTML, like Gecko) Chrome/152.0.0.0 Safari/537.36"
69.165.232.70 - - [01/Sep/2026:09:04:09 -0400] "GET /wp-content/plugins/ameliabooking/redesign/dist/chunks/_commonjsHelpers-DaWZu8wl.js HTTP/1.1" 200 348 "https://kcjstudio.com/wp-content/plugins/ameliabooking/redesign/dist/index.js?ver=9.8.1" "Mozilla/5.0 (Windows NT 10.0; Win64; x64) AppleWebKit/537.36 (KHTML, like Gecko) Chrome/152.0.0.0 Safari/537.36"
69.165.232.70 - - [01/Sep/2026:09:04:10 -0400] "GET /wp-content/plugins/ameliabooking/redesign/dist/images/ivy-forms-banner/close-icon.svg HTTP/1.1" 200 269 "https://kcjstudio.com/wp-admin/admin.php?page=wpamelia-dashboard" "Mozilla/5.0 (Windows NT 10.0; Win64; x64) AppleWebKit/537.36 (KHTML, like Gecko) Chrome/152.0.0.0 Safari/537.36"
69.165.232.70 - - [01/Sep/2026:09:04:10 -0400] "GET /wp-content/plugins/ameliabooking/redesign/dist/images/ivy-forms-banner/ivy-forms-integration.webp HTTP/1.1" 200 15707 "https://kcjstudio.com/wp-admin/admin.php?page=wpamelia-dashboard" "Mozilla/5.0 (Windows NT 10.0; Win64; x64) AppleWebKit/537.36 (KHTML, like Gecko) Chrome/152.0.0.0 Safari/537.36"
69.165.232.70 - - [01/Sep/2026:09:04:10 -0400] "GET /wp-content/plugins/ameliabooking/redesign/dist/fonts/Roboto-Bold.woff2 HTTP/1.1" 200 63857 "https://kcjstudio.com/wp-admin/admin.php?page=wpamelia-dashboard" "Mozilla/5.0 (Windows NT 10.0; Win64; x64) AppleWebKit/537.36 (KHTML, like Gecko) Chrome/152.0.0.0 Safari/537.36"
69.165.232.70 - - [01/Sep/2026:09:04:10 -0400] "GET /wp-content/plugins/ameliabooking/redesign/dist/fonts/Roboto-Regular.woff2 HTTP/1.1" 200 63670 "https://kcjstudio.com/wp-admin/admin.php?page=wpamelia-dashboard" "Mozilla/5.0 (Windows NT 10.0; Win64; x64) AppleWebKit/537.36 (KHTML, like Gecko) Chrome/152.0.0.0 Safari/537.36"
69.165.232.70 - - [01/Sep/2026:09:04:10 -0400] "GET /wp-content/plugins/ameliabooking/redesign/dist/fonts/Roboto-Medium.woff2 HTTP/1.1" 200 64760 "https://kcjstudio.com/wp-admin/admin.php?page=wpamelia-dashboard" "Mozilla/5.0 (Windows NT 10.0; Win64; x64) AppleWebKit/537.36 (KHTML, like Gecko) Chrome/152.0.0.0 Safari/537.36"
69.165.232.70 - - [01/Sep/2026:09:04:10 -0400] "GET /wp-admin/admin-ajax.php?action=wpamelia_api&call=/stats&dates=2026-09-01,2026-09-30&stats=customers,appointments&past=0&wpAmeliaNonce=b25f9fe060 HTTP/1.1" 200 1361 "https://kcjstudio.com/wp-admin/admin.php?page=wpamelia-dashboard" "Mozilla/5.0 (Windows NT 10.0; Win64; x64) AppleWebKit/537.36 (KHTML, like Gecko) Chrome/152.0.0.0 Safari/537.36"
69.165.232.70 - - [01/Sep/2026:09:04:10 -0400] "GET /wp-admin/admin-ajax.php?action=wpamelia_api&call=/entities&types=categories,locations,employees,events,tags&lite=true&wpAmeliaNonce=b25f9fe060 HTTP/1.1" 200 3470 "https://kcjstudio.com/wp-admin/admin.php?page=wpamelia-dashboard" "Mozilla/5.0 (Windows NT 10.0; Win64; x64) AppleWebKit/537.36 (KHTML, like Gecko) Chrome/152.0.0.0 Safari/537.36"
69.165.232.70 - - [01/Sep/2026:09:04:10 -0400] "GET /wp-admin/admin-ajax.php?action=wpamelia_api&call=/stats&dates=2026-09-01,2026-10-01&stats=customers,appointments&wpAmeliaNonce=b25f9fe060 HTTP/1.1" 200 1558 "https://kcjstudio.com/wp-admin/admin.php?page=wpamelia-dashboard" "Mozilla/5.0 (Windows NT 10.0; Win64; x64) AppleWebKit/537.36 (KHTML, like Gecko) Chrome/152.0.0.0 Safari/537.36"
69.165.232.70 - - [01/Sep/2026:09:04:10 -0400] "GET /wp-admin/admin-ajax.php?action=wpamelia_api&call=/bookings/appointments&page=1&limit=5&dates=2026-09-01,&wpAmeliaNonce=b25f9fe060 HTTP/1.1" 200 110 "https://kcjstudio.com/wp-admin/admin.php?page=wpamelia-dashboard" "Mozilla/5.0 (Windows NT 10.0; Win64; x64) AppleWebKit/537.36 (KHTML, like Gecko) Chrome/152.0.0.0 Safari/537.36"
69.165.232.70 - - [01/Sep/2026:09:04:11 -0400] "GET /wp-content/uploads/2023/11/shutterstock_1670245786-500px-150x150.jpg HTTP/1.1" 200 5137 "https://kcjstudio.com/wp-admin/admin.php?page=wpamelia-dashboard" "Mozilla/5.0 (Windows NT 10.0; Win64; x64) AppleWebKit/537.36 (KHTML, like Gecko) Chrome/152.0.0.0 Safari/537.36"
69.165.232.70 - - [01/Sep/2026:09:04:11 -0400] "GET /wp-content/uploads/2023/11/Stephanie-600PX-150x150.jpg HTTP/1.1" 200 5016 "https://kcjstudio.com/wp-admin/admin.php?page=wpamelia-dashboard" "Mozilla/5.0 (Windows NT 10.0; Win64; x64) AppleWebKit/537.36 (KHTML, like Gecko) Chrome/152.0.0.0 Safari/537.36"
69.165.232.70 - - [01/Sep/2026:09:04:11 -0400] "GET /wp-content/uploads/2023/11/KC-ON-WHITE-LEAN-SMILE-IMG_2033-1200PX-150x150.png HTTP/1.1" 200 5245 "https://kcjstudio.com/wp-admin/admin.php?page=wpamelia-dashboard" "Mozilla/5.0 (Windows NT 10.0; Win64; x64) AppleWebKit/537.36 (KHTML, like Gecko) Chrome/152.0.0.0 Safari/537.36"
69.165.232.70 - - [01/Sep/2026:09:04:11 -0400] "GET /wp-content/uploads/2023/11/Jessica-Myers-600PX-150x150.jpg HTTP/1.1" 200 5148 "https://kcjstudio.com/wp-admin/admin.php?page=wpamelia-dashboard" "Mozilla/5.0 (Windows NT 10.0; Win64; x64) AppleWebKit/537.36 (KHTML, like Gecko) Chrome/152.0.0.0 Safari/537.36"
69.165.232.70 - - [01/Sep/2026:09:04:28 -0400] "GET /wp-admin/admin.php?page=wpamelia-catalog HTTP/1.1" 200 145621 "https://kcjstudio.com/wp-admin/admin.php?page=wpamelia-dashboard" "Mozilla/5.0 (Windows NT 10.0; Win64; x64) AppleWebKit/537.36 (KHTML, like Gecko) Chrome/152.0.0.0 Safari/537.36"
69.165.232.70 - - [01/Sep/2026:09:04:31 -0400] "GET /wp-admin/admin-ajax.php?action=wpamelia_api&call=/entities&types=categories&lite=true&wpAmeliaNonce=b25f9fe060 HTTP/1.1" 200 1564 "https://kcjstudio.com/wp-admin/admin.php?page=wpamelia-catalog" "Mozilla/5.0 (Windows NT 10.0; Win64; x64) AppleWebKit/537.36 (KHTML, like Gecko) Chrome/152.0.0.0 Safari/537.36"
69.165.232.70 - - [01/Sep/2026:09:04:31 -0400] "GET /wp-admin/admin-ajax.php?action=wpamelia_api&call=/services&page=1&limit=10&wpAmeliaNonce=b25f9fe060 HTTP/1.1" 200 1533 "https://kcjstudio.com/wp-admin/admin.php?page=wpamelia-catalog" "Mozilla/5.0 (Windows NT 10.0; Win64; x64) AppleWebKit/537.36 (KHTML, like Gecko) Chrome/152.0.0.0 Safari/537.36"
69.165.232.70 - - [01/Sep/2026:09:04:31 -0400] "GET /wp-content/uploads/2026/01/Family-portrait-service-cover-150x150.jpg HTTP/1.1" 200 6807 "https://kcjstudio.com/wp-admin/admin.php?page=wpamelia-catalog" "Mozilla/5.0 (Windows NT 10.0; Win64; x64) AppleWebKit/537.36 (KHTML, like Gecko) Chrome/152.0.0.0 Safari/537.36"
69.165.232.70 - - [01/Sep/2026:09:04:31 -0400] "GET /wp-content/uploads/2023/01/francine-Cocoa-Laugh-IMG_1538-800px-150x150.jpg HTTP/1.1" 200 4204 "https://kcjstudio.com/wp-admin/admin.php?page=wpamelia-catalog" "Mozilla/5.0 (Windows NT 10.0; Win64; x64) AppleWebKit/537.36 (KHTML, like Gecko) Chrome/152.0.0.0 Safari/537.36"
69.165.232.70 - - [01/Sep/2026:09:04:31 -0400] "GET /wp-content/uploads/2024/11/CUTTING-THE-CAKE-SMILE-CAN25443-1300px-150x150.jpg HTTP/1.1" 200 5901 "https://kcjstudio.com/wp-admin/admin.php?page=wpamelia-catalog" "Mozilla/5.0 (Windows NT 10.0; Win64; x64) AppleWebKit/537.36 (KHTML, like Gecko) Chrome/152.0.0.0 Safari/537.36"
69.165.232.70 - - [01/Sep/2026:09:04:31 -0400] "GET /wp-content/uploads/2024/05/ROSETTE-TRIANGLE-BLUE-IMG_0039-1500px-CP-2-150x150.png HTTP/1.1" 200 6447 "https://kcjstudio.com/wp-admin/admin.php?page=wpamelia-catalog" "Mozilla/5.0 (Windows NT 10.0; Win64; x64) AppleWebKit/537.36 (KHTML, like Gecko) Chrome/152.0.0.0 Safari/537.36"
69.165.232.70 - - [01/Sep/2026:09:04:31 -0400] "GET /wp-content/uploads/2023/10/Marvelous-Seat-IMG_0735-4500PX2-CP-150x150.jpg HTTP/1.1" 200 4773 "https://kcjstudio.com/wp-admin/admin.php?page=wpamelia-catalog" "Mozilla/5.0 (Windows NT 10.0; Win64; x64) AppleWebKit/537.36 (KHTML, like Gecko) Chrome/152.0.0.0 Safari/537.36"
69.165.232.70 - - [01/Sep/2026:09:04:31 -0400] "GET /wp-content/uploads/2024/04/RIZIKI-STILL-IMG_8705-2000pxHEAD-150x150.jpg HTTP/1.1" 200 6462 "https://kcjstudio.com/wp-admin/admin.php?page=wpamelia-catalog" "Mozilla/5.0 (Windows NT 10.0; Win64; x64) AppleWebKit/537.36 (KHTML, like Gecko) Chrome/152.0.0.0 Safari/537.36"
69.165.232.70 - - [01/Sep/2026:09:04:31 -0400] "GET /wp-content/uploads/2024/04/JON-WEDD-PHOTO-BRIDE-500PX-CP-VS3-150x150.jpg HTTP/1.1" 200 6607 "https://kcjstudio.com/wp-admin/admin.php?page=wpamelia-catalog" "Mozilla/5.0 (Windows NT 10.0; Win64; x64) AppleWebKit/537.36 (KHTML, like Gecko) Chrome/152.0.0.0 Safari/537.36"
69.165.232.70 - - [01/Sep/2026:09:04:31 -0400] "GET /wp-content/uploads/2023/12/KCJ-STUDIO-LOGO-ORG-NV-150PX.png HTTP/1.1" 200 6492 "https://kcjstudio.com/wp-admin/admin.php?page=wpamelia-catalog" "Mozilla/5.0 (Windows NT 10.0; Win64; x64) AppleWebKit/537.36 (KHTML, like Gecko) Chrome/152.0.0.0 Safari/537.36"
69.165.232.70 - - [01/Sep/2026:09:04:31 -0400] "GET /wp-content/uploads/2024/06/camera-1200px-150x150.jpg HTTP/1.1" 200 6337 "https://kcjstudio.com/wp-admin/admin.php?page=wpamelia-catalog" "Mozilla/5.0 (Windows NT 10.0; Win64; x64) AppleWebKit/537.36 (KHTML, like Gecko) Chrome/152.0.0.0 Safari/537.36"
104.247.76.75 - - [01/Sep/2026:09:04:29 -0400] "POST /wp-admin/admin-ajax.php?action=as_async_request_queue_runner&nonce=f888683fa3 HTTP/1.1" 200 - "-" "WordPress/7.1; https://kcjstudio.com"
69.165.232.70 - - [01/Sep/2026:09:04:37 -0400] "GET /wp-admin/admin-ajax.php?action=wpamelia_api&call=/services&page=1&limit=10&categoryId=12&wpAmeliaNonce=b25f9fe060 HTTP/1.1" 200 1086 "https://kcjstudio.com/wp-admin/admin.php?page=wpamelia-catalog" "Mozilla/5.0 (Windows NT 10.0; Win64; x64) AppleWebKit/537.36 (KHTML, like Gecko) Chrome/152.0.0.0 Safari/537.36"
69.165.232.70 - - [01/Sep/2026:09:04:41 -0400] "GET /wp-admin/admin-ajax.php?action=wpamelia_api&call=/services&page=1&limit=10&categoryId=15&wpAmeliaNonce=b25f9fe060 HTTP/1.1" 200 901 "https://kcjstudio.com/wp-admin/admin.php?page=wpamelia-catalog" "Mozilla/5.0 (Windows NT 10.0; Win64; x64) AppleWebKit/537.36 (KHTML, like Gecko) Chrome/152.0.0.0 Safari/537.36"
69.165.232.70 - - [01/Sep/2026:09:04:42 -0400] "GET /wp-admin/admin-ajax.php?action=wpamelia_api&call=/services&page=1&limit=10&categoryId=17&wpAmeliaNonce=b25f9fe060 HTTP/1.1" 200 909 "https://kcjstudio.com/wp-admin/admin.php?page=wpamelia-catalog" "Mozilla/5.0 (Windows NT 10.0; Win64; x64) AppleWebKit/537.36 (KHTML, like Gecko) Chrome/152.0.0.0 Safari/537.36"
69.165.232.70 - - [01/Sep/2026:09:04:45 -0400] "GET /wp-admin/admin-ajax.php?action=wpamelia_api&call=/packages&page=1&limit=10&wpAmeliaNonce=b25f9fe060 HTTP/1.1" 200 1935 "https://kcjstudio.com/wp-admin/admin.php?page=wpamelia-catalog" "Mozilla/5.0 (Windows NT 10.0; Win64; x64) AppleWebKit/537.36 (KHTML, like Gecko) Chrome/152.0.0.0 Safari/537.36"
69.165.232.70 - - [01/Sep/2026:09:04:45 -0400] "GET /wp-content/uploads/2026/01/Family-portrait-cover-150x150.jpg HTTP/1.1" 200 7201 "https://kcjstudio.com/wp-admin/admin.php?page=wpamelia-catalog" "Mozilla/5.0 (Windows NT 10.0; Win64; x64) AppleWebKit/537.36 (KHTML, like Gecko) Chrome/152.0.0.0 Safari/537.36"
69.165.232.70 - - [01/Sep/2026:09:04:45 -0400] "GET /wp-content/plugins/ameliabooking/redesign/dist/fonts/icomoon.ttf?7g3r6f HTTP/1.1" 200 1528 "https://kcjstudio.com/wp-admin/admin.php?page=wpamelia-catalog" "Mozilla/5.0 (Windows NT 10.0; Win64; x64) AppleWebKit/537.36 (KHTML, like Gecko) Chrome/152.0.0.0 Safari/537.36"
69.165.232.70 - - [01/Sep/2026:09:04:45 -0400] "GET /wp-content/uploads/2023/10/Marvelous-Seat-IMG_0735-600PX-150x150.jpg HTTP/1.1" 200 4824 "https://kcjstudio.com/wp-admin/admin.php?page=wpamelia-catalog" "Mozilla/5.0 (Windows NT 10.0; Win64; x64) AppleWebKit/537.36 (KHTML, like Gecko) Chrome/152.0.0.0 Safari/537.36"
69.165.232.70 - - [01/Sep/2026:09:04:45 -0400] "GET /wp-content/uploads/2024/04/JON-WEDD-PHOTO-BRIDE-500PX-CP-VS2-150x150.jpg HTTP/1.1" 200 5459 "https://kcjstudio.com/wp-admin/admin.php?page=wpamelia-catalog" "Mozilla/5.0 (Windows NT 10.0; Win64; x64) AppleWebKit/537.36 (KHTML, like Gecko) Chrome/152.0.0.0 Safari/537.36"
104.247.76.75 - - [01/Sep/2026:09:04:53 -0400] "POST /wp-cron.php?doing_wp_cron=1788267893.5324499607086181640625 HTTP/1.1" 200 - "-" "WordPress/7.1; https://kcjstudio.com"
69.165.232.70 - - [01/Sep/2026:09:04:53 -0400] "GET /wp-admin/admin-ajax.php?action=wpamelia_api&call=/packages/4&wpAmeliaNonce=b25f9fe060 HTTP/1.1" 200 807 "https://kcjstudio.com/wp-admin/admin.php?page=wpamelia-catalog" "Mozilla/5.0 (Windows NT 10.0; Win64; x64) AppleWebKit/537.36 (KHTML, like Gecko) Chrome/152.0.0.0 Safari/537.36"
69.165.232.70 - - [01/Sep/2026:09:04:53 -0400] "GET /wp-admin/admin-ajax.php?action=wpamelia_api&call=/entities&types=categories&lite=true&wpAmeliaNonce=b25f9fe060 HTTP/1.1" 200 1564 "https://kcjstudio.com/wp-admin/admin.php?page=wpamelia-catalog" "Mozilla/5.0 (Windows NT 10.0; Win64; x64) AppleWebKit/537.36 (KHTML, like Gecko) Chrome/152.0.0.0 Safari/537.36"
69.165.232.70 - - [01/Sep/2026:09:04:53 -0400] "GET /wp-admin/admin-ajax.php?action=wpamelia_api&call=/entities&types=locations&lite=true&wpAmeliaNonce=b25f9fe060 HTTP/1.1" 200 375 "https://kcjstudio.com/wp-admin/admin.php?page=wpamelia-catalog" "Mozilla/5.0 (Windows NT 10.0; Win64; x64) AppleWebKit/537.36 (KHTML, like Gecko) Chrome/152.0.0.0 Safari/537.36"
69.165.232.70 - - [01/Sep/2026:09:04:53 -0400] "GET /wp-admin/admin-ajax.php?action=wpamelia_api&call=/entities&types=employees&lite=true&wpAmeliaNonce=b25f9fe060 HTTP/1.1" 200 2970 "https://kcjstudio.com/wp-admin/admin.php?page=wpamelia-catalog" "Mozilla/5.0 (Windows NT 10.0; Win64; x64) AppleWebKit/537.36 (KHTML, like Gecko) Chrome/152.0.0.0 Safari/537.36"
69.165.232.70 - - [01/Sep/2026:09:05:10 -0400] "GET /wp-admin/admin-ajax.php?action=wpamelia_api&call=/packages&page=1&limit=10&wpAmeliaNonce=b25f9fe060 HTTP/1.1" 200 1935 "https://kcjstudio.com/wp-admin/admin.php?page=wpamelia-catalog" "Mozilla/5.0 (Windows NT 10.0; Win64; x64) AppleWebKit/537.36 (KHTML, like Gecko) Chrome/152.0.0.0 Safari/537.36"
66.249.74.102 - - [01/Sep/2026:09:05:14 -0400] "GET /shop/detail/18786365688 HTTP/1.1" 404 16320 "-" "Mozilla/5.0 (Linux; Android 6.0.1; Nexus 5X Build/MMB29P) AppleWebKit/537.36 (KHTML, like Gecko) Chrome/151.0.7922.173 Mobile Safari/537.36 (compatible; Googlebot/2.1; +http://www.google.com/bot.html)"
69.165.232.70 - - [01/Sep/2026:09:05:22 -0400] "GET /wp-admin/admin-ajax.php?action=wpamelia_api&call=/packages/4&wpAmeliaNonce=b25f9fe060 HTTP/1.1" 200 807 "https://kcjstudio.com/wp-admin/admin.php?page=wpamelia-catalog" "Mozilla/5.0 (Windows NT 10.0; Win64; x64) AppleWebKit/537.36 (KHTML, like Gecko) Chrome/152.0.0.0 Safari/537.36"
69.165.232.70 - - [01/Sep/2026:09:05:22 -0400] "GET /wp-admin/admin-ajax.php?action=wpamelia_api&call=/entities&types=categories&lite=true&wpAmeliaNonce=b25f9fe060 HTTP/1.1" 200 1564 "https://kcjstudio.com/wp-admin/admin.php?page=wpamelia-catalog" "Mozilla/5.0 (Windows NT 10.0; Win64; x64) AppleWebKit/537.36 (KHTML, like Gecko) Chrome/152.0.0.0 Safari/537.36"
69.165.232.70 - - [01/Sep/2026:09:05:22 -0400] "GET /wp-admin/admin-ajax.php?action=wpamelia_api&call=/entities&types=locations&lite=true&wpAmeliaNonce=b25f9fe060 HTTP/1.1" 200 375 "https://kcjstudio.com/wp-admin/admin.php?page=wpamelia-catalog" "Mozilla/5.0 (Windows NT 10.0; Win64; x64) AppleWebKit/537.36 (KHTML, like Gecko) Chrome/152.0.0.0 Safari/537.36"
69.165.232.70 - - [01/Sep/2026:09:05:22 -0400] "GET /wp-admin/admin-ajax.php?action=wpamelia_api&call=/entities&types=employees&lite=true&wpAmeliaNonce=b25f9fe060 HTTP/1.1" 200 2970 "https://kcjstudio.com/wp-admin/admin.php?page=wpamelia-catalog" "Mozilla/5.0 (Windows NT 10.0; Win64; x64) AppleWebKit/537.36 (KHTML, like Gecko) Chrome/152.0.0.0 Safari/537.36"
69.165.232.70 - - [01/Sep/2026:09:05:31 -0400] "POST /wp-admin/admin-ajax.php HTTP/1.1" 200 67 "https://kcjstudio.com/wp-admin/admin.php?page=wpamelia-catalog" "Mozilla/5.0 (Windows NT 10.0; Win64; x64) AppleWebKit/537.36 (KHTML, like Gecko) Chrome/152.0.0.0 Safari/537.36"
104.247.76.75 - - [01/Sep/2026:09:05:31 -0400] "POST /wp-admin/admin-ajax.php?action=as_async_request_queue_runner&nonce=f888683fa3 HTTP/1.1" 200 - "-" "WordPress/7.1; https://kcjstudio.com"
104.247.76.75 - - [01/Sep/2026:09:06:15 -0400] "POST /wp-cron.php?doing_wp_cron=1788267975.5649299621582031250000 HTTP/1.1" 200 - "-" "WordPress/7.1; https://kcjstudio.com"
69.165.232.70 - - [01/Sep/2026:09:06:15 -0400] "POST /wp-admin/admin-ajax.php?action=wpamelia_api&call=/packages/4&wpAmeliaNonce=b25f9fe060 HTTP/1.1" 200 757 "https://kcjstudio.com/wp-admin/admin.php?page=wpamelia-catalog" "Mozilla/5.0 (Windows NT 10.0; Win64; x64) AppleWebKit/537.36 (KHTML, like Gecko) Chrome/152.0.0.0 Safari/537.36"
69.165.232.70 - - [01/Sep/2026:09:06:15 -0400] "GET /wp-admin/admin-ajax.php?action=wpamelia_api&call=/packages&page=1&limit=10&wpAmeliaNonce=b25f9fe060 HTTP/1.1" 200 1950 "https://kcjstudio.com/wp-admin/admin.php?page=wpamelia-catalog" "Mozilla/5.0 (Windows NT 10.0; Win64; x64) AppleWebKit/537.36 (KHTML, like Gecko) Chrome/152.0.0.0 Safari/537.36"
69.165.232.70 - - [01/Sep/2026:09:06:31 -0400] "POST /wp-admin/admin-ajax.php HTTP/1.1" 200 67 "https://kcjstudio.com/wp-admin/admin.php?page=wpamelia-catalog" "Mozilla/5.0 (Windows NT 10.0; Win64; x64) AppleWebKit/537.36 (KHTML, like Gecko) Chrome/152.0.0.0 Safari/537.36"
104.247.76.75 - - [01/Sep/2026:09:06:51 -0400] "POST /wp-cron.php?doing_wp_cron=1788268011.2823319435119628906250 HTTP/1.1" 200 - "-" "WordPress/7.1; https://kcjstudio.com"
69.165.232.70 - - [01/Sep/2026:09:06:50 -0400] "GET /headshot-book/ HTTP/1.1" 200 51396 "https://kcjstudio.com/headshots/" "Mozilla/5.0 (Windows NT 10.0; Win64; x64) AppleWebKit/537.36 (KHTML, like Gecko) Chrome/152.0.0.0 Safari/537.36"
69.165.232.70 - - [01/Sep/2026:09:06:51 -0400] "GET /wp-admin/admin-ajax.php?action=wpamelia_api&call=/entities&types=employees,categories,locations,packages,entitiesRelations,customFields,taxes&page=booking&lite=true HTTP/1.1" 200 6267 "https://kcjstudio.com/headshot-book/" "Mozilla/5.0 (Windows NT 10.0; Win64; x64) AppleWebKit/537.36 (KHTML, like Gecko) Chrome/152.0.0.0 Safari/537.36"
69.165.232.70 - - [01/Sep/2026:09:06:52 -0400] "GET /wp-admin/admin-ajax.php?action=wpamelia_api&call=/users/current HTTP/1.1" 200 249 "https://kcjstudio.com/headshot-book/" "Mozilla/5.0 (Windows NT 10.0; Win64; x64) AppleWebKit/537.36 (KHTML, like Gecko) Chrome/152.0.0.0 Safari/537.36"
69.165.232.70 - - [01/Sep/2026:09:06:52 -0400] "GET /wp-admin/admin-ajax.php?action=wpamelia_api&call=/slots&monthsLoad=1&locationId=1&serviceId=4&serviceDuration=3600&providerIds=1&group=1&page=booking&structured=true&persons=1 HTTP/1.1" 200 542 "https://kcjstudio.com/headshot-book/" "Mozilla/5.0 (Windows NT 10.0; Win64; x64) AppleWebKit/537.36 (KHTML, like Gecko) Chrome/152.0.0.0 Safari/537.36"
69.165.232.70 - - [01/Sep/2026:09:07:31 -0400] "POST /wp-admin/admin-ajax.php HTTP/1.1" 200 67 "https://kcjstudio.com/wp-admin/admin.php?page=wpamelia-catalog" "Mozilla/5.0 (Windows NT 10.0; Win64; x64) AppleWebKit/537.36 (KHTML, like Gecko) Chrome/152.0.0.0 Safari/537.36"
104.247.76.75 - - [01/Sep/2026:09:09:33 -0400] "POST /wp-cron.php?doing_wp_cron=1788268173.7248840332031250000000 HTTP/1.1" 200 - "-" "WordPress/7.1; https://kcjstudio.com"
69.165.232.70 - - [01/Sep/2026:09:09:32 -0400] "POST /wp-admin/admin-ajax.php HTTP/1.1" 200 67 "https://kcjstudio.com/wp-admin/admin.php?page=wpamelia-catalog" "Mozilla/5.0 (Windows NT 10.0; Win64; x64) AppleWebKit/537.36 (KHTML, like Gecko) Chrome/152.0.0.0 Safari/537.36"
104.247.76.75 - - [01/Sep/2026:09:09:32 -0400] "POST /wp-admin/admin-ajax.php?action=as_async_request_queue_runner&nonce=f888683fa3 HTTP/1.1" 200 - "-" "WordPress/7.1; https://kcjstudio.com"
104.247.76.75 - - [01/Sep/2026:09:10:31 -0400] "POST /wp-cron.php?doing_wp_cron=1788268231.7424559593200683593750 HTTP/1.1" 200 - "-" "WordPress/7.1; https://kcjstudio.com"
69.165.232.70 - - [01/Sep/2026:09:10:31 -0400] "GET /headshot-book HTTP/1.1" 301 - "-" "WhatsApp/2.23.20.0"
69.165.232.70 - - [01/Sep/2026:09:10:31 -0400] "GET /headshot-book/ HTTP/1.1" 200 47714 "-" "WhatsApp/2.23.20.0"
69.165.232.70 - - [01/Sep/2026:09:10:33 -0400] "GET /wp-content/uploads/2023/01/cropped-KCJ-STUDIO-ICON-300PX-180x180.png HTTP/1.1" 200 3814 "-" "WhatsApp/2.23.20.0"
69.165.232.70 - - [01/Sep/2026:09:10:33 -0400] "GET /wp-content/uploads/2023/01/cropped-KCJ-STUDIO-ICON-300PX-192x192.png HTTP/1.1" 200 3799 "-" "WhatsApp/2.23.20.0"
104.247.76.75 - - [01/Sep/2026:09:11:34 -0400] "POST /wp-cron.php?doing_wp_cron=1788268294.7398910522460937500000 HTTP/1.1" 200 - "-" "WordPress/7.1; https://kcjstudio.com"
69.165.232.70 - - [01/Sep/2026:09:11:33 -0400] "POST /wp-admin/admin-ajax.php HTTP/1.1" 200 67 "https://kcjstudio.com/wp-admin/admin.php?page=wpamelia-catalog" "Mozilla/5.0 (Windows NT 10.0; Win64; x64) AppleWebKit/537.36 (KHTML, like Gecko) Chrome/152.0.0.0 Safari/537.36"
104.247.76.75 - - [01/Sep/2026:09:11:33 -0400] "POST /wp-admin/admin-ajax.php?action=as_async_request_queue_runner&nonce=f888683fa3 HTTP/1.1" 200 - "-" "WordPress/7.1; https://kcjstudio.com"
104.247.76.75 - - [01/Sep/2026:09:13:09 -0400] "POST /wp-cron.php?doing_wp_cron=1788268389.0201039314270019531250 HTTP/1.1" 200 - "-" "WordPress/7.1; https://kcjstudio.com"
104.28.133.25 - - [01/Sep/2026:09:13:08 -0400] "GET /headshot-book/ HTTP/1.1" 200 47719 "-" "Mozilla/5.0 (iPhone; CPU iPhone OS 18_7 like Mac OS X) AppleWebKit/605.1.15 (KHTML, like Gecko) Version/26.5.2 Mobile/15E148 Safari/604.1"
104.28.133.25 - - [01/Sep/2026:09:13:09 -0400] "GET /wp-content/uploads/hummingbird-assets/c4052befffef26c1b63326bf5bf1ad69.css HTTP/1.1" 200 401 "https://kcjstudio.com/headshot-book/" "Mozilla/5.0 (iPhone; CPU iPhone OS 18_7 like Mac OS X) AppleWebKit/605.1.15 (KHTML, like Gecko) Version/26.5.2 Mobile/15E148 Safari/604.1"
104.28.133.25 - - [01/Sep/2026:09:13:09 -0400] "GET /wp-content/uploads/hummingbird-assets/12d759fc5af23e4ae77112ef96ed5d12.js HTTP/1.1" 200 70589 "https://kcjstudio.com/headshot-book/" "Mozilla/5.0 (iPhone; CPU iPhone OS 18_7 like Mac OS X) AppleWebKit/605.1.15 (KHTML, like Gecko) Version/26.5.2 Mobile/15E148 Safari/604.1"
104.28.133.25 - - [01/Sep/2026:09:13:09 -0400] "GET /wp-content/uploads/hummingbird-assets/cf4d24a3edc0d6802791a62d72fa06db.css HTTP/1.1" 200 2193 "https://kcjstudio.com/headshot-book/" "Mozilla/5.0 (iPhone; CPU iPhone OS 18_7 like Mac OS X) AppleWebKit/605.1.15 (KHTML, like Gecko) Version/26.5.2 Mobile/15E148 Safari/604.1"
104.28.133.25 - - [01/Sep/2026:09:13:09 -0400] "GET /wp-content/plugins/ameliabooking/extensions/divi_amelia/styles/style.min.css HTTP/1.1" 200 - "https://kcjstudio.com/headshot-book/" "Mozilla/5.0 (iPhone; CPU iPhone OS 18_7 like Mac OS X) AppleWebKit/605.1.15 (KHTML, like Gecko) Version/26.5.2 Mobile/15E148 Safari/604.1"
104.28.133.25 - - [01/Sep/2026:09:13:09 -0400] "GET /wp-content/uploads/hummingbird-assets/f466e392632aaae20a30f4357eed3170.js HTTP/1.1" 200 34451 "https://kcjstudio.com/headshot-book/" "Mozilla/5.0 (iPhone; CPU iPhone OS 18_7 like Mac OS X) AppleWebKit/605.1.15 (KHTML, like Gecko) Version/26.5.2 Mobile/15E148 Safari/604.1"
104.28.133.25 - - [01/Sep/2026:09:13:09 -0400] "GET /wp-content/uploads/2023/10/Marvelous-Seat-IMG_0735-4500PX2-CP-scaled.jpg HTTP/1.1" 200 131902 "https://kcjstudio.com/headshot-book/" "Mozilla/5.0 (iPhone; CPU iPhone OS 18_7 like Mac OS X) AppleWebKit/605.1.15 (KHTML, like Gecko) Version/26.5.2 Mobile/15E148 Safari/604.1"
104.28.133.25 - - [01/Sep/2026:09:13:09 -0400] "GET /wp-content/uploads/hummingbird-assets/37ab0de2d481873baf5c435073ba3d22.css HTTP/1.1" 200 223760 "https://kcjstudio.com/headshot-book/" "Mozilla/5.0 (iPhone; CPU iPhone OS 18_7 like Mac OS X) AppleWebKit/605.1.15 (KHTML, like Gecko) Version/26.5.2 Mobile/15E148 Safari/604.1"
104.28.133.25 - - [01/Sep/2026:09:13:09 -0400] "GET /wp-content/plugins/divi-bars/assets/js/main.helper.js HTTP/1.1" 200 - "https://kcjstudio.com/headshot-book/" "Mozilla/5.0 (iPhone; CPU iPhone OS 18_7 like Mac OS X) AppleWebKit/605.1.15 (KHTML, like Gecko) Version/26.5.2 Mobile/15E148 Safari/604.1"
104.28.133.25 - - [01/Sep/2026:09:13:09 -0400] "GET /wp-content/uploads/hummingbird-assets/b29edba45593c1a93da7f6a2cca6ead8.js HTTP/1.1" 200 870 "https://kcjstudio.com/headshot-book/" "Mozilla/5.0 (iPhone; CPU iPhone OS 18_7 like Mac OS X) AppleWebKit/605.1.15 (KHTML, like Gecko) Version/26.5.2 Mobile/15E148 Safari/604.1"
104.28.133.25 - - [01/Sep/2026:09:13:09 -0400] "GET /wp-content/plugins/ameliabooking/v3/public/assets/public.js HTTP/1.1" 200 12094 "https://kcjstudio.com/headshot-book/" "Mozilla/5.0 (iPhone; CPU iPhone OS 18_7 like Mac OS X) AppleWebKit/605.1.15 (KHTML, like Gecko) Version/26.5.2 Mobile/15E148 Safari/604.1"
104.28.133.25 - - [01/Sep/2026:09:13:09 -0400] "GET /wp-content/themes/Divi/images/logo.png HTTP/1.1" 200 1740 "https://kcjstudio.com/headshot-book/" "Mozilla/5.0 (iPhone; CPU iPhone OS 18_7 like Mac OS X) AppleWebKit/605.1.15 (KHTML, like Gecko) Version/26.5.2 Mobile/15E148 Safari/604.1"
104.28.133.25 - - [01/Sep/2026:09:13:09 -0400] "GET /wp-content/uploads/2024/10/KCJ-STUDIO-LOGO-ORG-NV-150PX.jpg HTTP/1.1" 200 7238 "https://kcjstudio.com/headshot-book/" "Mozilla/5.0 (iPhone; CPU iPhone OS 18_7 like Mac OS X) AppleWebKit/605.1.15 (KHTML, like Gecko) Version/26.5.2 Mobile/15E148 Safari/604.1"
104.28.133.25 - - [01/Sep/2026:09:13:09 -0400] "GET /wp-content/uploads/hummingbird-assets/d86cb2174f1dd01ea532dad954e0aa3e.js HTTP/1.1" 200 8508 "https://kcjstudio.com/headshot-book/" "Mozilla/5.0 (iPhone; CPU iPhone OS 18_7 like Mac OS X) AppleWebKit/605.1.15 (KHTML, like Gecko) Version/26.5.2 Mobile/15E148 Safari/604.1"
104.28.133.25 - - [01/Sep/2026:09:13:10 -0400] "GET /wp-content/plugins/ameliabooking/v3/public/assets/eventBooking-0d59801e.js HTTP/1.1" 200 29441 "https://kcjstudio.com/headshot-book/" "Mozilla/5.0 (iPhone; CPU iPhone OS 18_7 like Mac OS X) AppleWebKit/605.1.15 (KHTML, like Gecko) Version/26.5.2 Mobile/15E148 Safari/604.1"
104.28.133.25 - - [01/Sep/2026:09:13:10 -0400] "GET /wp-content/plugins/ameliabooking/v3/public/assets/customerPanel-28f46492.js HTTP/1.1" 200 218844 "https://kcjstudio.com/headshot-book/" "Mozilla/5.0 (iPhone; CPU iPhone OS 18_7 like Mac OS X) AppleWebKit/605.1.15 (KHTML, like Gecko) Version/26.5.2 Mobile/15E148 Safari/604.1"
104.28.133.25 - - [01/Sep/2026:09:13:10 -0400] "GET /wp-content/plugins/ameliabooking/v3/public/assets/eventListForm-ef552e3e.js HTTP/1.1" 200 93887 "https://kcjstudio.com/headshot-book/" "Mozilla/5.0 (iPhone; CPU iPhone OS 18_7 like Mac OS X) AppleWebKit/605.1.15 (KHTML, like Gecko) Version/26.5.2 Mobile/15E148 Safari/604.1"
104.28.133.25 - - [01/Sep/2026:09:13:10 -0400] "GET /wp-content/plugins/ameliabooking/v3/public/assets/stepForm-30792e3b.js HTTP/1.1" 200 511698 "https://kcjstudio.com/headshot-book/" "Mozilla/5.0 (iPhone; CPU iPhone OS 18_7 like Mac OS X) AppleWebKit/605.1.15 (KHTML, like Gecko) Version/26.5.2 Mobile/15E148 Safari/604.1"
104.28.133.25 - - [01/Sep/2026:09:13:10 -0400] "GET /wp-content/plugins/ameliabooking/v3/src/assets/scss/common/fonts/font.css HTTP/1.1" 200 6395 "https://kcjstudio.com/headshot-book/" "Mozilla/5.0 (iPhone; CPU iPhone OS 18_7 like Mac OS X) AppleWebKit/605.1.15 (KHTML, like Gecko) Version/26.5.2 Mobile/15E148 Safari/604.1"
104.28.133.25 - - [01/Sep/2026:09:13:10 -0400] "GET /wp-content/plugins/ameliabooking/v3/public/assets/en-93912b24.js HTTP/1.1" 200 726 "https://kcjstudio.com/headshot-book/" "Mozilla/5.0 (iPhone; CPU iPhone OS 18_7 like Mac OS X) AppleWebKit/605.1.15 (KHTML, like Gecko) Version/26.5.2 Mobile/15E148 Safari/604.1"
104.28.133.25 - - [01/Sep/2026:09:13:10 -0400] "GET /wp-admin/admin-ajax.php?action=wpamelia_api&call=/entities&types=employees,categories,locations,packages,entitiesRelations,customFields,taxes&page=booking&lite=true HTTP/1.1" 200 5428 "https://kcjstudio.com/headshot-book/" "Mozilla/5.0 (iPhone; CPU iPhone OS 18_7 like Mac OS X) AppleWebKit/605.1.15 (KHTML, like Gecko) Version/26.5.2 Mobile/15E148 Safari/604.1"
104.28.133.25 - - [01/Sep/2026:09:13:10 -0400] "GET /wp-content/plugins/ameliabooking/v3/public/assets/fonts/amelia-icons.ttf?gx306v HTTP/1.1" 200 15341 "https://kcjstudio.com/headshot-book/" "Mozilla/5.0 (iPhone; CPU iPhone OS 18_7 like Mac OS X) AppleWebKit/605.1.15 (KHTML, like Gecko) Version/26.5.2 Mobile/15E148 Safari/604.1"
104.28.133.25 - - [01/Sep/2026:09:13:10 -0400] "GET /wp-admin/admin-ajax.php?action=wpamelia_api&call=/users/current HTTP/1.1" 200 84 "https://kcjstudio.com/headshot-book/" "Mozilla/5.0 (iPhone; CPU iPhone OS 18_7 like Mac OS X) AppleWebKit/605.1.15 (KHTML, like Gecko) Version/26.5.2 Mobile/15E148 Safari/604.1"
104.28.133.25 - - [01/Sep/2026:09:13:11 -0400] "GET /wp-content/themes/Divi/core/admin/fonts/modules/base/modules.woff HTTP/1.1" 200 3076 "https://kcjstudio.com/headshot-book/" "Mozilla/5.0 (iPhone; CPU iPhone OS 18_7 like Mac OS X) AppleWebKit/605.1.15 (KHTML, like Gecko) Version/26.5.2 Mobile/15E148 Safari/604.1"
104.28.133.25 - - [01/Sep/2026:09:13:10 -0400] "GET /wp-admin/admin-ajax.php?action=wpamelia_api&call=/slots&monthsLoad=1&locationId=1&serviceId=4&serviceDuration=3600&providerIds=1&group=1&page=booking&structured=true&persons=1 HTTP/1.1" 200 542 "https://kcjstudio.com/headshot-book/" "Mozilla/5.0 (iPhone; CPU iPhone OS 18_7 like Mac OS X) AppleWebKit/605.1.15 (KHTML, like Gecko) Version/26.5.2 Mobile/15E148 Safari/604.1"
104.28.133.25 - - [01/Sep/2026:09:13:11 -0400] "GET /wp-content/uploads/2023/01/cropped-KCJ-STUDIO-ICON-300PX-32x32.png HTTP/1.1" 200 801 "https://kcjstudio.com/headshot-book/" "Mozilla/5.0 (iPhone; CPU iPhone OS 18_7 like Mac OS X) AppleWebKit/605.1.15 (KHTML, like Gecko) Version/26.5.2 Mobile/15E148 Safari/604.1"
104.28.133.25 - - [01/Sep/2026:09:13:11 -0400] "GET /wp-content/uploads/2023/01/cropped-KCJ-STUDIO-ICON-300PX-192x192.png HTTP/1.1" 200 3799 "https://kcjstudio.com/headshot-book/" "Mozilla/5.0 (iPhone; CPU iPhone OS 18_7 like Mac OS X) AppleWebKit/605.1.15 (KHTML, like Gecko) Version/26.5.2 Mobile/15E148 Safari/604.1"
69.165.232.70 - - [01/Sep/2026:09:13:34 -0400] "POST /wp-admin/admin-ajax.php HTTP/1.1" 200 67 "https://kcjstudio.com/wp-admin/admin.php?page=wpamelia-catalog" "Mozilla/5.0 (Windows NT 10.0; Win64; x64) AppleWebKit/537.36 (KHTML, like Gecko) Chrome/152.0.0.0 Safari/537.36"
104.247.76.75 - - [01/Sep/2026:09:14:36 -0400] "POST /wp-cron.php?doing_wp_cron=1788268476.7079141139984130859375 HTTP/1.1" 200 - "-" "WordPress/7.1; https://kcjstudio.com"
69.165.232.70 - - [01/Sep/2026:09:14:35 -0400] "POST /wp-admin/admin-ajax.php HTTP/1.1" 200 67 "https://kcjstudio.com/wp-admin/admin.php?page=wpamelia-catalog" "Mozilla/5.0 (Windows NT 10.0; Win64; x64) AppleWebKit/537.36 (KHTML, like Gecko) Chrome/152.0.0.0 Safari/537.36"
178.73.252.107 - - [01/Sep/2026:09:14:38 -0400] "GET / HTTP/1.1" 200 25528 "http://kcjstudio.com/" "Mozilla/5.0 (Windows NT 10.0; Win64; x64) AppleWebKit/537.36 (KHTML, like Gecko) Chrome/122.0.0.0 Safari/537.3"
