63.182.212.116 - - [01/Sep/2026:09:45:25 -0400] "GET /wp-content/themes/Divi/core/admin/fonts/modules/all/modules.woff HTTP/1.1" 200 37328 "https://kcjstudio.com/wp-content/et-cache/notfound/et-divi-dynamic-tb-199-late.css" "Mozilla/5.0 (Windows NT 10.0; Win64; x64) AppleWebKit/537.36 (KHTML, like Gecko) Chrome/152.0.0.0 Safari/537.36"
63.182.212.116 - - [01/Sep/2026:09:45:25 -0400] "GET /wp-content/uploads/2023/01/cropped-KCJ-STUDIO-ICON-300PX-32x32.png HTTP/1.1" 200 801 "https://kcjstudio.com/wp-includes/-/nkxhbcr/wlnuhes/1isgaop/" "Mozilla/5.0 (Windows NT 10.0; Win64; x64) AppleWebKit/537.36 (KHTML, like Gecko) Chrome/152.0.0.0 Safari/537.36"
69.165.232.70 - - [01/Sep/2026:09:45:46 -0400] "POST /wp-admin/admin-ajax.php HTTP/1.1" 200 67 "https://kcjstudio.com/wp-admin/admin.php?page=wpmudev" "Mozilla/5.0 (Windows NT 10.0; Win64; x64) AppleWebKit/537.36 (KHTML, like Gecko) Chrome/152.0.0.0 Safari/537.36"
104.247.76.75 - - [01/Sep/2026:09:46:46 -0400] "POST /wp-cron.php?doing_wp_cron=1788270406.4864130020141601562500 HTTP/1.1" 200 - "-" "WordPress/7.1; https://kcjstudio.com"
69.165.232.70 - - [01/Sep/2026:09:46:46 -0400] "POST /wp-admin/admin-ajax.php HTTP/1.1" 200 67 "https://kcjstudio.com/wp-admin/admin.php?page=wpmudev" "Mozilla/5.0 (Windows NT 10.0; Win64; x64) AppleWebKit/537.36 (KHTML, like Gecko) Chrome/152.0.0.0 Safari/537.36"
104.247.76.75 - - [01/Sep/2026:09:47:47 -0400] "POST /wp-cron.php?doing_wp_cron=1788270467.4898710250854492187500 HTTP/1.1" 200 - "-" "WordPress/7.1; https://kcjstudio.com"
69.165.232.70 - - [01/Sep/2026:09:47:46 -0400] "POST /wp-admin/admin-ajax.php HTTP/1.1" 200 67 "https://kcjstudio.com/wp-admin/admin.php?page=wpmudev" "Mozilla/5.0 (Windows NT 10.0; Win64; x64) AppleWebKit/537.36 (KHTML, like Gecko) Chrome/152.0.0.0 Safari/537.36"
104.247.76.75 - - [01/Sep/2026:09:47:52 -0400] "POST /wp-cron.php?doing_wp_cron=1788270471.9876000881195068359375 HTTP/1.1" 200 - "-" "WordPress/7.1; https://kcjstudio.com"
104.247.76.75 - - [01/Sep/2026:09:47:46 -0400] "POST /wp-admin/admin-ajax.php?action=as_async_request_queue_runner&nonce=f888683fa3 HTTP/1.1" 200 - "-" "WordPress/7.1; https://kcjstudio.com"
69.165.232.70 - - [01/Sep/2026:09:48:46 -0400] "POST /wp-admin/admin-ajax.php HTTP/1.1" 200 67 "https://kcjstudio.com/wp-admin/admin.php?page=wpmudev" "Mozilla/5.0 (Windows NT 10.0; Win64; x64) AppleWebKit/537.36 (KHTML, like Gecko) Chrome/152.0.0.0 Safari/537.36"
104.247.76.75 - - [01/Sep/2026:09:49:47 -0400] "POST /wp-cron.php?doing_wp_cron=1788270587.5226008892059326171875 HTTP/1.1" 200 - "-" "WordPress/7.1; https://kcjstudio.com"
69.165.232.70 - - [01/Sep/2026:09:49:46 -0400] "POST /wp-admin/admin-ajax.php HTTP/1.1" 200 67 "https://kcjstudio.com/wp-admin/admin.php?page=wpmudev" "Mozilla/5.0 (Windows NT 10.0; Win64; x64) AppleWebKit/537.36 (KHTML, like Gecko) Chrome/152.0.0.0 Safari/537.36"
104.247.76.75 - - [01/Sep/2026:09:49:52 -0400] "POST /wp-cron.php?doing_wp_cron=1788270592.0119440555572509765625 HTTP/1.1" 200 - "-" "WordPress/7.1; https://kcjstudio.com"
104.247.76.75 - - [01/Sep/2026:09:49:46 -0400] "POST /wp-admin/admin-ajax.php?action=as_async_request_queue_runner&nonce=f888683fa3 HTTP/1.1" 200 - "-" "WordPress/7.1; https://kcjstudio.com"
69.165.232.70 - - [01/Sep/2026:09:50:46 -0400] "POST /wp-admin/admin-ajax.php HTTP/1.1" 200 67 "https://kcjstudio.com/wp-admin/admin.php?page=wpmudev" "Mozilla/5.0 (Windows NT 10.0; Win64; x64) AppleWebKit/537.36 (KHTML, like Gecko) Chrome/152.0.0.0 Safari/537.36"
104.247.76.75 - - [01/Sep/2026:09:51:47 -0400] "POST /wp-cron.php?doing_wp_cron=1788270707.5372140407562255859375 HTTP/1.1" 200 - "-" "WordPress/7.1; https://kcjstudio.com"
69.165.232.70 - - [01/Sep/2026:09:51:46 -0400] "POST /wp-admin/admin-ajax.php HTTP/1.1" 200 67 "https://kcjstudio.com/wp-admin/admin.php?page=wpmudev" "Mozilla/5.0 (Windows NT 10.0; Win64; x64) AppleWebKit/537.36 (KHTML, like Gecko) Chrome/152.0.0.0 Safari/537.36"
104.247.76.75 - - [01/Sep/2026:09:51:52 -0400] "POST /wp-cron.php?doing_wp_cron=1788270712.0145170688629150390625 HTTP/1.1" 200 - "-" "WordPress/7.1; https://kcjstudio.com"
104.247.76.75 - - [01/Sep/2026:09:51:46 -0400] "POST /wp-admin/admin-ajax.php?action=as_async_request_queue_runner&nonce=f888683fa3 HTTP/1.1" 200 - "-" "WordPress/7.1; https://kcjstudio.com"
69.165.232.70 - - [01/Sep/2026:09:52:46 -0400] "POST /wp-admin/admin-ajax.php HTTP/1.1" 200 67 "https://kcjstudio.com/wp-admin/admin.php?page=wpmudev" "Mozilla/5.0 (Windows NT 10.0; Win64; x64) AppleWebKit/537.36 (KHTML, like Gecko) Chrome/152.0.0.0 Safari/537.36"
104.247.76.75 - - [01/Sep/2026:09:53:15 -0400] "POST /wp-cron.php?doing_wp_cron=1788270795.4923639297485351562500 HTTP/1.1" 200 - "-" "WordPress/7.1; https://kcjstudio.com"
17.166.20.109 - - [01/Sep/2026:09:53:14 -0400] "GET /robots.txt HTTP/1.1" 200 110 "-" "Mozilla/5.0 (Macintosh; Intel Mac OS X 10_15_7) AppleWebKit/605.1.15 (KHTML, like Gecko) Version/17.4 Safari/605.1.15 (Applebot/0.1; +http://www.apple.com/go/applebot)"
17.166.20.109 - - [01/Sep/2026:09:53:15 -0400] "GET /portraits HTTP/1.1" 301 - "-" "Mozilla/5.0 (Macintosh; Intel Mac OS X 10_15_7) AppleWebKit/605.1.15 (KHTML, like Gecko) Version/17.4 Safari/605.1.15 (Applebot/0.1; +http://www.apple.com/go/applebot)"
17.166.20.109 - - [01/Sep/2026:09:53:16 -0400] "GET /portraits/ HTTP/1.1" 200 27752 "-" "Mozilla/5.0 (Macintosh; Intel Mac OS X 10_15_7) AppleWebKit/605.1.15 (KHTML, like Gecko) Version/17.4 Safari/605.1.15 (Applebot/0.1; +http://www.apple.com/go/applebot)"
69.165.232.70 - - [01/Sep/2026:09:53:46 -0400] "POST /wp-admin/admin-ajax.php HTTP/1.1" 200 67 "https://kcjstudio.com/wp-admin/admin.php?page=wpmudev" "Mozilla/5.0 (Windows NT 10.0; Win64; x64) AppleWebKit/537.36 (KHTML, like Gecko) Chrome/152.0.0.0 Safari/537.36"
104.247.76.75 - - [01/Sep/2026:09:54:46 -0400] "POST /wp-cron.php?doing_wp_cron=1788270886.6442339420318603515625 HTTP/1.1" 200 - "-" "WordPress/7.1; https://kcjstudio.com"
69.165.232.70 - - [01/Sep/2026:09:54:46 -0400] "POST /wp-admin/admin-ajax.php HTTP/1.1" 200 67 "https://kcjstudio.com/wp-admin/admin.php?page=wpmudev" "Mozilla/5.0 (Windows NT 10.0; Win64; x64) AppleWebKit/537.36 (KHTML, like Gecko) Chrome/152.0.0.0 Safari/537.36"
104.247.76.75 - - [01/Sep/2026:09:54:51 -0400] "POST /wp-cron.php?doing_wp_cron=1788270891.7018010616302490234375 HTTP/1.1" 200 - "-" "WordPress/7.1; https://kcjstudio.com"
198.204.240.234 - - [01/Sep/2026:09:54:51 -0400] "GET /wp-includes/pld62522/edit.php HTTP/1.1" 404 16323 "https://kcjstudio.com/wp-includes/pld62522/edit.php" "Mozilla/5.0 (Macintosh; Intel Mac OS X 10.5; rv:8.0.1) Gecko/20100101 Firefox/8.0.1"
69.165.232.70 - - [01/Sep/2026:09:55:46 -0400] "POST /wp-admin/admin-ajax.php HTTP/1.1" 200 67 "https://kcjstudio.com/wp-admin/admin.php?page=wpmudev" "Mozilla/5.0 (Windows NT 10.0; Win64; x64) AppleWebKit/537.36 (KHTML, like Gecko) Chrome/152.0.0.0 Safari/537.36"
104.247.76.75 - - [01/Sep/2026:09:56:46 -0400] "POST /wp-cron.php?doing_wp_cron=1788271006.5847430229187011718750 HTTP/1.1" 200 - "-" "WordPress/7.1; https://kcjstudio.com"
69.165.232.70 - - [01/Sep/2026:09:56:46 -0400] "POST /wp-admin/admin-ajax.php HTTP/1.1" 200 67 "https://kcjstudio.com/wp-admin/admin.php?page=wpmudev" "Mozilla/5.0 (Windows NT 10.0; Win64; x64) AppleWebKit/537.36 (KHTML, like Gecko) Chrome/152.0.0.0 Safari/537.36"
104.247.76.75 - - [01/Sep/2026:09:57:46 -0400] "POST /wp-cron.php?doing_wp_cron=1788271066.6281290054321289062500 HTTP/1.1" 200 - "-" "WordPress/7.1; https://kcjstudio.com"
69.165.232.70 - - [01/Sep/2026:09:57:46 -0400] "POST /wp-admin/admin-ajax.php HTTP/1.1" 200 67 "https://kcjstudio.com/wp-admin/admin.php?page=wpmudev" "Mozilla/5.0 (Windows NT 10.0; Win64; x64) AppleWebKit/537.36 (KHTML, like Gecko) Chrome/152.0.0.0 Safari/537.36"
104.247.76.75 - - [01/Sep/2026:09:58:15 -0400] "POST /wp-cron.php?doing_wp_cron=1788271094.9982180595397949218750 HTTP/1.1" 200 - "-" "WordPress/7.1; https://kcjstudio.com"
57.129.134.182 - - [01/Sep/2026:09:58:14 -0400] "GET /-/esb-firstlevel/de/psd2 HTTP/1.1" 404 16323 "http://avanteshipping.com/" "Mozilla/5.0 (iPhone; CPU iPhone OS 15_0 like Mac OS X) AppleWebKit/605.1.15 (KHTML, like Gecko) Version/15.0 Mobile/15E148 Safari/604.1"
57.129.134.182 - - [01/Sep/2026:09:58:15 -0400] "GET /wp-content/uploads/hummingbird-assets/c4052befffef26c1b63326bf5bf1ad69.css HTTP/1.1" 200 401 "https://kcjstudio.com/-/esb-firstlevel/de/psd2" "Mozilla/5.0 (iPhone; CPU iPhone OS 15_0 like Mac OS X) AppleWebKit/605.1.15 (KHTML, like Gecko) Version/15.0 Mobile/15E148 Safari/604.1"
57.129.134.182 - - [01/Sep/2026:09:58:15 -0400] "GET /wp-content/et-cache/notfound/et-divi-dynamic-tb-199-late.css HTTP/1.1" 200 219 "https://kcjstudio.com/-/esb-firstlevel/de/psd2" "Mozilla/5.0 (iPhone; CPU iPhone OS 15_0 like Mac OS X) AppleWebKit/605.1.15 (KHTML, like Gecko) Version/15.0 Mobile/15E148 Safari/604.1"
57.129.134.182 - - [01/Sep/2026:09:58:15 -0400] "GET /wp-content/et-cache/notfound/et-divi-dynamic-tb-199.css HTTP/1.1" 200 12207 "https://kcjstudio.com/-/esb-firstlevel/de/psd2" "Mozilla/5.0 (iPhone; CPU iPhone OS 15_0 like Mac OS X) AppleWebKit/605.1.15 (KHTML, like Gecko) Version/15.0 Mobile/15E148 Safari/604.1"
57.129.134.182 - - [01/Sep/2026:09:58:15 -0400] "GET /wp-content/plugins/ameliabooking/extensions/divi_amelia/styles/style.min.css HTTP/1.1" 200 - "https://kcjstudio.com/-/esb-firstlevel/de/psd2" "Mozilla/5.0 (iPhone; CPU iPhone OS 15_0 like Mac OS X) AppleWebKit/605.1.15 (KHTML, like Gecko) Version/15.0 Mobile/15E148 Safari/604.1"
57.129.134.182 - - [01/Sep/2026:09:58:15 -0400] "GET /wp-content/uploads/hummingbird-assets/cf4d24a3edc0d6802791a62d72fa06db.css HTTP/1.1" 200 2193 "https://kcjstudio.com/-/esb-firstlevel/de/psd2" "Mozilla/5.0 (iPhone; CPU iPhone OS 15_0 like Mac OS X) AppleWebKit/605.1.15 (KHTML, like Gecko) Version/15.0 Mobile/15E148 Safari/604.1"
57.129.134.182 - - [01/Sep/2026:09:58:15 -0400] "GET /wp-content/uploads/hummingbird-assets/f466e392632aaae20a30f4357eed3170.js HTTP/1.1" 200 34451 "https://kcjstudio.com/-/esb-firstlevel/de/psd2" "Mozilla/5.0 (iPhone; CPU iPhone OS 15_0 like Mac OS X) AppleWebKit/605.1.15 (KHTML, like Gecko) Version/15.0 Mobile/15E148 Safari/604.1"
57.129.134.182 - - [01/Sep/2026:09:58:15 -0400] "GET /wp-content/uploads/hummingbird-assets/12d759fc5af23e4ae77112ef96ed5d12.js HTTP/1.1" 200 70589 "https://kcjstudio.com/-/esb-firstlevel/de/psd2" "Mozilla/5.0 (iPhone; CPU iPhone OS 15_0 like Mac OS X) AppleWebKit/605.1.15 (KHTML, like Gecko) Version/15.0 Mobile/15E148 Safari/604.1"
57.129.134.182 - - [01/Sep/2026:09:58:15 -0400] "GET /wp-content/themes/Divi/core/admin/fonts/modules/base/modules.woff HTTP/1.1" 200 3076 "https://kcjstudio.com/wp-content/et-cache/notfound/et-divi-dynamic-tb-199.css" "Mozilla/5.0 (iPhone; CPU iPhone OS 15_0 like Mac OS X) AppleWebKit/605.1.15 (KHTML, like Gecko) Version/15.0 Mobile/15E148 Safari/604.1"
57.129.134.182 - - [01/Sep/2026:09:58:16 -0400] "GET /wp-content/uploads/hummingbird-assets/1abb620b1f6c7c9bb7e5de19eb0f15d5.js HTTP/1.1" 200 9102 "https://kcjstudio.com/-/esb-firstlevel/de/psd2" "Mozilla/5.0 (iPhone; CPU iPhone OS 15_0 like Mac OS X) AppleWebKit/605.1.15 (KHTML, like Gecko) Version/15.0 Mobile/15E148 Safari/604.1"
57.129.134.182 - - [01/Sep/2026:09:58:16 -0400] "GET /wp-content/themes/Divi/core/admin/fonts/modules/all/modules.woff HTTP/1.1" 200 37328 "https://kcjstudio.com/wp-content/et-cache/notfound/et-divi-dynamic-tb-199-late.css" "Mozilla/5.0 (iPhone; CPU iPhone OS 15_0 like Mac OS X) AppleWebKit/605.1.15 (KHTML, like Gecko) Version/15.0 Mobile/15E148 Safari/604.1"
57.129.134.182 - - [01/Sep/2026:09:58:16 -0400] "GET /wp-content/plugins/divi-bars/assets/js/main.helper.js HTTP/1.1" 200 - "https://kcjstudio.com/-/esb-firstlevel/de/psd2" "Mozilla/5.0 (iPhone; CPU iPhone OS 15_0 like Mac OS X) AppleWebKit/605.1.15 (KHTML, like Gecko) Version/15.0 Mobile/15E148 Safari/604.1"
57.129.134.182 - - [01/Sep/2026:09:58:16 -0400] "GET /wp-content/uploads/hummingbird-assets/b29edba45593c1a93da7f6a2cca6ead8.js HTTP/1.1" 200 870 "https://kcjstudio.com/-/esb-firstlevel/de/psd2" "Mozilla/5.0 (iPhone; CPU iPhone OS 15_0 like Mac OS X) AppleWebKit/605.1.15 (KHTML, like Gecko) Version/15.0 Mobile/15E148 Safari/604.1"
57.129.134.182 - - [01/Sep/2026:09:58:16 -0400] "GET /wp-content/themes/Divi/images/logo.png HTTP/1.1" 200 1740 "https://kcjstudio.com/-/esb-firstlevel/de/psd2" "Mozilla/5.0 (iPhone; CPU iPhone OS 15_0 like Mac OS X) AppleWebKit/605.1.15 (KHTML, like Gecko) Version/15.0 Mobile/15E148 Safari/604.1"
57.129.134.182 - - [01/Sep/2026:09:58:20 -0400] "GET /wp-content/uploads/2023/01/cropped-KCJ-STUDIO-ICON-300PX-32x32.png HTTP/1.1" 200 801 "https://kcjstudio.com/-/esb-firstlevel/de/psd2" "Mozilla/5.0 (iPhone; CPU iPhone OS 15_0 like Mac OS X) AppleWebKit/605.1.15 (KHTML, like Gecko) Version/15.0 Mobile/15E148 Safari/604.1"
69.165.232.70 - - [01/Sep/2026:09:58:46 -0400] "POST /wp-admin/admin-ajax.php HTTP/1.1" 200 67 "https://kcjstudio.com/wp-admin/admin.php?page=wpmudev" "Mozilla/5.0 (Windows NT 10.0; Win64; x64) AppleWebKit/537.36 (KHTML, like Gecko) Chrome/152.0.0.0 Safari/537.36"
66.249.74.103 - - [01/Sep/2026:09:58:46 -0400] "GET /shop/detail/19386439219 HTTP/1.1" 404 16325 "-" "Mozilla/5.0 (Linux; Android 6.0.1; Nexus 5X Build/MMB29P) AppleWebKit/537.36 (KHTML, like Gecko) Chrome/151.0.7922.173 Mobile Safari/537.36 (compatible; Googlebot/2.1; +http://www.google.com/bot.html)"
17.166.23.220 - - [01/Sep/2026:09:58:52 -0400] "GET /wp-content/uploads/hummingbird-assets/c4052befffef26c1b63326bf5bf1ad69.css HTTP/1.1" 200 401 "https://kcjstudio.com/portraits/" "Mozilla/5.0 (Macintosh; Intel Mac OS X 10_15_7) AppleWebKit/605.1.15 (KHTML, like Gecko) Version/17.4 Safari/605.1.15 (Applebot/0.1; +http://www.apple.com/go/applebot)"
17.166.23.220 - - [01/Sep/2026:09:58:53 -0400] "GET /wp-content/uploads/hummingbird-assets/f466e392632aaae20a30f4357eed3170.js HTTP/1.1" 200 34451 "https://kcjstudio.com/portraits/" "Mozilla/5.0 (Macintosh; Intel Mac OS X 10_15_7) AppleWebKit/605.1.15 (KHTML, like Gecko) Version/17.4 Safari/605.1.15 (Applebot/0.1; +http://www.apple.com/go/applebot)"
17.166.23.220 - - [01/Sep/2026:09:58:54 -0400] "GET /wp-content/uploads/hummingbird-assets/cf4d24a3edc0d6802791a62d72fa06db.css HTTP/1.1" 200 2193 "https://kcjstudio.com/portraits/" "Mozilla/5.0 (Macintosh; Intel Mac OS X 10_15_7) AppleWebKit/605.1.15 (KHTML, like Gecko) Version/17.4 Safari/605.1.15 (Applebot/0.1; +http://www.apple.com/go/applebot)"
17.166.23.220 - - [01/Sep/2026:09:58:55 -0400] "GET /wp-content/uploads/hummingbird-assets/d86cb2174f1dd01ea532dad954e0aa3e.js HTTP/1.1" 200 8508 "https://kcjstudio.com/portraits/" "Mozilla/5.0 (Macintosh; Intel Mac OS X 10_15_7) AppleWebKit/605.1.15 (KHTML, like Gecko) Version/17.4 Safari/605.1.15 (Applebot/0.1; +http://www.apple.com/go/applebot)"
17.166.23.220 - - [01/Sep/2026:09:58:56 -0400] "GET /wp-content/uploads/hummingbird-assets/12d759fc5af23e4ae77112ef96ed5d12.js HTTP/1.1" 200 70589 "https://kcjstudio.com/portraits/" "Mozilla/5.0 (Macintosh; Intel Mac OS X 10_15_7) AppleWebKit/605.1.15 (KHTML, like Gecko) Version/17.4 Safari/605.1.15 (Applebot/0.1; +http://www.apple.com/go/applebot)"
17.166.23.220 - - [01/Sep/2026:09:58:57 -0400] "GET /wp-content/plugins/ameliabooking/extensions/divi_amelia/styles/style.min.css HTTP/1.1" 200 - "https://kcjstudio.com/portraits/" "Mozilla/5.0 (Macintosh; Intel Mac OS X 10_15_7) AppleWebKit/605.1.15 (KHTML, like Gecko) Version/17.4 Safari/605.1.15 (Applebot/0.1; +http://www.apple.com/go/applebot)"
17.166.23.220 - - [01/Sep/2026:09:58:58 -0400] "GET /wp-content/plugins/divi-bars/assets/js/main.helper.js HTTP/1.1" 200 - "https://kcjstudio.com/portraits/" "Mozilla/5.0 (Macintosh; Intel Mac OS X 10_15_7) AppleWebKit/605.1.15 (KHTML, like Gecko) Version/17.4 Safari/605.1.15 (Applebot/0.1; +http://www.apple.com/go/applebot)"
17.166.23.220 - - [01/Sep/2026:09:58:59 -0400] "GET /wp-content/uploads/hummingbird-assets/b29edba45593c1a93da7f6a2cca6ead8.js HTTP/1.1" 200 870 "https://kcjstudio.com/portraits/" "Mozilla/5.0 (Macintosh; Intel Mac OS X 10_15_7) AppleWebKit/605.1.15 (KHTML, like Gecko) Version/17.4 Safari/605.1.15 (Applebot/0.1; +http://www.apple.com/go/applebot)"
104.247.76.75 - - [01/Sep/2026:09:59:47 -0400] "POST /wp-cron.php?doing_wp_cron=1788271187.6331989765167236328125 HTTP/1.1" 200 - "-" "WordPress/7.1; https://kcjstudio.com"
69.165.232.70 - - [01/Sep/2026:09:59:46 -0400] "POST /wp-admin/admin-ajax.php HTTP/1.1" 200 67 "https://kcjstudio.com/wp-admin/admin.php?page=wpmudev" "Mozilla/5.0 (Windows NT 10.0; Win64; x64) AppleWebKit/537.36 (KHTML, like Gecko) Chrome/152.0.0.0 Safari/537.36"
104.247.76.75 - - [01/Sep/2026:09:59:46 -0400] "POST /wp-admin/admin-ajax.php?action=as_async_request_queue_runner&nonce=f888683fa3 HTTP/1.1" 200 - "-" "WordPress/7.1; https://kcjstudio.com"
66.249.74.102 - - [01/Sep/2026:09:59:53 -0400] "GET /shop/detail/19386439219 HTTP/1.1" 404 16325 "-" "Mozilla/5.0 (Linux; Android 6.0.1; Nexus 5X Build/MMB29P) AppleWebKit/537.36 (KHTML, like Gecko) Chrome/151.0.7922.173 Mobile Safari/537.36 (compatible; Googlebot/2.1; +http://www.google.com/bot.html)"
104.247.76.75 - - [01/Sep/2026:10:00:46 -0400] "POST /wp-cron.php?doing_wp_cron=1788271246.6494030952453613281250 HTTP/1.1" 200 - "-" "WordPress/7.1; https://kcjstudio.com"
69.165.232.70 - - [01/Sep/2026:10:00:46 -0400] "POST /wp-admin/admin-ajax.php HTTP/1.1" 200 67 "https://kcjstudio.com/wp-admin/admin.php?page=wpmudev" "Mozilla/5.0 (Windows NT 10.0; Win64; x64) AppleWebKit/537.36 (KHTML, like Gecko) Chrome/152.0.0.0 Safari/537.36"
104.247.76.75 - - [01/Sep/2026:10:01:47 -0400] "POST /wp-cron.php?doing_wp_cron=1788271307.6371910572052001953125 HTTP/1.1" 200 - "-" "WordPress/7.1; https://kcjstudio.com"
69.165.232.70 - - [01/Sep/2026:10:01:46 -0400] "POST /wp-admin/admin-ajax.php HTTP/1.1" 200 67 "https://kcjstudio.com/wp-admin/admin.php?page=wpmudev" "Mozilla/5.0 (Windows NT 10.0; Win64; x64) AppleWebKit/537.36 (KHTML, like Gecko) Chrome/152.0.0.0 Safari/537.36"
104.247.76.75 - - [01/Sep/2026:10:01:46 -0400] "POST /wp-admin/admin-ajax.php?action=as_async_request_queue_runner&nonce=f888683fa3 HTTP/1.1" 200 - "-" "WordPress/7.1; https://kcjstudio.com"
66.249.74.103 - - [01/Sep/2026:10:02:28 -0400] "GET /shop/detail/48786138671 HTTP/1.1" 404 16321 "-" "Mozilla/5.0 (compatible; Googlebot/2.1; +http://www.google.com/bot.html)"
69.165.232.70 - - [01/Sep/2026:10:02:46 -0400] "POST /wp-admin/admin-ajax.php HTTP/1.1" 200 67 "https://kcjstudio.com/wp-admin/admin.php?page=wpmudev" "Mozilla/5.0 (Windows NT 10.0; Win64; x64) AppleWebKit/537.36 (KHTML, like Gecko) Chrome/152.0.0.0 Safari/537.36"
104.247.76.75 - - [01/Sep/2026:10:03:47 -0400] "POST /wp-cron.php?doing_wp_cron=1788271427.6601550579071044921875 HTTP/1.1" 200 - "-" "WordPress/7.1; https://kcjstudio.com"
69.165.232.70 - - [01/Sep/2026:10:03:46 -0400] "POST /wp-admin/admin-ajax.php HTTP/1.1" 200 67 "https://kcjstudio.com/wp-admin/admin.php?page=wpmudev" "Mozilla/5.0 (Windows NT 10.0; Win64; x64) AppleWebKit/537.36 (KHTML, like Gecko) Chrome/152.0.0.0 Safari/537.36"
104.247.76.75 - - [01/Sep/2026:10:03:46 -0400] "POST /wp-admin/admin-ajax.php?action=as_async_request_queue_runner&nonce=f888683fa3 HTTP/1.1" 200 - "-" "WordPress/7.1; https://kcjstudio.com"
69.165.232.70 - - [01/Sep/2026:10:04:46 -0400] "POST /wp-admin/admin-ajax.php HTTP/1.1" 200 67 "https://kcjstudio.com/wp-admin/admin.php?page=wpmudev" "Mozilla/5.0 (Windows NT 10.0; Win64; x64) AppleWebKit/537.36 (KHTML, like Gecko) Chrome/152.0.0.0 Safari/537.36"
23.180.120.148 - - [01/Sep/2026:10:04:59 -0400] "GET / HTTP/1.1" 200 12507 "-" "Mozilla/5.0 (Macintosh; Intel Mac OS X 10_15_7) AppleWebKit/537.36 (KHTML, like Gecko) Chrome/122.0.0.0 Safari/537.36"
23.180.120.148 - - [01/Sep/2026:10:05:00 -0400] "POST / HTTP/1.1" 200 12509 "-" "Mozilla/5.0 (Macintosh; Intel Mac OS X 10_15_7) AppleWebKit/537.36 (KHTML, like Gecko) Chrome/122.0.0.0 Safari/537.36"
23.180.120.148 - - [01/Sep/2026:10:05:00 -0400] "POST / HTTP/1.1" 200 12506 "-" "Mozilla/5.0 (Windows NT 10.0; Win64; x64) AppleWebKit/537.36 (KHTML, like Gecko) Chrome/122.0.0.0 Safari/537.36"
23.180.120.148 - - [01/Sep/2026:10:05:00 -0400] "POST /en/ HTTP/1.1" 404 3417 "-" "Mozilla/5.0 (Windows NT 10.0; Win64; x64; rv:121.0) Gecko/20100101 Firefox/121.0"
23.180.120.148 - - [01/Sep/2026:10:05:00 -0400] "POST /app/ HTTP/1.1" 404 3417 "-" "Mozilla/5.0 (Macintosh; Intel Mac OS X 14_2) AppleWebKit/605.1.15 (KHTML, like Gecko) Version/17.2 Safari/605.1.15"
23.180.120.148 - - [01/Sep/2026:10:05:00 -0400] "POST /api/ HTTP/1.1" 404 3417 "-" "Mozilla/5.0 (X11; Linux x86_64) AppleWebKit/537.36 (KHTML, like Gecko) Chrome/122.0.0.0 Safari/537.36"
23.180.120.148 - - [01/Sep/2026:10:05:01 -0400] "POST /_next/ HTTP/1.1" 404 3417 "-" "Mozilla/5.0 (Macintosh; Intel Mac OS X 10_15_7) AppleWebKit/537.36 (KHTML, like Gecko) Chrome/122.0.0.0 Safari/537.36"
23.180.120.148 - - [01/Sep/2026:10:05:01 -0400] "POST / HTTP/1.1" 200 12504 "-" "Mozilla/5.0 (Macintosh; Intel Mac OS X 10_15_7) AppleWebKit/537.36 (KHTML, like Gecko) Chrome/122.0.0.0 Safari/537.36"
23.180.120.148 - - [01/Sep/2026:10:05:01 -0400] "POST / HTTP/1.1" 200 12506 "-" "Mozilla/5.0 (Windows NT 10.0; Win64; x64) AppleWebKit/537.36 (KHTML, like Gecko) Chrome/122.0.0.0 Safari/537.36"
23.180.120.148 - - [01/Sep/2026:10:05:01 -0400] "POST /en/ HTTP/1.1" 404 3417 "-" "Mozilla/5.0 (Windows NT 10.0; Win64; x64; rv:121.0) Gecko/20100101 Firefox/121.0"
23.180.120.148 - - [01/Sep/2026:10:05:01 -0400] "POST /app/ HTTP/1.1" 404 3417 "-" "Mozilla/5.0 (Macintosh; Intel Mac OS X 10_15_7) AppleWebKit/537.36 (KHTML, like Gecko) Chrome/122.0.0.0 Safari/537.36"
23.180.120.148 - - [01/Sep/2026:10:05:01 -0400] "POST /api/ HTTP/1.1" 404 3417 "-" "Mozilla/5.0 (Macintosh; Intel Mac OS X 14_2) AppleWebKit/605.1.15 (KHTML, like Gecko) Version/17.2 Safari/605.1.15"
23.180.120.148 - - [01/Sep/2026:10:05:01 -0400] "POST /_next/ HTTP/1.1" 404 3417 "-" "Mozilla/5.0 (X11; Linux x86_64) AppleWebKit/537.36 (KHTML, like Gecko) Chrome/122.0.0.0 Safari/537.36"
23.180.120.148 - - [01/Sep/2026:10:05:01 -0400] "POST / HTTP/1.1" 200 12503 "-" "Mozilla/5.0 (Macintosh; Intel Mac OS X 10_15_7) AppleWebKit/537.36 (KHTML, like Gecko) Chrome/122.0.0.0 Safari/537.36"
23.180.120.148 - - [01/Sep/2026:10:05:02 -0400] "POST / HTTP/1.1" 200 12509 "-" "Mozilla/5.0 (Macintosh; Intel Mac OS X 14_2) AppleWebKit/605.1.15 (KHTML, like Gecko) Version/17.2 Safari/605.1.15"
23.180.120.148 - - [01/Sep/2026:10:05:02 -0400] "POST /en/ HTTP/1.1" 404 3417 "-" "Mozilla/5.0 (Windows NT 10.0; Win64; x64; rv:121.0) Gecko/20100101 Firefox/121.0"
23.180.120.148 - - [01/Sep/2026:10:05:02 -0400] "POST /app/ HTTP/1.1" 404 3417 "-" "Mozilla/5.0 (Windows NT 10.0; Win64; x64) AppleWebKit/537.36 (KHTML, like Gecko) Chrome/122.0.0.0 Safari/537.36"
23.180.120.148 - - [01/Sep/2026:10:05:02 -0400] "POST /api/ HTTP/1.1" 404 3417 "-" "Mozilla/5.0 (Macintosh; Intel Mac OS X 10_15_7) AppleWebKit/537.36 (KHTML, like Gecko) Chrome/122.0.0.0 Safari/537.36"
23.180.120.148 - - [01/Sep/2026:10:05:02 -0400] "POST /_next/ HTTP/1.1" 404 3417 "-" "Mozilla/5.0 (Windows NT 10.0; Win64; x64; rv:121.0) Gecko/20100101 Firefox/121.0"
23.180.120.148 - - [01/Sep/2026:10:05:02 -0400] "POST / HTTP/1.1" 200 12504 "-" "Mozilla/5.0 (Windows NT 10.0; Win64; x64; rv:121.0) Gecko/20100101 Firefox/121.0"
23.180.120.148 - - [01/Sep/2026:10:05:02 -0400] "POST / HTTP/1.1" 200 12505 "-" "Mozilla/5.0 (Windows NT 10.0; Win64; x64; rv:121.0) Gecko/20100101 Firefox/121.0"
23.180.120.148 - - [01/Sep/2026:10:05:03 -0400] "POST /en/ HTTP/1.1" 404 3417 "-" "Mozilla/5.0 (Windows NT 10.0; Win64; x64) AppleWebKit/537.36 (KHTML, like Gecko) Chrome/122.0.0.0 Safari/537.36"
23.180.120.148 - - [01/Sep/2026:10:05:03 -0400] "POST /app/ HTTP/1.1" 404 3417 "-" "Mozilla/5.0 (Windows NT 10.0; Win64; x64) AppleWebKit/537.36 (KHTML, like Gecko) Chrome/122.0.0.0 Safari/537.36"
23.180.120.148 - - [01/Sep/2026:10:05:03 -0400] "POST /api/ HTTP/1.1" 404 3417 "-" "Mozilla/5.0 (Windows NT 10.0; Win64; x64; rv:121.0) Gecko/20100101 Firefox/121.0"
23.180.120.148 - - [01/Sep/2026:10:05:03 -0400] "POST /_next/ HTTP/1.1" 404 3417 "-" "Mozilla/5.0 (Macintosh; Intel Mac OS X 10_15_7) AppleWebKit/537.36 (KHTML, like Gecko) Chrome/122.0.0.0 Safari/537.36"
23.180.120.148 - - [01/Sep/2026:10:05:03 -0400] "POST / HTTP/1.1" 200 12504 "-" "Mozilla/5.0 (Windows NT 10.0; Win64; x64; rv:121.0) Gecko/20100101 Firefox/121.0"
23.180.120.148 - - [01/Sep/2026:10:05:03 -0400] "POST / HTTP/1.1" 200 12504 "-" "Mozilla/5.0 (X11; Linux x86_64) AppleWebKit/537.36 (KHTML, like Gecko) Chrome/122.0.0.0 Safari/537.36"
23.180.120.148 - - [01/Sep/2026:10:05:03 -0400] "POST /en/ HTTP/1.1" 404 3417 "-" "Mozilla/5.0 (Macintosh; Intel Mac OS X 14_2) AppleWebKit/605.1.15 (KHTML, like Gecko) Version/17.2 Safari/605.1.15"
23.180.120.148 - - [01/Sep/2026:10:05:04 -0400] "POST /app/ HTTP/1.1" 404 3417 "-" "Mozilla/5.0 (Windows NT 10.0; Win64; x64) AppleWebKit/537.36 (KHTML, like Gecko) Chrome/122.0.0.0 Safari/537.36"
23.180.120.148 - - [01/Sep/2026:10:05:04 -0400] "POST /api/ HTTP/1.1" 404 3417 "-" "Mozilla/5.0 (Macintosh; Intel Mac OS X 10_15_7) AppleWebKit/537.36 (KHTML, like Gecko) Chrome/122.0.0.0 Safari/537.36"
23.180.120.148 - - [01/Sep/2026:10:05:04 -0400] "POST /_next/ HTTP/1.1" 404 3417 "-" "Mozilla/5.0 (Macintosh; Intel Mac OS X 10_15_7) AppleWebKit/537.36 (KHTML, like Gecko) Chrome/122.0.0.0 Safari/537.36"
23.180.120.148 - - [01/Sep/2026:10:05:04 -0400] "POST / HTTP/1.1" 200 12505 "-" "Mozilla/5.0 (Macintosh; Intel Mac OS X 10_15_7) AppleWebKit/537.36 (KHTML, like Gecko) Chrome/122.0.0.0 Safari/537.36"
23.180.120.148 - - [01/Sep/2026:10:05:04 -0400] "POST / HTTP/1.1" 200 12507 "-" "Mozilla/5.0 (Macintosh; Intel Mac OS X 14_2) AppleWebKit/605.1.15 (KHTML, like Gecko) Version/17.2 Safari/605.1.15"
23.180.120.148 - - [01/Sep/2026:10:05:04 -0400] "POST /en/ HTTP/1.1" 404 3417 "-" "Mozilla/5.0 (Macintosh; Intel Mac OS X 14_2) AppleWebKit/605.1.15 (KHTML, like Gecko) Version/17.2 Safari/605.1.15"
23.180.120.148 - - [01/Sep/2026:10:05:04 -0400] "POST /app/ HTTP/1.1" 404 3417 "-" "Mozilla/5.0 (Windows NT 10.0; Win64; x64) AppleWebKit/537.36 (KHTML, like Gecko) Chrome/122.0.0.0 Safari/537.36"
23.180.120.148 - - [01/Sep/2026:10:05:04 -0400] "POST /api/ HTTP/1.1" 404 3417 "-" "Mozilla/5.0 (Macintosh; Intel Mac OS X 14_2) AppleWebKit/605.1.15 (KHTML, like Gecko) Version/17.2 Safari/605.1.15"
23.180.120.148 - - [01/Sep/2026:10:05:05 -0400] "POST /_next/ HTTP/1.1" 404 3417 "-" "Mozilla/5.0 (Macintosh; Intel Mac OS X 10_15_7) AppleWebKit/537.36 (KHTML, like Gecko) Chrome/122.0.0.0 Safari/537.36"
23.180.120.148 - - [01/Sep/2026:10:05:05 -0400] "POST / HTTP/1.1" 200 12508 "-" "Mozilla/5.0 (Windows NT 10.0; Win64; x64; rv:121.0) Gecko/20100101 Firefox/121.0"
23.180.120.148 - - [01/Sep/2026:10:05:05 -0400] "POST / HTTP/1.1" 200 12503 "-" "Mozilla/5.0 (Windows NT 10.0; Win64; x64; rv:121.0) Gecko/20100101 Firefox/121.0"
23.180.120.148 - - [01/Sep/2026:10:05:05 -0400] "POST /en/ HTTP/1.1" 404 3417 "-" "Mozilla/5.0 (Windows NT 10.0; Win64; x64) AppleWebKit/537.36 (KHTML, like Gecko) Chrome/122.0.0.0 Safari/537.36"
23.180.120.148 - - [01/Sep/2026:10:05:05 -0400] "POST /app/ HTTP/1.1" 404 3417 "-" "Mozilla/5.0 (Macintosh; Intel Mac OS X 14_2) AppleWebKit/605.1.15 (KHTML, like Gecko) Version/17.2 Safari/605.1.15"
23.180.120.148 - - [01/Sep/2026:10:05:05 -0400] "POST /api/ HTTP/1.1" 404 3417 "-" "Mozilla/5.0 (Macintosh; Intel Mac OS X 14_2) AppleWebKit/605.1.15 (KHTML, like Gecko) Version/17.2 Safari/605.1.15"
23.180.120.148 - - [01/Sep/2026:10:05:05 -0400] "POST /_next/ HTTP/1.1" 404 3417 "-" "Mozilla/5.0 (Macintosh; Intel Mac OS X 14_2) AppleWebKit/605.1.15 (KHTML, like Gecko) Version/17.2 Safari/605.1.15"
23.180.120.148 - - [01/Sep/2026:10:05:05 -0400] "POST / HTTP/1.1" 200 12503 "-" "Mozilla/5.0 (Windows NT 10.0; Win64; x64; rv:121.0) Gecko/20100101 Firefox/121.0"
23.180.120.148 - - [01/Sep/2026:10:05:06 -0400] "POST / HTTP/1.1" 200 12507 "-" "Mozilla/5.0 (Macintosh; Intel Mac OS X 14_2) AppleWebKit/605.1.15 (KHTML, like Gecko) Version/17.2 Safari/605.1.15"
23.180.120.148 - - [01/Sep/2026:10:05:06 -0400] "POST /en/ HTTP/1.1" 404 3417 "-" "Mozilla/5.0 (Macintosh; Intel Mac OS X 14_2) AppleWebKit/605.1.15 (KHTML, like Gecko) Version/17.2 Safari/605.1.15"
23.180.120.148 - - [01/Sep/2026:10:05:06 -0400] "POST /app/ HTTP/1.1" 404 3417 "-" "Mozilla/5.0 (Macintosh; Intel Mac OS X 10_15_7) AppleWebKit/537.36 (KHTML, like Gecko) Chrome/122.0.0.0 Safari/537.36"
23.180.120.148 - - [01/Sep/2026:10:05:06 -0400] "POST /api/ HTTP/1.1" 404 3417 "-" "Mozilla/5.0 (Macintosh; Intel Mac OS X 10_15_7) AppleWebKit/537.36 (KHTML, like Gecko) Chrome/122.0.0.0 Safari/537.36"
23.180.120.148 - - [01/Sep/2026:10:05:06 -0400] "POST /_next/ HTTP/1.1" 404 3417 "-" "Mozilla/5.0 (X11; Linux x86_64) AppleWebKit/537.36 (KHTML, like Gecko) Chrome/122.0.0.0 Safari/537.36"
104.247.76.75 - - [01/Sep/2026:10:05:47 -0400] "POST /wp-cron.php?doing_wp_cron=1788271547.6851739883422851562500 HTTP/1.1" 200 - "-" "WordPress/7.1; https://kcjstudio.com"
69.165.232.70 - - [01/Sep/2026:10:05:46 -0400] "POST /wp-admin/admin-ajax.php HTTP/1.1" 200 67 "https://kcjstudio.com/wp-admin/admin.php?page=wpmudev" "Mozilla/5.0 (Windows NT 10.0; Win64; x64) AppleWebKit/537.36 (KHTML, like Gecko) Chrome/152.0.0.0 Safari/537.36"
104.247.76.75 - - [01/Sep/2026:10:05:46 -0400] "POST /wp-admin/admin-ajax.php?action=as_async_request_queue_runner&nonce=f888683fa3 HTTP/1.1" 200 - "-" "WordPress/7.1; https://kcjstudio.com"
40.77.167.154 - - [01/Sep/2026:10:06:19 -0400] "GET /wp-content/uploads/2023/01/Accent-chair-white-IMG_2929-800px2-400x516.jpg HTTP/1.1" 200 16840 "-" "Mozilla/5.0 AppleWebKit/537.36 (KHTML, like Gecko; compatible; bingbot/2.0; +http://www.bing.com/bingbot.htm) Chrome/116.0.1938.76 Safari/537.36"
69.165.232.70 - - [01/Sep/2026:10:06:46 -0400] "POST /wp-admin/admin-ajax.php HTTP/1.1" 200 67 "https://kcjstudio.com/wp-admin/admin.php?page=wpmudev" "Mozilla/5.0 (Windows NT 10.0; Win64; x64) AppleWebKit/537.36 (KHTML, like Gecko) Chrome/152.0.0.0 Safari/537.36"
104.247.76.75 - - [01/Sep/2026:10:07:47 -0400] "POST /wp-cron.php?doing_wp_cron=1788271667.6961479187011718750000 HTTP/1.1" 200 - "-" "WordPress/7.1; https://kcjstudio.com"
69.165.232.70 - - [01/Sep/2026:10:07:46 -0400] "POST /wp-admin/admin-ajax.php HTTP/1.1" 200 67 "https://kcjstudio.com/wp-admin/admin.php?page=wpmudev" "Mozilla/5.0 (Windows NT 10.0; Win64; x64) AppleWebKit/537.36 (KHTML, like Gecko) Chrome/152.0.0.0 Safari/537.36"
104.247.76.75 - - [01/Sep/2026:10:07:46 -0400] "POST /wp-admin/admin-ajax.php?action=as_async_request_queue_runner&nonce=f888683fa3 HTTP/1.1" 200 - "-" "WordPress/7.1; https://kcjstudio.com"
69.165.232.70 - - [01/Sep/2026:10:08:46 -0400] "POST /wp-admin/admin-ajax.php HTTP/1.1" 200 67 "https://kcjstudio.com/wp-admin/admin.php?page=wpmudev" "Mozilla/5.0 (Windows NT 10.0; Win64; x64) AppleWebKit/537.36 (KHTML, like Gecko) Chrome/152.0.0.0 Safari/537.36"
104.247.76.75 - - [01/Sep/2026:10:09:47 -0400] "POST /wp-cron.php?doing_wp_cron=1788271787.6825430393218994140625 HTTP/1.1" 200 - "-" "WordPress/7.1; https://kcjstudio.com"
69.165.232.70 - - [01/Sep/2026:10:09:46 -0400] "POST /wp-admin/admin-ajax.php HTTP/1.1" 200 65 "https://kcjstudio.com/wp-admin/admin.php?page=wpmudev" "Mozilla/5.0 (Windows NT 10.0; Win64; x64) AppleWebKit/537.36 (KHTML, like Gecko) Chrome/152.0.0.0 Safari/537.36"
104.247.76.75 - - [01/Sep/2026:10:09:46 -0400] "POST /wp-admin/admin-ajax.php?action=as_async_request_queue_runner&nonce=f888683fa3 HTTP/1.1" 200 - "-" "WordPress/7.1; https://kcjstudio.com"
69.165.232.70 - - [01/Sep/2026:10:10:46 -0400] "POST /wp-admin/admin-ajax.php HTTP/1.1" 200 67 "https://kcjstudio.com/wp-admin/admin.php?page=wpmudev" "Mozilla/5.0 (Windows NT 10.0; Win64; x64) AppleWebKit/537.36 (KHTML, like Gecko) Chrome/152.0.0.0 Safari/537.36"
44.193.102.198 - - [01/Sep/2026:10:10:53 -0400] "GET /wp-content/themes/Divi/images HTTP/1.1" 301 300 "-" "Mozilla/5.0 AppleWebKit/537.36 (KHTML, like Gecko; compatible; Amazonbot/0.1; +https://developer.amazon.com/support/amazonbot) Chrome/119.0.6045.214 Safari/537.36"
44.193.102.198 - - [01/Sep/2026:10:10:53 -0400] "GET /wp-content/themes/Divi/images/ HTTP/1.1" 200 420 "-" "Mozilla/5.0 AppleWebKit/537.36 (KHTML, like Gecko; compatible; Amazonbot/0.1; +https://developer.amazon.com/support/amazonbot) Chrome/119.0.6045.214 Safari/537.36"
104.247.76.75 - - [01/Sep/2026:10:11:47 -0400] "POST /wp-cron.php?doing_wp_cron=1788271907.7061109542846679687500 HTTP/1.1" 200 - "-" "WordPress/7.1; https://kcjstudio.com"
69.165.232.70 - - [01/Sep/2026:10:11:46 -0400] "POST /wp-admin/admin-ajax.php HTTP/1.1" 200 67 "https://kcjstudio.com/wp-admin/admin.php?page=wpmudev" "Mozilla/5.0 (Windows NT 10.0; Win64; x64) AppleWebKit/537.36 (KHTML, like Gecko) Chrome/152.0.0.0 Safari/537.36"
104.247.76.75 - - [01/Sep/2026:10:11:46 -0400] "POST /wp-admin/admin-ajax.php?action=as_async_request_queue_runner&nonce=f888683fa3 HTTP/1.1" 200 - "-" "WordPress/7.1; https://kcjstudio.com"
69.165.232.70 - - [01/Sep/2026:10:12:46 -0400] "POST /wp-admin/admin-ajax.php HTTP/1.1" 200 67 "https://kcjstudio.com/wp-admin/admin.php?page=wpmudev" "Mozilla/5.0 (Windows NT 10.0; Win64; x64) AppleWebKit/537.36 (KHTML, like Gecko) Chrome/152.0.0.0 Safari/537.36"
104.247.76.75 - - [01/Sep/2026:10:13:47 -0400] "POST /wp-cron.php?doing_wp_cron=1788272027.7462930679321289062500 HTTP/1.1" 200 - "-" "WordPress/7.1; https://kcjstudio.com"
69.165.232.70 - - [01/Sep/2026:10:13:46 -0400] "POST /wp-admin/admin-ajax.php HTTP/1.1" 200 67 "https://kcjstudio.com/wp-admin/admin.php?page=wpmudev" "Mozilla/5.0 (Windows NT 10.0; Win64; x64) AppleWebKit/537.36 (KHTML, like Gecko) Chrome/152.0.0.0 Safari/537.36"
104.247.76.75 - - [01/Sep/2026:10:13:46 -0400] "POST /wp-admin/admin-ajax.php?action=as_async_request_queue_runner&nonce=f888683fa3 HTTP/1.1" 200 - "-" "WordPress/7.1; https://kcjstudio.com"
88.217.180.193 - - [01/Sep/2026:10:14:31 -0400] "GET /-/esb-firstlevel/de/psd2 HTTP/1.1" 404 16323 "http://avanteshipping.com/" "Mozilla/5.0 (iPhone; CPU iPhone OS 15_0 like Mac OS X) AppleWebKit/605.1.15 (KHTML, like Gecko) Version/15.0 Mobile/15E148 Safari/604.1"
88.217.180.193 - - [01/Sep/2026:10:14:31 -0400] "GET /wp-content/uploads/hummingbird-assets/c4052befffef26c1b63326bf5bf1ad69.css HTTP/1.1" 200 401 "https://kcjstudio.com/-/esb-firstlevel/de/psd2" "Mozilla/5.0 (iPhone; CPU iPhone OS 15_0 like Mac OS X) AppleWebKit/605.1.15 (KHTML, like Gecko) Version/15.0 Mobile/15E148 Safari/604.1"
88.217.180.193 - - [01/Sep/2026:10:14:32 -0400] "GET /wp-content/et-cache/notfound/et-divi-dynamic-tb-199-late.css HTTP/1.1" 200 219 "https://kcjstudio.com/-/esb-firstlevel/de/psd2" "Mozilla/5.0 (iPhone; CPU iPhone OS 15_0 like Mac OS X) AppleWebKit/605.1.15 (KHTML, like Gecko) Version/15.0 Mobile/15E148 Safari/604.1"
88.217.180.193 - - [01/Sep/2026:10:14:32 -0400] "GET /wp-content/et-cache/notfound/et-divi-dynamic-tb-199.css HTTP/1.1" 200 12207 "https://kcjstudio.com/-/esb-firstlevel/de/psd2" "Mozilla/5.0 (iPhone; CPU iPhone OS 15_0 like Mac OS X) AppleWebKit/605.1.15 (KHTML, like Gecko) Version/15.0 Mobile/15E148 Safari/604.1"
88.217.180.193 - - [01/Sep/2026:10:14:32 -0400] "GET /wp-content/plugins/ameliabooking/extensions/divi_amelia/styles/style.min.css HTTP/1.1" 200 - "https://kcjstudio.com/-/esb-firstlevel/de/psd2" "Mozilla/5.0 (iPhone; CPU iPhone OS 15_0 like Mac OS X) AppleWebKit/605.1.15 (KHTML, like Gecko) Version/15.0 Mobile/15E148 Safari/604.1"
88.217.180.193 - - [01/Sep/2026:10:14:32 -0400] "GET /wp-content/uploads/hummingbird-assets/cf4d24a3edc0d6802791a62d72fa06db.css HTTP/1.1" 200 2193 "https://kcjstudio.com/-/esb-firstlevel/de/psd2" "Mozilla/5.0 (iPhone; CPU iPhone OS 15_0 like Mac OS X) AppleWebKit/605.1.15 (KHTML, like Gecko) Version/15.0 Mobile/15E148 Safari/604.1"
88.217.180.193 - - [01/Sep/2026:10:14:32 -0400] "GET /wp-content/uploads/hummingbird-assets/f466e392632aaae20a30f4357eed3170.js HTTP/1.1" 200 34451 "https://kcjstudio.com/-/esb-firstlevel/de/psd2" "Mozilla/5.0 (iPhone; CPU iPhone OS 15_0 like Mac OS X) AppleWebKit/605.1.15 (KHTML, like Gecko) Version/15.0 Mobile/15E148 Safari/604.1"
57.129.134.182 - - [01/Sep/2026:10:14:32 -0400] "GET /-/esb-firstlevel/de/psd2 HTTP/1.1" 404 16323 "http://avanteshipping.com/" "Mozilla/5.0 (iPhone; CPU iPhone OS 15_0 like Mac OS X) AppleWebKit/605.1.15 (KHTML, like Gecko) Version/15.0 Mobile/15E148 Safari/604.1"
88.217.180.193 - - [01/Sep/2026:10:14:32 -0400] "GET /wp-content/uploads/hummingbird-assets/12d759fc5af23e4ae77112ef96ed5d12.js HTTP/1.1" 200 70589 "https://kcjstudio.com/-/esb-firstlevel/de/psd2" "Mozilla/5.0 (iPhone; CPU iPhone OS 15_0 like Mac OS X) AppleWebKit/605.1.15 (KHTML, like Gecko) Version/15.0 Mobile/15E148 Safari/604.1"
37.252.191.29 - - [01/Sep/2026:10:14:32 -0400] "GET /-/esb-firstlevel/de/psd2 HTTP/1.1" 404 16323 "http://avanteshipping.com/" "Mozilla/5.0 (iPhone; CPU iPhone OS 15_0 like Mac OS X) AppleWebKit/605.1.15 (KHTML, like Gecko) Version/15.0 Mobile/15E148 Safari/604.1"
57.129.134.182 - - [01/Sep/2026:10:14:33 -0400] "GET /wp-content/uploads/hummingbird-assets/c4052befffef26c1b63326bf5bf1ad69.css HTTP/1.1" 200 401 "https://kcjstudio.com/-/esb-firstlevel/de/psd2" "Mozilla/5.0 (iPhone; CPU iPhone OS 15_0 like Mac OS X) AppleWebKit/605.1.15 (KHTML, like Gecko) Version/15.0 Mobile/15E148 Safari/604.1"
57.129.134.182 - - [01/Sep/2026:10:14:33 -0400] "GET /wp-content/et-cache/notfound/et-divi-dynamic-tb-199-late.css HTTP/1.1" 200 219 "https://kcjstudio.com/-/esb-firstlevel/de/psd2" "Mozilla/5.0 (iPhone; CPU iPhone OS 15_0 like Mac OS X) AppleWebKit/605.1.15 (KHTML, like Gecko) Version/15.0 Mobile/15E148 Safari/604.1"
88.217.180.193 - - [01/Sep/2026:10:14:33 -0400] "GET /wp-content/themes/Divi/core/admin/fonts/modules/base/modules.woff HTTP/1.1" 200 3076 "https://kcjstudio.com/wp-content/et-cache/notfound/et-divi-dynamic-tb-199.css" "Mozilla/5.0 (iPhone; CPU iPhone OS 15_0 like Mac OS X) AppleWebKit/605.1.15 (KHTML, like Gecko) Version/15.0 Mobile/15E148 Safari/604.1"
57.129.134.182 - - [01/Sep/2026:10:14:33 -0400] "GET /wp-content/et-cache/notfound/et-divi-dynamic-tb-199.css HTTP/1.1" 200 12207 "https://kcjstudio.com/-/esb-firstlevel/de/psd2" "Mozilla/5.0 (iPhone; CPU iPhone OS 15_0 like Mac OS X) AppleWebKit/605.1.15 (KHTML, like Gecko) Version/15.0 Mobile/15E148 Safari/604.1"
37.252.191.29 - - [01/Sep/2026:10:14:33 -0400] "GET /wp-content/uploads/hummingbird-assets/c4052befffef26c1b63326bf5bf1ad69.css HTTP/1.1" 200 401 "https://kcjstudio.com/-/esb-firstlevel/de/psd2" "Mozilla/5.0 (iPhone; CPU iPhone OS 15_0 like Mac OS X) AppleWebKit/605.1.15 (KHTML, like Gecko) Version/15.0 Mobile/15E148 Safari/604.1"
57.129.134.182 - - [01/Sep/2026:10:14:33 -0400] "GET /wp-content/plugins/ameliabooking/extensions/divi_amelia/styles/style.min.css HTTP/1.1" 200 - "https://kcjstudio.com/-/esb-firstlevel/de/psd2" "Mozilla/5.0 (iPhone; CPU iPhone OS 15_0 like Mac OS X) AppleWebKit/605.1.15 (KHTML, like Gecko) Version/15.0 Mobile/15E148 Safari/604.1"
88.217.180.193 - - [01/Sep/2026:10:14:33 -0400] "GET /wp-content/uploads/hummingbird-assets/1abb620b1f6c7c9bb7e5de19eb0f15d5.js HTTP/1.1" 200 9102 "https://kcjstudio.com/-/esb-firstlevel/de/psd2" "Mozilla/5.0 (iPhone; CPU iPhone OS 15_0 like Mac OS X) AppleWebKit/605.1.15 (KHTML, like Gecko) Version/15.0 Mobile/15E148 Safari/604.1"
37.252.191.29 - - [01/Sep/2026:10:14:33 -0400] "GET /wp-content/et-cache/notfound/et-divi-dynamic-tb-199-late.css HTTP/1.1" 200 219 "https://kcjstudio.com/-/esb-firstlevel/de/psd2" "Mozilla/5.0 (iPhone; CPU iPhone OS 15_0 like Mac OS X) AppleWebKit/605.1.15 (KHTML, like Gecko) Version/15.0 Mobile/15E148 Safari/604.1"
57.129.134.182 - - [01/Sep/2026:10:14:33 -0400] "GET /wp-content/uploads/hummingbird-assets/cf4d24a3edc0d6802791a62d72fa06db.css HTTP/1.1" 200 2193 "https://kcjstudio.com/-/esb-firstlevel/de/psd2" "Mozilla/5.0 (iPhone; CPU iPhone OS 15_0 like Mac OS X) AppleWebKit/605.1.15 (KHTML, like Gecko) Version/15.0 Mobile/15E148 Safari/604.1"
57.129.134.182 - - [01/Sep/2026:10:14:33 -0400] "GET /wp-content/uploads/hummingbird-assets/f466e392632aaae20a30f4357eed3170.js HTTP/1.1" 200 34451 "https://kcjstudio.com/-/esb-firstlevel/de/psd2" "Mozilla/5.0 (iPhone; CPU iPhone OS 15_0 like Mac OS X) AppleWebKit/605.1.15 (KHTML, like Gecko) Version/15.0 Mobile/15E148 Safari/604.1"
88.217.180.193 - - [01/Sep/2026:10:14:33 -0400] "GET /wp-content/themes/Divi/core/admin/fonts/modules/all/modules.woff HTTP/1.1" 200 37328 "https://kcjstudio.com/wp-content/et-cache/notfound/et-divi-dynamic-tb-199-late.css" "Mozilla/5.0 (iPhone; CPU iPhone OS 15_0 like Mac OS X) AppleWebKit/605.1.15 (KHTML, like Gecko) Version/15.0 Mobile/15E148 Safari/604.1"
37.252.191.29 - - [01/Sep/2026:10:14:33 -0400] "GET /wp-content/et-cache/notfound/et-divi-dynamic-tb-199.css HTTP/1.1" 200 12207 "https://kcjstudio.com/-/esb-firstlevel/de/psd2" "Mozilla/5.0 (iPhone; CPU iPhone OS 15_0 like Mac OS X) AppleWebKit/605.1.15 (KHTML, like Gecko) Version/15.0 Mobile/15E148 Safari/604.1"
88.217.180.193 - - [01/Sep/2026:10:14:33 -0400] "GET /wp-content/plugins/divi-bars/assets/js/main.helper.js HTTP/1.1" 200 - "https://kcjstudio.com/-/esb-firstlevel/de/psd2" "Mozilla/5.0 (iPhone; CPU iPhone OS 15_0 like Mac OS X) AppleWebKit/605.1.15 (KHTML, like Gecko) Version/15.0 Mobile/15E148 Safari/604.1"
37.252.191.29 - - [01/Sep/2026:10:14:33 -0400] "GET /wp-content/plugins/ameliabooking/extensions/divi_amelia/styles/style.min.css HTTP/1.1" 200 - "https://kcjstudio.com/-/esb-firstlevel/de/psd2" "Mozilla/5.0 (iPhone; CPU iPhone OS 15_0 like Mac OS X) AppleWebKit/605.1.15 (KHTML, like Gecko) Version/15.0 Mobile/15E148 Safari/604.1"
57.129.134.182 - - [01/Sep/2026:10:14:33 -0400] "GET /wp-content/uploads/hummingbird-assets/12d759fc5af23e4ae77112ef96ed5d12.js HTTP/1.1" 200 70589 "https://kcjstudio.com/-/esb-firstlevel/de/psd2" "Mozilla/5.0 (iPhone; CPU iPhone OS 15_0 like Mac OS X) AppleWebKit/605.1.15 (KHTML, like Gecko) Version/15.0 Mobile/15E148 Safari/604.1"
88.217.180.193 - - [01/Sep/2026:10:14:33 -0400] "GET /wp-content/uploads/hummingbird-assets/b29edba45593c1a93da7f6a2cca6ead8.js HTTP/1.1" 200 870 "https://kcjstudio.com/-/esb-firstlevel/de/psd2" "Mozilla/5.0 (iPhone; CPU iPhone OS 15_0 like Mac OS X) AppleWebKit/605.1.15 (KHTML, like Gecko) Version/15.0 Mobile/15E148 Safari/604.1"
37.252.191.29 - - [01/Sep/2026:10:14:33 -0400] "GET /wp-content/uploads/hummingbird-assets/cf4d24a3edc0d6802791a62d72fa06db.css HTTP/1.1" 200 2193 "https://kcjstudio.com/-/esb-firstlevel/de/psd2" "Mozilla/5.0 (iPhone; CPU iPhone OS 15_0 like Mac OS X) AppleWebKit/605.1.15 (KHTML, like Gecko) Version/15.0 Mobile/15E148 Safari/604.1"
57.129.134.182 - - [01/Sep/2026:10:14:33 -0400] "GET /wp-content/themes/Divi/core/admin/fonts/modules/base/modules.woff HTTP/1.1" 200 3076 "https://kcjstudio.com/wp-content/et-cache/notfound/et-divi-dynamic-tb-199.css" "Mozilla/5.0 (iPhone; CPU iPhone OS 15_0 like Mac OS X) AppleWebKit/605.1.15 (KHTML, like Gecko) Version/15.0 Mobile/15E148 Safari/604.1"
57.129.134.182 - - [01/Sep/2026:10:14:34 -0400] "GET /wp-content/uploads/hummingbird-assets/1abb620b1f6c7c9bb7e5de19eb0f15d5.js HTTP/1.1" 200 9102 "https://kcjstudio.com/-/esb-firstlevel/de/psd2" "Mozilla/5.0 (iPhone; CPU iPhone OS 15_0 like Mac OS X) AppleWebKit/605.1.15 (KHTML, like Gecko) Version/15.0 Mobile/15E148 Safari/604.1"
88.217.180.193 - - [01/Sep/2026:10:14:34 -0400] "GET /wp-content/themes/Divi/images/logo.png HTTP/1.1" 200 1740 "https://kcjstudio.com/-/esb-firstlevel/de/psd2" "Mozilla/5.0 (iPhone; CPU iPhone OS 15_0 like Mac OS X) AppleWebKit/605.1.15 (KHTML, like Gecko) Version/15.0 Mobile/15E148 Safari/604.1"
37.252.191.29 - - [01/Sep/2026:10:14:34 -0400] "GET /wp-content/uploads/hummingbird-assets/f466e392632aaae20a30f4357eed3170.js HTTP/1.1" 200 34451 "https://kcjstudio.com/-/esb-firstlevel/de/psd2" "Mozilla/5.0 (iPhone; CPU iPhone OS 15_0 like Mac OS X) AppleWebKit/605.1.15 (KHTML, like Gecko) Version/15.0 Mobile/15E148 Safari/604.1"
57.129.134.182 - - [01/Sep/2026:10:14:34 -0400] "GET /wp-content/themes/Divi/core/admin/fonts/modules/all/modules.woff HTTP/1.1" 200 37328 "https://kcjstudio.com/wp-content/et-cache/notfound/et-divi-dynamic-tb-199-late.css" "Mozilla/5.0 (iPhone; CPU iPhone OS 15_0 like Mac OS X) AppleWebKit/605.1.15 (KHTML, like Gecko) Version/15.0 Mobile/15E148 Safari/604.1"
57.129.134.182 - - [01/Sep/2026:10:14:34 -0400] "GET /wp-content/plugins/divi-bars/assets/js/main.helper.js HTTP/1.1" 200 - "https://kcjstudio.com/-/esb-firstlevel/de/psd2" "Mozilla/5.0 (iPhone; CPU iPhone OS 15_0 like Mac OS X) AppleWebKit/605.1.15 (KHTML, like Gecko) Version/15.0 Mobile/15E148 Safari/604.1"
37.252.191.29 - - [01/Sep/2026:10:14:34 -0400] "GET /wp-content/uploads/hummingbird-assets/12d759fc5af23e4ae77112ef96ed5d12.js HTTP/1.1" 200 70589 "https://kcjstudio.com/-/esb-firstlevel/de/psd2" "Mozilla/5.0 (iPhone; CPU iPhone OS 15_0 like Mac OS X) AppleWebKit/605.1.15 (KHTML, like Gecko) Version/15.0 Mobile/15E148 Safari/604.1"
57.129.134.182 - - [01/Sep/2026:10:14:34 -0400] "GET /wp-content/uploads/hummingbird-assets/b29edba45593c1a93da7f6a2cca6ead8.js HTTP/1.1" 200 870 "https://kcjstudio.com/-/esb-firstlevel/de/psd2" "Mozilla/5.0 (iPhone; CPU iPhone OS 15_0 like Mac OS X) AppleWebKit/605.1.15 (KHTML, like Gecko) Version/15.0 Mobile/15E148 Safari/604.1"
57.129.134.182 - - [01/Sep/2026:10:14:34 -0400] "GET /wp-content/themes/Divi/images/logo.png HTTP/1.1" 200 1740 "https://kcjstudio.com/-/esb-firstlevel/de/psd2" "Mozilla/5.0 (iPhone; CPU iPhone OS 15_0 like Mac OS X) AppleWebKit/605.1.15 (KHTML, like Gecko) Version/15.0 Mobile/15E148 Safari/604.1"
37.252.191.29 - - [01/Sep/2026:10:14:34 -0400] "GET /wp-content/themes/Divi/core/admin/fonts/modules/base/modules.woff HTTP/1.1" 200 3076 "https://kcjstudio.com/wp-content/et-cache/notfound/et-divi-dynamic-tb-199.css" "Mozilla/5.0 (iPhone; CPU iPhone OS 15_0 like Mac OS X) AppleWebKit/605.1.15 (KHTML, like Gecko) Version/15.0 Mobile/15E148 Safari/604.1"
37.252.191.29 - - [01/Sep/2026:10:14:34 -0400] "GET /wp-content/uploads/hummingbird-assets/1abb620b1f6c7c9bb7e5de19eb0f15d5.js HTTP/1.1" 200 9102 "https://kcjstudio.com/-/esb-firstlevel/de/psd2" "Mozilla/5.0 (iPhone; CPU iPhone OS 15_0 like Mac OS X) AppleWebKit/605.1.15 (KHTML, like Gecko) Version/15.0 Mobile/15E148 Safari/604.1"
37.252.191.29 - - [01/Sep/2026:10:14:34 -0400] "GET /wp-content/themes/Divi/core/admin/fonts/modules/all/modules.woff HTTP/1.1" 200 37328 "https://kcjstudio.com/wp-content/et-cache/notfound/et-divi-dynamic-tb-199-late.css" "Mozilla/5.0 (iPhone; CPU iPhone OS 15_0 like Mac OS X) AppleWebKit/605.1.15 (KHTML, like Gecko) Version/15.0 Mobile/15E148 Safari/604.1"
37.252.191.29 - - [01/Sep/2026:10:14:34 -0400] "GET /wp-content/plugins/divi-bars/assets/js/main.helper.js HTTP/1.1" 200 - "https://kcjstudio.com/-/esb-firstlevel/de/psd2" "Mozilla/5.0 (iPhone; CPU iPhone OS 15_0 like Mac OS X) AppleWebKit/605.1.15 (KHTML, like Gecko) Version/15.0 Mobile/15E148 Safari/604.1"
37.252.191.29 - - [01/Sep/2026:10:14:35 -0400] "GET /wp-content/uploads/hummingbird-assets/b29edba45593c1a93da7f6a2cca6ead8.js HTTP/1.1" 200 870 "https://kcjstudio.com/-/esb-firstlevel/de/psd2" "Mozilla/5.0 (iPhone; CPU iPhone OS 15_0 like Mac OS X) AppleWebKit/605.1.15 (KHTML, like Gecko) Version/15.0 Mobile/15E148 Safari/604.1"
37.252.191.29 - - [01/Sep/2026:10:14:35 -0400] "GET /wp-content/themes/Divi/images/logo.png HTTP/1.1" 200 1740 "https://kcjstudio.com/-/esb-firstlevel/de/psd2" "Mozilla/5.0 (iPhone; CPU iPhone OS 15_0 like Mac OS X) AppleWebKit/605.1.15 (KHTML, like Gecko) Version/15.0 Mobile/15E148 Safari/604.1"
88.217.180.193 - - [01/Sep/2026:10:14:37 -0400] "GET /wp-content/uploads/2023/01/cropped-KCJ-STUDIO-ICON-300PX-32x32.png HTTP/1.1" 200 801 "https://kcjstudio.com/-/esb-firstlevel/de/psd2" "Mozilla/5.0 (iPhone; CPU iPhone OS 15_0 like Mac OS X) AppleWebKit/605.1.15 (KHTML, like Gecko) Version/15.0 Mobile/15E148 Safari/604.1"
69.165.232.70 - - [01/Sep/2026:10:14:46 -0400] "POST /wp-admin/admin-ajax.php HTTP/1.1" 200 67 "https://kcjstudio.com/wp-admin/admin.php?page=wpmudev" "Mozilla/5.0 (Windows NT 10.0; Win64; x64) AppleWebKit/537.36 (KHTML, like Gecko) Chrome/152.0.0.0 Safari/537.36"
104.247.76.75 - - [01/Sep/2026:10:15:47 -0400] "POST /wp-cron.php?doing_wp_cron=1788272147.7109820842742919921875 HTTP/1.1" 200 - "-" "WordPress/7.1; https://kcjstudio.com"
69.165.232.70 - - [01/Sep/2026:10:15:46 -0400] "POST /wp-admin/admin-ajax.php HTTP/1.1" 200 67 "https://kcjstudio.com/wp-admin/admin.php?page=wpmudev" "Mozilla/5.0 (Windows NT 10.0; Win64; x64) AppleWebKit/537.36 (KHTML, like Gecko) Chrome/152.0.0.0 Safari/537.36"
104.247.76.75 - - [01/Sep/2026:10:15:46 -0400] "POST /wp-admin/admin-ajax.php?action=as_async_request_queue_runner&nonce=f888683fa3 HTTP/1.1" 200 - "-" "WordPress/7.1; https://kcjstudio.com"
69.165.232.70 - - [01/Sep/2026:10:16:46 -0400] "POST /wp-admin/admin-ajax.php HTTP/1.1" 200 67 "https://kcjstudio.com/wp-admin/admin.php?page=wpmudev" "Mozilla/5.0 (Windows NT 10.0; Win64; x64) AppleWebKit/537.36 (KHTML, like Gecko) Chrome/152.0.0.0 Safari/537.36"
104.247.76.75 - - [01/Sep/2026:10:17:47 -0400] "POST /wp-cron.php?doing_wp_cron=1788272267.7491209506988525390625 HTTP/1.1" 200 - "-" "WordPress/7.1; https://kcjstudio.com"
69.165.232.70 - - [01/Sep/2026:10:17:46 -0400] "POST /wp-admin/admin-ajax.php HTTP/1.1" 200 67 "https://kcjstudio.com/wp-admin/admin.php?page=wpmudev" "Mozilla/5.0 (Windows NT 10.0; Win64; x64) AppleWebKit/537.36 (KHTML, like Gecko) Chrome/152.0.0.0 Safari/537.36"
104.247.76.75 - - [01/Sep/2026:10:17:46 -0400] "POST /wp-admin/admin-ajax.php?action=as_async_request_queue_runner&nonce=f888683fa3 HTTP/1.1" 200 - "-" "WordPress/7.1; https://kcjstudio.com"
185.154.213.18 - - [01/Sep/2026:10:17:54 -0400] "GET /images/images/cache.php HTTP/1.1" 404 77815 "-" "Mozilla/5.0 (Windows NT 10.0; Win64; x64) AppleWebKit/537.36 (KHTML, like Gecko) Chrome/127.0.0.0 Safari/537.36"
