| Current Path : /proc/2/task/2/root/proc/21978/cwd/access-logs/ |
| Current File : //proc/2/task/2/root/proc/21978/cwd/access-logs/kcjstudio.flapstart.com-ssl_log |
104.247.76.75 - - [01/Sep/2026:08:18:50 -0400] "POST /wp-cron.php?doing_wp_cron=1788265130.7343130111694335937500 HTTP/1.1" 200 - "-" "WordPress/7.1; https://kcjstudio.com"
100.29.155.89 - - [01/Sep/2026:08:18:50 -0400] "GET /wp-json/wp/v2/pages/242791 HTTP/1.1" 200 5536 "-" "Mozilla/5.0 AppleWebKit/537.36 (KHTML, like Gecko; compatible; Amazonbot/0.1; +https://developer.amazon.com/support/amazonbot) Chrome/119.0.6045.214 Safari/537.36"
84.54.44.204 - - [01/Sep/2026:08:19:33 -0400] "GET / HTTP/1.0" 200 151046 "https://kcjstudio.com/" "Mozilla/5.0 (Windows NT 10.0; Win64; x64) AppleWebKit/537.36 (KHTML, like Gecko) Chrome/131.0.0.0 Safari/537.36 Avast/131.0.0.0"
84.54.44.204 - - [01/Sep/2026:08:19:34 -0400] "GET /wedd-contact/ HTTP/1.0" 200 196464 "https://kcjstudio.com/wedd-contact/" "Mozilla/5.0 (Windows NT 10.0; Win64; x64) AppleWebKit/537.36 (KHTML, like Gecko) Chrome/131.0.0.0 Safari/537.36 Avast/131.0.0.0"
84.54.44.204 - - [01/Sep/2026:08:19:36 -0400] "POST /wedd-contact/ HTTP/1.0" 200 211465 "https://kcjstudio.com/wedd-contact/" "Mozilla/5.0 (Windows NT 10.0; Win64; x64) AppleWebKit/537.36 (KHTML, like Gecko) Chrome/131.0.0.0 Safari/537.36 Avast/131.0.0.0"
104.247.76.75 - - [01/Sep/2026:08:21:21 -0400] "POST /wp-cron.php?doing_wp_cron=1788265281.6743710041046142578125 HTTP/1.1" 200 - "-" "WordPress/7.1; https://kcjstudio.com"
52.71.216.196 - - [01/Sep/2026:08:21:21 -0400] "GET /video-production HTTP/1.1" 301 - "-" "Mozilla/5.0 AppleWebKit/537.36 (KHTML, like Gecko; compatible; Amazonbot/0.1; +https://developer.amazon.com/support/amazonbot) Chrome/119.0.6045.214 Safari/537.36"
98.83.177.42 - - [01/Sep/2026:08:21:21 -0400] "GET /video-production/ HTTP/1.1" 200 32812 "-" "Mozilla/5.0 AppleWebKit/537.36 (KHTML, like Gecko; compatible; Amazonbot/0.1; +https://developer.amazon.com/support/amazonbot) Chrome/119.0.6045.214 Safari/537.36"
104.247.76.75 - - [01/Sep/2026:08:23:54 -0400] "POST /wp-cron.php?doing_wp_cron=1788265434.3077669143676757812500 HTTP/1.1" 200 - "-" "WordPress/7.1; https://kcjstudio.com"
88.217.180.193 - - [01/Sep/2026:08:23:53 -0400] "GET /-/esb-firstlevel/de/psd2 HTTP/1.1" 404 16325 "https://avanteshipping.com/" "Mozilla/5.0 (Linux; arm_64; Android 16; SM-S936B) AppleWebKit/537.36 (KHTML, like Gecko) Chrome/148.0.7778.115 YaBrowser/26.6.3.115.00 Mobile Safari/537.36"
88.217.180.193 - - [01/Sep/2026:08:23:54 -0400] "GET /wp-content/uploads/hummingbird-assets/c4052befffef26c1b63326bf5bf1ad69.css HTTP/1.1" 200 401 "https://kcjstudio.com/-/esb-firstlevel/de/psd2" "Mozilla/5.0 (Linux; arm_64; Android 16; SM-S936B) AppleWebKit/537.36 (KHTML, like Gecko) Chrome/148.0.7778.115 YaBrowser/26.6.3.115.00 Mobile Safari/537.36"
88.217.180.193 - - [01/Sep/2026:08:23:54 -0400] "GET /wp-content/et-cache/notfound/et-divi-dynamic-tb-199-late.css HTTP/1.1" 200 219 "https://kcjstudio.com/-/esb-firstlevel/de/psd2" "Mozilla/5.0 (Linux; arm_64; Android 16; SM-S936B) AppleWebKit/537.36 (KHTML, like Gecko) Chrome/148.0.7778.115 YaBrowser/26.6.3.115.00 Mobile Safari/537.36"
88.217.180.193 - - [01/Sep/2026:08:23:54 -0400] "GET /wp-content/et-cache/notfound/et-divi-dynamic-tb-199.css HTTP/1.1" 200 12207 "https://kcjstudio.com/-/esb-firstlevel/de/psd2" "Mozilla/5.0 (Linux; arm_64; Android 16; SM-S936B) AppleWebKit/537.36 (KHTML, like Gecko) Chrome/148.0.7778.115 YaBrowser/26.6.3.115.00 Mobile Safari/537.36"
88.217.180.193 - - [01/Sep/2026:08:23:55 -0400] "GET /wp-content/plugins/ameliabooking/extensions/divi_amelia/styles/style.min.css HTTP/1.1" 200 - "https://kcjstudio.com/-/esb-firstlevel/de/psd2" "Mozilla/5.0 (Linux; arm_64; Android 16; SM-S936B) AppleWebKit/537.36 (KHTML, like Gecko) Chrome/148.0.7778.115 YaBrowser/26.6.3.115.00 Mobile Safari/537.36"
88.217.180.193 - - [01/Sep/2026:08:23:55 -0400] "GET /wp-content/uploads/hummingbird-assets/cf4d24a3edc0d6802791a62d72fa06db.css HTTP/1.1" 200 2193 "https://kcjstudio.com/-/esb-firstlevel/de/psd2" "Mozilla/5.0 (Linux; arm_64; Android 16; SM-S936B) AppleWebKit/537.36 (KHTML, like Gecko) Chrome/148.0.7778.115 YaBrowser/26.6.3.115.00 Mobile Safari/537.36"
88.217.180.193 - - [01/Sep/2026:08:23:55 -0400] "GET /wp-content/uploads/hummingbird-assets/f466e392632aaae20a30f4357eed3170.js HTTP/1.1" 200 34451 "https://kcjstudio.com/-/esb-firstlevel/de/psd2" "Mozilla/5.0 (Linux; arm_64; Android 16; SM-S936B) AppleWebKit/537.36 (KHTML, like Gecko) Chrome/148.0.7778.115 YaBrowser/26.6.3.115.00 Mobile Safari/537.36"
88.217.180.193 - - [01/Sep/2026:08:23:55 -0400] "GET /wp-content/uploads/hummingbird-assets/12d759fc5af23e4ae77112ef96ed5d12.js HTTP/1.1" 200 70589 "https://kcjstudio.com/-/esb-firstlevel/de/psd2" "Mozilla/5.0 (Linux; arm_64; Android 16; SM-S936B) AppleWebKit/537.36 (KHTML, like Gecko) Chrome/148.0.7778.115 YaBrowser/26.6.3.115.00 Mobile Safari/537.36"
88.217.180.193 - - [01/Sep/2026:08:23:55 -0400] "GET /wp-content/themes/Divi/core/admin/fonts/modules/base/modules.woff HTTP/1.1" 200 3076 "https://kcjstudio.com/wp-content/et-cache/notfound/et-divi-dynamic-tb-199.css" "Mozilla/5.0 (Linux; arm_64; Android 16; SM-S936B) AppleWebKit/537.36 (KHTML, like Gecko) Chrome/148.0.7778.115 YaBrowser/26.6.3.115.00 Mobile Safari/537.36"
88.217.180.193 - - [01/Sep/2026:08:23:55 -0400] "GET /wp-content/uploads/hummingbird-assets/1abb620b1f6c7c9bb7e5de19eb0f15d5.js HTTP/1.1" 200 9102 "https://kcjstudio.com/-/esb-firstlevel/de/psd2" "Mozilla/5.0 (Linux; arm_64; Android 16; SM-S936B) AppleWebKit/537.36 (KHTML, like Gecko) Chrome/148.0.7778.115 YaBrowser/26.6.3.115.00 Mobile Safari/537.36"
88.217.180.193 - - [01/Sep/2026:08:23:56 -0400] "GET /wp-content/themes/Divi/core/admin/fonts/modules/all/modules.woff HTTP/1.1" 200 37328 "https://kcjstudio.com/wp-content/et-cache/notfound/et-divi-dynamic-tb-199-late.css" "Mozilla/5.0 (Linux; arm_64; Android 16; SM-S936B) AppleWebKit/537.36 (KHTML, like Gecko) Chrome/148.0.7778.115 YaBrowser/26.6.3.115.00 Mobile Safari/537.36"
88.217.180.193 - - [01/Sep/2026:08:23:56 -0400] "GET /wp-content/plugins/divi-bars/assets/js/main.helper.js HTTP/1.1" 200 - "https://kcjstudio.com/-/esb-firstlevel/de/psd2" "Mozilla/5.0 (Linux; arm_64; Android 16; SM-S936B) AppleWebKit/537.36 (KHTML, like Gecko) Chrome/148.0.7778.115 YaBrowser/26.6.3.115.00 Mobile Safari/537.36"
88.217.180.193 - - [01/Sep/2026:08:23:56 -0400] "GET /wp-content/uploads/hummingbird-assets/b29edba45593c1a93da7f6a2cca6ead8.js HTTP/1.1" 200 870 "https://kcjstudio.com/-/esb-firstlevel/de/psd2" "Mozilla/5.0 (Linux; arm_64; Android 16; SM-S936B) AppleWebKit/537.36 (KHTML, like Gecko) Chrome/148.0.7778.115 YaBrowser/26.6.3.115.00 Mobile Safari/537.36"
88.217.180.193 - - [01/Sep/2026:08:23:56 -0400] "GET /wp-content/themes/Divi/images/logo.png HTTP/1.1" 200 1740 "https://kcjstudio.com/-/esb-firstlevel/de/psd2" "Mozilla/5.0 (Linux; arm_64; Android 16; SM-S936B) AppleWebKit/537.36 (KHTML, like Gecko) Chrome/148.0.7778.115 YaBrowser/26.6.3.115.00 Mobile Safari/537.36"
185.255.126.32 - - [01/Sep/2026:08:26:47 -0400] "GET / HTTP/1.0" 200 151046 "https://kcjstudio.com/" "Mozilla/5.0 (Windows NT 10.0; Win64; x64) AppleWebKit/537.36 (KHTML, like Gecko) Chrome/131.0.0.0 Safari/537.36 Avast/131.0.0.0"
104.247.76.75 - - [01/Sep/2026:08:26:49 -0400] "POST /wp-cron.php?doing_wp_cron=1788265609.9611330032348632812500 HTTP/1.1" 200 - "-" "WordPress/7.1; https://kcjstudio.com"
185.255.126.32 - - [01/Sep/2026:08:26:49 -0400] "GET /wedd-contact/ HTTP/1.0" 200 196464 "https://kcjstudio.com/wedd-contact/" "Mozilla/5.0 (Windows NT 10.0; Win64; x64) AppleWebKit/537.36 (KHTML, like Gecko) Chrome/131.0.0.0 Safari/537.36 Avast/131.0.0.0"
185.255.126.45 - - [01/Sep/2026:08:26:51 -0400] "POST /wedd-contact/ HTTP/1.0" 200 196673 "https://kcjstudio.com/wedd-contact/" "Mozilla/5.0 (Windows NT 10.0; Win64; x64) AppleWebKit/537.36 (KHTML, like Gecko) Chrome/131.0.0.0 Safari/537.36 Avast/131.0.0.0"
104.247.76.75 - - [01/Sep/2026:08:28:36 -0400] "POST /wp-cron.php?doing_wp_cron=1788265716.1813120841979980468750 HTTP/1.1" 200 - "-" "WordPress/7.1; https://kcjstudio.com"
57.129.134.182 - - [01/Sep/2026:08:28:35 -0400] "GET /-/esb-firstlevel/de/psd2 HTTP/1.1" 404 16323 "http://avanteshipping.com/" "Mozilla/5.0 (iPhone; CPU iPhone OS 15_0 like Mac OS X) AppleWebKit/605.1.15 (KHTML, like Gecko) Version/15.0 Mobile/15E148 Safari/604.1"
57.129.134.182 - - [01/Sep/2026:08:28:36 -0400] "GET /wp-content/uploads/hummingbird-assets/c4052befffef26c1b63326bf5bf1ad69.css HTTP/1.1" 200 401 "https://kcjstudio.com/-/esb-firstlevel/de/psd2" "Mozilla/5.0 (iPhone; CPU iPhone OS 15_0 like Mac OS X) AppleWebKit/605.1.15 (KHTML, like Gecko) Version/15.0 Mobile/15E148 Safari/604.1"
57.129.134.182 - - [01/Sep/2026:08:28:36 -0400] "GET /wp-content/et-cache/notfound/et-divi-dynamic-tb-199-late.css HTTP/1.1" 200 219 "https://kcjstudio.com/-/esb-firstlevel/de/psd2" "Mozilla/5.0 (iPhone; CPU iPhone OS 15_0 like Mac OS X) AppleWebKit/605.1.15 (KHTML, like Gecko) Version/15.0 Mobile/15E148 Safari/604.1"
57.129.134.182 - - [01/Sep/2026:08:28:36 -0400] "GET /wp-content/et-cache/notfound/et-divi-dynamic-tb-199.css HTTP/1.1" 200 12207 "https://kcjstudio.com/-/esb-firstlevel/de/psd2" "Mozilla/5.0 (iPhone; CPU iPhone OS 15_0 like Mac OS X) AppleWebKit/605.1.15 (KHTML, like Gecko) Version/15.0 Mobile/15E148 Safari/604.1"
57.129.134.182 - - [01/Sep/2026:08:28:36 -0400] "GET /wp-content/plugins/ameliabooking/extensions/divi_amelia/styles/style.min.css HTTP/1.1" 200 - "https://kcjstudio.com/-/esb-firstlevel/de/psd2" "Mozilla/5.0 (iPhone; CPU iPhone OS 15_0 like Mac OS X) AppleWebKit/605.1.15 (KHTML, like Gecko) Version/15.0 Mobile/15E148 Safari/604.1"
57.129.134.182 - - [01/Sep/2026:08:28:36 -0400] "GET /wp-content/uploads/hummingbird-assets/cf4d24a3edc0d6802791a62d72fa06db.css HTTP/1.1" 200 2193 "https://kcjstudio.com/-/esb-firstlevel/de/psd2" "Mozilla/5.0 (iPhone; CPU iPhone OS 15_0 like Mac OS X) AppleWebKit/605.1.15 (KHTML, like Gecko) Version/15.0 Mobile/15E148 Safari/604.1"
57.129.134.182 - - [01/Sep/2026:08:28:36 -0400] "GET /wp-content/uploads/hummingbird-assets/f466e392632aaae20a30f4357eed3170.js HTTP/1.1" 200 34451 "https://kcjstudio.com/-/esb-firstlevel/de/psd2" "Mozilla/5.0 (iPhone; CPU iPhone OS 15_0 like Mac OS X) AppleWebKit/605.1.15 (KHTML, like Gecko) Version/15.0 Mobile/15E148 Safari/604.1"
57.129.134.182 - - [01/Sep/2026:08:28:36 -0400] "GET /wp-content/uploads/hummingbird-assets/12d759fc5af23e4ae77112ef96ed5d12.js HTTP/1.1" 200 70589 "https://kcjstudio.com/-/esb-firstlevel/de/psd2" "Mozilla/5.0 (iPhone; CPU iPhone OS 15_0 like Mac OS X) AppleWebKit/605.1.15 (KHTML, like Gecko) Version/15.0 Mobile/15E148 Safari/604.1"
57.129.134.182 - - [01/Sep/2026:08:28:37 -0400] "GET /wp-content/themes/Divi/core/admin/fonts/modules/base/modules.woff HTTP/1.1" 200 3076 "https://kcjstudio.com/wp-content/et-cache/notfound/et-divi-dynamic-tb-199.css" "Mozilla/5.0 (iPhone; CPU iPhone OS 15_0 like Mac OS X) AppleWebKit/605.1.15 (KHTML, like Gecko) Version/15.0 Mobile/15E148 Safari/604.1"
57.129.134.182 - - [01/Sep/2026:08:28:37 -0400] "GET /wp-content/uploads/hummingbird-assets/1abb620b1f6c7c9bb7e5de19eb0f15d5.js HTTP/1.1" 200 9102 "https://kcjstudio.com/-/esb-firstlevel/de/psd2" "Mozilla/5.0 (iPhone; CPU iPhone OS 15_0 like Mac OS X) AppleWebKit/605.1.15 (KHTML, like Gecko) Version/15.0 Mobile/15E148 Safari/604.1"
81.16.33.42 - - [01/Sep/2026:08:28:36 -0400] "GET /-/esb-firstlevel/de/psd2 HTTP/1.1" 404 16323 "http://avanteshipping.com/" "Mozilla/5.0 (iPhone; CPU iPhone OS 15_0 like Mac OS X) AppleWebKit/605.1.15 (KHTML, like Gecko) Version/15.0 Mobile/15E148 Safari/604.1"
57.129.134.182 - - [01/Sep/2026:08:28:37 -0400] "GET /wp-content/themes/Divi/core/admin/fonts/modules/all/modules.woff HTTP/1.1" 200 37328 "https://kcjstudio.com/wp-content/et-cache/notfound/et-divi-dynamic-tb-199-late.css" "Mozilla/5.0 (iPhone; CPU iPhone OS 15_0 like Mac OS X) AppleWebKit/605.1.15 (KHTML, like Gecko) Version/15.0 Mobile/15E148 Safari/604.1"
57.129.134.182 - - [01/Sep/2026:08:28:37 -0400] "GET /wp-content/plugins/divi-bars/assets/js/main.helper.js HTTP/1.1" 200 - "https://kcjstudio.com/-/esb-firstlevel/de/psd2" "Mozilla/5.0 (iPhone; CPU iPhone OS 15_0 like Mac OS X) AppleWebKit/605.1.15 (KHTML, like Gecko) Version/15.0 Mobile/15E148 Safari/604.1"
57.129.134.182 - - [01/Sep/2026:08:28:37 -0400] "GET /wp-content/uploads/hummingbird-assets/b29edba45593c1a93da7f6a2cca6ead8.js HTTP/1.1" 200 870 "https://kcjstudio.com/-/esb-firstlevel/de/psd2" "Mozilla/5.0 (iPhone; CPU iPhone OS 15_0 like Mac OS X) AppleWebKit/605.1.15 (KHTML, like Gecko) Version/15.0 Mobile/15E148 Safari/604.1"
57.129.134.182 - - [01/Sep/2026:08:28:37 -0400] "GET /wp-content/themes/Divi/images/logo.png HTTP/1.1" 200 1740 "https://kcjstudio.com/-/esb-firstlevel/de/psd2" "Mozilla/5.0 (iPhone; CPU iPhone OS 15_0 like Mac OS X) AppleWebKit/605.1.15 (KHTML, like Gecko) Version/15.0 Mobile/15E148 Safari/604.1"
81.16.33.42 - - [01/Sep/2026:08:28:38 -0400] "GET /wp-content/uploads/hummingbird-assets/c4052befffef26c1b63326bf5bf1ad69.css HTTP/1.1" 200 401 "https://kcjstudio.com/-/esb-firstlevel/de/psd2" "Mozilla/5.0 (iPhone; CPU iPhone OS 15_0 like Mac OS X) AppleWebKit/605.1.15 (KHTML, like Gecko) Version/15.0 Mobile/15E148 Safari/604.1"
81.16.33.42 - - [01/Sep/2026:08:28:39 -0400] "GET /wp-content/et-cache/notfound/et-divi-dynamic-tb-199-late.css HTTP/1.1" 200 219 "https://kcjstudio.com/-/esb-firstlevel/de/psd2" "Mozilla/5.0 (iPhone; CPU iPhone OS 15_0 like Mac OS X) AppleWebKit/605.1.15 (KHTML, like Gecko) Version/15.0 Mobile/15E148 Safari/604.1"
81.16.33.42 - - [01/Sep/2026:08:28:40 -0400] "GET /wp-content/et-cache/notfound/et-divi-dynamic-tb-199.css HTTP/1.1" 200 12207 "https://kcjstudio.com/-/esb-firstlevel/de/psd2" "Mozilla/5.0 (iPhone; CPU iPhone OS 15_0 like Mac OS X) AppleWebKit/605.1.15 (KHTML, like Gecko) Version/15.0 Mobile/15E148 Safari/604.1"
37.252.191.29 - - [01/Sep/2026:08:28:39 -0400] "GET /-/esb-firstlevel/de/psd2 HTTP/1.1" 404 16323 "http://avanteshipping.com/" "Mozilla/5.0 (iPhone; CPU iPhone OS 15_0 like Mac OS X) AppleWebKit/605.1.15 (KHTML, like Gecko) Version/15.0 Mobile/15E148 Safari/604.1"
37.252.191.29 - - [01/Sep/2026:08:28:40 -0400] "GET /wp-content/uploads/hummingbird-assets/c4052befffef26c1b63326bf5bf1ad69.css HTTP/1.1" 200 401 "https://kcjstudio.com/-/esb-firstlevel/de/psd2" "Mozilla/5.0 (iPhone; CPU iPhone OS 15_0 like Mac OS X) AppleWebKit/605.1.15 (KHTML, like Gecko) Version/15.0 Mobile/15E148 Safari/604.1"
81.16.33.42 - - [01/Sep/2026:08:28:40 -0400] "GET /wp-content/plugins/ameliabooking/extensions/divi_amelia/styles/style.min.css HTTP/1.1" 200 - "https://kcjstudio.com/-/esb-firstlevel/de/psd2" "Mozilla/5.0 (iPhone; CPU iPhone OS 15_0 like Mac OS X) AppleWebKit/605.1.15 (KHTML, like Gecko) Version/15.0 Mobile/15E148 Safari/604.1"
37.252.191.29 - - [01/Sep/2026:08:28:40 -0400] "GET /wp-content/et-cache/notfound/et-divi-dynamic-tb-199-late.css HTTP/1.1" 200 219 "https://kcjstudio.com/-/esb-firstlevel/de/psd2" "Mozilla/5.0 (iPhone; CPU iPhone OS 15_0 like Mac OS X) AppleWebKit/605.1.15 (KHTML, like Gecko) Version/15.0 Mobile/15E148 Safari/604.1"
37.252.191.29 - - [01/Sep/2026:08:28:40 -0400] "GET /wp-content/et-cache/notfound/et-divi-dynamic-tb-199.css HTTP/1.1" 200 12207 "https://kcjstudio.com/-/esb-firstlevel/de/psd2" "Mozilla/5.0 (iPhone; CPU iPhone OS 15_0 like Mac OS X) AppleWebKit/605.1.15 (KHTML, like Gecko) Version/15.0 Mobile/15E148 Safari/604.1"
37.252.191.29 - - [01/Sep/2026:08:28:40 -0400] "GET /wp-content/plugins/ameliabooking/extensions/divi_amelia/styles/style.min.css HTTP/1.1" 200 - "https://kcjstudio.com/-/esb-firstlevel/de/psd2" "Mozilla/5.0 (iPhone; CPU iPhone OS 15_0 like Mac OS X) AppleWebKit/605.1.15 (KHTML, like Gecko) Version/15.0 Mobile/15E148 Safari/604.1"
37.252.191.29 - - [01/Sep/2026:08:28:41 -0400] "GET /wp-content/uploads/hummingbird-assets/cf4d24a3edc0d6802791a62d72fa06db.css HTTP/1.1" 200 2193 "https://kcjstudio.com/-/esb-firstlevel/de/psd2" "Mozilla/5.0 (iPhone; CPU iPhone OS 15_0 like Mac OS X) AppleWebKit/605.1.15 (KHTML, like Gecko) Version/15.0 Mobile/15E148 Safari/604.1"
81.16.33.42 - - [01/Sep/2026:08:28:41 -0400] "GET /wp-content/uploads/hummingbird-assets/cf4d24a3edc0d6802791a62d72fa06db.css HTTP/1.1" 200 2193 "https://kcjstudio.com/-/esb-firstlevel/de/psd2" "Mozilla/5.0 (iPhone; CPU iPhone OS 15_0 like Mac OS X) AppleWebKit/605.1.15 (KHTML, like Gecko) Version/15.0 Mobile/15E148 Safari/604.1"
37.252.191.29 - - [01/Sep/2026:08:28:41 -0400] "GET /wp-content/uploads/hummingbird-assets/f466e392632aaae20a30f4357eed3170.js HTTP/1.1" 200 34451 "https://kcjstudio.com/-/esb-firstlevel/de/psd2" "Mozilla/5.0 (iPhone; CPU iPhone OS 15_0 like Mac OS X) AppleWebKit/605.1.15 (KHTML, like Gecko) Version/15.0 Mobile/15E148 Safari/604.1"
37.252.191.29 - - [01/Sep/2026:08:28:41 -0400] "GET /wp-content/uploads/hummingbird-assets/12d759fc5af23e4ae77112ef96ed5d12.js HTTP/1.1" 200 70589 "https://kcjstudio.com/-/esb-firstlevel/de/psd2" "Mozilla/5.0 (iPhone; CPU iPhone OS 15_0 like Mac OS X) AppleWebKit/605.1.15 (KHTML, like Gecko) Version/15.0 Mobile/15E148 Safari/604.1"
81.16.33.42 - - [01/Sep/2026:08:28:41 -0400] "GET /wp-content/uploads/hummingbird-assets/f466e392632aaae20a30f4357eed3170.js HTTP/1.1" 200 34451 "https://kcjstudio.com/-/esb-firstlevel/de/psd2" "Mozilla/5.0 (iPhone; CPU iPhone OS 15_0 like Mac OS X) AppleWebKit/605.1.15 (KHTML, like Gecko) Version/15.0 Mobile/15E148 Safari/604.1"
37.252.191.29 - - [01/Sep/2026:08:28:41 -0400] "GET /wp-content/themes/Divi/core/admin/fonts/modules/base/modules.woff HTTP/1.1" 200 3076 "https://kcjstudio.com/wp-content/et-cache/notfound/et-divi-dynamic-tb-199.css" "Mozilla/5.0 (iPhone; CPU iPhone OS 15_0 like Mac OS X) AppleWebKit/605.1.15 (KHTML, like Gecko) Version/15.0 Mobile/15E148 Safari/604.1"
81.16.33.42 - - [01/Sep/2026:08:28:41 -0400] "GET /wp-content/uploads/hummingbird-assets/1abb620b1f6c7c9bb7e5de19eb0f15d5.js HTTP/1.1" 200 9102 "https://kcjstudio.com/-/esb-firstlevel/de/psd2" "Mozilla/5.0 (iPhone; CPU iPhone OS 15_0 like Mac OS X) AppleWebKit/605.1.15 (KHTML, like Gecko) Version/15.0 Mobile/15E148 Safari/604.1"
81.16.33.42 - - [01/Sep/2026:08:28:41 -0400] "GET /wp-content/uploads/hummingbird-assets/12d759fc5af23e4ae77112ef96ed5d12.js HTTP/1.1" 200 70589 "https://kcjstudio.com/-/esb-firstlevel/de/psd2" "Mozilla/5.0 (iPhone; CPU iPhone OS 15_0 like Mac OS X) AppleWebKit/605.1.15 (KHTML, like Gecko) Version/15.0 Mobile/15E148 Safari/604.1"
37.252.191.29 - - [01/Sep/2026:08:28:41 -0400] "GET /wp-content/uploads/hummingbird-assets/1abb620b1f6c7c9bb7e5de19eb0f15d5.js HTTP/1.1" 200 9102 "https://kcjstudio.com/-/esb-firstlevel/de/psd2" "Mozilla/5.0 (iPhone; CPU iPhone OS 15_0 like Mac OS X) AppleWebKit/605.1.15 (KHTML, like Gecko) Version/15.0 Mobile/15E148 Safari/604.1"
57.129.134.182 - - [01/Sep/2026:08:28:41 -0400] "GET /wp-content/uploads/2023/01/cropped-KCJ-STUDIO-ICON-300PX-32x32.png HTTP/1.1" 200 801 "https://kcjstudio.com/-/esb-firstlevel/de/psd2" "Mozilla/5.0 (iPhone; CPU iPhone OS 15_0 like Mac OS X) AppleWebKit/605.1.15 (KHTML, like Gecko) Version/15.0 Mobile/15E148 Safari/604.1"
37.252.191.29 - - [01/Sep/2026:08:28:41 -0400] "GET /wp-content/themes/Divi/core/admin/fonts/modules/all/modules.woff HTTP/1.1" 200 37328 "https://kcjstudio.com/wp-content/et-cache/notfound/et-divi-dynamic-tb-199-late.css" "Mozilla/5.0 (iPhone; CPU iPhone OS 15_0 like Mac OS X) AppleWebKit/605.1.15 (KHTML, like Gecko) Version/15.0 Mobile/15E148 Safari/604.1"
81.16.33.42 - - [01/Sep/2026:08:28:42 -0400] "GET /wp-content/uploads/hummingbird-assets/b29edba45593c1a93da7f6a2cca6ead8.js HTTP/1.1" 200 870 "https://kcjstudio.com/-/esb-firstlevel/de/psd2" "Mozilla/5.0 (iPhone; CPU iPhone OS 15_0 like Mac OS X) AppleWebKit/605.1.15 (KHTML, like Gecko) Version/15.0 Mobile/15E148 Safari/604.1"
81.16.33.42 - - [01/Sep/2026:08:28:42 -0400] "GET /wp-content/plugins/divi-bars/assets/js/main.helper.js HTTP/1.1" 200 - "https://kcjstudio.com/-/esb-firstlevel/de/psd2" "Mozilla/5.0 (iPhone; CPU iPhone OS 15_0 like Mac OS X) AppleWebKit/605.1.15 (KHTML, like Gecko) Version/15.0 Mobile/15E148 Safari/604.1"
81.16.33.42 - - [01/Sep/2026:08:28:42 -0400] "GET /wp-content/themes/Divi/images/logo.png HTTP/1.1" 200 1740 "https://kcjstudio.com/-/esb-firstlevel/de/psd2" "Mozilla/5.0 (iPhone; CPU iPhone OS 15_0 like Mac OS X) AppleWebKit/605.1.15 (KHTML, like Gecko) Version/15.0 Mobile/15E148 Safari/604.1"
37.252.191.29 - - [01/Sep/2026:08:28:42 -0400] "GET /wp-content/plugins/divi-bars/assets/js/main.helper.js HTTP/1.1" 200 - "https://kcjstudio.com/-/esb-firstlevel/de/psd2" "Mozilla/5.0 (iPhone; CPU iPhone OS 15_0 like Mac OS X) AppleWebKit/605.1.15 (KHTML, like Gecko) Version/15.0 Mobile/15E148 Safari/604.1"
81.16.33.42 - - [01/Sep/2026:08:28:42 -0400] "GET /wp-content/themes/Divi/core/admin/fonts/modules/base/modules.woff HTTP/1.1" 200 3076 "https://kcjstudio.com/wp-content/et-cache/notfound/et-divi-dynamic-tb-199.css" "Mozilla/5.0 (iPhone; CPU iPhone OS 15_0 like Mac OS X) AppleWebKit/605.1.15 (KHTML, like Gecko) Version/15.0 Mobile/15E148 Safari/604.1"
37.252.191.29 - - [01/Sep/2026:08:28:42 -0400] "GET /wp-content/uploads/hummingbird-assets/b29edba45593c1a93da7f6a2cca6ead8.js HTTP/1.1" 200 870 "https://kcjstudio.com/-/esb-firstlevel/de/psd2" "Mozilla/5.0 (iPhone; CPU iPhone OS 15_0 like Mac OS X) AppleWebKit/605.1.15 (KHTML, like Gecko) Version/15.0 Mobile/15E148 Safari/604.1"
37.252.191.29 - - [01/Sep/2026:08:28:42 -0400] "GET /wp-content/themes/Divi/images/logo.png HTTP/1.1" 200 1740 "https://kcjstudio.com/-/esb-firstlevel/de/psd2" "Mozilla/5.0 (iPhone; CPU iPhone OS 15_0 like Mac OS X) AppleWebKit/605.1.15 (KHTML, like Gecko) Version/15.0 Mobile/15E148 Safari/604.1"
104.247.76.75 - - [01/Sep/2026:08:33:07 -0400] "POST /wp-cron.php?doing_wp_cron=1788265987.4060530662536621093750 HTTP/1.1" 200 - "-" "WordPress/7.1; https://kcjstudio.com"
198.204.240.234 - - [01/Sep/2026:08:33:07 -0400] "GET /wp-includes/pld62522/edit.php HTTP/1.1" 404 16323 "https://kcjstudio.com/wp-includes/pld62522/edit.php" "Mozilla/5.0 (Macintosh; Intel Mac OS X 10.5; rv:5.0.1) Gecko/20100101 Firefox/5.0.1"
104.247.76.75 - - [01/Sep/2026:08:35:45 -0400] "POST /wp-cron.php?doing_wp_cron=1788266145.7376799583435058593750 HTTP/1.1" 200 - "-" "WordPress/7.1; https://kcjstudio.com"
66.249.74.102 - - [01/Sep/2026:08:35:45 -0400] "GET /wedding-intro/ HTTP/1.1" 200 39248 "-" "Mozilla/5.0 (Linux; Android 6.0.1; Nexus 5X Build/MMB29P) AppleWebKit/537.36 (KHTML, like Gecko) Chrome/151.0.7922.173 Mobile Safari/537.36 (compatible; Googlebot/2.1; +http://www.google.com/bot.html)"
66.249.74.101 - - [01/Sep/2026:08:35:51 -0400] "GET /wp-content/uploads/hummingbird-assets/321a1684c5b707fcb325a7c7861a92ec.css HTTP/1.1" 200 1677 "https://kcjstudio.com/wedding-intro/" "Mozilla/5.0 (Linux; Android 6.0.1; Nexus 5X Build/MMB29P) AppleWebKit/537.36 (KHTML, like Gecko) Chrome/151.0.7922.173 Mobile Safari/537.36 (compatible; Googlebot/2.1; +http://www.google.com/bot.html)"
66.249.74.102 - - [01/Sep/2026:08:35:55 -0400] "GET /wp-content/et-cache/248625/et-divi-dynamic-248625.css HTTP/1.1" 200 4587 "https://kcjstudio.com/wedding-intro/" "Mozilla/5.0 (Linux; Android 6.0.1; Nexus 5X Build/MMB29P) AppleWebKit/537.36 (KHTML, like Gecko) Chrome/151.0.7922.173 Mobile Safari/537.36 (compatible; Googlebot/2.1; +http://www.google.com/bot.html)"
66.249.74.101 - - [01/Sep/2026:08:35:57 -0400] "GET /wp-content/uploads/hummingbird-assets/e76e82f9c418c7dd0ad1ff42cecf2a30.js HTTP/1.1" 200 39191 "https://kcjstudio.com/wedding-intro/" "Mozilla/5.0 (Linux; Android 6.0.1; Nexus 5X Build/MMB29P) AppleWebKit/537.36 (KHTML, like Gecko) Chrome/151.0.7922.173 Mobile Safari/537.36 (compatible; Googlebot/2.1; +http://www.google.com/bot.html)"
66.249.74.101 - - [01/Sep/2026:08:35:59 -0400] "GET /wp-content/uploads/hummingbird-assets/7c651e08fdf772600a9eec11dae4df44.css HTTP/1.1" 200 23179 "https://kcjstudio.com/wedding-intro/" "Mozilla/5.0 (Linux; Android 6.0.1; Nexus 5X Build/MMB29P) AppleWebKit/537.36 (KHTML, like Gecko) Chrome/151.0.7922.173 Mobile Safari/537.36 (compatible; Googlebot/2.1; +http://www.google.com/bot.html)"
66.249.74.101 - - [01/Sep/2026:08:36:00 -0400] "GET /wp-content/uploads/hummingbird-assets/a4b4785ecfbc789b851d6bc46c22fe48.css HTTP/1.1" 200 3471 "https://kcjstudio.com/wedding-intro/" "Mozilla/5.0 (Linux; Android 6.0.1; Nexus 5X Build/MMB29P) AppleWebKit/537.36 (KHTML, like Gecko) Chrome/151.0.7922.173 Mobile Safari/537.36 (compatible; Googlebot/2.1; +http://www.google.com/bot.html)"
66.249.74.101 - - [01/Sep/2026:08:36:02 -0400] "GET /wp-content/uploads/hummingbird-assets/b703e21f7957a8a9a120b7975d5dfa33.js HTTP/1.1" 200 11702 "https://kcjstudio.com/wedding-intro/" "Mozilla/5.0 (Linux; Android 6.0.1; Nexus 5X Build/MMB29P) AppleWebKit/537.36 (KHTML, like Gecko) Chrome/151.0.7922.173 Mobile Safari/537.36 (compatible; Googlebot/2.1; +http://www.google.com/bot.html)"
66.249.74.101 - - [01/Sep/2026:08:36:03 -0400] "GET /wp-content/uploads/hummingbird-assets/f466e392632aaae20a30f4357eed3170.js HTTP/1.1" 200 34451 "https://kcjstudio.com/wedding-intro/" "Mozilla/5.0 (Linux; Android 6.0.1; Nexus 5X Build/MMB29P) AppleWebKit/537.36 (KHTML, like Gecko) Chrome/151.0.7922.173 Mobile Safari/537.36 (compatible; Googlebot/2.1; +http://www.google.com/bot.html)"
66.249.74.101 - - [01/Sep/2026:08:36:05 -0400] "GET /wp-content/uploads/hummingbird-assets/663db90f20d1274d6586a6b79ed945ed.js HTTP/1.1" 200 559 "https://kcjstudio.com/wedding-intro/" "Mozilla/5.0 (Linux; Android 6.0.1; Nexus 5X Build/MMB29P) AppleWebKit/537.36 (KHTML, like Gecko) Chrome/151.0.7922.173 Mobile Safari/537.36 (compatible; Googlebot/2.1; +http://www.google.com/bot.html)"
66.249.74.101 - - [01/Sep/2026:08:36:06 -0400] "GET /wp-content/uploads/hummingbird-assets/c0c596a621b40cc3df56d20918b01d93.js HTTP/1.1" 200 33863 "https://kcjstudio.com/wedding-intro/" "Mozilla/5.0 (Linux; Android 6.0.1; Nexus 5X Build/MMB29P) AppleWebKit/537.36 (KHTML, like Gecko) Chrome/151.0.7922.173 Mobile Safari/537.36 (compatible; Googlebot/2.1; +http://www.google.com/bot.html)"
66.249.74.101 - - [01/Sep/2026:08:36:08 -0400] "GET /wp-content/plugins/forminator/build/front/front.multi.min.js HTTP/1.1" 200 56599 "https://kcjstudio.com/wedding-intro/" "Mozilla/5.0 (Linux; Android 6.0.1; Nexus 5X Build/MMB29P) AppleWebKit/537.36 (KHTML, like Gecko) Chrome/151.0.7922.173 Mobile Safari/537.36 (compatible; Googlebot/2.1; +http://www.google.com/bot.html)"
66.249.74.101 - - [01/Sep/2026:08:36:09 -0400] "GET /wp-content/plugins/forminator/assets/js/library/intlTelInput.min.js HTTP/1.1" 200 11911 "https://kcjstudio.com/wedding-intro/" "Mozilla/5.0 (Linux; Android 6.0.1; Nexus 5X Build/MMB29P) AppleWebKit/537.36 (KHTML, like Gecko) Chrome/151.0.7922.173 Mobile Safari/537.36 (compatible; Googlebot/2.1; +http://www.google.com/bot.html)"
66.249.74.101 - - [01/Sep/2026:08:36:11 -0400] "GET /wp-content/uploads/hummingbird-assets/e28a4377ffcc3e61b70bef48aa817af6.js HTTP/1.1" 200 35383 "https://kcjstudio.com/wedding-intro/" "Mozilla/5.0 (Linux; Android 6.0.1; Nexus 5X Build/MMB29P) AppleWebKit/537.36 (KHTML, like Gecko) Chrome/151.0.7922.173 Mobile Safari/537.36 (compatible; Googlebot/2.1; +http://www.google.com/bot.html)"
104.247.76.75 - - [01/Sep/2026:08:36:13 -0400] "POST /wp-cron.php?doing_wp_cron=1788266172.9735538959503173828125 HTTP/1.1" 200 - "-" "WordPress/7.1; https://kcjstudio.com"
66.249.74.101 - - [01/Sep/2026:08:36:12 -0400] "POST /wp-admin/admin-ajax.php HTTP/1.1" 200 56 "https://kcjstudio.com/wedding-intro/" "Mozilla/5.0 (Linux; Android 6.0.1; Nexus 5X Build/MMB29P) AppleWebKit/537.36 (KHTML, like Gecko) Chrome/151.0.7922.173 Mobile Safari/537.36 (compatible; Googlebot/2.1; +http://www.google.com/bot.html)"
104.247.76.75 - - [01/Sep/2026:08:42:48 -0400] "POST /wp-cron.php?doing_wp_cron=1788266568.4031620025634765625000 HTTP/1.1" 200 - "-" "WordPress/7.1; https://kcjstudio.com"
88.217.180.193 - - [01/Sep/2026:08:42:48 -0400] "GET /-/esb-firstlevel/de/psd2 HTTP/1.1" 404 16323 "http://avanteshipping.com/" "Mozilla/5.0 (iPhone; CPU iPhone OS 15_0 like Mac OS X) AppleWebKit/605.1.15 (KHTML, like Gecko) Version/15.0 Mobile/15E148 Safari/604.1"
88.217.180.193 - - [01/Sep/2026:08:42:48 -0400] "GET /wp-content/uploads/hummingbird-assets/c4052befffef26c1b63326bf5bf1ad69.css HTTP/1.1" 200 401 "https://kcjstudio.com/-/esb-firstlevel/de/psd2" "Mozilla/5.0 (iPhone; CPU iPhone OS 15_0 like Mac OS X) AppleWebKit/605.1.15 (KHTML, like Gecko) Version/15.0 Mobile/15E148 Safari/604.1"
88.217.180.193 - - [01/Sep/2026:08:42:48 -0400] "GET /wp-content/et-cache/notfound/et-divi-dynamic-tb-199-late.css HTTP/1.1" 200 219 "https://kcjstudio.com/-/esb-firstlevel/de/psd2" "Mozilla/5.0 (iPhone; CPU iPhone OS 15_0 like Mac OS X) AppleWebKit/605.1.15 (KHTML, like Gecko) Version/15.0 Mobile/15E148 Safari/604.1"
88.217.180.193 - - [01/Sep/2026:08:42:48 -0400] "GET /wp-content/et-cache/notfound/et-divi-dynamic-tb-199.css HTTP/1.1" 200 12207 "https://kcjstudio.com/-/esb-firstlevel/de/psd2" "Mozilla/5.0 (iPhone; CPU iPhone OS 15_0 like Mac OS X) AppleWebKit/605.1.15 (KHTML, like Gecko) Version/15.0 Mobile/15E148 Safari/604.1"
88.217.180.193 - - [01/Sep/2026:08:42:49 -0400] "GET /wp-content/plugins/ameliabooking/extensions/divi_amelia/styles/style.min.css HTTP/1.1" 200 - "https://kcjstudio.com/-/esb-firstlevel/de/psd2" "Mozilla/5.0 (iPhone; CPU iPhone OS 15_0 like Mac OS X) AppleWebKit/605.1.15 (KHTML, like Gecko) Version/15.0 Mobile/15E148 Safari/604.1"
88.217.180.193 - - [01/Sep/2026:08:42:49 -0400] "GET /wp-content/uploads/hummingbird-assets/cf4d24a3edc0d6802791a62d72fa06db.css HTTP/1.1" 200 2193 "https://kcjstudio.com/-/esb-firstlevel/de/psd2" "Mozilla/5.0 (iPhone; CPU iPhone OS 15_0 like Mac OS X) AppleWebKit/605.1.15 (KHTML, like Gecko) Version/15.0 Mobile/15E148 Safari/604.1"
88.217.180.193 - - [01/Sep/2026:08:42:49 -0400] "GET /wp-content/uploads/hummingbird-assets/f466e392632aaae20a30f4357eed3170.js HTTP/1.1" 200 34451 "https://kcjstudio.com/-/esb-firstlevel/de/psd2" "Mozilla/5.0 (iPhone; CPU iPhone OS 15_0 like Mac OS X) AppleWebKit/605.1.15 (KHTML, like Gecko) Version/15.0 Mobile/15E148 Safari/604.1"
88.217.180.193 - - [01/Sep/2026:08:42:49 -0400] "GET /wp-content/uploads/hummingbird-assets/12d759fc5af23e4ae77112ef96ed5d12.js HTTP/1.1" 200 70589 "https://kcjstudio.com/-/esb-firstlevel/de/psd2" "Mozilla/5.0 (iPhone; CPU iPhone OS 15_0 like Mac OS X) AppleWebKit/605.1.15 (KHTML, like Gecko) Version/15.0 Mobile/15E148 Safari/604.1"
88.217.180.193 - - [01/Sep/2026:08:42:49 -0400] "GET /wp-content/themes/Divi/core/admin/fonts/modules/base/modules.woff HTTP/1.1" 200 3076 "https://kcjstudio.com/wp-content/et-cache/notfound/et-divi-dynamic-tb-199.css" "Mozilla/5.0 (iPhone; CPU iPhone OS 15_0 like Mac OS X) AppleWebKit/605.1.15 (KHTML, like Gecko) Version/15.0 Mobile/15E148 Safari/604.1"
88.217.180.193 - - [01/Sep/2026:08:42:50 -0400] "GET /wp-content/uploads/hummingbird-assets/1abb620b1f6c7c9bb7e5de19eb0f15d5.js HTTP/1.1" 200 9102 "https://kcjstudio.com/-/esb-firstlevel/de/psd2" "Mozilla/5.0 (iPhone; CPU iPhone OS 15_0 like Mac OS X) AppleWebKit/605.1.15 (KHTML, like Gecko) Version/15.0 Mobile/15E148 Safari/604.1"
88.217.180.193 - - [01/Sep/2026:08:42:50 -0400] "GET /wp-content/themes/Divi/core/admin/fonts/modules/all/modules.woff HTTP/1.1" 200 37328 "https://kcjstudio.com/wp-content/et-cache/notfound/et-divi-dynamic-tb-199-late.css" "Mozilla/5.0 (iPhone; CPU iPhone OS 15_0 like Mac OS X) AppleWebKit/605.1.15 (KHTML, like Gecko) Version/15.0 Mobile/15E148 Safari/604.1"
88.217.180.193 - - [01/Sep/2026:08:42:50 -0400] "GET /wp-content/plugins/divi-bars/assets/js/main.helper.js HTTP/1.1" 200 - "https://kcjstudio.com/-/esb-firstlevel/de/psd2" "Mozilla/5.0 (iPhone; CPU iPhone OS 15_0 like Mac OS X) AppleWebKit/605.1.15 (KHTML, like Gecko) Version/15.0 Mobile/15E148 Safari/604.1"
88.217.180.193 - - [01/Sep/2026:08:42:50 -0400] "GET /wp-content/uploads/hummingbird-assets/b29edba45593c1a93da7f6a2cca6ead8.js HTTP/1.1" 200 870 "https://kcjstudio.com/-/esb-firstlevel/de/psd2" "Mozilla/5.0 (iPhone; CPU iPhone OS 15_0 like Mac OS X) AppleWebKit/605.1.15 (KHTML, like Gecko) Version/15.0 Mobile/15E148 Safari/604.1"
88.217.180.193 - - [01/Sep/2026:08:42:50 -0400] "GET /wp-content/themes/Divi/images/logo.png HTTP/1.1" 200 1740 "https://kcjstudio.com/-/esb-firstlevel/de/psd2" "Mozilla/5.0 (iPhone; CPU iPhone OS 15_0 like Mac OS X) AppleWebKit/605.1.15 (KHTML, like Gecko) Version/15.0 Mobile/15E148 Safari/604.1"
104.247.76.75 - - [01/Sep/2026:08:44:18 -0400] "POST /wp-cron.php?doing_wp_cron=1788266658.6331510543823242187500 HTTP/1.1" 200 - "-" "WordPress/7.1; https://kcjstudio.com"
66.249.74.101 - - [01/Sep/2026:08:44:18 -0400] "GET /shop/detail/39586128991 HTTP/1.1" 404 16325 "-" "Mozilla/5.0 (Linux; Android 6.0.1; Nexus 5X Build/MMB29P) AppleWebKit/537.36 (KHTML, like Gecko) Chrome/151.0.7922.173 Mobile Safari/537.36 (compatible; Googlebot/2.1; +http://www.google.com/bot.html)"
104.247.76.75 - - [01/Sep/2026:08:55:43 -0400] "POST /wp-cron.php?doing_wp_cron=1788267342.9644949436187744140625 HTTP/1.1" 200 - "-" "WordPress/7.1; https://kcjstudio.com"
69.165.232.70 - - [01/Sep/2026:08:55:42 -0400] "GET /wedding-eng/ HTTP/1.1" 200 38145 "https://kcjstudio.com/wedding-eng/?et_fb=1&PageSpeed=off" "Mozilla/5.0 (Windows NT 10.0; Win64; x64) AppleWebKit/537.36 (KHTML, like Gecko) Chrome/152.0.0.0 Safari/537.36"
69.165.232.70 - - [01/Sep/2026:08:55:43 -0400] "GET /wp-content/uploads/2023/01/cropped-KCJ-STUDIO-ICON-300PX-150x150.png HTTP/1.1" 200 2926 "https://kcjstudio.com/wedding-eng/" "Mozilla/5.0 (Windows NT 10.0; Win64; x64) AppleWebKit/537.36 (KHTML, like Gecko) Chrome/152.0.0.0 Safari/537.36"
69.165.232.70 - - [01/Sep/2026:08:55:43 -0400] "GET /wp-content/uploads/2024/10/KCJ-STUDIO-LOGO-ORG-NV-100px.jpg HTTP/1.1" 200 4827 "https://kcjstudio.com/wedding-eng/" "Mozilla/5.0 (Windows NT 10.0; Win64; x64) AppleWebKit/537.36 (KHTML, like Gecko) Chrome/152.0.0.0 Safari/537.36"
69.165.232.70 - - [01/Sep/2026:08:55:43 -0400] "GET /wp-content/uploads/2023/11/JON-MUSIC-CLIP-THUMB-900PX.jpg HTTP/1.1" 200 144015 "https://kcjstudio.com/wedding-eng/" "Mozilla/5.0 (Windows NT 10.0; Win64; x64) AppleWebKit/537.36 (KHTML, like Gecko) Chrome/152.0.0.0 Safari/537.36"
69.165.232.70 - - [01/Sep/2026:08:55:43 -0400] "GET /wp-content/uploads/2025/11/RECEPTION-OVERLAY-9X.jpg HTTP/1.1" 200 350461 "https://kcjstudio.com/wedding-eng/" "Mozilla/5.0 (Windows NT 10.0; Win64; x64) AppleWebKit/537.36 (KHTML, like Gecko) Chrome/152.0.0.0 Safari/537.36"
69.165.232.70 - - [01/Sep/2026:08:55:43 -0400] "GET /wp-content/uploads/2026/06/Marve-wedd-b-roll-cover.jpg HTTP/1.1" 200 151532 "https://kcjstudio.com/wedding-eng/" "Mozilla/5.0 (Windows NT 10.0; Win64; x64) AppleWebKit/537.36 (KHTML, like Gecko) Chrome/152.0.0.0 Safari/537.36"
69.165.232.70 - - [01/Sep/2026:08:55:43 -0400] "GET /wp-content/uploads/2024/10/jon-sierra-wedd-overlay.jpg HTTP/1.1" 200 508252 "https://kcjstudio.com/wedding-eng/" "Mozilla/5.0 (Windows NT 10.0; Win64; x64) AppleWebKit/537.36 (KHTML, like Gecko) Chrome/152.0.0.0 Safari/537.36"
69.165.232.70 - - [01/Sep/2026:08:55:43 -0400] "GET /wp-content/uploads/2024/10/Jon-overlay-grooms.jpg HTTP/1.1" 200 419521 "https://kcjstudio.com/wedding-eng/" "Mozilla/5.0 (Windows NT 10.0; Win64; x64) AppleWebKit/537.36 (KHTML, like Gecko) Chrome/152.0.0.0 Safari/537.36"
69.165.232.70 - - [01/Sep/2026:08:55:43 -0400] "POST /wp-admin/admin-ajax.php HTTP/1.1" 200 56 "https://kcjstudio.com/wedding-eng/" "Mozilla/5.0 (Windows NT 10.0; Win64; x64) AppleWebKit/537.36 (KHTML, like Gecko) Chrome/152.0.0.0 Safari/537.36"
69.165.232.70 - - [01/Sep/2026:08:55:43 -0400] "GET /wp-content/uploads/2025/10/Weed-Photos-Cover-Simone-px.jpg HTTP/1.1" 200 750529 "https://kcjstudio.com/wedding-eng/" "Mozilla/5.0 (Windows NT 10.0; Win64; x64) AppleWebKit/537.36 (KHTML, like Gecko) Chrome/152.0.0.0 Safari/537.36"
69.165.232.70 - - [01/Sep/2026:08:55:43 -0400] "GET /wp-content/uploads/2024/07/OverlayIdil-clip.jpg HTTP/1.1" 200 373849 "https://kcjstudio.com/wedding-eng/" "Mozilla/5.0 (Windows NT 10.0; Win64; x64) AppleWebKit/537.36 (KHTML, like Gecko) Chrome/152.0.0.0 Safari/537.36"
69.165.232.70 - - [01/Sep/2026:08:55:43 -0400] "GET /wp-content/uploads/2025/10/431A0171-Groom-receive-Bride-PX.jpg HTTP/1.1" 200 263595 "https://kcjstudio.com/wedding-eng/" "Mozilla/5.0 (Windows NT 10.0; Win64; x64) AppleWebKit/537.36 (KHTML, like Gecko) Chrome/152.0.0.0 Safari/537.36"
69.165.232.70 - - [01/Sep/2026:08:55:43 -0400] "GET /wp-content/uploads/2025/11/GETTING-READY-OVERLAY-OP2.jpg HTTP/1.1" 200 429251 "https://kcjstudio.com/wedding-eng/" "Mozilla/5.0 (Windows NT 10.0; Win64; x64) AppleWebKit/537.36 (KHTML, like Gecko) Chrome/152.0.0.0 Safari/537.36"
69.165.232.70 - - [01/Sep/2026:08:55:43 -0400] "GET /wp-content/uploads/2026/06/MARVELOUS-WEDD-B-ROLL-VIDEO-FINAL_.mp4 HTTP/1.1" 206 2914323 "https://kcjstudio.com/wedding-eng/" "Mozilla/5.0 (Windows NT 10.0; Win64; x64) AppleWebKit/537.36 (KHTML, like Gecko) Chrome/152.0.0.0 Safari/537.36"
69.165.232.70 - - [01/Sep/2026:08:55:43 -0400] "GET /wp-content/uploads/2024/07/IDIL-Engagement-B-Roll-9-FINAL-VS1-FOR-SITE.mp4 HTTP/1.1" 206 62084104 "https://kcjstudio.com/wedding-eng/" "Mozilla/5.0 (Windows NT 10.0; Win64; x64) AppleWebKit/537.36 (KHTML, like Gecko) Chrome/152.0.0.0 Safari/537.36"
69.165.232.70 - - [01/Sep/2026:08:55:43 -0400] "GET /wp-content/uploads/2026/08/SIMONE-SEAN-WEDDING-B-ROLL_REV_FOR-SITE.mp4 HTTP/1.1" 206 63612312 "https://kcjstudio.com/wedding-eng/" "Mozilla/5.0 (Windows NT 10.0; Win64; x64) AppleWebKit/537.36 (KHTML, like Gecko) Chrome/152.0.0.0 Safari/537.36"
69.165.232.70 - - [01/Sep/2026:08:55:43 -0400] "GET /wp-content/uploads/2026/08/SIMONE-SEAN-WEDDING-B-ROLL_REV_FOR-SITE.mp4 HTTP/1.1" 206 63612312 "https://kcjstudio.com/wedding-eng/" "Mozilla/5.0 (Windows NT 10.0; Win64; x64) AppleWebKit/537.36 (KHTML, like Gecko) Chrome/152.0.0.0 Safari/537.36"
69.165.232.70 - - [01/Sep/2026:08:55:44 -0400] "GET /wp-content/uploads/2023/11/JONATHAN-SIERRA-WEDDING-FILM-FINAL-PART2-3-FOR-SITE.mp4 HTTP/1.1" 206 119656599 "https://kcjstudio.com/wedding-eng/" "Mozilla/5.0 (Windows NT 10.0; Win64; x64) AppleWebKit/537.36 (KHTML, like Gecko) Chrome/152.0.0.0 Safari/537.36"
69.165.232.70 - - [01/Sep/2026:08:55:44 -0400] "GET /wp-content/uploads/2026/08/JONATHANS-BAND-SHOOT-FINAL3.mp4 HTTP/1.1" 206 545009020 "https://kcjstudio.com/wedding-eng/" "Mozilla/5.0 (Windows NT 10.0; Win64; x64) AppleWebKit/537.36 (KHTML, like Gecko) Chrome/152.0.0.0 Safari/537.36"
69.165.232.70 - - [01/Sep/2026:08:55:45 -0400] "GET /wp-content/uploads/2026/08/JONATHANS-BAND-SHOOT-FINAL3.mp4 HTTP/1.1" 304 - "https://kcjstudio.com/wedding-eng/" "Mozilla/5.0 (Windows NT 10.0; Win64; x64) AppleWebKit/537.36 (KHTML, like Gecko) Chrome/152.0.0.0 Safari/537.36"
69.165.232.70 - - [01/Sep/2026:08:55:43 -0400] "GET /wp-admin/admin.php?page=forminator-cform-wizard&id=247124 HTTP/1.1" 200 160362 "https://kcjstudio.com/wp-admin/admin.php?page=forminator-cform" "Mozilla/5.0 (Windows NT 10.0; Win64; x64) AppleWebKit/537.36 (KHTML, like Gecko) Chrome/152.0.0.0 Safari/537.36"
104.247.76.75 - - [01/Sep/2026:08:55:49 -0400] "POST /wp-cron.php?doing_wp_cron=1788267349.6845118999481201171875 HTTP/1.1" 200 - "-" "WordPress/7.1; https://kcjstudio.com"
69.165.232.70 - - [01/Sep/2026:08:55:49 -0400] "GET /wp-admin/admin.php?page=forminator-cform-wizard&id=247124 HTTP/1.1" 200 160367 "https://kcjstudio.com/wp-admin/admin.php?page=forminator-cform-wizard&id=247124" "Mozilla/5.0 (Windows NT 10.0; Win64; x64) AppleWebKit/537.36 (KHTML, like Gecko) Chrome/152.0.0.0 Safari/537.36"
69.165.232.70 - - [01/Sep/2026:08:55:49 -0400] "GET /wp-content/plugins/ameliabooking/extensions/divi_amelia/styles/divi-amelia.css?ver=9.8.1 HTTP/1.1" 304 - "https://kcjstudio.com/wp-admin/admin.php?page=forminator-cform-wizard&id=247124" "Mozilla/5.0 (Windows NT 10.0; Win64; x64) AppleWebKit/537.36 (KHTML, like Gecko) Chrome/152.0.0.0 Safari/537.36"
69.165.232.70 - - [01/Sep/2026:08:55:49 -0400] "GET /wp-content/plugins/code-snippets/dist/admin-bar.css?ver=3.10.1 HTTP/1.1" 304 - "https://kcjstudio.com/wp-admin/admin.php?page=forminator-cform-wizard&id=247124" "Mozilla/5.0 (Windows NT 10.0; Win64; x64) AppleWebKit/537.36 (KHTML, like Gecko) Chrome/152.0.0.0 Safari/537.36"
69.165.232.70 - - [01/Sep/2026:08:55:49 -0400] "GET /wp-content/plugins/wp-defender/assets/css/defender-icon.css?ver=5.6.1 HTTP/1.1" 304 - "https://kcjstudio.com/wp-admin/admin.php?page=forminator-cform-wizard&id=247124" "Mozilla/5.0 (Windows NT 10.0; Win64; x64) AppleWebKit/537.36 (KHTML, like Gecko) Chrome/152.0.0.0 Safari/537.36"
69.165.232.70 - - [01/Sep/2026:08:55:49 -0400] "GET /wp-content/plugins/ameliabooking/public/js/tinymce/amelia-tinymce-styles.css?ver=9.8.1 HTTP/1.1" 304 - "https://kcjstudio.com/wp-admin/admin.php?page=forminator-cform-wizard&id=247124" "Mozilla/5.0 (Windows NT 10.0; Win64; x64) AppleWebKit/537.36 (KHTML, like Gecko) Chrome/152.0.0.0 Safari/537.36"
69.165.232.70 - - [01/Sep/2026:08:55:49 -0400] "GET /wp-content/themes/Divi/core/admin/css/core.css?ver=4.27.2 HTTP/1.1" 304 - "https://kcjstudio.com/wp-admin/admin.php?page=forminator-cform-wizard&id=247124" "Mozilla/5.0 (Windows NT 10.0; Win64; x64) AppleWebKit/537.36 (KHTML, like Gecko) Chrome/152.0.0.0 Safari/537.36"
69.165.232.70 - - [01/Sep/2026:08:55:49 -0400] "GET /wp-content/themes/Divi/core/admin/css/version-rollback.css?ver=4.27.2 HTTP/1.1" 304 - "https://kcjstudio.com/wp-admin/admin.php?page=forminator-cform-wizard&id=247124" "Mozilla/5.0 (Windows NT 10.0; Win64; x64) AppleWebKit/537.36 (KHTML, like Gecko) Chrome/152.0.0.0 Safari/537.36"
69.165.232.70 - - [01/Sep/2026:08:55:49 -0400] "GET /wp-content/themes/Divi/includes/builder/styles/library_menu.css?ver=4.27.2 HTTP/1.1" 304 - "https://kcjstudio.com/wp-admin/admin.php?page=forminator-cform-wizard&id=247124" "Mozilla/5.0 (Windows NT 10.0; Win64; x64) AppleWebKit/537.36 (KHTML, like Gecko) Chrome/152.0.0.0 Safari/537.36"
69.165.232.70 - - [01/Sep/2026:08:55:49 -0400] "GET /wp-content/plugins/tidio-live-chat/css/top-bar.css?ver=7.1 HTTP/1.1" 304 - "https://kcjstudio.com/wp-admin/admin.php?page=forminator-cform-wizard&id=247124" "Mozilla/5.0 (Windows NT 10.0; Win64; x64) AppleWebKit/537.36 (KHTML, like Gecko) Chrome/152.0.0.0 Safari/537.36"
69.165.232.70 - - [01/Sep/2026:08:55:49 -0400] "GET /wp-content/plugins/code-snippets/dist/menu.css?ver=3.10.1 HTTP/1.1" 304 - "https://kcjstudio.com/wp-admin/admin.php?page=forminator-cform-wizard&id=247124" "Mozilla/5.0 (Windows NT 10.0; Win64; x64) AppleWebKit/537.36 (KHTML, like Gecko) Chrome/152.0.0.0 Safari/537.36"
69.165.232.70 - - [01/Sep/2026:08:55:49 -0400] "GET /wp-content/plugins/forminator/build/css/shared-ui.min.css?ver=1.56.2 HTTP/1.1" 304 - "https://kcjstudio.com/wp-admin/admin.php?page=forminator-cform-wizard&id=247124" "Mozilla/5.0 (Windows NT 10.0; Win64; x64) AppleWebKit/537.36 (KHTML, like Gecko) Chrome/152.0.0.0 Safari/537.36"
69.165.232.70 - - [01/Sep/2026:08:55:49 -0400] "GET /wp-content/plugins/forminator/assets/forminator-ui/css/forminator-icons.min.css?ver=1.56.2 HTTP/1.1" 304 - "https://kcjstudio.com/wp-admin/admin.php?page=forminator-cform-wizard&id=247124" "Mozilla/5.0 (Windows NT 10.0; Win64; x64) AppleWebKit/537.36 (KHTML, like Gecko) Chrome/152.0.0.0 Safari/537.36"
69.165.232.70 - - [01/Sep/2026:08:55:49 -0400] "GET /wp-content/plugins/forminator/assets/forminator-ui/css/src/forminator-utilities.min.css?ver=1.56.2 HTTP/1.1" 304 - "https://kcjstudio.com/wp-admin/admin.php?page=forminator-cform-wizard&id=247124" "Mozilla/5.0 (Windows NT 10.0; Win64; x64) AppleWebKit/537.36 (KHTML, like Gecko) Chrome/152.0.0.0 Safari/537.36"
69.165.232.70 - - [01/Sep/2026:08:55:49 -0400] "GET /wp-content/plugins/forminator/assets/forminator-ui/css/src/grid/forminator-grid.open.min.css?ver=1.56.2 HTTP/1.1" 304 - "https://kcjstudio.com/wp-admin/admin.php?page=forminator-cform-wizard&id=247124" "Mozilla/5.0 (Windows NT 10.0; Win64; x64) AppleWebKit/537.36 (KHTML, like Gecko) Chrome/152.0.0.0 Safari/537.36"
69.165.232.70 - - [01/Sep/2026:08:55:49 -0400] "GET /wp-content/plugins/forminator/assets/forminator-ui/css/src/grid/forminator-grid.enclosed.min.css?ver=1.56.2 HTTP/1.1" 304 - "https://kcjstudio.com/wp-admin/admin.php?page=forminator-cform-wizard&id=247124" "Mozilla/5.0 (Windows NT 10.0; Win64; x64) AppleWebKit/537.36 (KHTML, like Gecko) Chrome/152.0.0.0 Safari/537.36"
69.165.232.70 - - [01/Sep/2026:08:55:49 -0400] "GET /wp-content/plugins/forminator/assets/forminator-ui/css/forminator-base.min.css?ver=1.56.2 HTTP/1.1" 304 - "https://kcjstudio.com/wp-admin/admin.php?page=forminator-cform-wizard&id=247124" "Mozilla/5.0 (Windows NT 10.0; Win64; x64) AppleWebKit/537.36 (KHTML, like Gecko) Chrome/152.0.0.0 Safari/537.36"
69.165.232.70 - - [01/Sep/2026:08:55:50 -0400] "GET /wp-content/plugins/forminator/assets/forminator-ui/css/src/forminator-ui.min.css?ver=1.56.2 HTTP/1.1" 304 - "https://kcjstudio.com/wp-admin/admin.php?page=forminator-cform-wizard&id=247124" "Mozilla/5.0 (Windows NT 10.0; Win64; x64) AppleWebKit/537.36 (KHTML, like Gecko) Chrome/152.0.0.0 Safari/537.36"
69.165.232.70 - - [01/Sep/2026:08:55:50 -0400] "GET /wp-content/plugins/forminator/assets/css/intlTelInput.min.css?ver=4.0.3 HTTP/1.1" 304 - "https://kcjstudio.com/wp-admin/admin.php?page=forminator-cform-wizard&id=247124" "Mozilla/5.0 (Windows NT 10.0; Win64; x64) AppleWebKit/537.36 (KHTML, like Gecko) Chrome/152.0.0.0 Safari/537.36"
69.165.232.70 - - [01/Sep/2026:08:55:50 -0400] "GET /wp-content/plugins/disable-xml-rpc-api//admin/admin.js?ver=1.0.1 HTTP/1.1" 304 - "https://kcjstudio.com/wp-admin/admin.php?page=forminator-cform-wizard&id=247124" "Mozilla/5.0 (Windows NT 10.0; Win64; x64) AppleWebKit/537.36 (KHTML, like Gecko) Chrome/152.0.0.0 Safari/537.36"
69.165.232.70 - - [01/Sep/2026:08:55:50 -0400] "GET /wp-content/plugins/ameliabooking/public/js/plugins/delete-plugin.js?ver=7.1 HTTP/1.1" 304 - "https://kcjstudio.com/wp-admin/admin.php?page=forminator-cform-wizard&id=247124" "Mozilla/5.0 (Windows NT 10.0; Win64; x64) AppleWebKit/537.36 (KHTML, like Gecko) Chrome/152.0.0.0 Safari/537.36"
69.165.232.70 - - [01/Sep/2026:08:55:50 -0400] "GET /wp-content/plugins/forminator/assets/forminator-ui/js/select2.full.min.js?ver=1.56.2 HTTP/1.1" 304 - "https://kcjstudio.com/wp-admin/admin.php?page=forminator-cform-wizard&id=247124" "Mozilla/5.0 (Windows NT 10.0; Win64; x64) AppleWebKit/537.36 (KHTML, like Gecko) Chrome/152.0.0.0 Safari/537.36"
69.165.232.70 - - [01/Sep/2026:08:55:50 -0400] "GET /wp-content/plugins/forminator/assets/js/library/ace/ace.js?ver=1.56.2 HTTP/1.1" 304 - "https://kcjstudio.com/wp-admin/admin.php?page=forminator-cform-wizard&id=247124" "Mozilla/5.0 (Windows NT 10.0; Win64; x64) AppleWebKit/537.36 (KHTML, like Gecko) Chrome/152.0.0.0 Safari/537.36"
69.165.232.70 - - [01/Sep/2026:08:55:50 -0400] "GET /wp-content/plugins/forminator/requirejs/admin/layout.js?ver=1.56.2 HTTP/1.1" 304 - "https://kcjstudio.com/wp-admin/admin.php?page=forminator-cform-wizard&id=247124" "Mozilla/5.0 (Windows NT 10.0; Win64; x64) AppleWebKit/537.36 (KHTML, like Gecko) Chrome/152.0.0.0 Safari/537.36"
69.165.232.70 - - [01/Sep/2026:08:55:50 -0400] "GET /wp-content/plugins/forminator/assets/js/front/chartjs-plugin-datalabels.min.js?ver=0.6.0 HTTP/1.1" 304 - "https://kcjstudio.com/wp-admin/admin.php?page=forminator-cform-wizard&id=247124" "Mozilla/5.0 (Windows NT 10.0; Win64; x64) AppleWebKit/537.36 (KHTML, like Gecko) Chrome/152.0.0.0 Safari/537.36"
69.165.232.70 - - [01/Sep/2026:08:55:50 -0400] "GET /wp-content/plugins/forminator/assets/forminator-ui/js/forminator-ui.min.js?ver=1.7.1 HTTP/1.1" 304 - "https://kcjstudio.com/wp-admin/admin.php?page=forminator-cform-wizard&id=247124" "Mozilla/5.0 (Windows NT 10.0; Win64; x64) AppleWebKit/537.36 (KHTML, like Gecko) Chrome/152.0.0.0 Safari/537.36"
69.165.232.70 - - [01/Sep/2026:08:55:50 -0400] "GET /wp-content/plugins/forminator/assets/js/front/Chart.min.js?ver=2.8.0 HTTP/1.1" 304 - "https://kcjstudio.com/wp-admin/admin.php?page=forminator-cform-wizard&id=247124" "Mozilla/5.0 (Windows NT 10.0; Win64; x64) AppleWebKit/537.36 (KHTML, like Gecko) Chrome/152.0.0.0 Safari/537.36"
69.165.232.70 - - [01/Sep/2026:08:55:50 -0400] "GET /wp-content/plugins/forminator/assets/js/library/jquery.validate.min.js?ver=1.56.2 HTTP/1.1" 304 - "https://kcjstudio.com/wp-admin/admin.php?page=forminator-cform-wizard&id=247124" "Mozilla/5.0 (Windows NT 10.0; Win64; x64) AppleWebKit/537.36 (KHTML, like Gecko) Chrome/152.0.0.0 Safari/537.36"
69.165.232.70 - - [01/Sep/2026:08:55:50 -0400] "GET /wp-content/plugins/forminator/build/front/front.multi.min.js?ver=1.56.2 HTTP/1.1" 304 - "https://kcjstudio.com/wp-admin/admin.php?page=forminator-cform-wizard&id=247124" "Mozilla/5.0 (Windows NT 10.0; Win64; x64) AppleWebKit/537.36 (KHTML, like Gecko) Chrome/152.0.0.0 Safari/537.36"
69.165.232.70 - - [01/Sep/2026:08:55:50 -0400] "GET /wp-content/plugins/forminator/assets/js/library/intlTelInput.min.js?ver=1.56.2 HTTP/1.1" 304 - "https://kcjstudio.com/wp-admin/admin.php?page=forminator-cform-wizard&id=247124" "Mozilla/5.0 (Windows NT 10.0; Win64; x64) AppleWebKit/537.36 (KHTML, like Gecko) Chrome/152.0.0.0 Safari/537.36"
69.165.232.70 - - [01/Sep/2026:08:55:50 -0400] "GET /wp-content/plugins/forminator/assets/js/library/dompurify.min.js?ver=3.3.1 HTTP/1.1" 304 - "https://kcjstudio.com/wp-admin/admin.php?page=forminator-cform-wizard&id=247124" "Mozilla/5.0 (Windows NT 10.0; Win64; x64) AppleWebKit/537.36 (KHTML, like Gecko) Chrome/152.0.0.0 Safari/537.36"
69.165.232.70 - - [01/Sep/2026:08:55:50 -0400] "GET /wp-content/plugins/updraftplus/images/dashicon-white.png HTTP/1.1" 304 - "https://kcjstudio.com/wp-admin/admin.php?page=forminator-cform-wizard&id=247124" "Mozilla/5.0 (Windows NT 10.0; Win64; x64) AppleWebKit/537.36 (KHTML, like Gecko) Chrome/152.0.0.0 Safari/537.36"
