34.75.231.121 - - [01/Sep/2026:10:30:26 -0400] "GET /aws-exports.js HTTP/1.1" 401 12594 "-" "Mozilla/5.0 (Macintosh; Intel Mac OS X 10_15_7) AppleWebKit/537.36 (KHTML, like Gecko) Chrome/148.0.0.0 Safari/537.36"
34.75.231.121 - - [01/Sep/2026:10:30:26 -0400] "GET /src/aws-exports.js HTTP/1.1" 404 3495 "-" "Mozilla/5.0 (Macintosh; Intel Mac OS X 10_15_7) AppleWebKit/537.36 (KHTML, like Gecko) Chrome/148.0.0.0 Safari/537.36"
34.75.231.121 - - [01/Sep/2026:10:30:26 -0400] "GET /amplify_outputs.json HTTP/1.1" 404 3495 "-" "Mozilla/5.0 (Macintosh; Intel Mac OS X 10_15_7) AppleWebKit/537.36 (KHTML, like Gecko) Chrome/148.0.0.0 Safari/537.36"
34.75.231.121 - - [01/Sep/2026:10:30:26 -0400] "GET /src/amplifyconfiguration.json HTTP/1.1" 404 3495 "-" "Mozilla/5.0 (Macintosh; Intel Mac OS X 10_15_7) AppleWebKit/537.36 (KHTML, like Gecko) Chrome/148.0.0.0 Safari/537.36"
34.75.231.121 - - [01/Sep/2026:10:30:26 -0400] "GET /amplifyconfiguration.json HTTP/1.1" 401 12615 "-" "Mozilla/5.0 (Macintosh; Intel Mac OS X 10_15_7) AppleWebKit/537.36 (KHTML, like Gecko) Chrome/148.0.0.0 Safari/537.36"
34.75.231.121 - - [01/Sep/2026:10:30:26 -0400] "GET /awsconfiguration.json HTTP/1.1" 401 12616 "-" "Mozilla/5.0 (Macintosh; Intel Mac OS X 10_15_7) AppleWebKit/537.36 (KHTML, like Gecko) Chrome/148.0.0.0 Safari/537.36"
34.75.231.121 - - [01/Sep/2026:10:30:26 -0400] "GET /aws-config.js HTTP/1.1" 401 12616 "-" "Mozilla/5.0 (Macintosh; Intel Mac OS X 10_15_7) AppleWebKit/537.36 (KHTML, like Gecko) Chrome/148.0.0.0 Safari/537.36"
34.75.231.121 - - [01/Sep/2026:10:30:26 -0400] "GET /wp-json HTTP/1.1" 404 3495 "-" "Mozilla/5.0 (Macintosh; Intel Mac OS X 10_15_7) AppleWebKit/537.36 (KHTML, like Gecko) Chrome/148.0.0.0 Safari/537.36"
34.75.231.121 - - [01/Sep/2026:10:30:26 -0400] "GET /secrets.json HTTP/1.1" 401 12619 "-" "Mozilla/5.0 (Macintosh; Intel Mac OS X 10_15_7) AppleWebKit/537.36 (KHTML, like Gecko) Chrome/148.0.0.0 Safari/537.36"
34.75.231.121 - - [01/Sep/2026:10:30:26 -0400] "GET /.aws/credentials HTTP/1.1" 401 12613 "-" "Mozilla/5.0 (Macintosh; Intel Mac OS X 10_15_7) AppleWebKit/537.36 (KHTML, like Gecko) Chrome/148.0.0.0 Safari/537.36"
34.75.231.121 - - [01/Sep/2026:10:30:26 -0400] "GET /.aws/config HTTP/1.1" 401 12613 "-" "Mozilla/5.0 (Macintosh; Intel Mac OS X 10_15_7) AppleWebKit/537.36 (KHTML, like Gecko) Chrome/148.0.0.0 Safari/537.36"
34.75.231.121 - - [01/Sep/2026:10:30:26 -0400] "GET /.git/config HTTP/1.1" 401 12622 "-" "Mozilla/5.0 (Macintosh; Intel Mac OS X 10_15_7) AppleWebKit/537.36 (KHTML, like Gecko) Chrome/148.0.0.0 Safari/537.36"
34.75.231.121 - - [01/Sep/2026:10:30:26 -0400] "GET /__/firebase/init.json HTTP/1.1" 401 12618 "-" "Mozilla/5.0 (Macintosh; Intel Mac OS X 10_15_7) AppleWebKit/537.36 (KHTML, like Gecko) Chrome/148.0.0.0 Safari/537.36"
34.75.231.121 - - [01/Sep/2026:10:30:26 -0400] "GET /awsConfig.js HTTP/1.1" 401 12613 "-" "Mozilla/5.0 (Macintosh; Intel Mac OS X 10_15_7) AppleWebKit/537.36 (KHTML, like Gecko) Chrome/148.0.0.0 Safari/537.36"
34.75.231.121 - - [01/Sep/2026:10:30:27 -0400] "GET /.git-credentials HTTP/1.1" 404 3495 "-" "Mozilla/5.0 (Macintosh; Intel Mac OS X 10_15_7) AppleWebKit/537.36 (KHTML, like Gecko) Chrome/148.0.0.0 Safari/537.36"
34.75.231.121 - - [01/Sep/2026:10:30:27 -0400] "GET /config.js HTTP/1.1" 404 3495 "-" "Mozilla/5.0 (Macintosh; Intel Mac OS X 10_15_7) AppleWebKit/537.36 (KHTML, like Gecko) Chrome/148.0.0.0 Safari/537.36"
34.75.231.121 - - [01/Sep/2026:10:30:27 -0400] "GET /.gitconfig HTTP/1.1" 404 3495 "-" "Mozilla/5.0 (Macintosh; Intel Mac OS X 10_15_7) AppleWebKit/537.36 (KHTML, like Gecko) Chrome/148.0.0.0 Safari/537.36"
34.75.231.121 - - [01/Sep/2026:10:30:27 -0400] "GET /.git/HEAD HTTP/1.1" 404 3495 "-" "Mozilla/5.0 (Macintosh; Intel Mac OS X 10_15_7) AppleWebKit/537.36 (KHTML, like Gecko) Chrome/148.0.0.0 Safari/537.36"
34.75.231.121 - - [01/Sep/2026:10:30:27 -0400] "GET /config.json HTTP/1.1" 401 12595 "-" "Mozilla/5.0 (Macintosh; Intel Mac OS X 10_15_7) AppleWebKit/537.36 (KHTML, like Gecko) Chrome/148.0.0.0 Safari/537.36"
34.75.231.121 - - [01/Sep/2026:10:30:27 -0400] "GET /.gitlab-ci.yml HTTP/1.1" 404 3495 "-" "Mozilla/5.0 (Macintosh; Intel Mac OS X 10_15_7) AppleWebKit/537.36 (KHTML, like Gecko) Chrome/148.0.0.0 Safari/537.36"
34.75.231.121 - - [01/Sep/2026:10:30:27 -0400] "GET /.env HTTP/1.1" 401 12622 "-" "Mozilla/5.0 (Macintosh; Intel Mac OS X 10_15_7) AppleWebKit/537.36 (KHTML, like Gecko) Chrome/148.0.0.0 Safari/537.36"
34.75.231.121 - - [01/Sep/2026:10:30:27 -0400] "GET /api/v1/settings HTTP/1.1" 401 12614 "-" "Mozilla/5.0 (Macintosh; Intel Mac OS X 10_15_7) AppleWebKit/537.36 (KHTML, like Gecko) Chrome/148.0.0.0 Safari/537.36"
34.75.231.121 - - [01/Sep/2026:10:30:27 -0400] "GET /.github/workflows/deploy.yml HTTP/1.1" 401 12620 "-" "Mozilla/5.0 (Macintosh; Intel Mac OS X 10_15_7) AppleWebKit/537.36 (KHTML, like Gecko) Chrome/148.0.0.0 Safari/537.36"
34.75.231.121 - - [01/Sep/2026:10:30:27 -0400] "GET /api/config HTTP/1.1" 401 12613 "-" "Mozilla/5.0 (Macintosh; Intel Mac OS X 10_15_7) AppleWebKit/537.36 (KHTML, like Gecko) Chrome/148.0.0.0 Safari/537.36"
34.75.231.121 - - [01/Sep/2026:10:30:27 -0400] "GET /api/settings HTTP/1.1" 401 12611 "-" "Mozilla/5.0 (Macintosh; Intel Mac OS X 10_15_7) AppleWebKit/537.36 (KHTML, like Gecko) Chrome/148.0.0.0 Safari/537.36"
34.75.231.121 - - [01/Sep/2026:10:30:27 -0400] "GET /settings.json HTTP/1.1" 401 12611 "-" "Mozilla/5.0 (Macintosh; Intel Mac OS X 10_15_7) AppleWebKit/537.36 (KHTML, like Gecko) Chrome/148.0.0.0 Safari/537.36"
34.75.231.121 - - [01/Sep/2026:10:30:27 -0400] "GET /.env.production HTTP/1.1" 404 3495 "-" "Mozilla/5.0 (Macintosh; Intel Mac OS X 10_15_7) AppleWebKit/537.36 (KHTML, like Gecko) Chrome/148.0.0.0 Safari/537.36"
34.75.231.121 - - [01/Sep/2026:10:30:27 -0400] "GET /env.js HTTP/1.1" 404 3495 "-" "Mozilla/5.0 (Macintosh; Intel Mac OS X 10_15_7) AppleWebKit/537.36 (KHTML, like Gecko) Chrome/148.0.0.0 Safari/537.36"
34.75.231.121 - - [01/Sep/2026:10:30:28 -0400] "GET /.env.example HTTP/1.1" 404 3495 "-" "Mozilla/5.0 (Macintosh; Intel Mac OS X 10_15_7) AppleWebKit/537.36 (KHTML, like Gecko) Chrome/148.0.0.0 Safari/537.36"
34.75.231.121 - - [01/Sep/2026:10:30:28 -0400] "GET /env.json HTTP/1.1" 401 12590 "-" "Mozilla/5.0 (Macintosh; Intel Mac OS X 10_15_7) AppleWebKit/537.36 (KHTML, like Gecko) Chrome/148.0.0.0 Safari/537.36"
34.75.231.121 - - [01/Sep/2026:10:30:28 -0400] "GET /.env.backup HTTP/1.1" 404 3495 "-" "Mozilla/5.0 (Macintosh; Intel Mac OS X 10_15_7) AppleWebKit/537.36 (KHTML, like Gecko) Chrome/148.0.0.0 Safari/537.36"
34.75.231.121 - - [01/Sep/2026:10:30:28 -0400] "GET /.env.local HTTP/1.1" 404 3495 "-" "Mozilla/5.0 (Macintosh; Intel Mac OS X 10_15_7) AppleWebKit/537.36 (KHTML, like Gecko) Chrome/148.0.0.0 Safari/537.36"
34.75.231.121 - - [01/Sep/2026:10:30:28 -0400] "GET /firebase-config.json HTTP/1.1" 404 3495 "-" "Mozilla/5.0 (Macintosh; Intel Mac OS X 10_15_7) AppleWebKit/537.36 (KHTML, like Gecko) Chrome/148.0.0.0 Safari/537.36"
34.75.231.121 - - [01/Sep/2026:10:30:28 -0400] "GET /.well-known/jwks.json HTTP/1.1" 404 3495 "-" "Mozilla/5.0 (Macintosh; Intel Mac OS X 10_15_7) AppleWebKit/537.36 (KHTML, like Gecko) Chrome/148.0.0.0 Safari/537.36"
34.75.231.121 - - [01/Sep/2026:10:30:28 -0400] "GET /.env.bak HTTP/1.1" 401 12589 "-" "Mozilla/5.0 (Macintosh; Intel Mac OS X 10_15_7) AppleWebKit/537.36 (KHTML, like Gecko) Chrome/148.0.0.0 Safari/537.36"
104.247.76.75 - - [01/Sep/2026:10:30:46 -0400] "POST /wp-cron.php?doing_wp_cron=1788273046.8748500347137451171875 HTTP/1.1" 200 - "-" "WordPress/7.1; https://kcjstudio.com"
69.165.232.70 - - [01/Sep/2026:10:30:46 -0400] "POST /wp-admin/admin-ajax.php HTTP/1.1" 200 67 "https://kcjstudio.com/wp-admin/admin.php?page=wpmudev" "Mozilla/5.0 (Windows NT 10.0; Win64; x64) AppleWebKit/537.36 (KHTML, like Gecko) Chrome/152.0.0.0 Safari/537.36"
104.247.76.75 - - [01/Sep/2026:10:31:46 -0400] "POST /wp-cron.php?doing_wp_cron=1788273106.8636329174041748046875 HTTP/1.1" 200 - "-" "WordPress/7.1; https://kcjstudio.com"
69.165.232.70 - - [01/Sep/2026:10:31:46 -0400] "POST /wp-admin/admin-ajax.php HTTP/1.1" 200 67 "https://kcjstudio.com/wp-admin/admin.php?page=wpmudev" "Mozilla/5.0 (Windows NT 10.0; Win64; x64) AppleWebKit/537.36 (KHTML, like Gecko) Chrome/152.0.0.0 Safari/537.36"
104.247.76.75 - - [01/Sep/2026:10:32:46 -0400] "POST /wp-cron.php?doing_wp_cron=1788273166.9522640705108642578125 HTTP/1.1" 200 - "-" "WordPress/7.1; https://kcjstudio.com"
69.165.232.70 - - [01/Sep/2026:10:32:46 -0400] "POST /wp-admin/admin-ajax.php HTTP/1.1" 200 67 "https://kcjstudio.com/wp-admin/admin.php?page=wpmudev" "Mozilla/5.0 (Windows NT 10.0; Win64; x64) AppleWebKit/537.36 (KHTML, like Gecko) Chrome/152.0.0.0 Safari/537.36"
104.247.76.75 - - [01/Sep/2026:10:32:49 -0400] "POST /wp-cron.php?doing_wp_cron=1788273169.6962449550628662109375 HTTP/1.1" 200 - "-" "WordPress/7.1; https://kcjstudio.com"
66.249.74.102 - - [01/Sep/2026:10:32:49 -0400] "GET /shop/detail/69186172082 HTTP/1.1" 404 16325 "-" "Mozilla/5.0 (Linux; Android 6.0.1; Nexus 5X Build/MMB29P) AppleWebKit/537.36 (KHTML, like Gecko) Chrome/151.0.7922.173 Mobile Safari/537.36 (compatible; Googlebot/2.1; +http://www.google.com/bot.html)"
66.249.74.103 - - [01/Sep/2026:10:33:27 -0400] "GET /shop/detail/48786138671 HTTP/1.1" 404 16321 "-" "Mozilla/5.0 (compatible; Googlebot/2.1; +http://www.google.com/bot.html)"
66.249.74.102 - - [01/Sep/2026:10:33:45 -0400] "GET /shop/detail/69186172082 HTTP/1.1" 404 16325 "-" "Mozilla/5.0 (Linux; Android 6.0.1; Nexus 5X Build/MMB29P) AppleWebKit/537.36 (KHTML, like Gecko) Chrome/151.0.7922.173 Mobile Safari/537.36 (compatible; Googlebot/2.1; +http://www.google.com/bot.html)"
104.247.76.75 - - [01/Sep/2026:10:34:49 -0400] "POST /wp-cron.php?doing_wp_cron=1788273289.0514490604400634765625 HTTP/1.1" 200 - "-" "WordPress/7.1; https://kcjstudio.com"
69.165.232.70 - - [01/Sep/2026:10:34:47 -0400] "POST /wp-admin/admin-ajax.php HTTP/1.1" 200 67 "https://kcjstudio.com/wp-admin/admin.php?page=wpmudev" "Mozilla/5.0 (Windows NT 10.0; Win64; x64) AppleWebKit/537.36 (KHTML, like Gecko) Chrome/152.0.0.0 Safari/537.36"
104.247.76.75 - - [01/Sep/2026:10:34:48 -0400] "POST /wp-admin/admin-ajax.php?action=as_async_request_queue_runner&nonce=f888683fa3 HTTP/1.1" 200 - "-" "WordPress/7.1; https://kcjstudio.com"
104.247.76.75 - - [01/Sep/2026:10:36:49 -0400] "POST /wp-cron.php?doing_wp_cron=1788273409.9399850368499755859375 HTTP/1.1" 200 - "-" "WordPress/7.1; https://kcjstudio.com"
69.165.232.70 - - [01/Sep/2026:10:36:48 -0400] "POST /wp-admin/admin-ajax.php HTTP/1.1" 200 67 "https://kcjstudio.com/wp-admin/admin.php?page=wpmudev" "Mozilla/5.0 (Windows NT 10.0; Win64; x64) AppleWebKit/537.36 (KHTML, like Gecko) Chrome/152.0.0.0 Safari/537.36"
104.247.76.75 - - [01/Sep/2026:10:36:49 -0400] "POST /wp-admin/admin-ajax.php?action=as_async_request_queue_runner&nonce=f888683fa3 HTTP/1.1" 200 - "-" "WordPress/7.1; https://kcjstudio.com"
104.247.76.75 - - [01/Sep/2026:10:38:50 -0400] "POST /wp-cron.php?doing_wp_cron=1788273530.9271531105041503906250 HTTP/1.1" 200 - "-" "WordPress/7.1; https://kcjstudio.com"
69.165.232.70 - - [01/Sep/2026:10:38:49 -0400] "POST /wp-admin/admin-ajax.php HTTP/1.1" 200 67 "https://kcjstudio.com/wp-admin/admin.php?page=wpmudev" "Mozilla/5.0 (Windows NT 10.0; Win64; x64) AppleWebKit/537.36 (KHTML, like Gecko) Chrome/152.0.0.0 Safari/537.36"
104.247.76.75 - - [01/Sep/2026:10:38:49 -0400] "POST /wp-admin/admin-ajax.php?action=as_async_request_queue_runner&nonce=f888683fa3 HTTP/1.1" 200 - "-" "WordPress/7.1; https://kcjstudio.com"
104.247.76.75 - - [01/Sep/2026:10:40:51 -0400] "POST /wp-cron.php?doing_wp_cron=1788273651.9402871131896972656250 HTTP/1.1" 200 - "-" "WordPress/7.1; https://kcjstudio.com"
69.165.232.70 - - [01/Sep/2026:10:40:50 -0400] "POST /wp-admin/admin-ajax.php HTTP/1.1" 200 67 "https://kcjstudio.com/wp-admin/admin.php?page=wpmudev" "Mozilla/5.0 (Windows NT 10.0; Win64; x64) AppleWebKit/537.36 (KHTML, like Gecko) Chrome/152.0.0.0 Safari/537.36"
104.247.76.75 - - [01/Sep/2026:10:40:50 -0400] "POST /wp-admin/admin-ajax.php?action=as_async_request_queue_runner&nonce=f888683fa3 HTTP/1.1" 200 - "-" "WordPress/7.1; https://kcjstudio.com"
104.247.76.75 - - [01/Sep/2026:10:42:53 -0400] "POST /wp-cron.php?doing_wp_cron=1788273773.0381519794464111328125 HTTP/1.1" 200 - "-" "WordPress/7.1; https://kcjstudio.com"
69.165.232.70 - - [01/Sep/2026:10:42:51 -0400] "POST /wp-admin/admin-ajax.php HTTP/1.1" 200 67 "https://kcjstudio.com/wp-admin/admin.php?page=wpmudev" "Mozilla/5.0 (Windows NT 10.0; Win64; x64) AppleWebKit/537.36 (KHTML, like Gecko) Chrome/152.0.0.0 Safari/537.36"
104.247.76.75 - - [01/Sep/2026:10:42:52 -0400] "POST /wp-admin/admin-ajax.php?action=as_async_request_queue_runner&nonce=f888683fa3 HTTP/1.1" 200 - "-" "WordPress/7.1; https://kcjstudio.com"
57.129.134.182 - - [01/Sep/2026:10:43:22 -0400] "GET /-/esb-firstlevel/de/psd2 HTTP/1.1" 404 16323 "http://avanteshipping.com/" "Mozilla/5.0 (iPhone; CPU iPhone OS 15_0 like Mac OS X) AppleWebKit/605.1.15 (KHTML, like Gecko) Version/15.0 Mobile/15E148 Safari/604.1"
57.129.134.182 - - [01/Sep/2026:10:43:23 -0400] "GET /wp-content/uploads/hummingbird-assets/c4052befffef26c1b63326bf5bf1ad69.css HTTP/1.1" 200 401 "https://kcjstudio.com/-/esb-firstlevel/de/psd2" "Mozilla/5.0 (iPhone; CPU iPhone OS 15_0 like Mac OS X) AppleWebKit/605.1.15 (KHTML, like Gecko) Version/15.0 Mobile/15E148 Safari/604.1"
57.129.134.182 - - [01/Sep/2026:10:43:23 -0400] "GET /wp-content/et-cache/notfound/et-divi-dynamic-tb-199-late.css HTTP/1.1" 200 219 "https://kcjstudio.com/-/esb-firstlevel/de/psd2" "Mozilla/5.0 (iPhone; CPU iPhone OS 15_0 like Mac OS X) AppleWebKit/605.1.15 (KHTML, like Gecko) Version/15.0 Mobile/15E148 Safari/604.1"
57.129.134.182 - - [01/Sep/2026:10:43:24 -0400] "GET /wp-content/et-cache/notfound/et-divi-dynamic-tb-199.css HTTP/1.1" 200 12207 "https://kcjstudio.com/-/esb-firstlevel/de/psd2" "Mozilla/5.0 (iPhone; CPU iPhone OS 15_0 like Mac OS X) AppleWebKit/605.1.15 (KHTML, like Gecko) Version/15.0 Mobile/15E148 Safari/604.1"
57.129.134.182 - - [01/Sep/2026:10:43:24 -0400] "GET /wp-content/plugins/ameliabooking/extensions/divi_amelia/styles/style.min.css HTTP/1.1" 200 - "https://kcjstudio.com/-/esb-firstlevel/de/psd2" "Mozilla/5.0 (iPhone; CPU iPhone OS 15_0 like Mac OS X) AppleWebKit/605.1.15 (KHTML, like Gecko) Version/15.0 Mobile/15E148 Safari/604.1"
57.129.134.182 - - [01/Sep/2026:10:43:24 -0400] "GET /wp-content/uploads/hummingbird-assets/cf4d24a3edc0d6802791a62d72fa06db.css HTTP/1.1" 200 2193 "https://kcjstudio.com/-/esb-firstlevel/de/psd2" "Mozilla/5.0 (iPhone; CPU iPhone OS 15_0 like Mac OS X) AppleWebKit/605.1.15 (KHTML, like Gecko) Version/15.0 Mobile/15E148 Safari/604.1"
57.129.134.182 - - [01/Sep/2026:10:43:24 -0400] "GET /wp-content/uploads/hummingbird-assets/f466e392632aaae20a30f4357eed3170.js HTTP/1.1" 200 34451 "https://kcjstudio.com/-/esb-firstlevel/de/psd2" "Mozilla/5.0 (iPhone; CPU iPhone OS 15_0 like Mac OS X) AppleWebKit/605.1.15 (KHTML, like Gecko) Version/15.0 Mobile/15E148 Safari/604.1"
57.129.134.182 - - [01/Sep/2026:10:43:24 -0400] "GET /wp-content/uploads/hummingbird-assets/12d759fc5af23e4ae77112ef96ed5d12.js HTTP/1.1" 200 70589 "https://kcjstudio.com/-/esb-firstlevel/de/psd2" "Mozilla/5.0 (iPhone; CPU iPhone OS 15_0 like Mac OS X) AppleWebKit/605.1.15 (KHTML, like Gecko) Version/15.0 Mobile/15E148 Safari/604.1"
57.129.134.182 - - [01/Sep/2026:10:43:24 -0400] "GET /wp-content/themes/Divi/core/admin/fonts/modules/base/modules.woff HTTP/1.1" 200 3076 "https://kcjstudio.com/wp-content/et-cache/notfound/et-divi-dynamic-tb-199.css" "Mozilla/5.0 (iPhone; CPU iPhone OS 15_0 like Mac OS X) AppleWebKit/605.1.15 (KHTML, like Gecko) Version/15.0 Mobile/15E148 Safari/604.1"
57.129.134.182 - - [01/Sep/2026:10:43:24 -0400] "GET /wp-content/uploads/hummingbird-assets/1abb620b1f6c7c9bb7e5de19eb0f15d5.js HTTP/1.1" 200 9102 "https://kcjstudio.com/-/esb-firstlevel/de/psd2" "Mozilla/5.0 (iPhone; CPU iPhone OS 15_0 like Mac OS X) AppleWebKit/605.1.15 (KHTML, like Gecko) Version/15.0 Mobile/15E148 Safari/604.1"
57.129.134.182 - - [01/Sep/2026:10:43:24 -0400] "GET /wp-content/themes/Divi/core/admin/fonts/modules/all/modules.woff HTTP/1.1" 200 37328 "https://kcjstudio.com/wp-content/et-cache/notfound/et-divi-dynamic-tb-199-late.css" "Mozilla/5.0 (iPhone; CPU iPhone OS 15_0 like Mac OS X) AppleWebKit/605.1.15 (KHTML, like Gecko) Version/15.0 Mobile/15E148 Safari/604.1"
57.129.134.182 - - [01/Sep/2026:10:43:24 -0400] "GET /wp-content/plugins/divi-bars/assets/js/main.helper.js HTTP/1.1" 200 - "https://kcjstudio.com/-/esb-firstlevel/de/psd2" "Mozilla/5.0 (iPhone; CPU iPhone OS 15_0 like Mac OS X) AppleWebKit/605.1.15 (KHTML, like Gecko) Version/15.0 Mobile/15E148 Safari/604.1"
57.129.134.182 - - [01/Sep/2026:10:43:24 -0400] "GET /wp-content/uploads/hummingbird-assets/b29edba45593c1a93da7f6a2cca6ead8.js HTTP/1.1" 200 870 "https://kcjstudio.com/-/esb-firstlevel/de/psd2" "Mozilla/5.0 (iPhone; CPU iPhone OS 15_0 like Mac OS X) AppleWebKit/605.1.15 (KHTML, like Gecko) Version/15.0 Mobile/15E148 Safari/604.1"
57.129.134.182 - - [01/Sep/2026:10:43:25 -0400] "GET /wp-content/themes/Divi/images/logo.png HTTP/1.1" 200 1740 "https://kcjstudio.com/-/esb-firstlevel/de/psd2" "Mozilla/5.0 (iPhone; CPU iPhone OS 15_0 like Mac OS X) AppleWebKit/605.1.15 (KHTML, like Gecko) Version/15.0 Mobile/15E148 Safari/604.1"
88.217.180.193 - - [01/Sep/2026:10:43:26 -0400] "GET /-/esb-firstlevel/de/psd2 HTTP/1.1" 404 16323 "http://avanteshipping.com/" "Mozilla/5.0 (iPhone; CPU iPhone OS 15_0 like Mac OS X) AppleWebKit/605.1.15 (KHTML, like Gecko) Version/15.0 Mobile/15E148 Safari/604.1"
88.217.180.193 - - [01/Sep/2026:10:43:27 -0400] "GET /wp-content/uploads/hummingbird-assets/c4052befffef26c1b63326bf5bf1ad69.css HTTP/1.1" 200 401 "https://kcjstudio.com/-/esb-firstlevel/de/psd2" "Mozilla/5.0 (iPhone; CPU iPhone OS 15_0 like Mac OS X) AppleWebKit/605.1.15 (KHTML, like Gecko) Version/15.0 Mobile/15E148 Safari/604.1"
88.217.180.193 - - [01/Sep/2026:10:43:27 -0400] "GET /wp-content/et-cache/notfound/et-divi-dynamic-tb-199-late.css HTTP/1.1" 200 219 "https://kcjstudio.com/-/esb-firstlevel/de/psd2" "Mozilla/5.0 (iPhone; CPU iPhone OS 15_0 like Mac OS X) AppleWebKit/605.1.15 (KHTML, like Gecko) Version/15.0 Mobile/15E148 Safari/604.1"
88.217.180.193 - - [01/Sep/2026:10:43:27 -0400] "GET /wp-content/et-cache/notfound/et-divi-dynamic-tb-199.css HTTP/1.1" 200 12207 "https://kcjstudio.com/-/esb-firstlevel/de/psd2" "Mozilla/5.0 (iPhone; CPU iPhone OS 15_0 like Mac OS X) AppleWebKit/605.1.15 (KHTML, like Gecko) Version/15.0 Mobile/15E148 Safari/604.1"
88.217.180.193 - - [01/Sep/2026:10:43:27 -0400] "GET /wp-content/plugins/ameliabooking/extensions/divi_amelia/styles/style.min.css HTTP/1.1" 200 - "https://kcjstudio.com/-/esb-firstlevel/de/psd2" "Mozilla/5.0 (iPhone; CPU iPhone OS 15_0 like Mac OS X) AppleWebKit/605.1.15 (KHTML, like Gecko) Version/15.0 Mobile/15E148 Safari/604.1"
88.217.180.193 - - [01/Sep/2026:10:43:27 -0400] "GET /wp-content/uploads/hummingbird-assets/cf4d24a3edc0d6802791a62d72fa06db.css HTTP/1.1" 200 2193 "https://kcjstudio.com/-/esb-firstlevel/de/psd2" "Mozilla/5.0 (iPhone; CPU iPhone OS 15_0 like Mac OS X) AppleWebKit/605.1.15 (KHTML, like Gecko) Version/15.0 Mobile/15E148 Safari/604.1"
88.217.180.193 - - [01/Sep/2026:10:43:27 -0400] "GET /wp-content/uploads/hummingbird-assets/f466e392632aaae20a30f4357eed3170.js HTTP/1.1" 200 34451 "https://kcjstudio.com/-/esb-firstlevel/de/psd2" "Mozilla/5.0 (iPhone; CPU iPhone OS 15_0 like Mac OS X) AppleWebKit/605.1.15 (KHTML, like Gecko) Version/15.0 Mobile/15E148 Safari/604.1"
88.217.180.193 - - [01/Sep/2026:10:43:28 -0400] "GET /wp-content/uploads/hummingbird-assets/12d759fc5af23e4ae77112ef96ed5d12.js HTTP/1.1" 200 70589 "https://kcjstudio.com/-/esb-firstlevel/de/psd2" "Mozilla/5.0 (iPhone; CPU iPhone OS 15_0 like Mac OS X) AppleWebKit/605.1.15 (KHTML, like Gecko) Version/15.0 Mobile/15E148 Safari/604.1"
88.217.180.193 - - [01/Sep/2026:10:43:28 -0400] "GET /wp-content/themes/Divi/core/admin/fonts/modules/base/modules.woff HTTP/1.1" 200 3076 "https://kcjstudio.com/wp-content/et-cache/notfound/et-divi-dynamic-tb-199.css" "Mozilla/5.0 (iPhone; CPU iPhone OS 15_0 like Mac OS X) AppleWebKit/605.1.15 (KHTML, like Gecko) Version/15.0 Mobile/15E148 Safari/604.1"
88.217.180.193 - - [01/Sep/2026:10:43:28 -0400] "GET /wp-content/uploads/hummingbird-assets/1abb620b1f6c7c9bb7e5de19eb0f15d5.js HTTP/1.1" 200 9102 "https://kcjstudio.com/-/esb-firstlevel/de/psd2" "Mozilla/5.0 (iPhone; CPU iPhone OS 15_0 like Mac OS X) AppleWebKit/605.1.15 (KHTML, like Gecko) Version/15.0 Mobile/15E148 Safari/604.1"
88.217.180.193 - - [01/Sep/2026:10:43:28 -0400] "GET /wp-content/themes/Divi/core/admin/fonts/modules/all/modules.woff HTTP/1.1" 200 37328 "https://kcjstudio.com/wp-content/et-cache/notfound/et-divi-dynamic-tb-199-late.css" "Mozilla/5.0 (iPhone; CPU iPhone OS 15_0 like Mac OS X) AppleWebKit/605.1.15 (KHTML, like Gecko) Version/15.0 Mobile/15E148 Safari/604.1"
88.217.180.193 - - [01/Sep/2026:10:43:29 -0400] "GET /wp-content/plugins/divi-bars/assets/js/main.helper.js HTTP/1.1" 200 - "https://kcjstudio.com/-/esb-firstlevel/de/psd2" "Mozilla/5.0 (iPhone; CPU iPhone OS 15_0 like Mac OS X) AppleWebKit/605.1.15 (KHTML, like Gecko) Version/15.0 Mobile/15E148 Safari/604.1"
57.129.134.182 - - [01/Sep/2026:10:43:29 -0400] "GET /wp-content/uploads/2023/01/cropped-KCJ-STUDIO-ICON-300PX-32x32.png HTTP/1.1" 200 801 "https://kcjstudio.com/-/esb-firstlevel/de/psd2" "Mozilla/5.0 (iPhone; CPU iPhone OS 15_0 like Mac OS X) AppleWebKit/605.1.15 (KHTML, like Gecko) Version/15.0 Mobile/15E148 Safari/604.1"
88.217.180.193 - - [01/Sep/2026:10:43:29 -0400] "GET /wp-content/uploads/hummingbird-assets/b29edba45593c1a93da7f6a2cca6ead8.js HTTP/1.1" 200 870 "https://kcjstudio.com/-/esb-firstlevel/de/psd2" "Mozilla/5.0 (iPhone; CPU iPhone OS 15_0 like Mac OS X) AppleWebKit/605.1.15 (KHTML, like Gecko) Version/15.0 Mobile/15E148 Safari/604.1"
88.217.180.193 - - [01/Sep/2026:10:43:29 -0400] "GET /wp-content/themes/Divi/images/logo.png HTTP/1.1" 200 1740 "https://kcjstudio.com/-/esb-firstlevel/de/psd2" "Mozilla/5.0 (iPhone; CPU iPhone OS 15_0 like Mac OS X) AppleWebKit/605.1.15 (KHTML, like Gecko) Version/15.0 Mobile/15E148 Safari/604.1"
104.247.76.75 - - [01/Sep/2026:10:44:53 -0400] "POST /wp-cron.php?doing_wp_cron=1788273893.9221670627593994140625 HTTP/1.1" 200 - "-" "WordPress/7.1; https://kcjstudio.com"
69.165.232.70 - - [01/Sep/2026:10:44:52 -0400] "POST /wp-admin/admin-ajax.php HTTP/1.1" 200 67 "https://kcjstudio.com/wp-admin/admin.php?page=wpmudev" "Mozilla/5.0 (Windows NT 10.0; Win64; x64) AppleWebKit/537.36 (KHTML, like Gecko) Chrome/152.0.0.0 Safari/537.36"
104.247.76.75 - - [01/Sep/2026:10:44:52 -0400] "POST /wp-admin/admin-ajax.php?action=as_async_request_queue_runner&nonce=f888683fa3 HTTP/1.1" 200 - "-" "WordPress/7.1; https://kcjstudio.com"
104.247.76.75 - - [01/Sep/2026:10:46:54 -0400] "POST /wp-cron.php?doing_wp_cron=1788274014.9491400718688964843750 HTTP/1.1" 200 - "-" "WordPress/7.1; https://kcjstudio.com"
69.165.232.70 - - [01/Sep/2026:10:46:53 -0400] "POST /wp-admin/admin-ajax.php HTTP/1.1" 200 67 "https://kcjstudio.com/wp-admin/admin.php?page=wpmudev" "Mozilla/5.0 (Windows NT 10.0; Win64; x64) AppleWebKit/537.36 (KHTML, like Gecko) Chrome/152.0.0.0 Safari/537.36"
104.247.76.75 - - [01/Sep/2026:10:46:53 -0400] "POST /wp-admin/admin-ajax.php?action=as_async_request_queue_runner&nonce=f888683fa3 HTTP/1.1" 200 - "-" "WordPress/7.1; https://kcjstudio.com"
104.247.76.75 - - [01/Sep/2026:10:48:55 -0400] "POST /wp-cron.php?doing_wp_cron=1788274135.9598550796508789062500 HTTP/1.1" 200 - "-" "WordPress/7.1; https://kcjstudio.com"
69.165.232.70 - - [01/Sep/2026:10:48:54 -0400] "POST /wp-admin/admin-ajax.php HTTP/1.1" 200 67 "https://kcjstudio.com/wp-admin/admin.php?page=wpmudev" "Mozilla/5.0 (Windows NT 10.0; Win64; x64) AppleWebKit/537.36 (KHTML, like Gecko) Chrome/152.0.0.0 Safari/537.36"
104.247.76.75 - - [01/Sep/2026:10:48:54 -0400] "POST /wp-admin/admin-ajax.php?action=as_async_request_queue_runner&nonce=f888683fa3 HTTP/1.1" 200 - "-" "WordPress/7.1; https://kcjstudio.com"
104.247.76.75 - - [01/Sep/2026:10:50:23 -0400] "POST /wp-cron.php?doing_wp_cron=1788274223.3641650676727294921875 HTTP/1.1" 200 - "-" "WordPress/7.1; https://kcjstudio.com"
198.204.240.234 - - [01/Sep/2026:10:50:22 -0400] "GET /wp-includes/pld62522/edit.php HTTP/1.1" 404 16323 "https://kcjstudio.com/wp-includes/pld62522/edit.php" "Mozilla/5.0 (Macintosh; U; PPC Mac OS X 10_4_11; ja-jp) AppleWebKit/525.18 (KHTML, like Gecko) Version/3.1.2 Safari/525.22"
104.247.76.75 - - [01/Sep/2026:10:50:54 -0400] "POST /wp-cron.php?doing_wp_cron=1788274254.9300639629364013671875 HTTP/1.1" 200 - "-" "WordPress/7.1; https://kcjstudio.com"
69.165.232.70 - - [01/Sep/2026:10:50:54 -0400] "POST /wp-admin/admin-ajax.php HTTP/1.1" 200 67 "https://kcjstudio.com/wp-admin/admin.php?page=wpmudev" "Mozilla/5.0 (Windows NT 10.0; Win64; x64) AppleWebKit/537.36 (KHTML, like Gecko) Chrome/152.0.0.0 Safari/537.36"
104.247.76.75 - - [01/Sep/2026:10:52:56 -0400] "POST /wp-cron.php?doing_wp_cron=1788274376.9421739578247070312500 HTTP/1.1" 200 - "-" "WordPress/7.1; https://kcjstudio.com"
69.165.232.70 - - [01/Sep/2026:10:52:55 -0400] "POST /wp-admin/admin-ajax.php HTTP/1.1" 200 67 "https://kcjstudio.com/wp-admin/admin.php?page=wpmudev" "Mozilla/5.0 (Windows NT 10.0; Win64; x64) AppleWebKit/537.36 (KHTML, like Gecko) Chrome/152.0.0.0 Safari/537.36"
104.247.76.75 - - [01/Sep/2026:10:52:55 -0400] "POST /wp-admin/admin-ajax.php?action=as_async_request_queue_runner&nonce=f888683fa3 HTTP/1.1" 200 - "-" "WordPress/7.1; https://kcjstudio.com"
43.155.129.131 - - [01/Sep/2026:10:54:35 -0400] "GET / HTTP/1.1" 200 25528 "http://kcjstudio.com" "Mozilla/5.0 (iPhone; CPU iPhone OS 13_2_3 like Mac OS X) AppleWebKit/605.1.15 (KHTML, like Gecko) Version/13.0.3 Mobile/15E148 Safari/604.1"
104.247.76.75 - - [01/Sep/2026:10:54:57 -0400] "POST /wp-cron.php?doing_wp_cron=1788274496.9871110916137695312500 HTTP/1.1" 200 - "-" "WordPress/7.1; https://kcjstudio.com"
69.165.232.70 - - [01/Sep/2026:10:54:56 -0400] "POST /wp-admin/admin-ajax.php HTTP/1.1" 200 67 "https://kcjstudio.com/wp-admin/admin.php?page=wpmudev" "Mozilla/5.0 (Windows NT 10.0; Win64; x64) AppleWebKit/537.36 (KHTML, like Gecko) Chrome/152.0.0.0 Safari/537.36"
104.247.76.75 - - [01/Sep/2026:10:56:58 -0400] "POST /wp-cron.php?doing_wp_cron=1788274618.9881858825683593750000 HTTP/1.1" 200 - "-" "WordPress/7.1; https://kcjstudio.com"
69.165.232.70 - - [01/Sep/2026:10:56:57 -0400] "POST /wp-admin/admin-ajax.php HTTP/1.1" 200 67 "https://kcjstudio.com/wp-admin/admin.php?page=wpmudev" "Mozilla/5.0 (Windows NT 10.0; Win64; x64) AppleWebKit/537.36 (KHTML, like Gecko) Chrome/152.0.0.0 Safari/537.36"
104.247.76.75 - - [01/Sep/2026:10:56:57 -0400] "POST /wp-admin/admin-ajax.php?action=as_async_request_queue_runner&nonce=f888683fa3 HTTP/1.1" 200 - "-" "WordPress/7.1; https://kcjstudio.com"
104.247.76.75 - - [01/Sep/2026:10:59:00 -0400] "POST /wp-cron.php?doing_wp_cron=1788274740.0781610012054443359375 HTTP/1.1" 200 - "-" "WordPress/7.1; https://kcjstudio.com"
69.165.232.70 - - [01/Sep/2026:10:58:58 -0400] "POST /wp-admin/admin-ajax.php HTTP/1.1" 200 67 "https://kcjstudio.com/wp-admin/admin.php?page=wpmudev" "Mozilla/5.0 (Windows NT 10.0; Win64; x64) AppleWebKit/537.36 (KHTML, like Gecko) Chrome/152.0.0.0 Safari/537.36"
104.247.76.75 - - [01/Sep/2026:10:58:59 -0400] "POST /wp-admin/admin-ajax.php?action=as_async_request_queue_runner&nonce=f888683fa3 HTTP/1.1" 200 - "-" "WordPress/7.1; https://kcjstudio.com"
104.247.76.75 - - [01/Sep/2026:11:01:00 -0400] "POST /wp-cron.php?doing_wp_cron=1788274860.9627900123596191406250 HTTP/1.1" 200 - "-" "WordPress/7.1; https://kcjstudio.com"
69.165.232.70 - - [01/Sep/2026:11:00:59 -0400] "POST /wp-admin/admin-ajax.php HTTP/1.1" 200 67 "https://kcjstudio.com/wp-admin/admin.php?page=wpmudev" "Mozilla/5.0 (Windows NT 10.0; Win64; x64) AppleWebKit/537.36 (KHTML, like Gecko) Chrome/152.0.0.0 Safari/537.36"
88.217.180.193 - - [01/Sep/2026:11:01:02 -0400] "GET /-/esb-firstlevel/de/psd2 HTTP/1.1" 404 16323 "http://avanteshipping.com/" "Mozilla/5.0 (iPhone; CPU iPhone OS 15_0 like Mac OS X) AppleWebKit/605.1.15 (KHTML, like Gecko) Version/15.0 Mobile/15E148 Safari/604.1"
88.217.180.193 - - [01/Sep/2026:11:01:03 -0400] "GET /wp-content/uploads/hummingbird-assets/c4052befffef26c1b63326bf5bf1ad69.css HTTP/1.1" 200 401 "https://kcjstudio.com/-/esb-firstlevel/de/psd2" "Mozilla/5.0 (iPhone; CPU iPhone OS 15_0 like Mac OS X) AppleWebKit/605.1.15 (KHTML, like Gecko) Version/15.0 Mobile/15E148 Safari/604.1"
88.217.180.193 - - [01/Sep/2026:11:01:03 -0400] "GET /wp-content/et-cache/notfound/et-divi-dynamic-tb-199-late.css HTTP/1.1" 200 219 "https://kcjstudio.com/-/esb-firstlevel/de/psd2" "Mozilla/5.0 (iPhone; CPU iPhone OS 15_0 like Mac OS X) AppleWebKit/605.1.15 (KHTML, like Gecko) Version/15.0 Mobile/15E148 Safari/604.1"
88.217.180.193 - - [01/Sep/2026:11:01:03 -0400] "GET /wp-content/et-cache/notfound/et-divi-dynamic-tb-199.css HTTP/1.1" 200 12207 "https://kcjstudio.com/-/esb-firstlevel/de/psd2" "Mozilla/5.0 (iPhone; CPU iPhone OS 15_0 like Mac OS X) AppleWebKit/605.1.15 (KHTML, like Gecko) Version/15.0 Mobile/15E148 Safari/604.1"
88.217.180.193 - - [01/Sep/2026:11:01:03 -0400] "GET /wp-content/plugins/ameliabooking/extensions/divi_amelia/styles/style.min.css HTTP/1.1" 200 - "https://kcjstudio.com/-/esb-firstlevel/de/psd2" "Mozilla/5.0 (iPhone; CPU iPhone OS 15_0 like Mac OS X) AppleWebKit/605.1.15 (KHTML, like Gecko) Version/15.0 Mobile/15E148 Safari/604.1"
88.217.180.193 - - [01/Sep/2026:11:01:03 -0400] "GET /wp-content/uploads/hummingbird-assets/cf4d24a3edc0d6802791a62d72fa06db.css HTTP/1.1" 200 2193 "https://kcjstudio.com/-/esb-firstlevel/de/psd2" "Mozilla/5.0 (iPhone; CPU iPhone OS 15_0 like Mac OS X) AppleWebKit/605.1.15 (KHTML, like Gecko) Version/15.0 Mobile/15E148 Safari/604.1"
88.217.180.193 - - [01/Sep/2026:11:01:04 -0400] "GET /wp-content/uploads/hummingbird-assets/f466e392632aaae20a30f4357eed3170.js HTTP/1.1" 200 34451 "https://kcjstudio.com/-/esb-firstlevel/de/psd2" "Mozilla/5.0 (iPhone; CPU iPhone OS 15_0 like Mac OS X) AppleWebKit/605.1.15 (KHTML, like Gecko) Version/15.0 Mobile/15E148 Safari/604.1"
88.217.180.193 - - [01/Sep/2026:11:01:04 -0400] "GET /wp-content/uploads/hummingbird-assets/12d759fc5af23e4ae77112ef96ed5d12.js HTTP/1.1" 200 70589 "https://kcjstudio.com/-/esb-firstlevel/de/psd2" "Mozilla/5.0 (iPhone; CPU iPhone OS 15_0 like Mac OS X) AppleWebKit/605.1.15 (KHTML, like Gecko) Version/15.0 Mobile/15E148 Safari/604.1"
88.217.180.193 - - [01/Sep/2026:11:01:04 -0400] "GET /wp-content/themes/Divi/core/admin/fonts/modules/base/modules.woff HTTP/1.1" 200 3076 "https://kcjstudio.com/wp-content/et-cache/notfound/et-divi-dynamic-tb-199.css" "Mozilla/5.0 (iPhone; CPU iPhone OS 15_0 like Mac OS X) AppleWebKit/605.1.15 (KHTML, like Gecko) Version/15.0 Mobile/15E148 Safari/604.1"
88.217.180.193 - - [01/Sep/2026:11:01:04 -0400] "GET /wp-content/uploads/hummingbird-assets/1abb620b1f6c7c9bb7e5de19eb0f15d5.js HTTP/1.1" 200 9102 "https://kcjstudio.com/-/esb-firstlevel/de/psd2" "Mozilla/5.0 (iPhone; CPU iPhone OS 15_0 like Mac OS X) AppleWebKit/605.1.15 (KHTML, like Gecko) Version/15.0 Mobile/15E148 Safari/604.1"
88.217.180.193 - - [01/Sep/2026:11:01:05 -0400] "GET /wp-content/themes/Divi/core/admin/fonts/modules/all/modules.woff HTTP/1.1" 200 37328 "https://kcjstudio.com/wp-content/et-cache/notfound/et-divi-dynamic-tb-199-late.css" "Mozilla/5.0 (iPhone; CPU iPhone OS 15_0 like Mac OS X) AppleWebKit/605.1.15 (KHTML, like Gecko) Version/15.0 Mobile/15E148 Safari/604.1"
88.217.180.193 - - [01/Sep/2026:11:01:05 -0400] "GET /wp-content/plugins/divi-bars/assets/js/main.helper.js HTTP/1.1" 200 - "https://kcjstudio.com/-/esb-firstlevel/de/psd2" "Mozilla/5.0 (iPhone; CPU iPhone OS 15_0 like Mac OS X) AppleWebKit/605.1.15 (KHTML, like Gecko) Version/15.0 Mobile/15E148 Safari/604.1"
88.217.180.193 - - [01/Sep/2026:11:01:05 -0400] "GET /wp-content/uploads/hummingbird-assets/b29edba45593c1a93da7f6a2cca6ead8.js HTTP/1.1" 200 870 "https://kcjstudio.com/-/esb-firstlevel/de/psd2" "Mozilla/5.0 (iPhone; CPU iPhone OS 15_0 like Mac OS X) AppleWebKit/605.1.15 (KHTML, like Gecko) Version/15.0 Mobile/15E148 Safari/604.1"
88.217.180.193 - - [01/Sep/2026:11:01:05 -0400] "GET /wp-content/themes/Divi/images/logo.png HTTP/1.1" 200 1740 "https://kcjstudio.com/-/esb-firstlevel/de/psd2" "Mozilla/5.0 (iPhone; CPU iPhone OS 15_0 like Mac OS X) AppleWebKit/605.1.15 (KHTML, like Gecko) Version/15.0 Mobile/15E148 Safari/604.1"
104.247.76.75 - - [01/Sep/2026:11:00:59 -0400] "POST /wp-admin/admin-ajax.php?action=as_async_request_queue_runner&nonce=f888683fa3 HTTP/1.1" 200 - "-" "WordPress/7.1; https://kcjstudio.com"
57.129.134.182 - - [01/Sep/2026:11:01:05 -0400] "GET /-/esb-firstlevel/de/psd2 HTTP/1.1" 404 16323 "http://avanteshipping.com/" "Mozilla/5.0 (iPhone; CPU iPhone OS 15_0 like Mac OS X) AppleWebKit/605.1.15 (KHTML, like Gecko) Version/15.0 Mobile/15E148 Safari/604.1"
57.129.134.182 - - [01/Sep/2026:11:01:06 -0400] "GET /wp-content/uploads/hummingbird-assets/c4052befffef26c1b63326bf5bf1ad69.css HTTP/1.1" 200 401 "https://kcjstudio.com/-/esb-firstlevel/de/psd2" "Mozilla/5.0 (iPhone; CPU iPhone OS 15_0 like Mac OS X) AppleWebKit/605.1.15 (KHTML, like Gecko) Version/15.0 Mobile/15E148 Safari/604.1"
57.129.134.182 - - [01/Sep/2026:11:01:06 -0400] "GET /wp-content/et-cache/notfound/et-divi-dynamic-tb-199-late.css HTTP/1.1" 200 219 "https://kcjstudio.com/-/esb-firstlevel/de/psd2" "Mozilla/5.0 (iPhone; CPU iPhone OS 15_0 like Mac OS X) AppleWebKit/605.1.15 (KHTML, like Gecko) Version/15.0 Mobile/15E148 Safari/604.1"
57.129.134.182 - - [01/Sep/2026:11:01:06 -0400] "GET /wp-content/et-cache/notfound/et-divi-dynamic-tb-199.css HTTP/1.1" 200 12207 "https://kcjstudio.com/-/esb-firstlevel/de/psd2" "Mozilla/5.0 (iPhone; CPU iPhone OS 15_0 like Mac OS X) AppleWebKit/605.1.15 (KHTML, like Gecko) Version/15.0 Mobile/15E148 Safari/604.1"
57.129.134.182 - - [01/Sep/2026:11:01:07 -0400] "GET /wp-content/plugins/ameliabooking/extensions/divi_amelia/styles/style.min.css HTTP/1.1" 200 - "https://kcjstudio.com/-/esb-firstlevel/de/psd2" "Mozilla/5.0 (iPhone; CPU iPhone OS 15_0 like Mac OS X) AppleWebKit/605.1.15 (KHTML, like Gecko) Version/15.0 Mobile/15E148 Safari/604.1"
57.129.134.182 - - [01/Sep/2026:11:01:07 -0400] "GET /wp-content/uploads/hummingbird-assets/cf4d24a3edc0d6802791a62d72fa06db.css HTTP/1.1" 200 2193 "https://kcjstudio.com/-/esb-firstlevel/de/psd2" "Mozilla/5.0 (iPhone; CPU iPhone OS 15_0 like Mac OS X) AppleWebKit/605.1.15 (KHTML, like Gecko) Version/15.0 Mobile/15E148 Safari/604.1"
57.129.134.182 - - [01/Sep/2026:11:01:07 -0400] "GET /wp-content/uploads/hummingbird-assets/f466e392632aaae20a30f4357eed3170.js HTTP/1.1" 200 34451 "https://kcjstudio.com/-/esb-firstlevel/de/psd2" "Mozilla/5.0 (iPhone; CPU iPhone OS 15_0 like Mac OS X) AppleWebKit/605.1.15 (KHTML, like Gecko) Version/15.0 Mobile/15E148 Safari/604.1"
57.129.134.182 - - [01/Sep/2026:11:01:07 -0400] "GET /wp-content/uploads/hummingbird-assets/12d759fc5af23e4ae77112ef96ed5d12.js HTTP/1.1" 200 70589 "https://kcjstudio.com/-/esb-firstlevel/de/psd2" "Mozilla/5.0 (iPhone; CPU iPhone OS 15_0 like Mac OS X) AppleWebKit/605.1.15 (KHTML, like Gecko) Version/15.0 Mobile/15E148 Safari/604.1"
57.129.134.182 - - [01/Sep/2026:11:01:07 -0400] "GET /wp-content/themes/Divi/core/admin/fonts/modules/base/modules.woff HTTP/1.1" 200 3076 "https://kcjstudio.com/wp-content/et-cache/notfound/et-divi-dynamic-tb-199.css" "Mozilla/5.0 (iPhone; CPU iPhone OS 15_0 like Mac OS X) AppleWebKit/605.1.15 (KHTML, like Gecko) Version/15.0 Mobile/15E148 Safari/604.1"
57.129.134.182 - - [01/Sep/2026:11:01:07 -0400] "GET /wp-content/uploads/hummingbird-assets/1abb620b1f6c7c9bb7e5de19eb0f15d5.js HTTP/1.1" 200 9102 "https://kcjstudio.com/-/esb-firstlevel/de/psd2" "Mozilla/5.0 (iPhone; CPU iPhone OS 15_0 like Mac OS X) AppleWebKit/605.1.15 (KHTML, like Gecko) Version/15.0 Mobile/15E148 Safari/604.1"
57.129.134.182 - - [01/Sep/2026:11:01:07 -0400] "GET /wp-content/themes/Divi/core/admin/fonts/modules/all/modules.woff HTTP/1.1" 200 37328 "https://kcjstudio.com/wp-content/et-cache/notfound/et-divi-dynamic-tb-199-late.css" "Mozilla/5.0 (iPhone; CPU iPhone OS 15_0 like Mac OS X) AppleWebKit/605.1.15 (KHTML, like Gecko) Version/15.0 Mobile/15E148 Safari/604.1"
57.129.134.182 - - [01/Sep/2026:11:01:07 -0400] "GET /wp-content/plugins/divi-bars/assets/js/main.helper.js HTTP/1.1" 200 - "https://kcjstudio.com/-/esb-firstlevel/de/psd2" "Mozilla/5.0 (iPhone; CPU iPhone OS 15_0 like Mac OS X) AppleWebKit/605.1.15 (KHTML, like Gecko) Version/15.0 Mobile/15E148 Safari/604.1"
57.129.134.182 - - [01/Sep/2026:11:01:07 -0400] "GET /wp-content/uploads/hummingbird-assets/b29edba45593c1a93da7f6a2cca6ead8.js HTTP/1.1" 200 870 "https://kcjstudio.com/-/esb-firstlevel/de/psd2" "Mozilla/5.0 (iPhone; CPU iPhone OS 15_0 like Mac OS X) AppleWebKit/605.1.15 (KHTML, like Gecko) Version/15.0 Mobile/15E148 Safari/604.1"
57.129.134.182 - - [01/Sep/2026:11:01:08 -0400] "GET /wp-content/themes/Divi/images/logo.png HTTP/1.1" 200 1740 "https://kcjstudio.com/-/esb-firstlevel/de/psd2" "Mozilla/5.0 (iPhone; CPU iPhone OS 15_0 like Mac OS X) AppleWebKit/605.1.15 (KHTML, like Gecko) Version/15.0 Mobile/15E148 Safari/604.1"
88.217.180.193 - - [01/Sep/2026:11:01:09 -0400] "GET /wp-content/uploads/2023/01/cropped-KCJ-STUDIO-ICON-300PX-32x32.png HTTP/1.1" 200 801 "https://kcjstudio.com/-/esb-firstlevel/de/psd2" "Mozilla/5.0 (iPhone; CPU iPhone OS 15_0 like Mac OS X) AppleWebKit/605.1.15 (KHTML, like Gecko) Version/15.0 Mobile/15E148 Safari/604.1"
104.247.76.75 - - [01/Sep/2026:11:03:01 -0400] "POST /wp-cron.php?doing_wp_cron=1788274981.9380030632019042968750 HTTP/1.1" 200 - "-" "WordPress/7.1; https://kcjstudio.com"
69.165.232.70 - - [01/Sep/2026:11:03:00 -0400] "POST /wp-admin/admin-ajax.php HTTP/1.1" 200 67 "https://kcjstudio.com/wp-admin/admin.php?page=wpmudev" "Mozilla/5.0 (Windows NT 10.0; Win64; x64) AppleWebKit/537.36 (KHTML, like Gecko) Chrome/152.0.0.0 Safari/537.36"
104.247.76.75 - - [01/Sep/2026:11:03:00 -0400] "POST /wp-admin/admin-ajax.php?action=as_async_request_queue_runner&nonce=f888683fa3 HTTP/1.1" 200 - "-" "WordPress/7.1; https://kcjstudio.com"
52.167.144.166 - - [01/Sep/2026:11:04:10 -0400] "GET /wp-content/uploads/2023/01/Accent-small-chair-IMG_2922-800px.jpg HTTP/1.1" 200 107954 "-" "Mozilla/5.0 AppleWebKit/537.36 (KHTML, like Gecko; compatible; bingbot/2.0; +http://www.bing.com/bingbot.htm) Chrome/116.0.1938.76 Safari/537.36"
104.247.76.75 - - [01/Sep/2026:11:05:03 -0400] "POST /wp-cron.php?doing_wp_cron=1788275103.0363800525665283203125 HTTP/1.1" 200 - "-" "WordPress/7.1; https://kcjstudio.com"
69.165.232.70 - - [01/Sep/2026:11:05:01 -0400] "POST /wp-admin/admin-ajax.php HTTP/1.1" 200 67 "https://kcjstudio.com/wp-admin/admin.php?page=wpmudev" "Mozilla/5.0 (Windows NT 10.0; Win64; x64) AppleWebKit/537.36 (KHTML, like Gecko) Chrome/152.0.0.0 Safari/537.36"
104.247.76.75 - - [01/Sep/2026:11:05:02 -0400] "POST /wp-admin/admin-ajax.php?action=as_async_request_queue_runner&nonce=f888683fa3 HTTP/1.1" 200 - "-" "WordPress/7.1; https://kcjstudio.com"
104.247.76.75 - - [01/Sep/2026:11:06:30 -0400] "POST /wp-cron.php?doing_wp_cron=1788275190.4172329902648925781250 HTTP/1.1" 200 - "-" "WordPress/7.1; https://kcjstudio.com"
66.249.74.101 - - [01/Sep/2026:11:06:29 -0400] "GET /shop/detail/78286332774 HTTP/1.1" 404 16321 "-" "Mozilla/5.0 (compatible; Googlebot/2.1; +http://www.google.com/bot.html)"
104.247.76.75 - - [01/Sep/2026:11:07:03 -0400] "POST /wp-cron.php?doing_wp_cron=1788275222.9156949520111083984375 HTTP/1.1" 200 - "-" "WordPress/7.1; https://kcjstudio.com"
69.165.232.70 - - [01/Sep/2026:11:07:02 -0400] "POST /wp-admin/admin-ajax.php HTTP/1.1" 200 67 "https://kcjstudio.com/wp-admin/admin.php?page=wpmudev" "Mozilla/5.0 (Windows NT 10.0; Win64; x64) AppleWebKit/537.36 (KHTML, like Gecko) Chrome/152.0.0.0 Safari/537.36"
104.247.76.75 - - [01/Sep/2026:11:09:05 -0400] "POST /wp-cron.php?doing_wp_cron=1788275345.0561769008636474609375 HTTP/1.1" 200 - "-" "WordPress/7.1; https://kcjstudio.com"
69.165.232.70 - - [01/Sep/2026:11:09:03 -0400] "POST /wp-admin/admin-ajax.php HTTP/1.1" 200 67 "https://kcjstudio.com/wp-admin/admin.php?page=wpmudev" "Mozilla/5.0 (Windows NT 10.0; Win64; x64) AppleWebKit/537.36 (KHTML, like Gecko) Chrome/152.0.0.0 Safari/537.36"
104.247.76.75 - - [01/Sep/2026:11:09:04 -0400] "POST /wp-admin/admin-ajax.php?action=as_async_request_queue_runner&nonce=f888683fa3 HTTP/1.1" 200 - "-" "WordPress/7.1; https://kcjstudio.com"
169.58.216.97 - - [01/Sep/2026:11:09:59 -0400] "GET / HTTP/1.1" 200 25525 "-" "Mozilla/5.0 (compatible; t3versionsBot/1.2; +https://www.t3versions.com/bot)"
104.247.76.75 - - [01/Sep/2026:11:11:05 -0400] "POST /wp-cron.php?doing_wp_cron=1788275465.9412469863891601562500 HTTP/1.1" 200 - "-" "WordPress/7.1; https://kcjstudio.com"
69.165.232.70 - - [01/Sep/2026:11:11:04 -0400] "POST /wp-admin/admin-ajax.php HTTP/1.1" 200 67 "https://kcjstudio.com/wp-admin/admin.php?page=wpmudev" "Mozilla/5.0 (Windows NT 10.0; Win64; x64) AppleWebKit/537.36 (KHTML, like Gecko) Chrome/152.0.0.0 Safari/537.36"
104.247.76.75 - - [01/Sep/2026:11:11:04 -0400] "POST /wp-admin/admin-ajax.php?action=as_async_request_queue_runner&nonce=f888683fa3 HTTP/1.1" 200 - "-" "WordPress/7.1; https://kcjstudio.com"
104.247.76.75 - - [01/Sep/2026:11:13:06 -0400] "POST /wp-cron.php?doing_wp_cron=1788275586.9410760402679443359375 HTTP/1.1" 200 - "-" "WordPress/7.1; https://kcjstudio.com"
69.165.232.70 - - [01/Sep/2026:11:13:05 -0400] "POST /wp-admin/admin-ajax.php HTTP/1.1" 200 67 "https://kcjstudio.com/wp-admin/admin.php?page=wpmudev" "Mozilla/5.0 (Windows NT 10.0; Win64; x64) AppleWebKit/537.36 (KHTML, like Gecko) Chrome/152.0.0.0 Safari/537.36"
104.247.76.75 - - [01/Sep/2026:11:13:05 -0400] "POST /wp-admin/admin-ajax.php?action=as_async_request_queue_runner&nonce=f888683fa3 HTTP/1.1" 200 - "-" "WordPress/7.1; https://kcjstudio.com"
104.247.76.75 - - [01/Sep/2026:11:15:08 -0400] "POST /wp-cron.php?doing_wp_cron=1788275708.1392240524291992187500 HTTP/1.1" 200 - "-" "WordPress/7.1; https://kcjstudio.com"
69.165.232.70 - - [01/Sep/2026:11:15:06 -0400] "POST /wp-admin/admin-ajax.php HTTP/1.1" 200 67 "https://kcjstudio.com/wp-admin/admin.php?page=wpmudev" "Mozilla/5.0 (Windows NT 10.0; Win64; x64) AppleWebKit/537.36 (KHTML, like Gecko) Chrome/152.0.0.0 Safari/537.36"
104.247.76.75 - - [01/Sep/2026:11:15:07 -0400] "POST /wp-admin/admin-ajax.php?action=as_async_request_queue_runner&nonce=f888683fa3 HTTP/1.1" 200 - "-" "WordPress/7.1; https://kcjstudio.com"
104.247.76.75 - - [01/Sep/2026:11:16:55 -0400] "POST /wp-cron.php?doing_wp_cron=1788275815.9843070507049560546875 HTTP/1.1" 200 - "-" "WordPress/7.1; https://kcjstudio.com"
51.8.102.210 - - [01/Sep/2026:11:16:55 -0400] "GET /robots.txt HTTP/1.1" 200 110 "-" "Mozilla/5.0 (Macintosh; Intel Mac OS X 10_15_7) AppleWebKit/537.36 (KHTML, like Gecko) Chrome/131.0.0.0 Safari/537.36; compatible; OAI-SearchBot/1.0; +https://openai.com/searchbot"
69.165.232.70 - - [01/Sep/2026:11:17:07 -0400] "POST /wp-admin/admin-ajax.php HTTP/1.1" 200 65 "https://kcjstudio.com/wp-admin/admin.php?page=wpmudev" "Mozilla/5.0 (Windows NT 10.0; Win64; x64) AppleWebKit/537.36 (KHTML, like Gecko) Chrome/152.0.0.0 Safari/537.36"
104.247.76.75 - - [01/Sep/2026:11:17:56 -0400] "POST /wp-cron.php?doing_wp_cron=1788275876.5926990509033203125000 HTTP/1.1" 200 - "-" "WordPress/7.1; https://kcjstudio.com"
196.217.162.225 - - [01/Sep/2026:11:17:55 -0400] "POST /wp-includes/-/nkxhbcr/wlnuhes/1isgaop/ HTTP/1.1" 404 16324 "https://kcjstudio.com/wp-includes/-/nkxhbcr/wlnuhes/1isgaop/" "Mozilla/5.0 (Windows NT 10.0; Win64; x64) AppleWebKit/537.36 (KHTML, like Gecko) Chrome/152.0.0.0 Safari/537.36"
196.217.162.225 - - [01/Sep/2026:11:17:56 -0400] "GET /wp-content/et-cache/notfound/et-divi-dynamic-tb-199-late.css HTTP/1.1" 304 - "https://kcjstudio.com/wp-includes/-/nkxhbcr/wlnuhes/1isgaop/" "Mozilla/5.0 (Windows NT 10.0; Win64; x64) AppleWebKit/537.36 (KHTML, like Gecko) Chrome/152.0.0.0 Safari/537.36"
196.217.162.225 - - [01/Sep/2026:11:17:56 -0400] "GET /wp-content/et-cache/notfound/et-divi-dynamic-tb-199.css HTTP/1.1" 304 - "https://kcjstudio.com/wp-includes/-/nkxhbcr/wlnuhes/1isgaop/" "Mozilla/5.0 (Windows NT 10.0; Win64; x64) AppleWebKit/537.36 (KHTML, like Gecko) Chrome/152.0.0.0 Safari/537.36"
198.204.240.234 - - [01/Sep/2026:11:18:21 -0400] "GET /wp-includes/pld62522/edit.php HTTP/1.1" 404 16323 "https://kcjstudio.com/wp-includes/pld62522/edit.php" "Mozilla/5.0 (Macintosh; U; PPC Mac OS X; ja-jp) AppleWebKit/523.10.6 (KHTML, like Gecko) Version/3.0.4 Safari/523.10.6"
104.247.76.75 - - [01/Sep/2026:11:19:09 -0400] "POST /wp-cron.php?doing_wp_cron=1788275949.9591529369354248046875 HTTP/1.1" 200 - "-" "WordPress/7.1; https://kcjstudio.com"
69.165.232.70 - - [01/Sep/2026:11:19:08 -0400] "POST /wp-admin/admin-ajax.php HTTP/1.1" 200 67 "https://kcjstudio.com/wp-admin/admin.php?page=wpmudev" "Mozilla/5.0 (Windows NT 10.0; Win64; x64) AppleWebKit/537.36 (KHTML, like Gecko) Chrome/152.0.0.0 Safari/537.36"
104.247.76.75 - - [01/Sep/2026:11:19:08 -0400] "POST /wp-admin/admin-ajax.php?action=as_async_request_queue_runner&nonce=f888683fa3 HTTP/1.1" 200 - "-" "WordPress/7.1; https://kcjstudio.com"
104.247.76.75 - - [01/Sep/2026:11:21:10 -0400] "POST /wp-cron.php?doing_wp_cron=1788276070.9330880641937255859375 HTTP/1.1" 200 - "-" "WordPress/7.1; https://kcjstudio.com"
69.165.232.70 - - [01/Sep/2026:11:21:09 -0400] "POST /wp-admin/admin-ajax.php HTTP/1.1" 200 67 "https://kcjstudio.com/wp-admin/admin.php?page=wpmudev" "Mozilla/5.0 (Windows NT 10.0; Win64; x64) AppleWebKit/537.36 (KHTML, like Gecko) Chrome/152.0.0.0 Safari/537.36"
104.247.76.75 - - [01/Sep/2026:11:21:09 -0400] "POST /wp-admin/admin-ajax.php?action=as_async_request_queue_runner&nonce=f888683fa3 HTTP/1.1" 200 - "-" "WordPress/7.1; https://kcjstudio.com"
104.247.76.75 - - [01/Sep/2026:11:23:11 -0400] "POST /wp-cron.php?doing_wp_cron=1788276191.9631779193878173828125 HTTP/1.1" 200 - "-" "WordPress/7.1; https://kcjstudio.com"
69.165.232.70 - - [01/Sep/2026:11:23:10 -0400] "POST /wp-admin/admin-ajax.php HTTP/1.1" 200 67 "https://kcjstudio.com/wp-admin/admin.php?page=wpmudev" "Mozilla/5.0 (Windows NT 10.0; Win64; x64) AppleWebKit/537.36 (KHTML, like Gecko) Chrome/152.0.0.0 Safari/537.36"
104.247.76.75 - - [01/Sep/2026:11:23:10 -0400] "POST /wp-admin/admin-ajax.php?action=as_async_request_queue_runner&nonce=f888683fa3 HTTP/1.1" 200 - "-" "WordPress/7.1; https://kcjstudio.com"
104.247.76.75 - - [01/Sep/2026:11:25:13 -0400] "POST /wp-cron.php?doing_wp_cron=1788276313.0050790309906005859375 HTTP/1.1" 200 - "-" "WordPress/7.1; https://kcjstudio.com"
69.165.232.70 - - [01/Sep/2026:11:25:11 -0400] "POST /wp-admin/admin-ajax.php HTTP/1.1" 200 67 "https://kcjstudio.com/wp-admin/admin.php?page=wpmudev" "Mozilla/5.0 (Windows NT 10.0; Win64; x64) AppleWebKit/537.36 (KHTML, like Gecko) Chrome/152.0.0.0 Safari/537.36"
104.247.76.75 - - [01/Sep/2026:11:25:12 -0400] "POST /wp-admin/admin-ajax.php?action=as_async_request_queue_runner&nonce=f888683fa3 HTTP/1.1" 200 - "-" "WordPress/7.1; https://kcjstudio.com"
104.247.76.75 - - [01/Sep/2026:11:27:13 -0400] "POST /wp-cron.php?doing_wp_cron=1788276433.9329459667205810546875 HTTP/1.1" 200 - "-" "WordPress/7.1; https://kcjstudio.com"
69.165.232.70 - - [01/Sep/2026:11:27:12 -0400] "POST /wp-admin/admin-ajax.php HTTP/1.1" 200 67 "https://kcjstudio.com/wp-admin/admin.php?page=wpmudev" "Mozilla/5.0 (Windows NT 10.0; Win64; x64) AppleWebKit/537.36 (KHTML, like Gecko) Chrome/152.0.0.0 Safari/537.36"
104.247.76.75 - - [01/Sep/2026:11:27:13 -0400] "POST /wp-admin/admin-ajax.php?action=as_async_request_queue_runner&nonce=f888683fa3 HTTP/1.1" 200 - "-" "WordPress/7.1; https://kcjstudio.com"
74.7.228.41 - - [01/Sep/2026:11:28:27 -0400] "GET /robots.txt HTTP/1.1" 401 53 "-" "Mozilla/5.0 (Macintosh; Intel Mac OS X 10_15_7) AppleWebKit/537.36 (KHTML, like Gecko) Chrome/131.0.0.0 Safari/537.36; compatible; OAI-SearchBot/1.4; robots.txt; +https://openai.com/searchbot"
74.7.243.244 - - [01/Sep/2026:11:28:27 -0400] "GET / HTTP/1.1" 401 53 "-" "Mozilla/5.0 AppleWebKit/537.36 (KHTML, like Gecko; compatible; GPTBot/1.4; +https://openai.com/gptbot)"
104.247.76.75 - - [01/Sep/2026:11:29:14 -0400] "POST /wp-cron.php?doing_wp_cron=1788276554.9661660194396972656250 HTTP/1.1" 200 - "-" "WordPress/7.1; https://kcjstudio.com"
69.165.232.70 - - [01/Sep/2026:11:29:13 -0400] "POST /wp-admin/admin-ajax.php HTTP/1.1" 200 67 "https://kcjstudio.com/wp-admin/admin.php?page=wpmudev" "Mozilla/5.0 (Windows NT 10.0; Win64; x64) AppleWebKit/537.36 (KHTML, like Gecko) Chrome/152.0.0.0 Safari/537.36"
104.247.76.75 - - [01/Sep/2026:11:29:14 -0400] "POST /wp-admin/admin-ajax.php?action=as_async_request_queue_runner&nonce=f888683fa3 HTTP/1.1" 200 - "-" "WordPress/7.1; https://kcjstudio.com"
213.209.159.133 - - [01/Sep/2026:11:29:29 -0400] "GET / HTTP/1.1" 301 - "-" "Mozilla/5.0 (compatible; jscrawler/0.1; +https://github.com/)"
213.209.159.133 - - [01/Sep/2026:11:29:30 -0400] "GET / HTTP/1.1" 200 25525 "https://kcjstudio.flapstart.com/" "Mozilla/5.0 (compatible; jscrawler/0.1; +https://github.com/)"
104.247.76.75 - - [01/Sep/2026:11:31:16 -0400] "POST /wp-cron.php?doing_wp_cron=1788276676.5412070751190185546875 HTTP/1.1" 200 - "-" "WordPress/7.1; https://kcjstudio.com"
69.165.232.70 - - [01/Sep/2026:11:31:15 -0400] "POST /wp-admin/admin-ajax.php HTTP/1.1" 200 67 "https://kcjstudio.com/wp-admin/admin.php?page=wpmudev" "Mozilla/5.0 (Windows NT 10.0; Win64; x64) AppleWebKit/537.36 (KHTML, like Gecko) Chrome/152.0.0.0 Safari/537.36"
104.247.76.75 - - [01/Sep/2026:11:31:15 -0400] "POST /wp-admin/admin-ajax.php?action=as_async_request_queue_runner&nonce=f888683fa3 HTTP/1.1" 200 - "-" "WordPress/7.1; https://kcjstudio.com"
