178.73.224.167 - - [01/Sep/2026:09:14:39 -0400] "GET /family-portraits/ HTTP/1.1" 200 43026 "-" "Mozilla/5.0 (Windows NT 10.0; Win64; x64) AppleWebKit/537.36 (KHTML, like Gecko) Chrome/122.0.0.0 Safari/537.3"
178.73.238.171 - - [01/Sep/2026:09:14:40 -0400] "GET /wedding-photography-portfolio/ HTTP/1.1" 200 29403 "-" "Mozilla/5.0 (Windows NT 10.0; Win64; x64) AppleWebKit/537.36 (KHTML, like Gecko) Chrome/122.0.0.0 Safari/537.3"
104.247.76.75 - - [01/Sep/2026:09:14:35 -0400] "POST /wp-admin/admin-ajax.php?action=as_async_request_queue_runner&nonce=f888683fa3 HTTP/1.1" 200 - "-" "WordPress/7.1; https://kcjstudio.com"
93.158.91.249 - - [01/Sep/2026:09:14:41 -0400] "GET /wedding-photography-portfolio HTTP/1.1" 301 - "-" "Mozilla/5.0 (Windows NT 10.0; Win64; x64) AppleWebKit/537.36 (KHTML, like Gecko) Chrome/122.0.0.0 Safari/537.3"
159.253.223.182 - - [01/Sep/2026:09:14:41 -0400] "GET /wedding-photography-portfolio/ HTTP/1.1" 200 29412 "https://kcjstudio.com/wedding-photography-portfolio" "Mozilla/5.0 (Windows NT 10.0; Win64; x64) AppleWebKit/537.36 (KHTML, like Gecko) Chrome/122.0.0.0 Safari/537.3"
104.247.76.75 - - [01/Sep/2026:09:15:25 -0400] "POST /wp-cron.php?doing_wp_cron=1788268525.0575580596923828125000 HTTP/1.1" 200 - "-" "WordPress/7.1; https://kcjstudio.com"
69.165.232.70 - - [01/Sep/2026:09:15:24 -0400] "GET /headshots/ HTTP/1.1" 200 47116 "https://kcjstudio.com/portraits/" "Mozilla/5.0 (Windows NT 10.0; Win64; x64) AppleWebKit/537.36 (KHTML, like Gecko) Chrome/152.0.0.0 Safari/537.36"
69.165.232.70 - - [01/Sep/2026:09:15:25 -0400] "GET /wp-content/uploads/hummingbird-assets/3fcbe749d2d2083d4a8c04e034ea50a8.js HTTP/1.1" 200 18345 "https://kcjstudio.com/headshots/" "Mozilla/5.0 (Windows NT 10.0; Win64; x64) AppleWebKit/537.36 (KHTML, like Gecko) Chrome/152.0.0.0 Safari/537.36"
69.165.232.70 - - [01/Sep/2026:09:15:25 -0400] "GET /wp-content/uploads/2023/10/LOGO-WHITE-FLAPSTART-ORG-200PX.png HTTP/1.1" 200 7134 "https://kcjstudio.com/headshots/" "Mozilla/5.0 (Windows NT 10.0; Win64; x64) AppleWebKit/537.36 (KHTML, like Gecko) Chrome/152.0.0.0 Safari/537.36"
69.165.232.70 - - [01/Sep/2026:09:15:25 -0400] "GET /wp-content/uploads/2023/10/KCJ-STUDIO-LOGO-ORG-NV-2000PX-WH-150PX.png HTTP/1.1" 200 8560 "https://kcjstudio.com/headshots/" "Mozilla/5.0 (Windows NT 10.0; Win64; x64) AppleWebKit/537.36 (KHTML, like Gecko) Chrome/152.0.0.0 Safari/537.36"
69.165.232.70 - - [01/Sep/2026:09:15:25 -0400] "GET /wp-content/uploads/2024/06/RENE-WEDDING-SLIDE-CLIP-WD-3-25MB.mp4 HTTP/1.1" 206 25737767 "https://kcjstudio.com/headshots/" "Mozilla/5.0 (Windows NT 10.0; Win64; x64) AppleWebKit/537.36 (KHTML, like Gecko) Chrome/152.0.0.0 Safari/537.36"
69.165.232.70 - - [01/Sep/2026:09:15:36 -0400] "POST /wp-admin/admin-ajax.php HTTP/1.1" 200 67 "https://kcjstudio.com/wp-admin/admin.php?page=wpamelia-catalog" "Mozilla/5.0 (Windows NT 10.0; Win64; x64) AppleWebKit/537.36 (KHTML, like Gecko) Chrome/152.0.0.0 Safari/537.36"
104.247.76.75 - - [01/Sep/2026:09:15:36 -0400] "POST /wp-admin/admin-ajax.php?action=as_async_request_queue_runner&nonce=f888683fa3 HTTP/1.1" 200 - "-" "WordPress/7.1; https://kcjstudio.com"
69.165.232.70 - - [01/Sep/2026:09:15:45 -0400] "GET /contact HTTP/1.1" 301 - "https://kcjstudio.com/headshots/" "Mozilla/5.0 (Windows NT 10.0; Win64; x64) AppleWebKit/537.36 (KHTML, like Gecko) Chrome/152.0.0.0 Safari/537.36"
69.165.232.70 - - [01/Sep/2026:09:15:46 -0400] "GET /contact/ HTTP/1.1" 200 36239 "https://kcjstudio.com/headshots/" "Mozilla/5.0 (Windows NT 10.0; Win64; x64) AppleWebKit/537.36 (KHTML, like Gecko) Chrome/152.0.0.0 Safari/537.36"
69.165.232.70 - - [01/Sep/2026:09:15:46 -0400] "GET /wp-content/et-cache/248944/et-divi-dynamic-248944-late.css HTTP/1.1" 200 301 "https://kcjstudio.com/contact/" "Mozilla/5.0 (Windows NT 10.0; Win64; x64) AppleWebKit/537.36 (KHTML, like Gecko) Chrome/152.0.0.0 Safari/537.36"
69.165.232.70 - - [01/Sep/2026:09:15:46 -0400] "GET /wp-content/uploads/hummingbird-assets/7c651e08fdf772600a9eec11dae4df44.css HTTP/1.1" 304 - "https://kcjstudio.com/contact/" "Mozilla/5.0 (Windows NT 10.0; Win64; x64) AppleWebKit/537.36 (KHTML, like Gecko) Chrome/152.0.0.0 Safari/537.36"
69.165.232.70 - - [01/Sep/2026:09:15:46 -0400] "GET /wp-content/uploads/hummingbird-assets/321a1684c5b707fcb325a7c7861a92ec.css HTTP/1.1" 304 - "https://kcjstudio.com/contact/" "Mozilla/5.0 (Windows NT 10.0; Win64; x64) AppleWebKit/537.36 (KHTML, like Gecko) Chrome/152.0.0.0 Safari/537.36"
69.165.232.70 - - [01/Sep/2026:09:15:46 -0400] "GET /wp-content/uploads/hummingbird-assets/52dd4b98d3bd818c932892c068612cfc.js HTTP/1.1" 200 34587 "https://kcjstudio.com/contact/" "Mozilla/5.0 (Windows NT 10.0; Win64; x64) AppleWebKit/537.36 (KHTML, like Gecko) Chrome/152.0.0.0 Safari/537.36"
69.165.232.70 - - [01/Sep/2026:09:15:46 -0400] "GET /wp-content/plugins/forminator/build/front/front.multi.min.js HTTP/1.1" 304 - "https://kcjstudio.com/contact/" "Mozilla/5.0 (Windows NT 10.0; Win64; x64) AppleWebKit/537.36 (KHTML, like Gecko) Chrome/152.0.0.0 Safari/537.36"
69.165.232.70 - - [01/Sep/2026:09:15:46 -0400] "GET /wp-content/uploads/hummingbird-assets/e28a4377ffcc3e61b70bef48aa817af6.js HTTP/1.1" 304 - "https://kcjstudio.com/contact/" "Mozilla/5.0 (Windows NT 10.0; Win64; x64) AppleWebKit/537.36 (KHTML, like Gecko) Chrome/152.0.0.0 Safari/537.36"
69.165.232.70 - - [01/Sep/2026:09:15:46 -0400] "GET /wp-content/plugins/forminator/assets/js/library/intlTelInput.min.js HTTP/1.1" 304 - "https://kcjstudio.com/contact/" "Mozilla/5.0 (Windows NT 10.0; Win64; x64) AppleWebKit/537.36 (KHTML, like Gecko) Chrome/152.0.0.0 Safari/537.36"
69.165.232.70 - - [01/Sep/2026:09:15:46 -0400] "POST /wp-admin/admin-ajax.php HTTP/1.1" 200 56 "https://kcjstudio.com/contact/" "Mozilla/5.0 (Windows NT 10.0; Win64; x64) AppleWebKit/537.36 (KHTML, like Gecko) Chrome/152.0.0.0 Safari/537.36"
104.247.76.75 - - [01/Sep/2026:09:15:57 -0400] "POST /wp-cron.php?doing_wp_cron=1788268557.3134169578552246093750 HTTP/1.1" 200 - "-" "WordPress/7.1; https://kcjstudio.com"
69.165.232.70 - - [01/Sep/2026:09:15:57 -0400] "GET /wp-admin/admin.php?page=wpmudev HTTP/1.1" 200 75723 "https://kcjstudio.com/wp-admin/admin.php?page=wpamelia-catalog" "Mozilla/5.0 (Windows NT 10.0; Win64; x64) AppleWebKit/537.36 (KHTML, like Gecko) Chrome/152.0.0.0 Safari/537.36"
69.165.232.70 - - [01/Sep/2026:09:15:57 -0400] "GET /wp-content/plugins/wpmudev-updates/build/admin/index.css?ver=5.0.0 HTTP/1.1" 200 37164 "https://kcjstudio.com/wp-admin/admin.php?page=wpmudev" "Mozilla/5.0 (Windows NT 10.0; Win64; x64) AppleWebKit/537.36 (KHTML, like Gecko) Chrome/152.0.0.0 Safari/537.36"
69.165.232.70 - - [01/Sep/2026:09:15:57 -0400] "GET /wp-content/plugins/wpmudev-updates/build/admin/index.js?ver=5.0.0 HTTP/1.1" 200 293883 "https://kcjstudio.com/wp-admin/admin.php?page=wpmudev" "Mozilla/5.0 (Windows NT 10.0; Win64; x64) AppleWebKit/537.36 (KHTML, like Gecko) Chrome/152.0.0.0 Safari/537.36"
69.165.232.70 - - [01/Sep/2026:09:15:57 -0400] "GET /wp-content/plugins/wpmudev-updates/build/admin/images/google.svg HTTP/1.1" 200 685 "https://kcjstudio.com/wp-admin/admin.php?page=wpmudev" "Mozilla/5.0 (Windows NT 10.0; Win64; x64) AppleWebKit/537.36 (KHTML, like Gecko) Chrome/152.0.0.0 Safari/537.36"
69.165.232.70 - - [01/Sep/2026:09:15:57 -0400] "GET /wp-content/plugins/wpmudev-updates/build/admin/images/login-logo.svg HTTP/1.1" 200 1445 "https://kcjstudio.com/wp-admin/admin.php?page=wpmudev" "Mozilla/5.0 (Windows NT 10.0; Win64; x64) AppleWebKit/537.36 (KHTML, like Gecko) Chrome/152.0.0.0 Safari/537.36"
104.247.76.75 - - [01/Sep/2026:09:16:59 -0400] "POST /wp-cron.php?doing_wp_cron=1788268619.6848869323730468750000 HTTP/1.1" 200 - "-" "WordPress/7.1; https://kcjstudio.com"
69.165.232.70 - - [01/Sep/2026:09:16:58 -0400] "POST /wp-admin/admin-ajax.php HTTP/1.1" 200 67 "https://kcjstudio.com/wp-admin/admin.php?page=wpmudev" "Mozilla/5.0 (Windows NT 10.0; Win64; x64) AppleWebKit/537.36 (KHTML, like Gecko) Chrome/152.0.0.0 Safari/537.36"
104.247.76.75 - - [01/Sep/2026:09:16:58 -0400] "POST /wp-admin/admin-ajax.php?action=as_async_request_queue_runner&nonce=f888683fa3 HTTP/1.1" 200 - "-" "WordPress/7.1; https://kcjstudio.com"
104.247.76.75 - - [01/Sep/2026:09:18:00 -0400] "POST /wp-cron.php?doing_wp_cron=1788268680.7038850784301757812500 HTTP/1.1" 200 - "-" "WordPress/7.1; https://kcjstudio.com"
69.165.232.70 - - [01/Sep/2026:09:17:59 -0400] "POST /wp-admin/admin-ajax.php HTTP/1.1" 200 67 "https://kcjstudio.com/wp-admin/admin.php?page=wpmudev" "Mozilla/5.0 (Windows NT 10.0; Win64; x64) AppleWebKit/537.36 (KHTML, like Gecko) Chrome/152.0.0.0 Safari/537.36"
104.247.76.75 - - [01/Sep/2026:09:17:59 -0400] "POST /wp-admin/admin-ajax.php?action=as_async_request_queue_runner&nonce=f888683fa3 HTTP/1.1" 200 - "-" "WordPress/7.1; https://kcjstudio.com"
104.247.76.75 - - [01/Sep/2026:09:19:21 -0400] "POST /wp-cron.php?doing_wp_cron=1788268761.2448339462280273437500 HTTP/1.1" 200 - "-" "WordPress/7.1; https://kcjstudio.com"
45.227.253.15 - - [01/Sep/2026:09:19:21 -0400] "GET /index.php/jk HTTP/1.1" 301 - "-" "Mozilla/5.0 (Windows NT 10.0; Win64; x64) AppleWebKit/537.36 (KHTML, like Gecko) Chrome/78.0.3790 Safari/537.36 Edg/78.0.142.6"
45.227.253.15 - - [01/Sep/2026:09:19:21 -0400] "GET /jk HTTP/1.1" 404 16324 "https://kcjstudio.com/index.php/jk" "Mozilla/5.0 (Windows NT 10.0; Win64; x64) AppleWebKit/537.36 (KHTML, like Gecko) Chrome/78.0.3790 Safari/537.36 Edg/78.0.142.6"
104.247.76.75 - - [01/Sep/2026:09:20:00 -0400] "POST /wp-cron.php?doing_wp_cron=1788268800.7227859497070312500000 HTTP/1.1" 200 - "-" "WordPress/7.1; https://kcjstudio.com"
69.165.232.70 - - [01/Sep/2026:09:20:00 -0400] "POST /wp-admin/admin-ajax.php HTTP/1.1" 200 67 "https://kcjstudio.com/wp-admin/admin.php?page=wpmudev" "Mozilla/5.0 (Windows NT 10.0; Win64; x64) AppleWebKit/537.36 (KHTML, like Gecko) Chrome/152.0.0.0 Safari/537.36"
104.247.76.75 - - [01/Sep/2026:09:21:02 -0400] "POST /wp-cron.php?doing_wp_cron=1788268862.7508800029754638671875 HTTP/1.1" 200 - "-" "WordPress/7.1; https://kcjstudio.com"
69.165.232.70 - - [01/Sep/2026:09:21:01 -0400] "POST /wp-admin/admin-ajax.php HTTP/1.1" 200 67 "https://kcjstudio.com/wp-admin/admin.php?page=wpmudev" "Mozilla/5.0 (Windows NT 10.0; Win64; x64) AppleWebKit/537.36 (KHTML, like Gecko) Chrome/152.0.0.0 Safari/537.36"
104.247.76.75 - - [01/Sep/2026:09:21:01 -0400] "POST /wp-admin/admin-ajax.php?action=as_async_request_queue_runner&nonce=f888683fa3 HTTP/1.1" 200 - "-" "WordPress/7.1; https://kcjstudio.com"
18.204.159.253 - - [01/Sep/2026:09:21:38 -0400] "HEAD / HTTP/1.1" 200 - "-" "WPMUDEV Getting Started/3.0 (https://wpmudev.com)"
18.204.159.253 - - [01/Sep/2026:09:21:38 -0400] "HEAD /wp-load.php HTTP/1.1" 200 - "-" "WPMUDEV Getting Started/3.0 (https://wpmudev.com)"
104.247.76.75 - - [01/Sep/2026:09:22:03 -0400] "POST /wp-cron.php?doing_wp_cron=1788268923.7068920135498046875000 HTTP/1.1" 200 - "-" "WordPress/7.1; https://kcjstudio.com"
69.165.232.70 - - [01/Sep/2026:09:22:02 -0400] "POST /wp-admin/admin-ajax.php HTTP/1.1" 200 67 "https://kcjstudio.com/wp-admin/admin.php?page=wpmudev" "Mozilla/5.0 (Windows NT 10.0; Win64; x64) AppleWebKit/537.36 (KHTML, like Gecko) Chrome/152.0.0.0 Safari/537.36"
104.247.76.75 - - [01/Sep/2026:09:22:02 -0400] "POST /wp-admin/admin-ajax.php?action=as_async_request_queue_runner&nonce=f888683fa3 HTTP/1.1" 200 - "-" "WordPress/7.1; https://kcjstudio.com"
104.247.76.75 - - [01/Sep/2026:09:22:54 -0400] "POST /wp-cron.php?doing_wp_cron=1788268974.4075660705566406250000 HTTP/1.1" 200 - "-" "WordPress/7.1; https://kcjstudio.com"
18.204.159.253 - - [01/Sep/2026:09:22:54 -0400] "HEAD / HTTP/1.1" 200 - "-" "WPMUDEV Getting Started/3.0 (https://wpmudev.com)"
18.204.159.253 - - [01/Sep/2026:09:22:54 -0400] "HEAD /wp-load.php HTTP/1.1" 200 - "-" "WPMUDEV Getting Started/3.0 (https://wpmudev.com)"
69.165.232.70 - - [01/Sep/2026:09:23:09 -0400] "POST /wp-admin/admin-ajax.php HTTP/1.1" 200 67 "https://kcjstudio.com/wp-admin/admin.php?page=wpmudev" "Mozilla/5.0 (Windows NT 10.0; Win64; x64) AppleWebKit/537.36 (KHTML, like Gecko) Chrome/152.0.0.0 Safari/537.36"
104.247.76.75 - - [01/Sep/2026:09:23:09 -0400] "POST /wp-admin/admin-ajax.php?action=as_async_request_queue_runner&nonce=f888683fa3 HTTP/1.1" 200 - "-" "WordPress/7.1; https://kcjstudio.com"
69.165.232.70 - - [01/Sep/2026:09:23:28 -0400] "GET /wp-admin/admin.php?page=wpmudev&sso_status=true&set_apikey=a18a142c8c9cda5c4b709b9a114fac9f3e902891&auth_nonce=bbef07468e HTTP/1.1" 200 75901 "https://kcjstudio.com/" "Mozilla/5.0 (Windows NT 10.0; Win64; x64) AppleWebKit/537.36 (KHTML, like Gecko) Chrome/152.0.0.0 Safari/537.36"
69.165.232.70 - - [01/Sep/2026:09:23:29 -0400] "GET /wp-content/plugins/wpmudev-updates/build/admin/images/host.svg HTTP/1.1" 200 2180 "https://kcjstudio.com/wp-admin/admin.php?page=wpmudev&sso_status=true&set_apikey=a18a142c8c9cda5c4b709b9a114fac9f3e902891&auth_nonce=bbef07468e" "Mozilla/5.0 (Windows NT 10.0; Win64; x64) AppleWebKit/537.36 (KHTML, like Gecko) Chrome/152.0.0.0 Safari/537.36"
69.165.232.70 - - [01/Sep/2026:09:23:29 -0400] "GET /wp-content/plugins/wpmudev-updates/build/admin/images/client.svg HTTP/1.1" 200 1449 "https://kcjstudio.com/wp-admin/admin.php?page=wpmudev&sso_status=true&set_apikey=a18a142c8c9cda5c4b709b9a114fac9f3e902891&auth_nonce=bbef07468e" "Mozilla/5.0 (Windows NT 10.0; Win64; x64) AppleWebKit/537.36 (KHTML, like Gecko) Chrome/152.0.0.0 Safari/537.36"
69.165.232.70 - - [01/Sep/2026:09:23:29 -0400] "POST /wp-json/wpmudev-dashboard/v1/auth/hub-sync HTTP/1.1" 200 822 "https://kcjstudio.com/wp-admin/admin.php?page=wpmudev&sso_status=true&set_apikey=a18a142c8c9cda5c4b709b9a114fac9f3e902891&auth_nonce=bbef07468e" "Mozilla/5.0 (Windows NT 10.0; Win64; x64) AppleWebKit/537.36 (KHTML, like Gecko) Chrome/152.0.0.0 Safari/537.36"
104.247.76.75 - - [01/Sep/2026:09:24:08 -0400] "POST /wp-cron.php?doing_wp_cron=1788269048.4965860843658447265625 HTTP/1.1" 200 - "-" "WordPress/7.1; https://kcjstudio.com"
18.204.159.253 - - [01/Sep/2026:09:24:08 -0400] "POST /wp-load.php?wpmudev-hub=6a96d1f848af1-1788269048.296 HTTP/1.1" 200 1590 "-" "Mozilla/5.0 (compatible; WPMU DEV Hub/2.0; +https://wpmudev.com)"
18.204.159.253 - - [01/Sep/2026:09:24:09 -0400] "POST /wp-load.php?wpmudev-hub=6a96d1f926f18-1788269049.1587 HTTP/1.1" 200 526 "-" "Mozilla/5.0 (compatible; WPMU DEV Hub/2.0; +https://wpmudev.com)"
18.204.159.253 - - [01/Sep/2026:09:24:09 -0400] "POST /wp-load.php?wpmudev-hub=6a96d1f957383-1788269049.3564 HTTP/1.1" 200 56 "-" "Mozilla/5.0 (compatible; WPMU DEV Hub/2.0; +https://wpmudev.com)"
104.247.76.75 - - [01/Sep/2026:09:24:09 -0400] "GET / HTTP/1.1" 200 25525 "-" "WordPress/7.1; https://kcjstudio.com"
18.204.159.253 - - [01/Sep/2026:09:24:09 -0400] "POST /wp-load.php?wpmudev-hub=6a96d1f97c0ee-1788269049.5073 HTTP/1.1" 200 524 "-" "Mozilla/5.0 (compatible; WPMU DEV Hub/2.0; +https://wpmudev.com)"
69.165.232.70 - - [01/Sep/2026:09:24:10 -0400] "GET /wp-admin/admin.php?page=wpmudev-plugins HTTP/1.1" 200 78644 "https://kcjstudio.com/wp-admin/admin.php?page=wpmudev" "Mozilla/5.0 (Windows NT 10.0; Win64; x64) AppleWebKit/537.36 (KHTML, like Gecko) Chrome/152.0.0.0 Safari/537.36"
69.165.232.70 - - [01/Sep/2026:09:24:12 -0400] "GET /wp-json/wpmudev-dashboard/v1/plugins?include_changelog=false HTTP/1.1" 200 12211 "https://kcjstudio.com/wp-admin/admin.php?page=wpmudev-plugins" "Mozilla/5.0 (Windows NT 10.0; Win64; x64) AppleWebKit/537.36 (KHTML, like Gecko) Chrome/152.0.0.0 Safari/537.36"
69.165.232.70 - - [01/Sep/2026:09:24:12 -0400] "GET /wp-json/wpmudev-dashboard/v1/settings HTTP/1.1" 200 1929 "https://kcjstudio.com/wp-admin/admin.php?page=wpmudev-plugins" "Mozilla/5.0 (Windows NT 10.0; Win64; x64) AppleWebKit/537.36 (KHTML, like Gecko) Chrome/152.0.0.0 Safari/537.36"
104.247.76.75 - - [01/Sep/2026:09:24:10 -0400] "POST /wp-admin/admin-ajax.php?action=as_async_request_queue_runner&nonce=f888683fa3 HTTP/1.1" 200 - "-" "WordPress/7.1; https://kcjstudio.com"
69.165.232.70 - - [01/Sep/2026:09:24:31 -0400] "POST /wp-json/wpmudev-dashboard/v1/plugins/action HTTP/1.1" 200 59 "https://kcjstudio.com/wp-admin/admin.php?page=wpmudev-plugins" "Mozilla/5.0 (Windows NT 10.0; Win64; x64) AppleWebKit/537.36 (KHTML, like Gecko) Chrome/152.0.0.0 Safari/537.36"
69.165.232.70 - - [01/Sep/2026:09:24:40 -0400] "GET /wp-json/wpmudev-dashboard/v1/plugins?include_changelog=false HTTP/1.1" 200 12212 "https://kcjstudio.com/wp-admin/admin.php?page=wpmudev-plugins" "Mozilla/5.0 (Windows NT 10.0; Win64; x64) AppleWebKit/537.36 (KHTML, like Gecko) Chrome/152.0.0.0 Safari/537.36"
104.247.76.75 - - [01/Sep/2026:09:24:59 -0400] "POST /wp-cron.php?doing_wp_cron=1788269099.6378889083862304687500 HTTP/1.1" 200 - "-" "WordPress/7.1; https://kcjstudio.com"
69.165.232.70 - - [01/Sep/2026:09:24:58 -0400] "GET /contact/ HTTP/1.1" 200 36467 "https://kcjstudio.com/headshots/" "Mozilla/5.0 (Windows NT 10.0; Win64; x64) AppleWebKit/537.36 (KHTML, like Gecko) Chrome/152.0.0.0 Safari/537.36"
69.165.232.70 - - [01/Sep/2026:09:24:59 -0400] "GET /wp-content/plugins/forminator/assets/forminator-ui/css/forminator-icons.min.css HTTP/1.1" 200 970 "https://kcjstudio.com/contact/" "Mozilla/5.0 (Windows NT 10.0; Win64; x64) AppleWebKit/537.36 (KHTML, like Gecko) Chrome/152.0.0.0 Safari/537.36"
69.165.232.70 - - [01/Sep/2026:09:24:59 -0400] "GET /wp-content/uploads/forminator/247124_77c0ccc17876826f337fb703949af021/css/style-247124.css HTTP/1.1" 304 - "https://kcjstudio.com/contact/" "Mozilla/5.0 (Windows NT 10.0; Win64; x64) AppleWebKit/537.36 (KHTML, like Gecko) Chrome/152.0.0.0 Safari/537.36"
69.165.232.70 - - [01/Sep/2026:09:24:59 -0400] "GET /wp-content/plugins/forminator/assets/forminator-ui/css/src/forminator-utilities.min.css HTTP/1.1" 200 376 "https://kcjstudio.com/contact/" "Mozilla/5.0 (Windows NT 10.0; Win64; x64) AppleWebKit/537.36 (KHTML, like Gecko) Chrome/152.0.0.0 Safari/537.36"
69.165.232.70 - - [01/Sep/2026:09:24:59 -0400] "GET /wp-content/plugins/forminator/assets/forminator-ui/css/src/grid/forminator-grid.open.min.css HTTP/1.1" 200 661 "https://kcjstudio.com/contact/" "Mozilla/5.0 (Windows NT 10.0; Win64; x64) AppleWebKit/537.36 (KHTML, like Gecko) Chrome/152.0.0.0 Safari/537.36"
69.165.232.70 - - [01/Sep/2026:09:24:59 -0400] "GET /wp-content/plugins/forminator/assets/forminator-ui/css/src/form/forminator-form-default.select2.min.css HTTP/1.1" 200 2378 "https://kcjstudio.com/contact/" "Mozilla/5.0 (Windows NT 10.0; Win64; x64) AppleWebKit/537.36 (KHTML, like Gecko) Chrome/152.0.0.0 Safari/537.36"
69.165.232.70 - - [01/Sep/2026:09:24:59 -0400] "GET /wp-content/plugins/forminator/assets/forminator-ui/css/src/form/forminator-form-default.base.min.css HTTP/1.1" 200 6329 "https://kcjstudio.com/contact/" "Mozilla/5.0 (Windows NT 10.0; Win64; x64) AppleWebKit/537.36 (KHTML, like Gecko) Chrome/152.0.0.0 Safari/537.36"
69.165.232.70 - - [01/Sep/2026:09:24:59 -0400] "GET /wp-content/plugins/forminator/assets/css/intlTelInput.min.css HTTP/1.1" 200 3151 "https://kcjstudio.com/contact/" "Mozilla/5.0 (Windows NT 10.0; Win64; x64) AppleWebKit/537.36 (KHTML, like Gecko) Chrome/152.0.0.0 Safari/537.36"
69.165.232.70 - - [01/Sep/2026:09:24:59 -0400] "GET /wp-content/plugins/forminator/assets/forminator-ui/css/src/form/forminator-form-default.full.min.css HTTP/1.1" 200 5773 "https://kcjstudio.com/contact/" "Mozilla/5.0 (Windows NT 10.0; Win64; x64) AppleWebKit/537.36 (KHTML, like Gecko) Chrome/152.0.0.0 Safari/537.36"
69.165.232.70 - - [01/Sep/2026:09:24:59 -0400] "GET /wp-content/plugins/divi-bars/assets/js/jquery.exitintent.min.js HTTP/1.1" 200 427 "https://kcjstudio.com/contact/" "Mozilla/5.0 (Windows NT 10.0; Win64; x64) AppleWebKit/537.36 (KHTML, like Gecko) Chrome/152.0.0.0 Safari/537.36"
69.165.232.70 - - [01/Sep/2026:09:24:59 -0400] "GET /wp-content/plugins/divi-bars/assets/js/actual.min.js HTTP/1.1" 200 475 "https://kcjstudio.com/contact/" "Mozilla/5.0 (Windows NT 10.0; Win64; x64) AppleWebKit/537.36 (KHTML, like Gecko) Chrome/152.0.0.0 Safari/537.36"
69.165.232.70 - - [01/Sep/2026:09:24:59 -0400] "GET /wp-content/plugins/forminator/assets/forminator-ui/js/select2.full.min.js HTTP/1.1" 200 20858 "https://kcjstudio.com/contact/" "Mozilla/5.0 (Windows NT 10.0; Win64; x64) AppleWebKit/537.36 (KHTML, like Gecko) Chrome/152.0.0.0 Safari/537.36"
69.165.232.70 - - [01/Sep/2026:09:24:59 -0400] "GET /wp-content/plugins/forminator/assets/forminator-ui/js/forminator-form.min.js HTTP/1.1" 200 5680 "https://kcjstudio.com/contact/" "Mozilla/5.0 (Windows NT 10.0; Win64; x64) AppleWebKit/537.36 (KHTML, like Gecko) Chrome/152.0.0.0 Safari/537.36"
69.165.232.70 - - [01/Sep/2026:09:24:59 -0400] "GET /wp-content/plugins/forminator/assets/js/library/jquery.validate.min.js HTTP/1.1" 200 8010 "https://kcjstudio.com/contact/" "Mozilla/5.0 (Windows NT 10.0; Win64; x64) AppleWebKit/537.36 (KHTML, like Gecko) Chrome/152.0.0.0 Safari/537.36"
69.165.232.70 - - [01/Sep/2026:09:25:00 -0400] "GET /wp-content/plugins/forminator/assets/forminator-ui/fonts/forminator-icons-font.woff2?1.7.4 HTTP/1.1" 200 4455 "https://kcjstudio.com/wp-content/plugins/forminator/assets/forminator-ui/css/forminator-icons.min.css" "Mozilla/5.0 (Windows NT 10.0; Win64; x64) AppleWebKit/537.36 (KHTML, like Gecko) Chrome/152.0.0.0 Safari/537.36"
69.165.232.70 - - [01/Sep/2026:09:25:00 -0400] "POST /wp-admin/admin-ajax.php HTTP/1.1" 200 56 "https://kcjstudio.com/contact/" "Mozilla/5.0 (Windows NT 10.0; Win64; x64) AppleWebKit/537.36 (KHTML, like Gecko) Chrome/152.0.0.0 Safari/537.36"
69.165.232.70 - - [01/Sep/2026:09:25:13 -0400] "POST /wp-admin/admin-ajax.php HTTP/1.1" 200 67 "https://kcjstudio.com/wp-admin/admin.php?page=wpmudev-plugins" "Mozilla/5.0 (Windows NT 10.0; Win64; x64) AppleWebKit/537.36 (KHTML, like Gecko) Chrome/152.0.0.0 Safari/537.36"
104.247.76.75 - - [01/Sep/2026:09:25:14 -0400] "POST /wp-admin/admin-ajax.php?action=as_async_request_queue_runner&nonce=f888683fa3 HTTP/1.1" 200 - "-" "WordPress/7.1; https://kcjstudio.com"
69.165.232.70 - - [01/Sep/2026:09:25:42 -0400] "POST /wp-admin/admin-ajax.php HTTP/1.1" 200 173 "https://kcjstudio.com/contact/" "Mozilla/5.0 (Windows NT 10.0; Win64; x64) AppleWebKit/537.36 (KHTML, like Gecko) Chrome/152.0.0.0 Safari/537.36"
104.247.76.75 - - [01/Sep/2026:09:26:14 -0400] "POST /wp-cron.php?doing_wp_cron=1788269174.1654200553894042968750 HTTP/1.1" 200 - "-" "WordPress/7.1; https://kcjstudio.com"
69.165.232.70 - - [01/Sep/2026:09:26:13 -0400] "POST /wp-admin/admin-ajax.php HTTP/1.1" 200 67 "https://kcjstudio.com/wp-admin/admin.php?page=wpmudev-plugins" "Mozilla/5.0 (Windows NT 10.0; Win64; x64) AppleWebKit/537.36 (KHTML, like Gecko) Chrome/152.0.0.0 Safari/537.36"
69.165.232.70 - - [01/Sep/2026:09:26:30 -0400] "POST /wp-json/wpmudev-dashboard/v1/plugins/action HTTP/1.1" 200 59 "https://kcjstudio.com/wp-admin/admin.php?page=wpmudev-plugins" "Mozilla/5.0 (Windows NT 10.0; Win64; x64) AppleWebKit/537.36 (KHTML, like Gecko) Chrome/152.0.0.0 Safari/537.36"
69.165.232.70 - - [01/Sep/2026:09:26:37 -0400] "GET /wp-json/wpmudev-dashboard/v1/plugins?include_changelog=false HTTP/1.1" 200 12214 "https://kcjstudio.com/wp-admin/admin.php?page=wpmudev-plugins" "Mozilla/5.0 (Windows NT 10.0; Win64; x64) AppleWebKit/537.36 (KHTML, like Gecko) Chrome/152.0.0.0 Safari/537.36"
69.165.232.70 - - [01/Sep/2026:09:26:39 -0400] "POST /wp-json/wpmudev-dashboard/v1/plugins/action HTTP/1.1" 200 55 "https://kcjstudio.com/wp-admin/admin.php?page=wpmudev-plugins" "Mozilla/5.0 (Windows NT 10.0; Win64; x64) AppleWebKit/537.36 (KHTML, like Gecko) Chrome/152.0.0.0 Safari/537.36"
69.165.232.70 - - [01/Sep/2026:09:26:43 -0400] "GET /wp-json/wpmudev-dashboard/v1/plugins?include_changelog=false HTTP/1.1" 200 12219 "https://kcjstudio.com/wp-admin/admin.php?page=wpmudev-plugins" "Mozilla/5.0 (Windows NT 10.0; Win64; x64) AppleWebKit/537.36 (KHTML, like Gecko) Chrome/152.0.0.0 Safari/537.36"
104.247.76.75 - - [01/Sep/2026:09:27:16 -0400] "POST /wp-cron.php?doing_wp_cron=1788269236.1750218868255615234375 HTTP/1.1" 200 - "-" "WordPress/7.1; https://kcjstudio.com"
69.165.232.70 - - [01/Sep/2026:09:27:14 -0400] "POST /wp-admin/admin-ajax.php HTTP/1.1" 200 67 "https://kcjstudio.com/wp-admin/admin.php?page=wpmudev-plugins" "Mozilla/5.0 (Windows NT 10.0; Win64; x64) AppleWebKit/537.36 (KHTML, like Gecko) Chrome/152.0.0.0 Safari/537.36"
104.247.76.75 - - [01/Sep/2026:09:27:15 -0400] "POST /wp-admin/admin-ajax.php?action=as_async_request_queue_runner&nonce=f888683fa3 HTTP/1.1" 200 - "-" "WordPress/7.1; https://kcjstudio.com"
104.247.76.75 - - [01/Sep/2026:09:28:02 -0400] "POST /wp-cron.php?doing_wp_cron=1788269282.5642459392547607421875 HTTP/1.1" 200 - "-" "WordPress/7.1; https://kcjstudio.com"
198.204.240.234 - - [01/Sep/2026:09:28:01 -0400] "GET /wp-includes/pld62522/edit.php HTTP/1.1" 404 16319 "https://kcjstudio.com/wp-includes/pld62522/edit.php" "Mozilla/5.0 (Windows NT 5.1; rv:6.0) Gecko/20100101 Firefox/6.0"
88.217.180.193 - - [01/Sep/2026:09:28:19 -0400] "GET /-/esb-firstlevel/de/psd2 HTTP/1.1" 404 16323 "http://avanteshipping.com/" "Mozilla/5.0 (iPhone; CPU iPhone OS 15_0 like Mac OS X) AppleWebKit/605.1.15 (KHTML, like Gecko) Version/15.0 Mobile/15E148 Safari/604.1"
88.217.180.193 - - [01/Sep/2026:09:28:20 -0400] "GET /wp-content/uploads/hummingbird-assets/c4052befffef26c1b63326bf5bf1ad69.css HTTP/1.1" 200 401 "https://kcjstudio.com/-/esb-firstlevel/de/psd2" "Mozilla/5.0 (iPhone; CPU iPhone OS 15_0 like Mac OS X) AppleWebKit/605.1.15 (KHTML, like Gecko) Version/15.0 Mobile/15E148 Safari/604.1"
88.217.180.193 - - [01/Sep/2026:09:28:20 -0400] "GET /wp-content/et-cache/notfound/et-divi-dynamic-tb-199-late.css HTTP/1.1" 200 219 "https://kcjstudio.com/-/esb-firstlevel/de/psd2" "Mozilla/5.0 (iPhone; CPU iPhone OS 15_0 like Mac OS X) AppleWebKit/605.1.15 (KHTML, like Gecko) Version/15.0 Mobile/15E148 Safari/604.1"
88.217.180.193 - - [01/Sep/2026:09:28:21 -0400] "GET /wp-content/et-cache/notfound/et-divi-dynamic-tb-199.css HTTP/1.1" 200 12207 "https://kcjstudio.com/-/esb-firstlevel/de/psd2" "Mozilla/5.0 (iPhone; CPU iPhone OS 15_0 like Mac OS X) AppleWebKit/605.1.15 (KHTML, like Gecko) Version/15.0 Mobile/15E148 Safari/604.1"
88.217.180.193 - - [01/Sep/2026:09:28:21 -0400] "GET /wp-content/plugins/ameliabooking/extensions/divi_amelia/styles/style.min.css HTTP/1.1" 200 - "https://kcjstudio.com/-/esb-firstlevel/de/psd2" "Mozilla/5.0 (iPhone; CPU iPhone OS 15_0 like Mac OS X) AppleWebKit/605.1.15 (KHTML, like Gecko) Version/15.0 Mobile/15E148 Safari/604.1"
88.217.180.193 - - [01/Sep/2026:09:28:21 -0400] "GET /wp-content/uploads/hummingbird-assets/cf4d24a3edc0d6802791a62d72fa06db.css HTTP/1.1" 200 2193 "https://kcjstudio.com/-/esb-firstlevel/de/psd2" "Mozilla/5.0 (iPhone; CPU iPhone OS 15_0 like Mac OS X) AppleWebKit/605.1.15 (KHTML, like Gecko) Version/15.0 Mobile/15E148 Safari/604.1"
88.217.180.193 - - [01/Sep/2026:09:28:21 -0400] "GET /wp-content/uploads/hummingbird-assets/f466e392632aaae20a30f4357eed3170.js HTTP/1.1" 200 34451 "https://kcjstudio.com/-/esb-firstlevel/de/psd2" "Mozilla/5.0 (iPhone; CPU iPhone OS 15_0 like Mac OS X) AppleWebKit/605.1.15 (KHTML, like Gecko) Version/15.0 Mobile/15E148 Safari/604.1"
88.217.180.193 - - [01/Sep/2026:09:28:21 -0400] "GET /wp-content/uploads/hummingbird-assets/12d759fc5af23e4ae77112ef96ed5d12.js HTTP/1.1" 200 70589 "https://kcjstudio.com/-/esb-firstlevel/de/psd2" "Mozilla/5.0 (iPhone; CPU iPhone OS 15_0 like Mac OS X) AppleWebKit/605.1.15 (KHTML, like Gecko) Version/15.0 Mobile/15E148 Safari/604.1"
88.217.180.193 - - [01/Sep/2026:09:28:22 -0400] "GET /wp-content/themes/Divi/core/admin/fonts/modules/base/modules.woff HTTP/1.1" 200 3076 "https://kcjstudio.com/wp-content/et-cache/notfound/et-divi-dynamic-tb-199.css" "Mozilla/5.0 (iPhone; CPU iPhone OS 15_0 like Mac OS X) AppleWebKit/605.1.15 (KHTML, like Gecko) Version/15.0 Mobile/15E148 Safari/604.1"
88.217.180.193 - - [01/Sep/2026:09:28:22 -0400] "GET /wp-content/uploads/hummingbird-assets/1abb620b1f6c7c9bb7e5de19eb0f15d5.js HTTP/1.1" 200 9102 "https://kcjstudio.com/-/esb-firstlevel/de/psd2" "Mozilla/5.0 (iPhone; CPU iPhone OS 15_0 like Mac OS X) AppleWebKit/605.1.15 (KHTML, like Gecko) Version/15.0 Mobile/15E148 Safari/604.1"
88.217.180.193 - - [01/Sep/2026:09:28:22 -0400] "GET /wp-content/themes/Divi/core/admin/fonts/modules/all/modules.woff HTTP/1.1" 200 37328 "https://kcjstudio.com/wp-content/et-cache/notfound/et-divi-dynamic-tb-199-late.css" "Mozilla/5.0 (iPhone; CPU iPhone OS 15_0 like Mac OS X) AppleWebKit/605.1.15 (KHTML, like Gecko) Version/15.0 Mobile/15E148 Safari/604.1"
88.217.180.193 - - [01/Sep/2026:09:28:22 -0400] "GET /wp-content/plugins/divi-bars/assets/js/main.helper.js HTTP/1.1" 200 - "https://kcjstudio.com/-/esb-firstlevel/de/psd2" "Mozilla/5.0 (iPhone; CPU iPhone OS 15_0 like Mac OS X) AppleWebKit/605.1.15 (KHTML, like Gecko) Version/15.0 Mobile/15E148 Safari/604.1"
88.217.180.193 - - [01/Sep/2026:09:28:22 -0400] "GET /wp-content/uploads/hummingbird-assets/b29edba45593c1a93da7f6a2cca6ead8.js HTTP/1.1" 200 870 "https://kcjstudio.com/-/esb-firstlevel/de/psd2" "Mozilla/5.0 (iPhone; CPU iPhone OS 15_0 like Mac OS X) AppleWebKit/605.1.15 (KHTML, like Gecko) Version/15.0 Mobile/15E148 Safari/604.1"
88.217.180.193 - - [01/Sep/2026:09:28:22 -0400] "GET /wp-content/themes/Divi/images/logo.png HTTP/1.1" 200 1740 "https://kcjstudio.com/-/esb-firstlevel/de/psd2" "Mozilla/5.0 (iPhone; CPU iPhone OS 15_0 like Mac OS X) AppleWebKit/605.1.15 (KHTML, like Gecko) Version/15.0 Mobile/15E148 Safari/604.1"
57.129.134.182 - - [01/Sep/2026:09:28:22 -0400] "GET /-/esb-firstlevel/de/psd2 HTTP/1.1" 404 16323 "http://avanteshipping.com/" "Mozilla/5.0 (iPhone; CPU iPhone OS 15_0 like Mac OS X) AppleWebKit/605.1.15 (KHTML, like Gecko) Version/15.0 Mobile/15E148 Safari/604.1"
57.129.134.182 - - [01/Sep/2026:09:28:23 -0400] "GET /wp-content/uploads/hummingbird-assets/c4052befffef26c1b63326bf5bf1ad69.css HTTP/1.1" 200 401 "https://kcjstudio.com/-/esb-firstlevel/de/psd2" "Mozilla/5.0 (iPhone; CPU iPhone OS 15_0 like Mac OS X) AppleWebKit/605.1.15 (KHTML, like Gecko) Version/15.0 Mobile/15E148 Safari/604.1"
57.129.134.182 - - [01/Sep/2026:09:28:23 -0400] "GET /wp-content/et-cache/notfound/et-divi-dynamic-tb-199-late.css HTTP/1.1" 200 219 "https://kcjstudio.com/-/esb-firstlevel/de/psd2" "Mozilla/5.0 (iPhone; CPU iPhone OS 15_0 like Mac OS X) AppleWebKit/605.1.15 (KHTML, like Gecko) Version/15.0 Mobile/15E148 Safari/604.1"
57.129.134.182 - - [01/Sep/2026:09:28:23 -0400] "GET /wp-content/et-cache/notfound/et-divi-dynamic-tb-199.css HTTP/1.1" 200 12207 "https://kcjstudio.com/-/esb-firstlevel/de/psd2" "Mozilla/5.0 (iPhone; CPU iPhone OS 15_0 like Mac OS X) AppleWebKit/605.1.15 (KHTML, like Gecko) Version/15.0 Mobile/15E148 Safari/604.1"
57.129.134.182 - - [01/Sep/2026:09:28:23 -0400] "GET /wp-content/plugins/ameliabooking/extensions/divi_amelia/styles/style.min.css HTTP/1.1" 200 - "https://kcjstudio.com/-/esb-firstlevel/de/psd2" "Mozilla/5.0 (iPhone; CPU iPhone OS 15_0 like Mac OS X) AppleWebKit/605.1.15 (KHTML, like Gecko) Version/15.0 Mobile/15E148 Safari/604.1"
57.129.134.182 - - [01/Sep/2026:09:28:23 -0400] "GET /wp-content/uploads/hummingbird-assets/cf4d24a3edc0d6802791a62d72fa06db.css HTTP/1.1" 200 2193 "https://kcjstudio.com/-/esb-firstlevel/de/psd2" "Mozilla/5.0 (iPhone; CPU iPhone OS 15_0 like Mac OS X) AppleWebKit/605.1.15 (KHTML, like Gecko) Version/15.0 Mobile/15E148 Safari/604.1"
57.129.134.182 - - [01/Sep/2026:09:28:23 -0400] "GET /wp-content/uploads/hummingbird-assets/f466e392632aaae20a30f4357eed3170.js HTTP/1.1" 200 34451 "https://kcjstudio.com/-/esb-firstlevel/de/psd2" "Mozilla/5.0 (iPhone; CPU iPhone OS 15_0 like Mac OS X) AppleWebKit/605.1.15 (KHTML, like Gecko) Version/15.0 Mobile/15E148 Safari/604.1"
57.129.134.182 - - [01/Sep/2026:09:28:23 -0400] "GET /wp-content/uploads/hummingbird-assets/12d759fc5af23e4ae77112ef96ed5d12.js HTTP/1.1" 200 70589 "https://kcjstudio.com/-/esb-firstlevel/de/psd2" "Mozilla/5.0 (iPhone; CPU iPhone OS 15_0 like Mac OS X) AppleWebKit/605.1.15 (KHTML, like Gecko) Version/15.0 Mobile/15E148 Safari/604.1"
57.129.134.182 - - [01/Sep/2026:09:28:23 -0400] "GET /wp-content/themes/Divi/core/admin/fonts/modules/base/modules.woff HTTP/1.1" 200 3076 "https://kcjstudio.com/wp-content/et-cache/notfound/et-divi-dynamic-tb-199.css" "Mozilla/5.0 (iPhone; CPU iPhone OS 15_0 like Mac OS X) AppleWebKit/605.1.15 (KHTML, like Gecko) Version/15.0 Mobile/15E148 Safari/604.1"
57.129.134.182 - - [01/Sep/2026:09:28:24 -0400] "GET /wp-content/uploads/hummingbird-assets/1abb620b1f6c7c9bb7e5de19eb0f15d5.js HTTP/1.1" 200 9102 "https://kcjstudio.com/-/esb-firstlevel/de/psd2" "Mozilla/5.0 (iPhone; CPU iPhone OS 15_0 like Mac OS X) AppleWebKit/605.1.15 (KHTML, like Gecko) Version/15.0 Mobile/15E148 Safari/604.1"
57.129.134.182 - - [01/Sep/2026:09:28:24 -0400] "GET /wp-content/themes/Divi/core/admin/fonts/modules/all/modules.woff HTTP/1.1" 200 37328 "https://kcjstudio.com/wp-content/et-cache/notfound/et-divi-dynamic-tb-199-late.css" "Mozilla/5.0 (iPhone; CPU iPhone OS 15_0 like Mac OS X) AppleWebKit/605.1.15 (KHTML, like Gecko) Version/15.0 Mobile/15E148 Safari/604.1"
57.129.134.182 - - [01/Sep/2026:09:28:24 -0400] "GET /wp-content/plugins/divi-bars/assets/js/main.helper.js HTTP/1.1" 200 - "https://kcjstudio.com/-/esb-firstlevel/de/psd2" "Mozilla/5.0 (iPhone; CPU iPhone OS 15_0 like Mac OS X) AppleWebKit/605.1.15 (KHTML, like Gecko) Version/15.0 Mobile/15E148 Safari/604.1"
57.129.134.182 - - [01/Sep/2026:09:28:24 -0400] "GET /wp-content/uploads/hummingbird-assets/b29edba45593c1a93da7f6a2cca6ead8.js HTTP/1.1" 200 870 "https://kcjstudio.com/-/esb-firstlevel/de/psd2" "Mozilla/5.0 (iPhone; CPU iPhone OS 15_0 like Mac OS X) AppleWebKit/605.1.15 (KHTML, like Gecko) Version/15.0 Mobile/15E148 Safari/604.1"
57.129.134.182 - - [01/Sep/2026:09:28:24 -0400] "GET /wp-content/themes/Divi/images/logo.png HTTP/1.1" 200 1740 "https://kcjstudio.com/-/esb-firstlevel/de/psd2" "Mozilla/5.0 (iPhone; CPU iPhone OS 15_0 like Mac OS X) AppleWebKit/605.1.15 (KHTML, like Gecko) Version/15.0 Mobile/15E148 Safari/604.1"
88.217.180.193 - - [01/Sep/2026:09:28:26 -0400] "GET /wp-content/uploads/2023/01/cropped-KCJ-STUDIO-ICON-300PX-32x32.png HTTP/1.1" 200 801 "https://kcjstudio.com/-/esb-firstlevel/de/psd2" "Mozilla/5.0 (iPhone; CPU iPhone OS 15_0 like Mac OS X) AppleWebKit/605.1.15 (KHTML, like Gecko) Version/15.0 Mobile/15E148 Safari/604.1"
104.247.76.75 - - [01/Sep/2026:09:29:16 -0400] "POST /wp-cron.php?doing_wp_cron=1788269356.9341349601745605468750 HTTP/1.1" 200 - "-" "WordPress/7.1; https://kcjstudio.com"
69.165.232.70 - - [01/Sep/2026:09:29:15 -0400] "POST /wp-admin/admin-ajax.php HTTP/1.1" 200 67 "https://kcjstudio.com/wp-admin/admin.php?page=wpmudev-plugins" "Mozilla/5.0 (Windows NT 10.0; Win64; x64) AppleWebKit/537.36 (KHTML, like Gecko) Chrome/152.0.0.0 Safari/537.36"
104.247.76.75 - - [01/Sep/2026:09:29:15 -0400] "POST /wp-admin/admin-ajax.php?action=as_async_request_queue_runner&nonce=f888683fa3 HTTP/1.1" 200 - "-" "WordPress/7.1; https://kcjstudio.com"
104.247.76.75 - - [01/Sep/2026:09:31:17 -0400] "POST /wp-cron.php?doing_wp_cron=1788269477.9368460178375244140625 HTTP/1.1" 200 - "-" "WordPress/7.1; https://kcjstudio.com"
69.165.232.70 - - [01/Sep/2026:09:31:16 -0400] "POST /wp-admin/admin-ajax.php HTTP/1.1" 200 67 "https://kcjstudio.com/wp-admin/admin.php?page=wpmudev-plugins" "Mozilla/5.0 (Windows NT 10.0; Win64; x64) AppleWebKit/537.36 (KHTML, like Gecko) Chrome/152.0.0.0 Safari/537.36"
104.247.76.75 - - [01/Sep/2026:09:31:17 -0400] "POST /wp-admin/admin-ajax.php?action=as_async_request_queue_runner&nonce=f888683fa3 HTTP/1.1" 200 - "-" "WordPress/7.1; https://kcjstudio.com"
69.165.232.70 - - [01/Sep/2026:09:32:16 -0400] "POST /wp-admin/admin-ajax.php HTTP/1.1" 200 67 "https://kcjstudio.com/wp-admin/admin.php?page=wpmudev-plugins" "Mozilla/5.0 (Windows NT 10.0; Win64; x64) AppleWebKit/537.36 (KHTML, like Gecko) Chrome/152.0.0.0 Safari/537.36"
69.165.232.70 - - [01/Sep/2026:09:32:39 -0400] "GET /wp-admin/admin.php?page=wpmudev HTTP/1.1" 200 78648 "https://kcjstudio.com/" "Mozilla/5.0 (Windows NT 10.0; Win64; x64) AppleWebKit/537.36 (KHTML, like Gecko) Chrome/152.0.0.0 Safari/537.36"
69.165.232.70 - - [01/Sep/2026:09:32:45 -0400] "GET /wp-content/plugins/wpmudev-updates/build/admin/index.css?ver=5.0.2 HTTP/1.1" 200 37199 "https://kcjstudio.com/wp-admin/admin.php?page=wpmudev" "Mozilla/5.0 (Windows NT 10.0; Win64; x64) AppleWebKit/537.36 (KHTML, like Gecko) Chrome/152.0.0.0 Safari/537.36"
69.165.232.70 - - [01/Sep/2026:09:32:45 -0400] "GET /wp-content/plugins/wp-hummingbird/admin/assets/js/wphb-global.min.js?ver=3.21.2 HTTP/1.1" 200 12872 "https://kcjstudio.com/wp-admin/admin.php?page=wpmudev" "Mozilla/5.0 (Windows NT 10.0; Win64; x64) AppleWebKit/537.36 (KHTML, like Gecko) Chrome/152.0.0.0 Safari/537.36"
69.165.232.70 - - [01/Sep/2026:09:32:45 -0400] "GET /wp-content/plugins/wpmudev-updates/build/admin/index.js?ver=5.0.2 HTTP/1.1" 200 295478 "https://kcjstudio.com/wp-admin/admin.php?page=wpmudev" "Mozilla/5.0 (Windows NT 10.0; Win64; x64) AppleWebKit/537.36 (KHTML, like Gecko) Chrome/152.0.0.0 Safari/537.36"
69.165.232.70 - - [01/Sep/2026:09:32:45 -0400] "GET /wp-json/wpmudev-dashboard/v1/plugins?include_changelog=false HTTP/1.1" 200 12219 "https://kcjstudio.com/wp-admin/admin.php?page=wpmudev" "Mozilla/5.0 (Windows NT 10.0; Win64; x64) AppleWebKit/537.36 (KHTML, like Gecko) Chrome/152.0.0.0 Safari/537.36"
69.165.232.70 - - [01/Sep/2026:09:32:45 -0400] "GET /wp-json/wpmudev-dashboard/v1/settings HTTP/1.1" 200 1785 "https://kcjstudio.com/wp-admin/admin.php?page=wpmudev" "Mozilla/5.0 (Windows NT 10.0; Win64; x64) AppleWebKit/537.36 (KHTML, like Gecko) Chrome/152.0.0.0 Safari/537.36"
69.165.232.70 - - [01/Sep/2026:09:32:45 -0400] "GET /wp-json/wpmudev-dashboard/v1/support/support-access HTTP/1.1" 200 85 "https://kcjstudio.com/wp-admin/admin.php?page=wpmudev" "Mozilla/5.0 (Windows NT 10.0; Win64; x64) AppleWebKit/537.36 (KHTML, like Gecko) Chrome/152.0.0.0 Safari/537.36"
69.165.232.70 - - [01/Sep/2026:09:32:45 -0400] "GET /wp-json/wpmudev-dashboard/v1/support/tickets?page=1&per_page=5&status=all HTTP/1.1" 200 393 "https://kcjstudio.com/wp-admin/admin.php?page=wpmudev" "Mozilla/5.0 (Windows NT 10.0; Win64; x64) AppleWebKit/537.36 (KHTML, like Gecko) Chrome/152.0.0.0 Safari/537.36"
69.165.232.70 - - [01/Sep/2026:09:32:45 -0400] "GET /wp-json/wpmudev-dashboard/v1/data/services HTTP/1.1" 200 197 "https://kcjstudio.com/wp-admin/admin.php?page=wpmudev" "Mozilla/5.0 (Windows NT 10.0; Win64; x64) AppleWebKit/537.36 (KHTML, like Gecko) Chrome/152.0.0.0 Safari/537.36"
104.247.76.75 - - [01/Sep/2026:09:32:49 -0400] "POST /wp-cron.php?doing_wp_cron=1788269569.4516980648040771484375 HTTP/1.1" 200 - "-" "WordPress/7.1; https://kcjstudio.com"
104.247.76.75 - - [01/Sep/2026:09:32:43 -0400] "POST /wp-admin/admin-ajax.php?action=as_async_request_queue_runner&nonce=f888683fa3 HTTP/1.1" 200 - "-" "WordPress/7.1; https://kcjstudio.com"
69.165.232.70 - - [01/Sep/2026:09:33:45 -0400] "POST /wp-admin/admin-ajax.php HTTP/1.1" 200 67 "https://kcjstudio.com/wp-admin/admin.php?page=wpmudev" "Mozilla/5.0 (Windows NT 10.0; Win64; x64) AppleWebKit/537.36 (KHTML, like Gecko) Chrome/152.0.0.0 Safari/537.36"
104.247.76.75 - - [01/Sep/2026:09:33:52 -0400] "POST /wp-cron.php?doing_wp_cron=1788269631.9896430969238281250000 HTTP/1.1" 200 - "-" "WordPress/7.1; https://kcjstudio.com"
104.247.76.75 - - [01/Sep/2026:09:33:46 -0400] "POST /wp-admin/admin-ajax.php?action=as_async_request_queue_runner&nonce=f888683fa3 HTTP/1.1" 200 - "-" "WordPress/7.1; https://kcjstudio.com"
173.252.82.14 - - [01/Sep/2026:09:33:53 -0400] "GET / HTTP/1.1" 200 151038 "-" "meta-externalagent/1.1 (+https://developers.facebook.com/docs/sharing/webmasters/crawler)"
69.165.232.70 - - [01/Sep/2026:09:34:45 -0400] "POST /wp-admin/admin-ajax.php HTTP/1.1" 200 67 "https://kcjstudio.com/wp-admin/admin.php?page=wpmudev" "Mozilla/5.0 (Windows NT 10.0; Win64; x64) AppleWebKit/537.36 (KHTML, like Gecko) Chrome/152.0.0.0 Safari/537.36"
104.247.76.75 - - [01/Sep/2026:09:35:47 -0400] "POST /wp-cron.php?doing_wp_cron=1788269747.4641540050506591796875 HTTP/1.1" 200 - "-" "WordPress/7.1; https://kcjstudio.com"
69.165.232.70 - - [01/Sep/2026:09:35:46 -0400] "POST /wp-admin/admin-ajax.php HTTP/1.1" 200 67 "https://kcjstudio.com/wp-admin/admin.php?page=wpmudev" "Mozilla/5.0 (Windows NT 10.0; Win64; x64) AppleWebKit/537.36 (KHTML, like Gecko) Chrome/152.0.0.0 Safari/537.36"
104.247.76.75 - - [01/Sep/2026:09:35:49 -0400] "POST /wp-cron.php?doing_wp_cron=1788269749.8060948848724365234375 HTTP/1.1" 200 - "-" "WordPress/7.1; https://kcjstudio.com"
146.174.185.64 - - [01/Sep/2026:09:35:48 -0400] "GET /cf-anniversary-party/ HTTP/1.1" 200 29143 "-" "Mozilla/5.0 (Macintosh; Intel Mac OS X 13_2_1) AppleWebKit/537.36 (KHTML, like Gecko) Chrome/126.0.6478.126 Safari/537.36"
104.247.76.75 - - [01/Sep/2026:09:35:46 -0400] "POST /wp-admin/admin-ajax.php?action=as_async_request_queue_runner&nonce=f888683fa3 HTTP/1.1" 200 - "-" "WordPress/7.1; https://kcjstudio.com"
69.165.232.70 - - [01/Sep/2026:09:36:45 -0400] "POST /wp-admin/admin-ajax.php HTTP/1.1" 200 67 "https://kcjstudio.com/wp-admin/admin.php?page=wpmudev" "Mozilla/5.0 (Windows NT 10.0; Win64; x64) AppleWebKit/537.36 (KHTML, like Gecko) Chrome/152.0.0.0 Safari/537.36"
104.247.76.75 - - [01/Sep/2026:09:37:47 -0400] "POST /wp-cron.php?doing_wp_cron=1788269867.4310491085052490234375 HTTP/1.1" 200 - "-" "WordPress/7.1; https://kcjstudio.com"
69.165.232.70 - - [01/Sep/2026:09:37:45 -0400] "POST /wp-admin/admin-ajax.php HTTP/1.1" 200 67 "https://kcjstudio.com/wp-admin/admin.php?page=wpmudev" "Mozilla/5.0 (Windows NT 10.0; Win64; x64) AppleWebKit/537.36 (KHTML, like Gecko) Chrome/152.0.0.0 Safari/537.36"
104.247.76.75 - - [01/Sep/2026:09:37:51 -0400] "POST /wp-cron.php?doing_wp_cron=1788269871.9301550388336181640625 HTTP/1.1" 200 - "-" "WordPress/7.1; https://kcjstudio.com"
104.247.76.75 - - [01/Sep/2026:09:37:46 -0400] "POST /wp-admin/admin-ajax.php?action=as_async_request_queue_runner&nonce=f888683fa3 HTTP/1.1" 200 - "-" "WordPress/7.1; https://kcjstudio.com"
69.165.232.70 - - [01/Sep/2026:09:38:45 -0400] "POST /wp-admin/admin-ajax.php HTTP/1.1" 200 67 "https://kcjstudio.com/wp-admin/admin.php?page=wpmudev" "Mozilla/5.0 (Windows NT 10.0; Win64; x64) AppleWebKit/537.36 (KHTML, like Gecko) Chrome/152.0.0.0 Safari/537.36"
104.247.76.75 - - [01/Sep/2026:09:39:47 -0400] "POST /wp-cron.php?doing_wp_cron=1788269987.4258649349212646484375 HTTP/1.1" 200 - "-" "WordPress/7.1; https://kcjstudio.com"
69.165.232.70 - - [01/Sep/2026:09:39:45 -0400] "POST /wp-admin/admin-ajax.php HTTP/1.1" 200 67 "https://kcjstudio.com/wp-admin/admin.php?page=wpmudev" "Mozilla/5.0 (Windows NT 10.0; Win64; x64) AppleWebKit/537.36 (KHTML, like Gecko) Chrome/152.0.0.0 Safari/537.36"
104.247.76.75 - - [01/Sep/2026:09:39:51 -0400] "POST /wp-cron.php?doing_wp_cron=1788269991.9087529182434082031250 HTTP/1.1" 200 - "-" "WordPress/7.1; https://kcjstudio.com"
104.247.76.75 - - [01/Sep/2026:09:39:46 -0400] "POST /wp-admin/admin-ajax.php?action=as_async_request_queue_runner&nonce=f888683fa3 HTTP/1.1" 200 - "-" "WordPress/7.1; https://kcjstudio.com"
69.165.232.70 - - [01/Sep/2026:09:40:46 -0400] "POST /wp-admin/admin-ajax.php HTTP/1.1" 200 67 "https://kcjstudio.com/wp-admin/admin.php?page=wpmudev" "Mozilla/5.0 (Windows NT 10.0; Win64; x64) AppleWebKit/537.36 (KHTML, like Gecko) Chrome/152.0.0.0 Safari/537.36"
104.247.76.75 - - [01/Sep/2026:09:41:47 -0400] "POST /wp-cron.php?doing_wp_cron=1788270107.4421730041503906250000 HTTP/1.1" 200 - "-" "WordPress/7.1; https://kcjstudio.com"
69.165.232.70 - - [01/Sep/2026:09:41:45 -0400] "POST /wp-admin/admin-ajax.php HTTP/1.1" 200 67 "https://kcjstudio.com/wp-admin/admin.php?page=wpmudev" "Mozilla/5.0 (Windows NT 10.0; Win64; x64) AppleWebKit/537.36 (KHTML, like Gecko) Chrome/152.0.0.0 Safari/537.36"
104.247.76.75 - - [01/Sep/2026:09:41:51 -0400] "POST /wp-cron.php?doing_wp_cron=1788270111.9724628925323486328125 HTTP/1.1" 200 - "-" "WordPress/7.1; https://kcjstudio.com"
104.247.76.75 - - [01/Sep/2026:09:41:46 -0400] "POST /wp-admin/admin-ajax.php?action=as_async_request_queue_runner&nonce=f888683fa3 HTTP/1.1" 200 - "-" "WordPress/7.1; https://kcjstudio.com"
104.247.76.75 - - [01/Sep/2026:09:41:52 -0400] "POST /wp-admin/admin-ajax.php HTTP/1.1" 200 21 "-" "WordPress/7.1; https://kcjstudio.com"
69.165.232.70 - - [01/Sep/2026:09:42:45 -0400] "POST /wp-admin/admin-ajax.php HTTP/1.1" 200 67 "https://kcjstudio.com/wp-admin/admin.php?page=wpmudev" "Mozilla/5.0 (Windows NT 10.0; Win64; x64) AppleWebKit/537.36 (KHTML, like Gecko) Chrome/152.0.0.0 Safari/537.36"
104.247.76.75 - - [01/Sep/2026:09:43:47 -0400] "POST /wp-cron.php?doing_wp_cron=1788270227.4712350368499755859375 HTTP/1.1" 200 - "-" "WordPress/7.1; https://kcjstudio.com"
69.165.232.70 - - [01/Sep/2026:09:43:45 -0400] "POST /wp-admin/admin-ajax.php HTTP/1.1" 200 67 "https://kcjstudio.com/wp-admin/admin.php?page=wpmudev" "Mozilla/5.0 (Windows NT 10.0; Win64; x64) AppleWebKit/537.36 (KHTML, like Gecko) Chrome/152.0.0.0 Safari/537.36"
104.247.76.75 - - [01/Sep/2026:09:43:51 -0400] "POST /wp-cron.php?doing_wp_cron=1788270231.9739940166473388671875 HTTP/1.1" 200 - "-" "WordPress/7.1; https://kcjstudio.com"
104.247.76.75 - - [01/Sep/2026:09:43:46 -0400] "POST /wp-admin/admin-ajax.php?action=as_async_request_queue_runner&nonce=f888683fa3 HTTP/1.1" 200 - "-" "WordPress/7.1; https://kcjstudio.com"
69.165.232.70 - - [01/Sep/2026:09:44:46 -0400] "POST /wp-admin/admin-ajax.php HTTP/1.1" 200 67 "https://kcjstudio.com/wp-admin/admin.php?page=wpmudev" "Mozilla/5.0 (Windows NT 10.0; Win64; x64) AppleWebKit/537.36 (KHTML, like Gecko) Chrome/152.0.0.0 Safari/537.36"
104.247.76.75 - - [01/Sep/2026:09:45:23 -0400] "POST /wp-cron.php?doing_wp_cron=1788270323.2045319080352783203125 HTTP/1.1" 200 - "-" "WordPress/7.1; https://kcjstudio.com"
63.182.212.116 - - [01/Sep/2026:09:45:22 -0400] "GET /wp-includes/-/nkxhbcr/wlnuhes/1isgaop/ HTTP/1.1" 404 16324 "-" "Mozilla/5.0 (Windows NT 10.0; Win64; x64) AppleWebKit/537.36 (KHTML, like Gecko) Chrome/152.0.0.0 Safari/537.36"
63.182.212.116 - - [01/Sep/2026:09:45:23 -0400] "GET /wp-content/uploads/hummingbird-assets/c4052befffef26c1b63326bf5bf1ad69.css HTTP/1.1" 200 401 "https://kcjstudio.com/wp-includes/-/nkxhbcr/wlnuhes/1isgaop/" "Mozilla/5.0 (Windows NT 10.0; Win64; x64) AppleWebKit/537.36 (KHTML, like Gecko) Chrome/152.0.0.0 Safari/537.36"
63.182.212.116 - - [01/Sep/2026:09:45:23 -0400] "GET /wp-content/et-cache/notfound/et-divi-dynamic-tb-199-late.css HTTP/1.1" 200 219 "https://kcjstudio.com/wp-includes/-/nkxhbcr/wlnuhes/1isgaop/" "Mozilla/5.0 (Windows NT 10.0; Win64; x64) AppleWebKit/537.36 (KHTML, like Gecko) Chrome/152.0.0.0 Safari/537.36"
63.182.212.116 - - [01/Sep/2026:09:45:23 -0400] "GET /wp-content/et-cache/notfound/et-divi-dynamic-tb-199.css HTTP/1.1" 200 12207 "https://kcjstudio.com/wp-includes/-/nkxhbcr/wlnuhes/1isgaop/" "Mozilla/5.0 (Windows NT 10.0; Win64; x64) AppleWebKit/537.36 (KHTML, like Gecko) Chrome/152.0.0.0 Safari/537.36"
63.182.212.116 - - [01/Sep/2026:09:45:23 -0400] "GET /wp-content/plugins/ameliabooking/extensions/divi_amelia/styles/style.min.css HTTP/1.1" 200 - "https://kcjstudio.com/wp-includes/-/nkxhbcr/wlnuhes/1isgaop/" "Mozilla/5.0 (Windows NT 10.0; Win64; x64) AppleWebKit/537.36 (KHTML, like Gecko) Chrome/152.0.0.0 Safari/537.36"
63.182.212.116 - - [01/Sep/2026:09:45:23 -0400] "GET /wp-content/uploads/hummingbird-assets/cf4d24a3edc0d6802791a62d72fa06db.css HTTP/1.1" 200 2193 "https://kcjstudio.com/wp-includes/-/nkxhbcr/wlnuhes/1isgaop/" "Mozilla/5.0 (Windows NT 10.0; Win64; x64) AppleWebKit/537.36 (KHTML, like Gecko) Chrome/152.0.0.0 Safari/537.36"
63.182.212.116 - - [01/Sep/2026:09:45:23 -0400] "GET /wp-content/uploads/hummingbird-assets/1abb620b1f6c7c9bb7e5de19eb0f15d5.js HTTP/1.1" 200 9102 "https://kcjstudio.com/wp-includes/-/nkxhbcr/wlnuhes/1isgaop/" "Mozilla/5.0 (Windows NT 10.0; Win64; x64) AppleWebKit/537.36 (KHTML, like Gecko) Chrome/152.0.0.0 Safari/537.36"
63.182.212.116 - - [01/Sep/2026:09:45:23 -0400] "GET /wp-content/uploads/hummingbird-assets/f466e392632aaae20a30f4357eed3170.js HTTP/1.1" 200 34451 "https://kcjstudio.com/wp-includes/-/nkxhbcr/wlnuhes/1isgaop/" "Mozilla/5.0 (Windows NT 10.0; Win64; x64) AppleWebKit/537.36 (KHTML, like Gecko) Chrome/152.0.0.0 Safari/537.36"
63.182.212.116 - - [01/Sep/2026:09:45:24 -0400] "GET /wp-content/plugins/divi-bars/assets/js/main.helper.js HTTP/1.1" 200 - "https://kcjstudio.com/wp-includes/-/nkxhbcr/wlnuhes/1isgaop/" "Mozilla/5.0 (Windows NT 10.0; Win64; x64) AppleWebKit/537.36 (KHTML, like Gecko) Chrome/152.0.0.0 Safari/537.36"
63.182.212.116 - - [01/Sep/2026:09:45:24 -0400] "GET /wp-content/uploads/hummingbird-assets/b29edba45593c1a93da7f6a2cca6ead8.js HTTP/1.1" 200 870 "https://kcjstudio.com/wp-includes/-/nkxhbcr/wlnuhes/1isgaop/" "Mozilla/5.0 (Windows NT 10.0; Win64; x64) AppleWebKit/537.36 (KHTML, like Gecko) Chrome/152.0.0.0 Safari/537.36"
63.182.212.116 - - [01/Sep/2026:09:45:24 -0400] "GET /wp-content/themes/Divi/images/logo.png HTTP/1.1" 200 1740 "https://kcjstudio.com/wp-includes/-/nkxhbcr/wlnuhes/1isgaop/" "Mozilla/5.0 (Windows NT 10.0; Win64; x64) AppleWebKit/537.36 (KHTML, like Gecko) Chrome/152.0.0.0 Safari/537.36"
63.182.212.116 - - [01/Sep/2026:09:45:23 -0400] "GET /wp-content/uploads/hummingbird-assets/12d759fc5af23e4ae77112ef96ed5d12.js HTTP/1.1" 200 70589 "https://kcjstudio.com/wp-includes/-/nkxhbcr/wlnuhes/1isgaop/" "Mozilla/5.0 (Windows NT 10.0; Win64; x64) AppleWebKit/537.36 (KHTML, like Gecko) Chrome/152.0.0.0 Safari/537.36"
63.182.212.116 - - [01/Sep/2026:09:45:25 -0400] "GET /wp-content/themes/Divi/core/admin/fonts/modules/base/modules.woff HTTP/1.1" 200 3076 "https://kcjstudio.com/wp-content/et-cache/notfound/et-divi-dynamic-tb-199.css" "Mozilla/5.0 (Windows NT 10.0; Win64; x64) AppleWebKit/537.36 (KHTML, like Gecko) Chrome/152.0.0.0 Safari/537.36"
