104.247.76.75 - - [01/Sep/2026:11:38:23 -0400] "POST /wp-cron.php?doing_wp_cron=1788277103.8432629108428955078125 HTTP/1.1" 200 - "-" "WordPress/7.1; https://kcjstudio.com"
94.154.43.125 - - [01/Sep/2026:11:38:23 -0400] "GET / HTTP/1.1" 200 151046 "-" "Mozilla/5.0 (Windows NT 10.0; Win64; x64) AppleWebKit/537.36 (KHTML, like Gecko) Chrome/147.0.0.0 Safari/537.36"
205.210.31.5 - - [01/Sep/2026:11:43:00 -0400] "GET / HTTP/1.1" 200 151038 "http://www.kcjstudio.com/" "Hello from Palo Alto Networks, find out more about our scans in https://docs-cortex.paloaltonetworks.com/r/1/Cortex-Xpanse/Scanning-activity"
104.247.76.75 - - [01/Sep/2026:11:45:22 -0400] "POST /wp-cron.php?doing_wp_cron=1788277522.5117349624633789062500 HTTP/1.1" 200 - "-" "WordPress/7.1; https://kcjstudio.com"
198.204.240.234 - - [01/Sep/2026:11:45:21 -0400] "GET /wp-includes/pld62522/edit.php HTTP/1.1" 404 16323 "https://kcjstudio.com/wp-includes/pld62522/edit.php" "Mozilla/5.0 (Macintosh; Intel Mac OS X 10.7; rv:9.0.1) Gecko/20100101 Firefox/9.0.1"
43.153.96.233 - - [01/Sep/2026:11:47:22 -0400] "GET / HTTP/1.1" 200 25528 "http://www.kcjstudio.com" "Mozilla/5.0 (iPhone; CPU iPhone OS 13_2_3 like Mac OS X) AppleWebKit/605.1.15 (KHTML, like Gecko) Version/13.0.3 Mobile/15E148 Safari/604.1"
104.247.76.75 - - [01/Sep/2026:11:56:49 -0400] "POST /wp-cron.php?doing_wp_cron=1788278209.7686810493469238281250 HTTP/1.1" 200 - "-" "WordPress/7.1; https://kcjstudio.com"
66.249.74.101 - - [01/Sep/2026:11:56:49 -0400] "GET /shop/detail/37386234608 HTTP/1.1" 404 16321 "-" "Mozilla/5.0 (compatible; Googlebot/2.1; +http://www.google.com/bot.html)"
66.249.74.101 - - [01/Sep/2026:11:57:01 -0400] "GET /shop/detail/65686446280 HTTP/1.1" 404 16325 "-" "Mozilla/5.0 (Linux; Android 6.0.1; Nexus 5X Build/MMB29P) AppleWebKit/537.36 (KHTML, like Gecko) Chrome/151.0.7922.173 Mobile Safari/537.36 (compatible; Googlebot/2.1; +http://www.google.com/bot.html)"
57.129.134.182 - - [01/Sep/2026:11:57:06 -0400] "GET /-/esb-firstlevel/de/psd2 HTTP/1.1" 404 16323 "http://avanteshipping.com/" "Mozilla/5.0 (iPhone; CPU iPhone OS 15_0 like Mac OS X) AppleWebKit/605.1.15 (KHTML, like Gecko) Version/15.0 Mobile/15E148 Safari/604.1"
57.129.134.182 - - [01/Sep/2026:11:57:07 -0400] "GET /wp-content/uploads/hummingbird-assets/c4052befffef26c1b63326bf5bf1ad69.css HTTP/1.1" 200 401 "https://kcjstudio.com/-/esb-firstlevel/de/psd2" "Mozilla/5.0 (iPhone; CPU iPhone OS 15_0 like Mac OS X) AppleWebKit/605.1.15 (KHTML, like Gecko) Version/15.0 Mobile/15E148 Safari/604.1"
57.129.134.182 - - [01/Sep/2026:11:57:07 -0400] "GET /wp-content/et-cache/notfound/et-divi-dynamic-tb-199-late.css HTTP/1.1" 200 219 "https://kcjstudio.com/-/esb-firstlevel/de/psd2" "Mozilla/5.0 (iPhone; CPU iPhone OS 15_0 like Mac OS X) AppleWebKit/605.1.15 (KHTML, like Gecko) Version/15.0 Mobile/15E148 Safari/604.1"
57.129.134.182 - - [01/Sep/2026:11:57:07 -0400] "GET /wp-content/et-cache/notfound/et-divi-dynamic-tb-199.css HTTP/1.1" 200 12207 "https://kcjstudio.com/-/esb-firstlevel/de/psd2" "Mozilla/5.0 (iPhone; CPU iPhone OS 15_0 like Mac OS X) AppleWebKit/605.1.15 (KHTML, like Gecko) Version/15.0 Mobile/15E148 Safari/604.1"
57.129.134.182 - - [01/Sep/2026:11:57:07 -0400] "GET /wp-content/plugins/ameliabooking/extensions/divi_amelia/styles/style.min.css HTTP/1.1" 200 - "https://kcjstudio.com/-/esb-firstlevel/de/psd2" "Mozilla/5.0 (iPhone; CPU iPhone OS 15_0 like Mac OS X) AppleWebKit/605.1.15 (KHTML, like Gecko) Version/15.0 Mobile/15E148 Safari/604.1"
57.129.134.182 - - [01/Sep/2026:11:57:07 -0400] "GET /wp-content/uploads/hummingbird-assets/cf4d24a3edc0d6802791a62d72fa06db.css HTTP/1.1" 200 2193 "https://kcjstudio.com/-/esb-firstlevel/de/psd2" "Mozilla/5.0 (iPhone; CPU iPhone OS 15_0 like Mac OS X) AppleWebKit/605.1.15 (KHTML, like Gecko) Version/15.0 Mobile/15E148 Safari/604.1"
57.129.134.182 - - [01/Sep/2026:11:57:07 -0400] "GET /wp-content/uploads/hummingbird-assets/f466e392632aaae20a30f4357eed3170.js HTTP/1.1" 200 34451 "https://kcjstudio.com/-/esb-firstlevel/de/psd2" "Mozilla/5.0 (iPhone; CPU iPhone OS 15_0 like Mac OS X) AppleWebKit/605.1.15 (KHTML, like Gecko) Version/15.0 Mobile/15E148 Safari/604.1"
57.129.134.182 - - [01/Sep/2026:11:57:07 -0400] "GET /wp-content/uploads/hummingbird-assets/12d759fc5af23e4ae77112ef96ed5d12.js HTTP/1.1" 200 70589 "https://kcjstudio.com/-/esb-firstlevel/de/psd2" "Mozilla/5.0 (iPhone; CPU iPhone OS 15_0 like Mac OS X) AppleWebKit/605.1.15 (KHTML, like Gecko) Version/15.0 Mobile/15E148 Safari/604.1"
57.129.134.182 - - [01/Sep/2026:11:57:07 -0400] "GET /wp-content/themes/Divi/core/admin/fonts/modules/base/modules.woff HTTP/1.1" 200 3076 "https://kcjstudio.com/wp-content/et-cache/notfound/et-divi-dynamic-tb-199.css" "Mozilla/5.0 (iPhone; CPU iPhone OS 15_0 like Mac OS X) AppleWebKit/605.1.15 (KHTML, like Gecko) Version/15.0 Mobile/15E148 Safari/604.1"
57.129.134.182 - - [01/Sep/2026:11:57:07 -0400] "GET /wp-content/uploads/hummingbird-assets/1abb620b1f6c7c9bb7e5de19eb0f15d5.js HTTP/1.1" 200 9102 "https://kcjstudio.com/-/esb-firstlevel/de/psd2" "Mozilla/5.0 (iPhone; CPU iPhone OS 15_0 like Mac OS X) AppleWebKit/605.1.15 (KHTML, like Gecko) Version/15.0 Mobile/15E148 Safari/604.1"
57.129.134.182 - - [01/Sep/2026:11:57:07 -0400] "GET /wp-content/themes/Divi/core/admin/fonts/modules/all/modules.woff HTTP/1.1" 200 37328 "https://kcjstudio.com/wp-content/et-cache/notfound/et-divi-dynamic-tb-199-late.css" "Mozilla/5.0 (iPhone; CPU iPhone OS 15_0 like Mac OS X) AppleWebKit/605.1.15 (KHTML, like Gecko) Version/15.0 Mobile/15E148 Safari/604.1"
57.129.134.182 - - [01/Sep/2026:11:57:08 -0400] "GET /wp-content/plugins/divi-bars/assets/js/main.helper.js HTTP/1.1" 200 - "https://kcjstudio.com/-/esb-firstlevel/de/psd2" "Mozilla/5.0 (iPhone; CPU iPhone OS 15_0 like Mac OS X) AppleWebKit/605.1.15 (KHTML, like Gecko) Version/15.0 Mobile/15E148 Safari/604.1"
57.129.134.182 - - [01/Sep/2026:11:57:08 -0400] "GET /wp-content/uploads/hummingbird-assets/b29edba45593c1a93da7f6a2cca6ead8.js HTTP/1.1" 200 870 "https://kcjstudio.com/-/esb-firstlevel/de/psd2" "Mozilla/5.0 (iPhone; CPU iPhone OS 15_0 like Mac OS X) AppleWebKit/605.1.15 (KHTML, like Gecko) Version/15.0 Mobile/15E148 Safari/604.1"
57.129.134.182 - - [01/Sep/2026:11:57:08 -0400] "GET /wp-content/themes/Divi/images/logo.png HTTP/1.1" 200 1740 "https://kcjstudio.com/-/esb-firstlevel/de/psd2" "Mozilla/5.0 (iPhone; CPU iPhone OS 15_0 like Mac OS X) AppleWebKit/605.1.15 (KHTML, like Gecko) Version/15.0 Mobile/15E148 Safari/604.1"
57.129.134.182 - - [01/Sep/2026:11:57:12 -0400] "GET /wp-content/uploads/2023/01/cropped-KCJ-STUDIO-ICON-300PX-32x32.png HTTP/1.1" 200 801 "https://kcjstudio.com/-/esb-firstlevel/de/psd2" "Mozilla/5.0 (iPhone; CPU iPhone OS 15_0 like Mac OS X) AppleWebKit/605.1.15 (KHTML, like Gecko) Version/15.0 Mobile/15E148 Safari/604.1"
104.247.76.75 - - [01/Sep/2026:12:02:27 -0400] "POST /wp-cron.php?doing_wp_cron=1788278547.2640841007232666015625 HTTP/1.1" 200 - "-" "WordPress/7.1; https://kcjstudio.com"
66.249.74.101 - - [01/Sep/2026:12:02:26 -0400] "GET /?c=751874368000 HTTP/1.1" 200 25524 "-" "Mozilla/5.0 (compatible; Googlebot/2.1; +http://www.google.com/bot.html)"
103.59.161.131 - - [01/Sep/2026:12:03:52 -0400] "GET / HTTP/1.1" 200 25525 "-" "Mozilla/5.0 (compatible; WP-Safe-Scanner/1.0)"
104.247.76.75 - - [01/Sep/2026:12:05:16 -0400] "POST /wp-cron.php?doing_wp_cron=1788278716.0289089679718017578125 HTTP/1.1" 200 - "-" "WordPress/7.1; https://kcjstudio.com"
66.249.74.103 - - [01/Sep/2026:12:05:15 -0400] "GET /shop/detail/8058691933 HTTP/1.1" 404 16321 "-" "Mozilla/5.0 (compatible; Googlebot/2.1; +http://www.google.com/bot.html)"
104.247.76.75 - - [01/Sep/2026:12:12:51 -0400] "POST /wp-cron.php?doing_wp_cron=1788279171.0226609706878662109375 HTTP/1.1" 200 - "-" "WordPress/7.1; https://kcjstudio.com"
198.204.240.234 - - [01/Sep/2026:12:12:50 -0400] "GET /wp-includes/pld62522/edit.php HTTP/1.1" 404 16324 "https://kcjstudio.com/wp-includes/pld62522/edit.php" "Mozilla/5.0 (compatible; MSIE 10.0; Windows NT 6.2; ARM; Trident/6.0)"
141.98.11.224 - - [01/Sep/2026:12:14:29 -0400] "GET / HTTP/1.0" 200 151046 "https://kcjstudio.com/" "Mozilla/5.0 (Windows NT 10.0; Win64; x64) AppleWebKit/537.36 (KHTML, like Gecko) Chrome/130.0.0.0 Safari/537.36"
141.98.11.224 - - [01/Sep/2026:12:14:31 -0400] "GET /wedd-contact/ HTTP/1.0" 200 196426 "https://kcjstudio.com/wedd-contact/" "Mozilla/5.0 (Windows NT 10.0; Win64; x64) AppleWebKit/537.36 (KHTML, like Gecko) Chrome/130.0.0.0 Safari/537.36"
141.98.11.224 - - [01/Sep/2026:12:14:35 -0400] "POST /wedd-contact/ HTTP/1.0" 200 196617 "https://kcjstudio.com/wedd-contact/" "Mozilla/5.0 (Windows NT 10.0; Win64; x64) AppleWebKit/537.36 (KHTML, like Gecko) Chrome/130.0.0.0 Safari/537.36"
65.21.232.200 - - [01/Sep/2026:12:14:44 -0400] "GET / HTTP/1.0" 200 151046 "https://kcjstudio.com/" "Mozilla/5.0 (Windows NT 10.0; Win64; x64) AppleWebKit/537.36 (KHTML, like Gecko) Chrome/131.0.0.0 Safari/537.36"
65.21.232.200 - - [01/Sep/2026:12:14:45 -0400] "GET /wedd-contact/ HTTP/1.0" 200 196426 "https://kcjstudio.com/wedd-contact/" "Mozilla/5.0 (Windows NT 10.0; Win64; x64) AppleWebKit/537.36 (KHTML, like Gecko) Chrome/131.0.0.0 Safari/537.36"
104.247.76.75 - - [01/Sep/2026:12:15:01 -0400] "POST /wp-cron.php?doing_wp_cron=1788279300.9951970577239990234375 HTTP/1.1" 200 - "-" "WordPress/7.1; https://kcjstudio.com"
44.195.188.79 - - [01/Sep/2026:12:15:00 -0400] "GET /robots.txt HTTP/1.1" 200 110 "-" "Mozilla/5.0 (Macintosh; Intel Mac OS X 10_10_1) AppleWebKit/600.2.5 (KHTML, like Gecko) Version/8.0.2 Safari/600.2.5 (Gort)"
65.21.232.200 - - [01/Sep/2026:12:15:02 -0400] "POST /wedd-contact/ HTTP/1.0" 200 196672 "https://kcjstudio.com/wedd-contact/" "Mozilla/5.0 (Windows NT 10.0; Win64; x64) AppleWebKit/537.36 (KHTML, like Gecko) Chrome/131.0.0.0 Safari/537.36"
104.247.76.75 - - [01/Sep/2026:12:18:34 -0400] "POST /wp-cron.php?doing_wp_cron=1788279514.3210339546203613281250 HTTP/1.1" 200 - "-" "WordPress/7.1; https://kcjstudio.com"
69.165.232.70 - - [01/Sep/2026:12:18:32 -0400] "POST /wp-admin/admin-ajax.php HTTP/1.1" 200 67 "https://kcjstudio.com/wp-admin/admin.php?page=wpmudev" "Mozilla/5.0 (Windows NT 10.0; Win64; x64) AppleWebKit/537.36 (KHTML, like Gecko) Chrome/152.0.0.0 Safari/537.36"
104.247.76.75 - - [01/Sep/2026:12:18:33 -0400] "POST /wp-admin/admin-ajax.php?action=as_async_request_queue_runner&nonce=f888683fa3 HTTP/1.1" 200 - "-" "WordPress/7.1; https://kcjstudio.com"
104.247.76.75 - - [01/Sep/2026:12:19:31 -0400] "POST /wp-cron.php?doing_wp_cron=1788279571.5956730842590332031250 HTTP/1.1" 200 - "-" "WordPress/7.1; https://kcjstudio.com"
69.165.232.70 - - [01/Sep/2026:12:19:31 -0400] "POST /wp-admin/admin-ajax.php HTTP/1.1" 200 67 "https://kcjstudio.com/wp-admin/admin.php?page=wpmudev" "Mozilla/5.0 (Windows NT 10.0; Win64; x64) AppleWebKit/537.36 (KHTML, like Gecko) Chrome/152.0.0.0 Safari/537.36"
66.249.74.102 - - [01/Sep/2026:12:19:33 -0400] "GET /shop/detail/98086417096 HTTP/1.1" 404 16325 "-" "Mozilla/5.0 (Linux; Android 6.0.1; Nexus 5X Build/MMB29P) AppleWebKit/537.36 (KHTML, like Gecko) Chrome/151.0.7922.173 Mobile Safari/537.36 (compatible; Googlebot/2.1; +http://www.google.com/bot.html)"
66.249.74.102 - - [01/Sep/2026:12:19:43 -0400] "GET /contents/reform HTTP/1.1" 404 16325 "-" "Mozilla/5.0 (Linux; Android 6.0.1; Nexus 5X Build/MMB29P) AppleWebKit/537.36 (KHTML, like Gecko) Chrome/151.0.7922.173 Mobile Safari/537.36 (compatible; Googlebot/2.1; +http://www.google.com/bot.html)"
104.247.76.75 - - [01/Sep/2026:12:21:33 -0400] "POST /wp-cron.php?doing_wp_cron=1788279693.6279480457305908203125 HTTP/1.1" 200 - "-" "WordPress/7.1; https://kcjstudio.com"
69.165.232.70 - - [01/Sep/2026:12:21:32 -0400] "POST /wp-admin/admin-ajax.php HTTP/1.1" 200 67 "https://kcjstudio.com/wp-admin/admin.php?page=wpmudev" "Mozilla/5.0 (Windows NT 10.0; Win64; x64) AppleWebKit/537.36 (KHTML, like Gecko) Chrome/152.0.0.0 Safari/537.36"
104.247.76.75 - - [01/Sep/2026:12:21:32 -0400] "POST /wp-admin/admin-ajax.php?action=as_async_request_queue_runner&nonce=f888683fa3 HTTP/1.1" 200 - "-" "WordPress/7.1; https://kcjstudio.com"
103.59.161.131 - - [01/Sep/2026:12:22:46 -0400] "GET /home/ HTTP/1.1" 404 16321 "-" "Mozilla/5.0 (compatible; WP-Safe-Scanner/1.0)"
104.247.76.75 - - [01/Sep/2026:12:22:50 -0400] "POST /wp-cron.php?doing_wp_cron=1788279770.0797519683837890625000 HTTP/1.1" 200 - "-" "WordPress/7.1; https://kcjstudio.com"
104.247.76.75 - - [01/Sep/2026:12:22:44 -0400] "POST /wp-admin/admin-ajax.php?action=as_async_request_queue_runner&nonce=23309326d5 HTTP/1.1" 200 - "-" "WordPress/7.1; https://kcjstudio.com"
69.165.232.70 - - [01/Sep/2026:12:23:33 -0400] "POST /wp-admin/admin-ajax.php HTTP/1.1" 200 67 "https://kcjstudio.com/wp-admin/admin.php?page=wpmudev" "Mozilla/5.0 (Windows NT 10.0; Win64; x64) AppleWebKit/537.36 (KHTML, like Gecko) Chrome/152.0.0.0 Safari/537.36"
104.247.76.75 - - [01/Sep/2026:12:25:35 -0400] "POST /wp-cron.php?doing_wp_cron=1788279935.6751708984375000000000 HTTP/1.1" 200 - "-" "WordPress/7.1; https://kcjstudio.com"
69.165.232.70 - - [01/Sep/2026:12:25:34 -0400] "POST /wp-admin/admin-ajax.php HTTP/1.1" 200 67 "https://kcjstudio.com/wp-admin/admin.php?page=wpmudev" "Mozilla/5.0 (Windows NT 10.0; Win64; x64) AppleWebKit/537.36 (KHTML, like Gecko) Chrome/152.0.0.0 Safari/537.36"
104.247.76.75 - - [01/Sep/2026:12:25:34 -0400] "POST /wp-admin/admin-ajax.php?action=as_async_request_queue_runner&nonce=f888683fa3 HTTP/1.1" 200 - "-" "WordPress/7.1; https://kcjstudio.com"
104.247.76.75 - - [01/Sep/2026:12:27:36 -0400] "POST /wp-cron.php?doing_wp_cron=1788280056.6132700443267822265625 HTTP/1.1" 200 - "-" "WordPress/7.1; https://kcjstudio.com"
69.165.232.70 - - [01/Sep/2026:12:27:35 -0400] "POST /wp-admin/admin-ajax.php HTTP/1.1" 200 67 "https://kcjstudio.com/wp-admin/admin.php?page=wpmudev" "Mozilla/5.0 (Windows NT 10.0; Win64; x64) AppleWebKit/537.36 (KHTML, like Gecko) Chrome/152.0.0.0 Safari/537.36"
104.247.76.75 - - [01/Sep/2026:12:27:35 -0400] "POST /wp-admin/admin-ajax.php?action=as_async_request_queue_runner&nonce=f888683fa3 HTTP/1.1" 200 - "-" "WordPress/7.1; https://kcjstudio.com"
195.178.110.62 - - [01/Sep/2026:12:28:30 -0400] "GET /api/session/properties HTTP/1.1" 404 3421 "-" "metabase-cve-2026-72898-detect/1.0 (benign detection probes only)"
104.247.76.75 - - [01/Sep/2026:12:28:43 -0400] "POST /wp-cron.php?doing_wp_cron=1788280122.9928739070892333984375 HTTP/1.1" 200 - "-" "WordPress/7.1; https://kcjstudio.com"
57.129.134.182 - - [01/Sep/2026:12:28:42 -0400] "GET /-/esb-firstlevel/de/psd2 HTTP/1.1" 404 16323 "http://avanteshipping.com/" "Mozilla/5.0 (iPhone; CPU iPhone OS 15_0 like Mac OS X) AppleWebKit/605.1.15 (KHTML, like Gecko) Version/15.0 Mobile/15E148 Safari/604.1"
57.129.134.182 - - [01/Sep/2026:12:28:43 -0400] "GET /wp-content/uploads/hummingbird-assets/c4052befffef26c1b63326bf5bf1ad69.css HTTP/1.1" 200 401 "https://kcjstudio.com/-/esb-firstlevel/de/psd2" "Mozilla/5.0 (iPhone; CPU iPhone OS 15_0 like Mac OS X) AppleWebKit/605.1.15 (KHTML, like Gecko) Version/15.0 Mobile/15E148 Safari/604.1"
57.129.134.182 - - [01/Sep/2026:12:28:43 -0400] "GET /wp-content/et-cache/notfound/et-divi-dynamic-tb-199-late.css HTTP/1.1" 200 219 "https://kcjstudio.com/-/esb-firstlevel/de/psd2" "Mozilla/5.0 (iPhone; CPU iPhone OS 15_0 like Mac OS X) AppleWebKit/605.1.15 (KHTML, like Gecko) Version/15.0 Mobile/15E148 Safari/604.1"
57.129.134.182 - - [01/Sep/2026:12:28:43 -0400] "GET /wp-content/et-cache/notfound/et-divi-dynamic-tb-199.css HTTP/1.1" 200 12207 "https://kcjstudio.com/-/esb-firstlevel/de/psd2" "Mozilla/5.0 (iPhone; CPU iPhone OS 15_0 like Mac OS X) AppleWebKit/605.1.15 (KHTML, like Gecko) Version/15.0 Mobile/15E148 Safari/604.1"
57.129.134.182 - - [01/Sep/2026:12:28:43 -0400] "GET /wp-content/plugins/ameliabooking/extensions/divi_amelia/styles/style.min.css HTTP/1.1" 200 - "https://kcjstudio.com/-/esb-firstlevel/de/psd2" "Mozilla/5.0 (iPhone; CPU iPhone OS 15_0 like Mac OS X) AppleWebKit/605.1.15 (KHTML, like Gecko) Version/15.0 Mobile/15E148 Safari/604.1"
57.129.134.182 - - [01/Sep/2026:12:28:43 -0400] "GET /wp-content/uploads/hummingbird-assets/cf4d24a3edc0d6802791a62d72fa06db.css HTTP/1.1" 200 2193 "https://kcjstudio.com/-/esb-firstlevel/de/psd2" "Mozilla/5.0 (iPhone; CPU iPhone OS 15_0 like Mac OS X) AppleWebKit/605.1.15 (KHTML, like Gecko) Version/15.0 Mobile/15E148 Safari/604.1"
57.129.134.182 - - [01/Sep/2026:12:28:43 -0400] "GET /wp-content/uploads/hummingbird-assets/f466e392632aaae20a30f4357eed3170.js HTTP/1.1" 200 34451 "https://kcjstudio.com/-/esb-firstlevel/de/psd2" "Mozilla/5.0 (iPhone; CPU iPhone OS 15_0 like Mac OS X) AppleWebKit/605.1.15 (KHTML, like Gecko) Version/15.0 Mobile/15E148 Safari/604.1"
57.129.134.182 - - [01/Sep/2026:12:28:43 -0400] "GET /wp-content/uploads/hummingbird-assets/12d759fc5af23e4ae77112ef96ed5d12.js HTTP/1.1" 200 70589 "https://kcjstudio.com/-/esb-firstlevel/de/psd2" "Mozilla/5.0 (iPhone; CPU iPhone OS 15_0 like Mac OS X) AppleWebKit/605.1.15 (KHTML, like Gecko) Version/15.0 Mobile/15E148 Safari/604.1"
57.129.134.182 - - [01/Sep/2026:12:28:43 -0400] "GET /wp-content/themes/Divi/core/admin/fonts/modules/base/modules.woff HTTP/1.1" 200 3076 "https://kcjstudio.com/wp-content/et-cache/notfound/et-divi-dynamic-tb-199.css" "Mozilla/5.0 (iPhone; CPU iPhone OS 15_0 like Mac OS X) AppleWebKit/605.1.15 (KHTML, like Gecko) Version/15.0 Mobile/15E148 Safari/604.1"
57.129.134.182 - - [01/Sep/2026:12:28:43 -0400] "GET /wp-content/uploads/hummingbird-assets/1abb620b1f6c7c9bb7e5de19eb0f15d5.js HTTP/1.1" 200 9102 "https://kcjstudio.com/-/esb-firstlevel/de/psd2" "Mozilla/5.0 (iPhone; CPU iPhone OS 15_0 like Mac OS X) AppleWebKit/605.1.15 (KHTML, like Gecko) Version/15.0 Mobile/15E148 Safari/604.1"
57.129.134.182 - - [01/Sep/2026:12:28:44 -0400] "GET /wp-content/themes/Divi/core/admin/fonts/modules/all/modules.woff HTTP/1.1" 200 37328 "https://kcjstudio.com/wp-content/et-cache/notfound/et-divi-dynamic-tb-199-late.css" "Mozilla/5.0 (iPhone; CPU iPhone OS 15_0 like Mac OS X) AppleWebKit/605.1.15 (KHTML, like Gecko) Version/15.0 Mobile/15E148 Safari/604.1"
57.129.134.182 - - [01/Sep/2026:12:28:44 -0400] "GET /wp-content/plugins/divi-bars/assets/js/main.helper.js HTTP/1.1" 200 - "https://kcjstudio.com/-/esb-firstlevel/de/psd2" "Mozilla/5.0 (iPhone; CPU iPhone OS 15_0 like Mac OS X) AppleWebKit/605.1.15 (KHTML, like Gecko) Version/15.0 Mobile/15E148 Safari/604.1"
57.129.134.182 - - [01/Sep/2026:12:28:44 -0400] "GET /wp-content/uploads/hummingbird-assets/b29edba45593c1a93da7f6a2cca6ead8.js HTTP/1.1" 200 870 "https://kcjstudio.com/-/esb-firstlevel/de/psd2" "Mozilla/5.0 (iPhone; CPU iPhone OS 15_0 like Mac OS X) AppleWebKit/605.1.15 (KHTML, like Gecko) Version/15.0 Mobile/15E148 Safari/604.1"
57.129.134.182 - - [01/Sep/2026:12:28:44 -0400] "GET /wp-content/themes/Divi/images/logo.png HTTP/1.1" 200 1740 "https://kcjstudio.com/-/esb-firstlevel/de/psd2" "Mozilla/5.0 (iPhone; CPU iPhone OS 15_0 like Mac OS X) AppleWebKit/605.1.15 (KHTML, like Gecko) Version/15.0 Mobile/15E148 Safari/604.1"
104.247.76.75 - - [01/Sep/2026:12:28:48 -0400] "POST /wp-cron.php?doing_wp_cron=1788280128.5053789615631103515625 HTTP/1.1" 200 - "-" "WordPress/7.1; https://kcjstudio.com"
66.249.74.101 - - [01/Sep/2026:12:28:47 -0400] "GET /shop/detail/49886181053 HTTP/1.1" 404 16321 "-" "Mozilla/5.0 (compatible; Googlebot/2.1; +http://www.google.com/bot.html)"
69.165.232.70 - - [01/Sep/2026:12:29:36 -0400] "POST /wp-admin/admin-ajax.php HTTP/1.1" 200 67 "https://kcjstudio.com/wp-admin/admin.php?page=wpmudev" "Mozilla/5.0 (Windows NT 10.0; Win64; x64) AppleWebKit/537.36 (KHTML, like Gecko) Chrome/152.0.0.0 Safari/537.36"
104.247.76.75 - - [01/Sep/2026:12:40:12 -0400] "POST /wp-cron.php?doing_wp_cron=1788280812.6914830207824707031250 HTTP/1.1" 200 - "-" "WordPress/7.1; https://kcjstudio.com"
198.204.240.234 - - [01/Sep/2026:12:40:11 -0400] "GET /wp-includes/pld62522/edit.php HTTP/1.1" 404 16324 "https://kcjstudio.com/wp-includes/pld62522/edit.php" "Mozilla/5.0 (Windows NT 5.1; rv:6.0) Gecko/20100101 Firefox/6.0"
104.247.76.75 - - [01/Sep/2026:12:44:12 -0400] "POST /wp-cron.php?doing_wp_cron=1788281052.7323529720306396484375 HTTP/1.1" 200 - "-" "WordPress/7.1; https://kcjstudio.com"
185.191.171.4 - - [01/Sep/2026:12:44:12 -0400] "GET /robots.txt HTTP/1.1" 200 110 "-" "Mozilla/5.0 (compatible; SemrushBot/7~bl; +http://www.semrush.com/bot.html)"
85.208.96.197 - - [01/Sep/2026:12:44:12 -0400] "GET /portraits/ HTTP/1.1" 200 27748 "-" "Mozilla/5.0 (compatible; SemrushBot/7~bl; +http://www.semrush.com/bot.html)"
104.247.76.75 - - [01/Sep/2026:12:51:35 -0400] "GET /?et_check_mod_pagespeed=on HTTP/1.1" 200 36 "-" "WordPress/7.1; https://kcjstudio.com"
20.104.18.15 - - [01/Sep/2026:12:51:35 -0400] "GET /wp-login.php?action=register HTTP/1.1" 403 9586 "-" "-"
104.247.76.75 - - [01/Sep/2026:12:53:57 -0400] "POST /wp-cron.php?doing_wp_cron=1788281637.2306039333343505859375 HTTP/1.1" 200 - "-" "WordPress/7.1; https://kcjstudio.com"
66.249.74.103 - - [01/Sep/2026:12:53:56 -0400] "GET /shop/detail/54086327067 HTTP/1.1" 404 16325 "-" "Mozilla/5.0 (Linux; Android 6.0.1; Nexus 5X Build/MMB29P) AppleWebKit/537.36 (KHTML, like Gecko) Chrome/151.0.7922.173 Mobile Safari/537.36 (compatible; Googlebot/2.1; +http://www.google.com/bot.html)"
104.247.76.75 - - [01/Sep/2026:13:02:11 -0400] "POST /wp-cron.php?doing_wp_cron=1788282131.6455249786376953125000 HTTP/1.1" 200 - "-" "WordPress/7.1; https://kcjstudio.com"
34.68.208.91 - - [01/Sep/2026:13:02:11 -0400] "GET /robots.txt HTTP/1.1" 200 110 "-" "Mozilla/5.0 AppleWebKit/537.36 (KHTML, like Gecko; compatible; SleepBot/1.0; +http://sleepbot.com/) Chrome/131.0.0.0 Safari/537.36"
104.247.76.75 - - [01/Sep/2026:13:06:42 -0400] "POST /wp-cron.php?doing_wp_cron=1788282402.2366499900817871093750 HTTP/1.1" 200 - "-" "WordPress/7.1; https://kcjstudio.com"
198.204.240.234 - - [01/Sep/2026:13:06:41 -0400] "GET /wp-includes/pld62522/edit.php HTTP/1.1" 404 16323 "https://kcjstudio.com/wp-includes/pld62522/edit.php" "Mozilla/5.0 (Macintosh; Intel Mac OS X 10_7_2) AppleWebKit/535.2 (KHTML, like Gecko) Chrome/15.0.874.106 Safari/535.2"
104.247.76.75 - - [01/Sep/2026:13:10:33 -0400] "POST /wp-cron.php?doing_wp_cron=1788282633.4357569217681884765625 HTTP/1.1" 200 - "-" "WordPress/7.1; https://kcjstudio.com"
66.249.74.102 - - [01/Sep/2026:13:10:32 -0400] "GET /shop/detail/39886118177 HTTP/1.1" 404 16325 "-" "Mozilla/5.0 (Linux; Android 6.0.1; Nexus 5X Build/MMB29P) AppleWebKit/537.36 (KHTML, like Gecko) Chrome/151.0.7922.173 Mobile Safari/537.36 (compatible; Googlebot/2.1; +http://www.google.com/bot.html)"
5.198.254.42 - - [01/Sep/2026:13:12:10 -0400] "GET / HTTP/1.1" 200 25529 "http://kcjstudio.com/" "Mozilla/5.0 (Linux; Android 14; SM-S901B) AppleWebKit/537.36 (KHTML, like Gecko) Chrome/120.0.6099.280 Mobile Safari/537.36 OPR/80.4.4244.7786"
185.129.67.172 - - [01/Sep/2026:13:12:11 -0400] "GET /family-portraits/ HTTP/1.1" 200 42950 "-" "Mozilla/5.0 (Linux; Android 14; SM-S901B) AppleWebKit/537.36 (KHTML, like Gecko) Chrome/120.0.6099.280 Mobile Safari/537.36 OPR/80.4.4244.7786"
192.71.70.5 - - [01/Sep/2026:13:12:12 -0400] "GET /wedding-photography-portfolio/ HTTP/1.1" 200 29416 "-" "Mozilla/5.0 (Linux; Android 14; SM-S901B) AppleWebKit/537.36 (KHTML, like Gecko) Chrome/120.0.6099.280 Mobile Safari/537.36 OPR/80.4.4244.7786"
194.132.112.186 - - [01/Sep/2026:13:12:14 -0400] "GET /wedding-photography-portfolio HTTP/1.1" 301 - "-" "Mozilla/5.0 (Linux; Android 14; SM-S901B) AppleWebKit/537.36 (KHTML, like Gecko) Chrome/120.0.6099.280 Mobile Safari/537.36 OPR/80.4.4244.7786"
178.73.253.237 - - [01/Sep/2026:13:12:15 -0400] "GET /wedding-photography-portfolio/ HTTP/1.1" 200 29416 "https://kcjstudio.com/wedding-photography-portfolio" "Mozilla/5.0 (Linux; Android 14; SM-S901B) AppleWebKit/537.36 (KHTML, like Gecko) Chrome/120.0.6099.280 Mobile Safari/537.36 OPR/80.4.4244.7786"
104.247.76.75 - - [01/Sep/2026:13:14:50 -0400] "POST /wp-cron.php?doing_wp_cron=1788282890.3905429840087890625000 HTTP/1.1" 200 - "-" "WordPress/7.1; https://kcjstudio.com"
57.129.134.182 - - [01/Sep/2026:13:14:49 -0400] "GET /-/esb-firstlevel/de/psd2 HTTP/1.1" 404 16323 "http://avanteshipping.com/" "Mozilla/5.0 (iPhone; CPU iPhone OS 15_0 like Mac OS X) AppleWebKit/605.1.15 (KHTML, like Gecko) Version/15.0 Mobile/15E148 Safari/604.1"
57.129.134.182 - - [01/Sep/2026:13:14:50 -0400] "GET /wp-content/uploads/hummingbird-assets/c4052befffef26c1b63326bf5bf1ad69.css HTTP/1.1" 200 401 "https://kcjstudio.com/-/esb-firstlevel/de/psd2" "Mozilla/5.0 (iPhone; CPU iPhone OS 15_0 like Mac OS X) AppleWebKit/605.1.15 (KHTML, like Gecko) Version/15.0 Mobile/15E148 Safari/604.1"
57.129.134.182 - - [01/Sep/2026:13:14:50 -0400] "GET /wp-content/et-cache/notfound/et-divi-dynamic-tb-199-late.css HTTP/1.1" 200 219 "https://kcjstudio.com/-/esb-firstlevel/de/psd2" "Mozilla/5.0 (iPhone; CPU iPhone OS 15_0 like Mac OS X) AppleWebKit/605.1.15 (KHTML, like Gecko) Version/15.0 Mobile/15E148 Safari/604.1"
57.129.134.182 - - [01/Sep/2026:13:14:50 -0400] "GET /wp-content/et-cache/notfound/et-divi-dynamic-tb-199.css HTTP/1.1" 200 12207 "https://kcjstudio.com/-/esb-firstlevel/de/psd2" "Mozilla/5.0 (iPhone; CPU iPhone OS 15_0 like Mac OS X) AppleWebKit/605.1.15 (KHTML, like Gecko) Version/15.0 Mobile/15E148 Safari/604.1"
57.129.134.182 - - [01/Sep/2026:13:14:50 -0400] "GET /wp-content/plugins/ameliabooking/extensions/divi_amelia/styles/style.min.css HTTP/1.1" 200 - "https://kcjstudio.com/-/esb-firstlevel/de/psd2" "Mozilla/5.0 (iPhone; CPU iPhone OS 15_0 like Mac OS X) AppleWebKit/605.1.15 (KHTML, like Gecko) Version/15.0 Mobile/15E148 Safari/604.1"
57.129.134.182 - - [01/Sep/2026:13:14:50 -0400] "GET /wp-content/uploads/hummingbird-assets/cf4d24a3edc0d6802791a62d72fa06db.css HTTP/1.1" 200 2193 "https://kcjstudio.com/-/esb-firstlevel/de/psd2" "Mozilla/5.0 (iPhone; CPU iPhone OS 15_0 like Mac OS X) AppleWebKit/605.1.15 (KHTML, like Gecko) Version/15.0 Mobile/15E148 Safari/604.1"
57.129.134.182 - - [01/Sep/2026:13:14:51 -0400] "GET /wp-content/uploads/hummingbird-assets/f466e392632aaae20a30f4357eed3170.js HTTP/1.1" 200 34451 "https://kcjstudio.com/-/esb-firstlevel/de/psd2" "Mozilla/5.0 (iPhone; CPU iPhone OS 15_0 like Mac OS X) AppleWebKit/605.1.15 (KHTML, like Gecko) Version/15.0 Mobile/15E148 Safari/604.1"
57.129.134.182 - - [01/Sep/2026:13:14:51 -0400] "GET /wp-content/uploads/hummingbird-assets/12d759fc5af23e4ae77112ef96ed5d12.js HTTP/1.1" 200 70589 "https://kcjstudio.com/-/esb-firstlevel/de/psd2" "Mozilla/5.0 (iPhone; CPU iPhone OS 15_0 like Mac OS X) AppleWebKit/605.1.15 (KHTML, like Gecko) Version/15.0 Mobile/15E148 Safari/604.1"
57.129.134.182 - - [01/Sep/2026:13:14:51 -0400] "GET /wp-content/themes/Divi/core/admin/fonts/modules/base/modules.woff HTTP/1.1" 200 3076 "https://kcjstudio.com/wp-content/et-cache/notfound/et-divi-dynamic-tb-199.css" "Mozilla/5.0 (iPhone; CPU iPhone OS 15_0 like Mac OS X) AppleWebKit/605.1.15 (KHTML, like Gecko) Version/15.0 Mobile/15E148 Safari/604.1"
57.129.134.182 - - [01/Sep/2026:13:14:51 -0400] "GET /wp-content/uploads/hummingbird-assets/1abb620b1f6c7c9bb7e5de19eb0f15d5.js HTTP/1.1" 200 9102 "https://kcjstudio.com/-/esb-firstlevel/de/psd2" "Mozilla/5.0 (iPhone; CPU iPhone OS 15_0 like Mac OS X) AppleWebKit/605.1.15 (KHTML, like Gecko) Version/15.0 Mobile/15E148 Safari/604.1"
57.129.134.182 - - [01/Sep/2026:13:14:51 -0400] "GET /wp-content/themes/Divi/core/admin/fonts/modules/all/modules.woff HTTP/1.1" 200 37328 "https://kcjstudio.com/wp-content/et-cache/notfound/et-divi-dynamic-tb-199-late.css" "Mozilla/5.0 (iPhone; CPU iPhone OS 15_0 like Mac OS X) AppleWebKit/605.1.15 (KHTML, like Gecko) Version/15.0 Mobile/15E148 Safari/604.1"