| Current Path : /proc/21978/cwd/access-logs/ |
| Current File : //proc/21978/cwd/access-logs/thefathershousecentre.com.flapstart.com-ssl_log |
45.132.227.171 - - [01/Sep/2026:08:14:10 -0400] "POST /wp-login.php HTTP/1.1" 200 8084 "-" "Mozilla/5.0"
94.202.15.72 - - [01/Sep/2026:08:14:13 -0400] "POST /xmlrpc.php HTTP/1.1" 200 403 "-" "Mozilla/5.0 (Windows NT 10.0; x64) AppleWebKit/537.36 (KHTML, like Gecko) Safari/15.0.0.0 Safari/537.36"
104.247.76.75 - - [01/Sep/2026:08:14:37 -0400] "POST /wp-cron.php?doing_wp_cron=1788264877.5312130451202392578125 HTTP/1.1" 200 - "-" "WordPress/7.1; https://thefathershousecentre.com"
94.202.15.72 - - [01/Sep/2026:08:14:37 -0400] "POST /xmlrpc.php HTTP/1.1" 200 403 "-" "Mozilla/5.0 (Windows NT 6.3; x86) AppleWebKit/537.36 (KHTML, like Gecko) Opera/78.0.0.0 Safari/537.36"
94.202.15.72 - - [01/Sep/2026:08:15:01 -0400] "POST /xmlrpc.php HTTP/1.1" 200 403 "-" "Mozilla/5.0 (X11; Ubuntu; Linux x86_64; x86) AppleWebKit/537.36 (KHTML, like Gecko) Safari/11.0.0.0 Safari/537.36"
52.167.144.65 - - [01/Sep/2026:08:15:09 -0400] "GET /robots.txt HTTP/1.1" 301 - "-" "Mozilla/5.0 AppleWebKit/537.36 (KHTML, like Gecko; compatible; bingbot/2.0; +http://www.bing.com/bingbot.htm) Chrome/116.0.1938.76 Safari/537.36"
52.167.144.65 - - [01/Sep/2026:08:15:09 -0400] "GET /robots.txt HTTP/1.1" 200 134 "-" "Mozilla/5.0 AppleWebKit/537.36 (KHTML, like Gecko; compatible; bingbot/2.0; +http://www.bing.com/bingbot.htm) Chrome/116.0.1938.76 Safari/537.36"
94.202.15.72 - - [01/Sep/2026:08:15:18 -0400] "POST /xmlrpc.php HTTP/1.1" 406 300 "-" "Mozilla/5.0 (Linux; Android 10; arm64) AppleWebKit/537.36 (KHTML, like Gecko) Safari/14.0.0.0 Safari/537.36"
104.247.76.75 - - [01/Sep/2026:08:15:18 -0400] "POST /wp-cron.php?doing_wp_cron=1788264918.7581870555877685546875 HTTP/1.1" 200 - "-" "WordPress/7.1; https://thefathershousecentre.com"
52.167.144.228 - - [01/Sep/2026:08:15:18 -0400] "GET /connect/ HTTP/1.1" 301 - "-" "Mozilla/5.0 AppleWebKit/537.36 (KHTML, like Gecko; compatible; bingbot/2.0; +http://www.bing.com/bingbot.htm) Chrome/116.0.1938.76 Safari/537.36"
104.247.76.75 - - [01/Sep/2026:08:15:23 -0400] "POST /wp-cron.php?doing_wp_cron=1788264923.8471279144287109375000 HTTP/1.1" 200 - "-" "WordPress/7.1; https://thefathershousecentre.com"
66.249.73.69 - - [01/Sep/2026:08:15:23 -0400] "GET /?h=0781928061602 HTTP/1.1" 200 43511 "-" "Mozilla/5.0 (Linux; Android 6.0.1; Nexus 5X Build/MMB29P) AppleWebKit/537.36 (KHTML, like Gecko) Chrome/151.0.7922.173 Mobile Safari/537.36 (compatible; Googlebot/2.1; +http://www.google.com/bot.html)"
66.249.73.71 - - [01/Sep/2026:08:15:24 -0400] "GET /?h=20129176492301 HTTP/1.1" 200 43511 "-" "Mozilla/5.0 (Linux; Android 6.0.1; Nexus 5X Build/MMB29P) AppleWebKit/537.36 (KHTML, like Gecko) Chrome/151.0.7922.173 Mobile Safari/537.36 (compatible; Googlebot/2.1; +http://www.google.com/bot.html)"
66.249.73.69 - - [01/Sep/2026:08:15:26 -0400] "GET /?h=99146156928200 HTTP/1.1" 200 43511 "-" "Mozilla/5.0 (Linux; Android 6.0.1; Nexus 5X Build/MMB29P) AppleWebKit/537.36 (KHTML, like Gecko) Chrome/151.0.7922.173 Mobile Safari/537.36 (compatible; Googlebot/2.1; +http://www.google.com/bot.html)"
66.249.73.69 - - [01/Sep/2026:08:15:27 -0400] "GET /?h=98258117888501 HTTP/1.1" 200 43511 "-" "Mozilla/5.0 (Linux; Android 6.0.1; Nexus 5X Build/MMB29P) AppleWebKit/537.36 (KHTML, like Gecko) Chrome/151.0.7922.173 Mobile Safari/537.36 (compatible; Googlebot/2.1; +http://www.google.com/bot.html)"
66.249.73.69 - - [01/Sep/2026:08:15:28 -0400] "GET /?h=2791885090802 HTTP/1.1" 200 43510 "-" "Mozilla/5.0 (Linux; Android 6.0.1; Nexus 5X Build/MMB29P) AppleWebKit/537.36 (KHTML, like Gecko) Chrome/151.0.7922.173 Mobile Safari/537.36 (compatible; Googlebot/2.1; +http://www.google.com/bot.html)"
66.249.73.69 - - [01/Sep/2026:08:15:30 -0400] "GET /version/category/fe1by2pce9tf2ra.shtml HTTP/1.1" 404 28567 "-" "Mozilla/5.0 (Linux; Android 6.0.1; Nexus 5X Build/MMB29P) AppleWebKit/537.36 (KHTML, like Gecko) Chrome/151.0.7922.173 Mobile Safari/537.36 (compatible; Googlebot/2.1; +http://www.google.com/bot.html)"
66.249.73.69 - - [01/Sep/2026:08:15:31 -0400] "GET /?h=2799360358400 HTTP/1.1" 200 43510 "-" "Mozilla/5.0 (Linux; Android 6.0.1; Nexus 5X Build/MMB29P) AppleWebKit/537.36 (KHTML, like Gecko) Chrome/151.0.7922.173 Mobile Safari/537.36 (compatible; Googlebot/2.1; +http://www.google.com/bot.html)"
66.249.73.69 - - [01/Sep/2026:08:15:32 -0400] "GET /arrangement/instrument/eapymqd52adntnu.shtml HTTP/1.1" 404 28567 "-" "Mozilla/5.0 (Linux; Android 6.0.1; Nexus 5X Build/MMB29P) AppleWebKit/537.36 (KHTML, like Gecko) Chrome/151.0.7922.173 Mobile Safari/537.36 (compatible; Googlebot/2.1; +http://www.google.com/bot.html)"
94.202.15.72 - - [01/Sep/2026:08:15:33 -0400] "POST /xmlrpc.php HTTP/1.1" 200 403 "-" "Mozilla/5.0 (Windows NT 10.0; x86) AppleWebKit/537.36 (KHTML, like Gecko) Safari/10.0.0.0 Safari/537.36"
66.249.73.69 - - [01/Sep/2026:08:15:33 -0400] "GET /register/craft/ek1xy2pdempz5z6.shtml HTTP/1.1" 404 28567 "-" "Mozilla/5.0 (Linux; Android 6.0.1; Nexus 5X Build/MMB29P) AppleWebKit/537.36 (KHTML, like Gecko) Chrome/151.0.7922.173 Mobile Safari/537.36 (compatible; Googlebot/2.1; +http://www.google.com/bot.html)"
66.249.73.69 - - [01/Sep/2026:08:15:35 -0400] "GET /?h=90878104052005 HTTP/1.1" 200 43511 "-" "Mozilla/5.0 (Linux; Android 6.0.1; Nexus 5X Build/MMB29P) AppleWebKit/537.36 (KHTML, like Gecko) Chrome/151.0.7922.173 Mobile Safari/537.36 (compatible; Googlebot/2.1; +http://www.google.com/bot.html)"
66.249.73.70 - - [01/Sep/2026:08:15:38 -0400] "GET /?h=31078905600 HTTP/1.1" 200 43510 "-" "Mozilla/5.0 (Linux; Android 6.0.1; Nexus 5X Build/MMB29P) AppleWebKit/537.36 (KHTML, like Gecko) Chrome/151.0.7922.173 Mobile Safari/537.36 (compatible; Googlebot/2.1; +http://www.google.com/bot.html)"
66.249.73.69 - - [01/Sep/2026:08:15:41 -0400] "GET /?h=05112125964200 HTTP/1.1" 200 43511 "-" "Mozilla/5.0 (Linux; Android 6.0.1; Nexus 5X Build/MMB29P) AppleWebKit/537.36 (KHTML, like Gecko) Chrome/151.0.7922.173 Mobile Safari/537.36 (compatible; Googlebot/2.1; +http://www.google.com/bot.html)"
66.249.73.69 - - [01/Sep/2026:08:15:42 -0400] "GET /?h=3485876746400 HTTP/1.1" 200 43510 "-" "Mozilla/5.0 (Linux; Android 6.0.1; Nexus 5X Build/MMB29P) AppleWebKit/537.36 (KHTML, like Gecko) Chrome/151.0.7922.173 Mobile Safari/537.36 (compatible; Googlebot/2.1; +http://www.google.com/bot.html)"
94.202.15.72 - - [01/Sep/2026:08:15:51 -0400] "POST /xmlrpc.php HTTP/1.1" 200 403 "-" "Mozilla/5.0 (Macintosh; Intel Mac OS X 10_15_7; x64) AppleWebKit/537.36 (KHTML, like Gecko) Chrome/108.0.0.0 Safari/537.36"
66.249.73.69 - - [01/Sep/2026:08:15:54 -0400] "GET /?h=87319132178300 HTTP/1.1" 200 43512 "-" "Mozilla/5.0 (Linux; Android 6.0.1; Nexus 5X Build/MMB29P) AppleWebKit/537.36 (KHTML, like Gecko) Chrome/151.0.7922.173 Mobile Safari/537.36 (compatible; Googlebot/2.1; +http://www.google.com/bot.html)"
66.249.73.71 - - [01/Sep/2026:08:16:07 -0400] "GET /aspect/product/emto2ih1i2h3hfy.shtml HTTP/1.1" 404 28563 "-" "Mozilla/5.0 (compatible; Googlebot/2.1; +http://www.google.com/bot.html)"
94.202.15.72 - - [01/Sep/2026:08:16:08 -0400] "POST /xmlrpc.php HTTP/1.1" 200 403 "-" "Mozilla/5.0 (Windows NT 6.3; x64) AppleWebKit/537.36 (KHTML, like Gecko) Safari/14.0.0.0 Safari/537.36"
104.247.76.75 - - [01/Sep/2026:08:16:24 -0400] "POST /wp-cron.php?doing_wp_cron=1788264984.7671089172363281250000 HTTP/1.1" 200 - "-" "WordPress/7.1; https://thefathershousecentre.com"
94.202.15.72 - - [01/Sep/2026:08:16:24 -0400] "POST /xmlrpc.php HTTP/1.1" 200 403 "-" "Mozilla/5.0 (Windows NT 6.2; x86) AppleWebKit/537.36 (KHTML, like Gecko) Edge/85.0.0.0 Safari/537.36"
94.202.15.72 - - [01/Sep/2026:08:16:42 -0400] "POST /xmlrpc.php HTTP/1.1" 200 403 "-" "Mozilla/5.0 (Windows NT 10.0; x86) AppleWebKit/537.36 (KHTML, like Gecko) Opera/80.0.0.0 Safari/537.36"
49.212.167.248 - - [01/Sep/2026:08:16:55 -0400] "GET / HTTP/1.1" 301 - "-" "Mozilla/5.0 (Windows NT 10.0; Win64; x64) AppleWebKit/537.36 (KHTML, like Gecko) Chrome/126.0.0.0 Safari/537.36"
94.202.15.72 - - [01/Sep/2026:08:16:58 -0400] "POST /xmlrpc.php HTTP/1.1" 200 403 "-" "Mozilla/5.0 (Macintosh; Intel Mac OS X 10_15_7; x64) AppleWebKit/537.36 (KHTML, like Gecko) Chrome/94.0.0.0 Safari/537.36"
49.212.167.248 - - [01/Sep/2026:08:16:59 -0400] "GET / HTTP/1.1" 200 20978 "-" "Mozilla/5.0 (Windows NT 10.0; Win64; x64) AppleWebKit/537.36 (KHTML, like Gecko) Chrome/126.0.0.0 Safari/537.36"
49.212.167.248 - - [01/Sep/2026:08:17:04 -0400] "POST /?rest_route=/batch/v1 HTTP/1.1" 207 206 "-" "Mozilla/5.0 (Windows NT 10.0; Win64; x64) AppleWebKit/537.36 (KHTML, like Gecko) Chrome/126.0.0.0 Safari/537.36"
94.202.15.72 - - [01/Sep/2026:08:17:14 -0400] "POST /xmlrpc.php HTTP/1.1" 200 403 "-" "Mozilla/5.0 (Windows NT 6.3; x86) AppleWebKit/537.36 (KHTML, like Gecko) Firefox/94.0.0.0 Safari/537.36"
104.247.76.75 - - [01/Sep/2026:08:17:31 -0400] "POST /wp-cron.php?doing_wp_cron=1788265051.6387751102447509765625 HTTP/1.1" 200 - "-" "WordPress/7.1; https://thefathershousecentre.com"
94.202.15.72 - - [01/Sep/2026:08:17:31 -0400] "POST /xmlrpc.php HTTP/1.1" 200 403 "-" "Mozilla/5.0 (X11; Ubuntu; Linux x86_64; x64) AppleWebKit/537.36 (KHTML, like Gecko) Safari/10.0.0.0 Safari/537.36"
94.202.15.72 - - [01/Sep/2026:08:17:48 -0400] "POST /xmlrpc.php HTTP/1.1" 406 300 "-" "Mozilla/5.0 (Windows NT 6.2; arm64) AppleWebKit/537.36 (KHTML, like Gecko) Safari/12.0.0.0 Safari/537.36"
94.202.15.72 - - [01/Sep/2026:08:18:11 -0400] "POST /xmlrpc.php HTTP/1.1" 406 300 "-" "Mozilla/5.0 (Windows NT 6.2; arm64) AppleWebKit/537.36 (KHTML, like Gecko) Safari/14.0.0.0 Safari/537.36"
94.202.15.72 - - [01/Sep/2026:08:18:33 -0400] "POST /xmlrpc.php HTTP/1.1" 406 300 "-" "Mozilla/5.0 (Windows NT 6.2; arm64) AppleWebKit/537.36 (KHTML, like Gecko) Edge/84.0.0.0 Safari/537.36"
94.202.15.72 - - [01/Sep/2026:08:18:50 -0400] "POST /xmlrpc.php HTTP/1.1" 406 300 "-" "Mozilla/5.0 (Linux; Android 10; x86) AppleWebKit/537.36 (KHTML, like Gecko) Safari/10.0.0.0 Safari/537.36"
104.247.76.75 - - [01/Sep/2026:08:19:11 -0400] "POST /wp-cron.php?doing_wp_cron=1788265151.2258710861206054687500 HTTP/1.1" 200 - "-" "WordPress/7.1; https://thefathershousecentre.com"
94.202.15.72 - - [01/Sep/2026:08:19:11 -0400] "POST /xmlrpc.php HTTP/1.1" 200 403 "-" "Mozilla/5.0 (Windows NT 6.2; x64) AppleWebKit/537.36 (KHTML, like Gecko) Chrome/106.0.0.0 Safari/537.36"
94.202.15.72 - - [01/Sep/2026:08:19:29 -0400] "POST /xmlrpc.php HTTP/1.1" 406 300 "-" "Mozilla/5.0 (Macintosh; Intel Mac OS X 10_15_7; arm64) AppleWebKit/537.36 (KHTML, like Gecko) Safari/10.0.0.0 Safari/537.36"
104.247.76.75 - - [01/Sep/2026:08:19:46 -0400] "POST /wp-cron.php?doing_wp_cron=1788265186.2552230358123779296875 HTTP/1.1" 200 - "-" "WordPress/7.1; https://thefathershousecentre.com"
94.202.15.72 - - [01/Sep/2026:08:19:46 -0400] "POST /xmlrpc.php HTTP/1.1" 200 403 "-" "Mozilla/5.0 (Macintosh; Intel Mac OS X 10_15_7; x64) AppleWebKit/537.36 (KHTML, like Gecko) Firefox/79.0.0.0 Safari/537.36"
94.202.15.72 - - [01/Sep/2026:08:20:01 -0400] "POST /xmlrpc.php HTTP/1.1" 200 403 "-" "Mozilla/5.0 (Windows NT 10.0; x64) AppleWebKit/537.36 (KHTML, like Gecko) Safari/14.0.0.0 Safari/537.36"
94.202.15.72 - - [01/Sep/2026:08:20:18 -0400] "POST /xmlrpc.php HTTP/1.1" 200 403 "-" "Mozilla/5.0 (Macintosh; Intel Mac OS X 10_15_7; x64) AppleWebKit/537.36 (KHTML, like Gecko) Chrome/102.0.0.0 Safari/537.36"
94.202.15.72 - - [01/Sep/2026:08:20:37 -0400] "POST /xmlrpc.php HTTP/1.1" 406 300 "-" "Mozilla/5.0 (Windows NT 10.0; arm64) AppleWebKit/537.36 (KHTML, like Gecko) Safari/15.0.0.0 Safari/537.36"
94.202.15.72 - - [01/Sep/2026:08:21:00 -0400] "POST /xmlrpc.php HTTP/1.1" 406 300 "-" "Mozilla/5.0 (Linux; Android 10; x64) AppleWebKit/537.36 (KHTML, like Gecko) Edge/84.0.0.0 Safari/537.36"
104.247.76.75 - - [01/Sep/2026:08:21:11 -0400] "POST /wp-cron.php?doing_wp_cron=1788265271.7165520191192626953125 HTTP/1.1" 200 - "-" "WordPress/7.1; https://thefathershousecentre.com"
66.249.73.70 - - [01/Sep/2026:08:21:11 -0400] "GET /edition/unit/eup2mqd42adnonu.shtml HTTP/1.1" 404 28563 "-" "Mozilla/5.0 (compatible; Googlebot/2.1; +http://www.google.com/bot.html)"
94.202.15.72 - - [01/Sep/2026:08:21:21 -0400] "POST /xmlrpc.php HTTP/1.1" 200 403 "-" "Mozilla/5.0 (Windows NT 6.2; x86) AppleWebKit/537.36 (KHTML, like Gecko) Opera/80.0.0.0 Safari/537.36"
94.202.15.72 - - [01/Sep/2026:08:21:36 -0400] "POST /xmlrpc.php HTTP/1.1" 406 300 "-" "Mozilla/5.0 (X11; Ubuntu; Linux x86_64; arm64) AppleWebKit/537.36 (KHTML, like Gecko) Firefox/99.0.0.0 Safari/537.36"
94.202.15.72 - - [01/Sep/2026:08:21:53 -0400] "POST /xmlrpc.php HTTP/1.1" 406 300 "-" "Mozilla/5.0 (Linux; Android 10; x86) AppleWebKit/537.36 (KHTML, like Gecko) Edge/97.0.0.0 Safari/537.36"
94.202.15.72 - - [01/Sep/2026:08:22:12 -0400] "POST /xmlrpc.php HTTP/1.1" 406 300 "-" "Mozilla/5.0 (Windows NT 6.2; arm64) AppleWebKit/537.36 (KHTML, like Gecko) Edge/83.0.0.0 Safari/537.36"
104.247.76.75 - - [01/Sep/2026:08:22:16 -0400] "POST /wp-cron.php?doing_wp_cron=1788265336.7213680744171142578125 HTTP/1.1" 200 - "-" "WordPress/7.1; https://thefathershousecentre.com"
66.249.73.71 - - [01/Sep/2026:08:22:16 -0400] "GET /rank/gadget/fnyfvzmbbvqcmo7.shtml HTTP/1.1" 404 28563 "-" "Mozilla/5.0 (compatible; Googlebot/2.1; +http://www.google.com/bot.html)"
94.202.15.72 - - [01/Sep/2026:08:22:34 -0400] "POST /xmlrpc.php HTTP/1.1" 406 300 "-" "Mozilla/5.0 (Windows NT 6.2; arm64) AppleWebKit/537.36 (KHTML, like Gecko) Safari/12.0.0.0 Safari/537.36"
94.202.15.72 - - [01/Sep/2026:08:22:53 -0400] "POST /xmlrpc.php HTTP/1.1" 406 300 "-" "Mozilla/5.0 (Windows NT 10.0; arm64) AppleWebKit/537.36 (KHTML, like Gecko) Edge/88.0.0.0 Safari/537.36"
94.202.15.72 - - [01/Sep/2026:08:23:10 -0400] "POST /xmlrpc.php HTTP/1.1" 406 300 "-" "Mozilla/5.0 (Windows NT 10.0; arm64) AppleWebKit/537.36 (KHTML, like Gecko) Firefox/96.0.0.0 Safari/537.36"
104.247.76.75 - - [01/Sep/2026:08:23:25 -0400] "POST /wp-cron.php?doing_wp_cron=1788265405.3513820171356201171875 HTTP/1.1" 200 - "-" "WordPress/7.1; https://thefathershousecentre.com"
94.202.15.72 - - [01/Sep/2026:08:23:25 -0400] "POST /xmlrpc.php HTTP/1.1" 200 403 "-" "Mozilla/5.0 (Windows NT 10.0; x86) AppleWebKit/537.36 (KHTML, like Gecko) Chrome/115.0.0.0 Safari/537.36"
94.202.15.72 - - [01/Sep/2026:08:23:40 -0400] "POST /xmlrpc.php HTTP/1.1" 200 403 "-" "Mozilla/5.0 (Macintosh; Intel Mac OS X 10_15_7; x64) AppleWebKit/537.36 (KHTML, like Gecko) Edge/83.0.0.0 Safari/537.36"
94.202.15.72 - - [01/Sep/2026:08:23:56 -0400] "POST /xmlrpc.php HTTP/1.1" 406 300 "-" "Mozilla/5.0 (Linux; Android 10; x86) AppleWebKit/537.36 (KHTML, like Gecko) Safari/10.0.0.0 Safari/537.36"
45.132.227.160 - - [01/Sep/2026:08:24:10 -0400] "POST /wp-login.php HTTP/1.1" 200 8084 "-" "Mozilla/5.0"
94.202.15.72 - - [01/Sep/2026:08:24:15 -0400] "POST /xmlrpc.php HTTP/1.1" 200 403 "-" "Mozilla/5.0 (Windows NT 10.0; x64) AppleWebKit/537.36 (KHTML, like Gecko) Edge/96.0.0.0 Safari/537.36"
104.247.76.75 - - [01/Sep/2026:08:24:33 -0400] "POST /wp-cron.php?doing_wp_cron=1788265473.2114009857177734375000 HTTP/1.1" 200 - "-" "WordPress/7.1; https://thefathershousecentre.com"
94.202.15.72 - - [01/Sep/2026:08:24:33 -0400] "POST /xmlrpc.php HTTP/1.1" 200 403 "-" "Mozilla/5.0 (Macintosh; Intel Mac OS X 10_15_7; x64) AppleWebKit/537.36 (KHTML, like Gecko) Edge/96.0.0.0 Safari/537.36"
94.202.15.72 - - [01/Sep/2026:08:24:48 -0400] "POST /xmlrpc.php HTTP/1.1" 406 300 "-" "Mozilla/5.0 (Linux; Android 10; x86) AppleWebKit/537.36 (KHTML, like Gecko) Edge/80.0.0.0 Safari/537.36"
94.202.15.72 - - [01/Sep/2026:08:25:05 -0400] "POST /xmlrpc.php HTTP/1.1" 200 403 "-" "Mozilla/5.0 (Windows NT 10.0; x86) AppleWebKit/537.36 (KHTML, like Gecko) Opera/72.0.0.0 Safari/537.36"
94.202.15.72 - - [01/Sep/2026:08:25:21 -0400] "POST /xmlrpc.php HTTP/1.1" 200 403 "-" "Mozilla/5.0 (Windows NT 6.3; x64) AppleWebKit/537.36 (KHTML, like Gecko) Opera/67.0.0.0 Safari/537.36"
94.202.15.72 - - [01/Sep/2026:08:25:37 -0400] "POST /xmlrpc.php HTTP/1.1" 406 300 "-" "Mozilla/5.0 (Windows NT 6.3; arm64) AppleWebKit/537.36 (KHTML, like Gecko) Chrome/94.0.0.0 Safari/537.36"
94.202.15.72 - - [01/Sep/2026:08:25:59 -0400] "POST /xmlrpc.php HTTP/1.1" 406 300 "-" "Mozilla/5.0 (X11; Ubuntu; Linux x86_64; arm64) AppleWebKit/537.36 (KHTML, like Gecko) Firefox/71.0.0.0 Safari/537.36"
104.247.76.75 - - [01/Sep/2026:08:26:14 -0400] "POST /wp-cron.php?doing_wp_cron=1788265574.8882238864898681640625 HTTP/1.1" 200 - "-" "WordPress/7.1; https://thefathershousecentre.com"
94.202.15.72 - - [01/Sep/2026:08:26:14 -0400] "POST /xmlrpc.php HTTP/1.1" 200 403 "-" "Mozilla/5.0 (Macintosh; Intel Mac OS X 10_15_7; x86) AppleWebKit/537.36 (KHTML, like Gecko) Safari/12.0.0.0 Safari/537.36"
104.247.76.75 - - [01/Sep/2026:08:26:30 -0400] "POST /wp-cron.php?doing_wp_cron=1788265590.0283598899841308593750 HTTP/1.1" 200 - "-" "WordPress/7.1; https://thefathershousecentre.com"
94.202.15.72 - - [01/Sep/2026:08:26:29 -0400] "POST /xmlrpc.php HTTP/1.1" 200 403 "-" "Mozilla/5.0 (Macintosh; Intel Mac OS X 10_15_7; x86) AppleWebKit/537.36 (KHTML, like Gecko) Opera/71.0.0.0 Safari/537.36"
94.202.15.72 - - [01/Sep/2026:08:26:43 -0400] "POST /xmlrpc.php HTTP/1.1" 200 403 "-" "Mozilla/5.0 (Windows NT 6.2; x86) AppleWebKit/537.36 (KHTML, like Gecko) Opera/70.0.0.0 Safari/537.36"
94.202.15.72 - - [01/Sep/2026:08:26:58 -0400] "POST /xmlrpc.php HTTP/1.1" 406 300 "-" "Mozilla/5.0 (Linux; Android 10; x64) AppleWebKit/537.36 (KHTML, like Gecko) Firefox/90.0.0.0 Safari/537.36"
94.202.15.72 - - [01/Sep/2026:08:27:15 -0400] "POST /xmlrpc.php HTTP/1.1" 200 403 "-" "Mozilla/5.0 (X11; Ubuntu; Linux x86_64; x86) AppleWebKit/537.36 (KHTML, like Gecko) Firefox/85.0.0.0 Safari/537.36"
104.247.76.75 - - [01/Sep/2026:08:27:25 -0400] "POST /wp-cron.php?doing_wp_cron=1788265645.5425789356231689453125 HTTP/1.1" 200 - "-" "WordPress/7.1; https://thefathershousecentre.com"
66.249.73.69 - - [01/Sep/2026:08:27:25 -0400] "GET /collection/unit/frk7t98b9y0y3mh.shtml HTTP/1.1" 404 28567 "-" "Mozilla/5.0 (Linux; Android 6.0.1; Nexus 5X Build/MMB29P) AppleWebKit/537.36 (KHTML, like Gecko) Chrome/151.0.7922.173 Mobile Safari/537.36 (compatible; Googlebot/2.1; +http://www.google.com/bot.html)"
94.202.15.72 - - [01/Sep/2026:08:27:32 -0400] "POST /xmlrpc.php HTTP/1.1" 200 403 "-" "Mozilla/5.0 (Macintosh; Intel Mac OS X 10_15_7; x86) AppleWebKit/537.36 (KHTML, like Gecko) Opera/71.0.0.0 Safari/537.36"
66.249.73.69 - - [01/Sep/2026:08:27:46 -0400] "GET /pod/crop/fgib3v6cjjmwlw3.shtml HTTP/1.1" 404 28567 "-" "Mozilla/5.0 (Linux; Android 6.0.1; Nexus 5X Build/MMB29P) AppleWebKit/537.36 (KHTML, like Gecko) Chrome/151.0.7922.173 Mobile Safari/537.36 (compatible; Googlebot/2.1; +http://www.google.com/bot.html)"
66.249.73.70 - - [01/Sep/2026:08:28:05 -0400] "GET /model/supplement/fkza8onbo0fdq1w.shtml HTTP/1.1" 404 28567 "-" "Mozilla/5.0 (Linux; Android 6.0.1; Nexus 5X Build/MMB29P) AppleWebKit/537.36 (KHTML, like Gecko) Chrome/151.0.7922.173 Mobile Safari/537.36 (compatible; Googlebot/2.1; +http://www.google.com/bot.html)"
66.249.73.70 - - [01/Sep/2026:08:28:17 -0400] "GET /schedule/release/eyok91cxplcawyt.shtml HTTP/1.1" 404 28567 "-" "Mozilla/5.0 (Linux; Android 6.0.1; Nexus 5X Build/MMB29P) AppleWebKit/537.36 (KHTML, like Gecko) Chrome/151.0.7922.173 Mobile Safari/537.36 (compatible; Googlebot/2.1; +http://www.google.com/bot.html)"
66.249.73.69 - - [01/Sep/2026:08:28:21 -0400] "GET /phylum/harvest/eaob91c5plca4yt.shtml HTTP/1.1" 404 28567 "-" "Mozilla/5.0 (Linux; Android 6.0.1; Nexus 5X Build/MMB29P) AppleWebKit/537.36 (KHTML, like Gecko) Chrome/151.0.7922.173 Mobile Safari/537.36 (compatible; Googlebot/2.1; +http://www.google.com/bot.html)"
104.247.76.75 - - [01/Sep/2026:08:28:34 -0400] "POST /wp-cron.php?doing_wp_cron=1788265714.6895558834075927734375 HTTP/1.1" 200 - "-" "WordPress/7.1; https://thefathershousecentre.com"
66.249.73.69 - - [01/Sep/2026:08:28:34 -0400] "GET /guild/pattern/fdkct98c9x0ybmh.shtml HTTP/1.1" 404 28567 "-" "Mozilla/5.0 (Linux; Android 6.0.1; Nexus 5X Build/MMB29P) AppleWebKit/537.36 (KHTML, like Gecko) Chrome/151.0.7922.173 Mobile Safari/537.36 (compatible; Googlebot/2.1; +http://www.google.com/bot.html)"
104.247.76.75 - - [01/Sep/2026:08:33:07 -0400] "POST /wp-cron.php?doing_wp_cron=1788265987.2343320846557617187500 HTTP/1.1" 200 - "-" "WordPress/7.1; https://thefathershousecentre.com"
198.204.240.234 - - [01/Sep/2026:08:33:07 -0400] "GET /wp-includes/jsd3e30d/edit.php HTTP/1.1" 404 28568 "https://thefathershousecentre.com/wp-includes/jsd3e30d/edit.php" "Mozilla/5.0 (Windows NT 5.1; rv:6.0) Gecko/20100101 Firefox/6.0"
104.247.76.75 - - [01/Sep/2026:08:34:02 -0400] "POST /wp-cron.php?doing_wp_cron=1788266042.0323739051818847656250 HTTP/1.1" 200 - "-" "WordPress/7.1; https://thefathershousecentre.com"
45.132.227.165 - - [01/Sep/2026:08:34:01 -0400] "POST /wp-login.php HTTP/1.1" 200 8084 "-" "Mozilla/5.0"
66.249.73.71 - - [01/Sep/2026:08:34:18 -0400] "GET /denomination/serial/ekybvzm8bjmwlw3.shtml HTTP/1.1" 404 28567 "-" "Mozilla/5.0 (Linux; Android 6.0.1; Nexus 5X Build/MMB29P) AppleWebKit/537.36 (KHTML, like Gecko) Chrome/151.0.7922.173 Mobile Safari/537.36 (compatible; Googlebot/2.1; +http://www.google.com/bot.html)"
104.247.76.75 - - [01/Sep/2026:08:35:16 -0400] "POST /wp-cron.php?doing_wp_cron=1788266116.9223349094390869140625 HTTP/1.1" 200 - "-" "WordPress/7.1; https://thefathershousecentre.com"
66.249.73.69 - - [01/Sep/2026:08:35:16 -0400] "GET /swarm/shop/f7vcswjb8cn90l4.shtml HTTP/1.1" 404 28567 "-" "Mozilla/5.0 (Linux; Android 6.0.1; Nexus 5X Build/MMB29P) AppleWebKit/537.36 (KHTML, like Gecko) Chrome/151.0.7922.173 Mobile Safari/537.36 (compatible; Googlebot/2.1; +http://www.google.com/bot.html)"
104.247.76.75 - - [01/Sep/2026:08:35:54 -0400] "POST /wp-cron.php?doing_wp_cron=1788266154.2727808952331542968750 HTTP/1.1" 200 - "-" "WordPress/7.1; https://thefathershousecentre.com"
66.249.74.131 - - [01/Sep/2026:08:35:54 -0400] "GET /module/example/fux1ialby21bybi.shtml HTTP/1.1" 301 - "-" "Mozilla/5.0 (Linux; Android 6.0.1; Nexus 5X Build/MMB29P) AppleWebKit/537.36 (KHTML, like Gecko) Chrome/151.0.7922.173 Mobile Safari/537.36 (compatible; Googlebot/2.1; +http://www.google.com/bot.html)"
66.249.73.70 - - [01/Sep/2026:08:35:56 -0400] "GET /module/example/fux1ialby21bybi.shtml HTTP/1.1" 404 28567 "-" "Mozilla/5.0 (Linux; Android 6.0.1; Nexus 5X Build/MMB29P) AppleWebKit/537.36 (KHTML, like Gecko) Chrome/151.0.7922.173 Mobile Safari/537.36 (compatible; Googlebot/2.1; +http://www.google.com/bot.html)"
104.247.76.75 - - [01/Sep/2026:08:38:14 -0400] "POST /wp-cron.php?doing_wp_cron=1788266294.3671760559082031250000 HTTP/1.1" 200 - "-" "WordPress/7.1; https://thefathershousecentre.com"
66.249.73.71 - - [01/Sep/2026:08:38:13 -0400] "GET /?h=2737184011407 HTTP/1.1" 200 43510 "-" "Mozilla/5.0 (Linux; Android 6.0.1; Nexus 5X Build/MMB29P) AppleWebKit/537.36 (KHTML, like Gecko) Chrome/151.0.7922.173 Mobile Safari/537.36 (compatible; Googlebot/2.1; +http://www.google.com/bot.html)"
66.249.73.71 - - [01/Sep/2026:08:38:18 -0400] "GET /denomination/yield/fym5jnabzge0xcv.shtml HTTP/1.1" 404 28567 "-" "Mozilla/5.0 (Linux; Android 6.0.1; Nexus 5X Build/MMB29P) AppleWebKit/537.36 (KHTML, like Gecko) Chrome/151.0.7922.173 Mobile Safari/537.36 (compatible; Googlebot/2.1; +http://www.google.com/bot.html)"
66.249.73.71 - - [01/Sep/2026:08:38:20 -0400] "GET /?h=70698113696301 HTTP/1.1" 200 43511 "-" "Mozilla/5.0 (Linux; Android 6.0.1; Nexus 5X Build/MMB29P) AppleWebKit/537.36 (KHTML, like Gecko) Chrome/151.0.7922.173 Mobile Safari/537.36 (compatible; Googlebot/2.1; +http://www.google.com/bot.html)"
104.247.76.75 - - [01/Sep/2026:08:38:29 -0400] "POST /wp-cron.php?doing_wp_cron=1788266309.3360929489135742187500 HTTP/1.1" 200 - "-" "WordPress/7.1; https://thefathershousecentre.com"
66.249.73.71 - - [01/Sep/2026:08:38:28 -0400] "GET /?h=591724416500 HTTP/1.1" 200 43509 "-" "Mozilla/5.0 (Linux; Android 6.0.1; Nexus 5X Build/MMB29P) AppleWebKit/537.36 (KHTML, like Gecko) Chrome/151.0.7922.173 Mobile Safari/537.36 (compatible; Googlebot/2.1; +http://www.google.com/bot.html)"
66.249.73.70 - - [01/Sep/2026:08:38:36 -0400] "GET /?h=1120038748002 HTTP/1.1" 200 43510 "-" "Mozilla/5.0 (Linux; Android 6.0.1; Nexus 5X Build/MMB29P) AppleWebKit/537.36 (KHTML, like Gecko) Chrome/151.0.7922.173 Mobile Safari/537.36 (compatible; Googlebot/2.1; +http://www.google.com/bot.html)"
66.249.73.69 - - [01/Sep/2026:08:38:50 -0400] "GET /?h=1731823103600 HTTP/1.1" 200 43510 "-" "Mozilla/5.0 (Linux; Android 6.0.1; Nexus 5X Build/MMB29P) AppleWebKit/537.36 (KHTML, like Gecko) Chrome/151.0.7922.173 Mobile Safari/537.36 (compatible; Googlebot/2.1; +http://www.google.com/bot.html)"
66.249.73.70 - - [01/Sep/2026:08:38:57 -0400] "GET /?h=0914119549204 HTTP/1.1" 200 43509 "-" "Mozilla/5.0 (Linux; Android 6.0.1; Nexus 5X Build/MMB29P) AppleWebKit/537.36 (KHTML, like Gecko) Chrome/151.0.7922.173 Mobile Safari/537.36 (compatible; Googlebot/2.1; +http://www.google.com/bot.html)"
66.249.73.71 - - [01/Sep/2026:08:39:11 -0400] "GET /?h=67005105237508 HTTP/1.1" 200 43511 "-" "Mozilla/5.0 (Linux; Android 6.0.1; Nexus 5X Build/MMB29P) AppleWebKit/537.36 (KHTML, like Gecko) Chrome/151.0.7922.173 Mobile Safari/537.36 (compatible; Googlebot/2.1; +http://www.google.com/bot.html)"
66.249.73.71 - - [01/Sep/2026:08:39:12 -0400] "GET /?h=00728182163007 HTTP/1.1" 200 43510 "-" "Mozilla/5.0 (Linux; Android 6.0.1; Nexus 5X Build/MMB29P) AppleWebKit/537.36 (KHTML, like Gecko) Chrome/151.0.7922.173 Mobile Safari/537.36 (compatible; Googlebot/2.1; +http://www.google.com/bot.html)"
66.249.73.69 - - [01/Sep/2026:08:39:20 -0400] "GET /?h=2977113395801 HTTP/1.1" 200 43510 "-" "Mozilla/5.0 (Linux; Android 6.0.1; Nexus 5X Build/MMB29P) AppleWebKit/537.36 (KHTML, like Gecko) Chrome/151.0.7922.173 Mobile Safari/537.36 (compatible; Googlebot/2.1; +http://www.google.com/bot.html)"
104.247.76.75 - - [01/Sep/2026:08:39:27 -0400] "POST /wp-cron.php?doing_wp_cron=1788266367.9500870704650878906250 HTTP/1.1" 200 - "-" "WordPress/7.1; https://thefathershousecentre.com"
66.249.73.69 - - [01/Sep/2026:08:39:27 -0400] "GET /?h=7061564414001 HTTP/1.1" 200 43508 "-" "Mozilla/5.0 (Linux; Android 6.0.1; Nexus 5X Build/MMB29P) AppleWebKit/537.36 (KHTML, like Gecko) Chrome/151.0.7922.173 Mobile Safari/537.36 (compatible; Googlebot/2.1; +http://www.google.com/bot.html)"
66.249.73.69 - - [01/Sep/2026:08:39:28 -0400] "GET /?h=70489157466300 HTTP/1.1" 200 43513 "-" "Mozilla/5.0 (Linux; Android 6.0.1; Nexus 5X Build/MMB29P) AppleWebKit/537.36 (KHTML, like Gecko) Chrome/151.0.7922.173 Mobile Safari/537.36 (compatible; Googlebot/2.1; +http://www.google.com/bot.html)"
66.249.73.69 - - [01/Sep/2026:08:39:33 -0400] "GET /?h=96115162660403 HTTP/1.1" 200 43512 "-" "Mozilla/5.0 (Linux; Android 6.0.1; Nexus 5X Build/MMB29P) AppleWebKit/537.36 (KHTML, like Gecko) Chrome/151.0.7922.173 Mobile Safari/537.36 (compatible; Googlebot/2.1; +http://www.google.com/bot.html)"
66.249.73.69 - - [01/Sep/2026:08:39:40 -0400] "GET /?h=77013109859402 HTTP/1.1" 200 43512 "-" "Mozilla/5.0 (Linux; Android 6.0.1; Nexus 5X Build/MMB29P) AppleWebKit/537.36 (KHTML, like Gecko) Chrome/151.0.7922.173 Mobile Safari/537.36 (compatible; Googlebot/2.1; +http://www.google.com/bot.html)"
66.249.73.69 - - [01/Sep/2026:08:39:47 -0400] "GET /?h=7747713018502 HTTP/1.1" 200 43511 "-" "Mozilla/5.0 (Linux; Android 6.0.1; Nexus 5X Build/MMB29P) AppleWebKit/537.36 (KHTML, like Gecko) Chrome/151.0.7922.173 Mobile Safari/537.36 (compatible; Googlebot/2.1; +http://www.google.com/bot.html)"
66.249.73.69 - - [01/Sep/2026:08:40:08 -0400] "GET /?h=3807758095702 HTTP/1.1" 200 43511 "-" "Mozilla/5.0 (Linux; Android 6.0.1; Nexus 5X Build/MMB29P) AppleWebKit/537.36 (KHTML, like Gecko) Chrome/151.0.7922.173 Mobile Safari/537.36 (compatible; Googlebot/2.1; +http://www.google.com/bot.html)"
66.249.73.69 - - [01/Sep/2026:08:40:10 -0400] "GET /?h=67979123404201 HTTP/1.1" 200 43511 "-" "Mozilla/5.0 (Linux; Android 6.0.1; Nexus 5X Build/MMB29P) AppleWebKit/537.36 (KHTML, like Gecko) Chrome/151.0.7922.173 Mobile Safari/537.36 (compatible; Googlebot/2.1; +http://www.google.com/bot.html)"
66.249.73.69 - - [01/Sep/2026:08:40:12 -0400] "GET /?h=75872128528400 HTTP/1.1" 200 43511 "-" "Mozilla/5.0 (Linux; Android 6.0.1; Nexus 5X Build/MMB29P) AppleWebKit/537.36 (KHTML, like Gecko) Chrome/151.0.7922.173 Mobile Safari/537.36 (compatible; Googlebot/2.1; +http://www.google.com/bot.html)"
66.249.73.69 - - [01/Sep/2026:08:40:21 -0400] "GET /?h=3988889505509 HTTP/1.1" 200 43510 "-" "Mozilla/5.0 (Linux; Android 6.0.1; Nexus 5X Build/MMB29P) AppleWebKit/537.36 (KHTML, like Gecko) Chrome/151.0.7922.173 Mobile Safari/537.36 (compatible; Googlebot/2.1; +http://www.google.com/bot.html)"
66.249.73.69 - - [01/Sep/2026:08:40:27 -0400] "GET /wp-content/themes/Divi/core/admin/js/recaptcha.js?ver=4.27.8 HTTP/1.1" 200 712 "https://thefathershousecentre.com/?h=3988889505509" "Mozilla/5.0 (Linux; Android 6.0.1; Nexus 5X Build/MMB29P) AppleWebKit/537.36 (KHTML, like Gecko) Chrome/151.0.7922.173 Mobile Safari/537.36 (compatible; Googlebot/2.1; +http://www.google.com/bot.html)"
104.247.76.75 - - [01/Sep/2026:08:40:30 -0400] "POST /wp-cron.php?doing_wp_cron=1788266429.9989540576934814453125 HTTP/1.1" 200 - "-" "WordPress/7.1; https://thefathershousecentre.com"
66.249.73.69 - - [01/Sep/2026:08:40:29 -0400] "GET /?h=0714711540102 HTTP/1.1" 200 43510 "-" "Mozilla/5.0 (Linux; Android 6.0.1; Nexus 5X Build/MMB29P) AppleWebKit/537.36 (KHTML, like Gecko) Chrome/151.0.7922.173 Mobile Safari/537.36 (compatible; Googlebot/2.1; +http://www.google.com/bot.html)"
66.249.73.69 - - [01/Sep/2026:08:40:30 -0400] "GET /?h=1207128089600 HTTP/1.1" 200 43511 "-" "Mozilla/5.0 (Linux; Android 6.0.1; Nexus 5X Build/MMB29P) AppleWebKit/537.36 (KHTML, like Gecko) Chrome/151.0.7922.173 Mobile Safari/537.36 (compatible; Googlebot/2.1; +http://www.google.com/bot.html)"
66.249.73.69 - - [01/Sep/2026:08:40:37 -0400] "GET /?h=53379166963200 HTTP/1.1" 200 43511 "-" "Mozilla/5.0 (Linux; Android 6.0.1; Nexus 5X Build/MMB29P) AppleWebKit/537.36 (KHTML, like Gecko) Chrome/151.0.7922.173 Mobile Safari/537.36 (compatible; Googlebot/2.1; +http://www.google.com/bot.html)"
66.249.73.69 - - [01/Sep/2026:08:40:41 -0400] "GET /?h=8231597044401 HTTP/1.1" 200 43511 "-" "Mozilla/5.0 (Linux; Android 6.0.1; Nexus 5X Build/MMB29P) AppleWebKit/537.36 (KHTML, like Gecko) Chrome/151.0.7922.173 Mobile Safari/537.36 (compatible; Googlebot/2.1; +http://www.google.com/bot.html)"
66.249.73.69 - - [01/Sep/2026:08:40:45 -0400] "GET /?h=70925127208804 HTTP/1.1" 200 43511 "-" "Mozilla/5.0 (Linux; Android 6.0.1; Nexus 5X Build/MMB29P) AppleWebKit/537.36 (KHTML, like Gecko) Chrome/151.0.7922.173 Mobile Safari/537.36 (compatible; Googlebot/2.1; +http://www.google.com/bot.html)"
104.247.76.75 - - [01/Sep/2026:08:43:51 -0400] "POST /wp-cron.php?doing_wp_cron=1788266631.5446240901947021484375 HTTP/1.1" 200 - "-" "WordPress/7.1; https://thefathershousecentre.com"
66.249.73.71 - - [01/Sep/2026:08:43:51 -0400] "GET /module/type/ft5eeutbu6ljk72.shtml HTTP/1.1" 404 28563 "-" "Mozilla/5.0 (compatible; Googlebot/2.1; +http://www.google.com/bot.html)"
66.249.73.71 - - [01/Sep/2026:08:43:51 -0400] "GET /hierarchy/thing/e514y2p8empzuz6.shtml HTTP/1.1" 404 28567 "-" "Mozilla/5.0 (Linux; Android 6.0.1; Nexus 5X Build/MMB29P) AppleWebKit/537.36 (KHTML, like Gecko) Chrome/151.0.7922.173 Mobile Safari/537.36 (compatible; Googlebot/2.1; +http://www.google.com/bot.html)"
66.249.73.69 - - [01/Sep/2026:08:43:54 -0400] "GET /sorority/return/ekqhzfezfze0gcv.shtml HTTP/1.1" 404 28563 "-" "Mozilla/5.0 (compatible; Googlebot/2.1; +http://www.google.com/bot.html)"
66.249.73.70 - - [01/Sep/2026:08:43:57 -0400] "GET /?h=9112152925003 HTTP/1.1" 200 43510 "-" "Mozilla/5.0 (Linux; Android 6.0.1; Nexus 5X Build/MMB29P) AppleWebKit/537.36 (KHTML, like Gecko) Chrome/151.0.7922.173 Mobile Safari/537.36 (compatible; Googlebot/2.1; +http://www.google.com/bot.html)"
66.249.73.70 - - [01/Sep/2026:08:44:03 -0400] "GET /department/property/eojbgk75w47h7ho.shtml HTTP/1.1" 404 28567 "-" "Mozilla/5.0 (Linux; Android 6.0.1; Nexus 5X Build/MMB29P) AppleWebKit/537.36 (KHTML, like Gecko) Chrome/151.0.7922.173 Mobile Safari/537.36 (compatible; Googlebot/2.1; +http://www.google.com/bot.html)"
45.132.227.170 - - [01/Sep/2026:08:44:03 -0400] "POST /wp-login.php HTTP/1.1" 200 8084 "-" "Mozilla/5.0"
66.249.73.70 - - [01/Sep/2026:08:44:04 -0400] "GET /compilation/section/fhi93v6bjgmwfw3.shtml HTTP/1.1" 404 28567 "-" "Mozilla/5.0 (Linux; Android 6.0.1; Nexus 5X Build/MMB29P) AppleWebKit/537.36 (KHTML, like Gecko) Chrome/151.0.7922.173 Mobile Safari/537.36 (compatible; Googlebot/2.1; +http://www.google.com/bot.html)"
66.249.73.71 - - [01/Sep/2026:08:44:06 -0400] "GET /list/module/e4fs0s3rgc31hpk.shtml HTTP/1.1" 404 28567 "-" "Mozilla/5.0 (Linux; Android 6.0.1; Nexus 5X Build/MMB29P) AppleWebKit/537.36 (KHTML, like Gecko) Chrome/151.0.7922.173 Mobile Safari/537.36 (compatible; Googlebot/2.1; +http://www.google.com/bot.html)"
66.249.73.69 - - [01/Sep/2026:08:44:20 -0400] "GET /?h=1421914430602 HTTP/1.1" 200 43510 "-" "Mozilla/5.0 (Linux; Android 6.0.1; Nexus 5X Build/MMB29P) AppleWebKit/537.36 (KHTML, like Gecko) Chrome/151.0.7922.173 Mobile Safari/537.36 (compatible; Googlebot/2.1; +http://www.google.com/bot.html)"
66.249.73.71 - - [01/Sep/2026:08:46:31 -0400] "GET /wp-content/themes/Divi/includes/builder/feature/dynamic-assets/assets/js/sticky-elements.js?ver=4.27.8 HTTP/1.1" 200 58467 "https://thefathershousecentre.com/?h=75872128528400" "Mozilla/5.0 (Linux; Android 6.0.1; Nexus 5X Build/MMB29P) AppleWebKit/537.36 (KHTML, like Gecko) Chrome/151.0.7922.173 Mobile Safari/537.36 (compatible; Googlebot/2.1; +http://www.google.com/bot.html)"
104.247.76.75 - - [01/Sep/2026:08:48:15 -0400] "POST /wp-cron.php?doing_wp_cron=1788266895.1934359073638916015625 HTTP/1.1" 200 - "-" "WordPress/7.1; https://thefathershousecentre.com"
66.249.73.71 - - [01/Sep/2026:08:48:14 -0400] "GET /?h=12771115290000 HTTP/1.1" 200 43510 "-" "Mozilla/5.0 (Linux; Android 6.0.1; Nexus 5X Build/MMB29P) AppleWebKit/537.36 (KHTML, like Gecko) Chrome/151.0.7922.173 Mobile Safari/537.36 (compatible; Googlebot/2.1; +http://www.google.com/bot.html)"
66.249.73.70 - - [01/Sep/2026:08:48:20 -0400] "GET /wp-content/et-cache/31/et-divi-dynamic-31-late.css HTTP/1.1" 200 1448 "https://thefathershousecentre.com/?h=12771115290000" "Mozilla/5.0 (Linux; Android 6.0.1; Nexus 5X Build/MMB29P) AppleWebKit/537.36 (KHTML, like Gecko) Chrome/151.0.7922.173 Mobile Safari/537.36 (compatible; Googlebot/2.1; +http://www.google.com/bot.html)"
104.247.76.75 - - [01/Sep/2026:08:49:51 -0400] "POST /wp-cron.php?doing_wp_cron=1788266991.1593530178070068359375 HTTP/1.1" 200 - "-" "WordPress/7.1; https://thefathershousecentre.com"
66.249.73.71 - - [01/Sep/2026:08:49:50 -0400] "GET /?h=17797138060001 HTTP/1.1" 200 43509 "-" "Mozilla/5.0 (Linux; Android 6.0.1; Nexus 5X Build/MMB29P) AppleWebKit/537.36 (KHTML, like Gecko) Chrome/151.0.7922.173 Mobile Safari/537.36 (compatible; Googlebot/2.1; +http://www.google.com/bot.html)"