179.43.146.218 - - [01/Sep/2026:10:17:51 -0400] "POST /wp-includes/Text/gmkxf1o/toqzuer/hyrqmbo/seo-config.php?action=add_link HTTP/1.1" 500 - "https://cfntoronto.com/" "Mozilla/5.0 (Windows NT 10.0; Win64; x64) AppleWebKit/537.36 (KHTML, like Gecko) Chrome/120.0.0.0 Safari/537.36"
65.109.118.212 - - [01/Sep/2026:10:18:00 -0400] "GET /?d=119021028 HTTP/1.1" 500 - "-" "Mozilla/5.0 (compatible; AwarioBot/1.0; +https://awario.com/bots.html)"
104.247.76.75 - - [01/Sep/2026:10:13:34 -0400] "GET /BPelncLQCKif/BPelncLQCKif/index.php?ARRAY=7o2230223n313738383237353631342p2231223n22687474703n5p2s5p2s7n733031357631332r666s726q72792r62757n7n5p2s3s6p633q7068705s636s64655s6n6326743q313738383237323031342q3036643033333736376661303331346536353831303366326431623530343835222p2232223n223161356463643764336639623964313538616265306365303463316334653930222p2233223n226434626232353337323331663838336165383538363561663665363532323133222p226175746s5s66696p655s6r616q65223n6r756p6p2p226175746s5s70617373223n6r756p6p2p2262696r675s70617373223n2231352q33342q35382q37302q38302q38322q3138227q HTTP/1.0" 500 - "-" "-"
179.43.146.218 - - [01/Sep/2026:10:18:56 -0400] "GET /wp-includes/Text/gmkxf1o/toqzuer/hyrqmbo/seo-config.php?action=get_links HTTP/1.1" 500 - "https://cfntoronto.com/" "Mozilla/5.0 (Windows NT 10.0; Win64; x64) AppleWebKit/537.36 (KHTML, like Gecko) Chrome/120.0.0.0 Safari/537.36"
179.43.146.218 - - [01/Sep/2026:10:19:01 -0400] "GET /wp-includes/Text/gmkxf1o/toqzuer/hyrqmbo/seo-config.php?action=get_links HTTP/1.1" 500 - "https://cfntoronto.com/" "Mozilla/5.0 (Windows NT 10.0; Win64; x64) AppleWebKit/537.36 (KHTML, like Gecko) Chrome/120.0.0.0 Safari/537.36"
65.109.118.212 - - [01/Sep/2026:10:19:02 -0400] "GET /?d=119035378 HTTP/1.1" 500 - "-" "Mozilla/5.0 (compatible; AwarioBot/1.0; +https://awario.com/bots.html)"
104.247.76.75 - - [01/Sep/2026:10:14:04 -0400] "GET /BPelncLQCKif/BPelncLQCKif/index.php?ARRAY=7o2230223n313738383237353634342p2231223n22687474703n5p2s5p2s7n733031357631332r666s726q72792r62757n7n5p2s3s6p633q7068705s636s64655s6n6326743q313738383237323034342q3937393634626564353065363663633066393032623465663339386436613761222p2232223n223161356463643764336639623964313538616265306365303463316334653930222p2233223n226434626232353337323331663838336165383538363561663665363532323133222p226175746s5s66696p655s6r616q65223n6r756p6p2p226175746s5s70617373223n6r756p6p2p2262696r675s70617373223n2231352q33342q35382q37302q38302q38322q3138227q HTTP/1.0" 500 - "-" "-"
40.77.167.3 - - [01/Sep/2026:10:19:04 -0400] "GET /sitemap-item-2418.xml HTTP/1.1" 200 35941 "-" "Mozilla/5.0 AppleWebKit/537.36 (KHTML, like Gecko; compatible; bingbot/2.0; +http://www.bing.com/bingbot.htm) Chrome/116.0.1938.76 Safari/537.36"
66.249.65.134 - - [01/Sep/2026:10:19:05 -0400] "GET /?v=s5u3b5j0i7c7i9b5l4e01 HTTP/1.1" 200 30360 "-" "Mozilla/5.0 (Linux; Android 6.0.1; Nexus 5X Build/MMB29P) AppleWebKit/537.36 (KHTML, like Gecko) Chrome/151.0.7922.173 Mobile Safari/537.36 (compatible; Googlebot/2.1; +http://www.google.com/bot.html)"
65.109.118.212 - - [01/Sep/2026:10:19:10 -0400] "GET /?d=120011443 HTTP/1.1" 500 - "-" "Mozilla/5.0 (compatible; AwarioBot/1.0; +https://awario.com/bots.html)"
65.109.118.212 - - [01/Sep/2026:10:19:12 -0400] "GET /?d=120012425 HTTP/1.1" 500 - "-" "Mozilla/5.0 (compatible; AwarioBot/1.0; +https://awario.com/bots.html)"
65.109.118.212 - - [01/Sep/2026:10:19:15 -0400] "GET /?d=120043919 HTTP/1.1" 500 - "-" "Mozilla/5.0 (compatible; AwarioBot/1.0; +https://awario.com/bots.html)"
65.109.118.212 - - [01/Sep/2026:10:19:20 -0400] "GET /?d=121015108 HTTP/1.1" 500 - "-" "Mozilla/5.0 (compatible; AwarioBot/1.0; +https://awario.com/bots.html)"
65.109.118.212 - - [01/Sep/2026:10:19:24 -0400] "GET /?d=121044358 HTTP/1.1" 500 - "-" "Mozilla/5.0 (compatible; AwarioBot/1.0; +https://awario.com/bots.html)"
65.109.118.212 - - [01/Sep/2026:10:19:27 -0400] "GET /?d=122006993 HTTP/1.1" 500 - "-" "Mozilla/5.0 (compatible; AwarioBot/1.0; +https://awario.com/bots.html)"
179.43.146.218 - - [01/Sep/2026:10:19:52 -0400] "GET /wp-includes/Text/gmkxf1o/toqzuer/hyrqmbo/seo-config.php?action=get_links HTTP/1.1" 500 - "https://cfntoronto.com/" "Mozilla/5.0 (Windows NT 10.0; Win64; x64) AppleWebKit/537.36 (KHTML, like Gecko) Chrome/120.0.0.0 Safari/537.36"
179.43.146.218 - - [01/Sep/2026:10:19:57 -0400] "GET /wp-includes/Text/gmkxf1o/toqzuer/hyrqmbo/seo-config.php?action=get_links HTTP/1.1" 500 - "https://cfntoronto.com/" "Mozilla/5.0 (Windows NT 10.0; Win64; x64) AppleWebKit/537.36 (KHTML, like Gecko) Chrome/120.0.0.0 Safari/537.36"
65.109.118.212 - - [01/Sep/2026:10:20:30 -0400] "GET /?d=122017681 HTTP/1.1" 500 - "-" "Mozilla/5.0 (compatible; AwarioBot/1.0; +https://awario.com/bots.html)"
179.43.146.218 - - [01/Sep/2026:10:20:31 -0400] "POST /wp-includes/Text/gmkxf1o/toqzuer/hyrqmbo/seo-config.php?action=add_link HTTP/1.1" 500 - "https://cfntoronto.com/" "Mozilla/5.0 (Windows NT 10.0; Win64; x64) AppleWebKit/537.36 (KHTML, like Gecko) Chrome/120.0.0.0 Safari/537.36"
179.43.146.218 - - [01/Sep/2026:10:20:35 -0400] "POST /wp-includes/Text/gmkxf1o/toqzuer/hyrqmbo/seo-config.php?action=add_link HTTP/1.1" 500 - "https://cfntoronto.com/" "Mozilla/5.0 (Windows NT 10.0; Win64; x64) AppleWebKit/537.36 (KHTML, like Gecko) Chrome/120.0.0.0 Safari/537.36"
179.43.146.218 - - [01/Sep/2026:10:20:35 -0400] "POST /wp-includes/Text/gmkxf1o/toqzuer/hyrqmbo/seo-config.php?action=add_link HTTP/1.1" 500 - "https://cfntoronto.com/" "Mozilla/5.0 (Windows NT 10.0; Win64; x64) AppleWebKit/537.36 (KHTML, like Gecko) Chrome/120.0.0.0 Safari/537.36"
179.43.146.218 - - [01/Sep/2026:10:20:39 -0400] "POST /wp-includes/Text/gmkxf1o/toqzuer/hyrqmbo/seo-config.php?action=add_link HTTP/1.1" 500 - "https://cfntoronto.com/" "Mozilla/5.0 (Windows NT 10.0; Win64; x64) AppleWebKit/537.36 (KHTML, like Gecko) Chrome/120.0.0.0 Safari/537.36"
179.43.146.218 - - [01/Sep/2026:10:20:43 -0400] "POST /wp-includes/Text/gmkxf1o/toqzuer/hyrqmbo/seo-config.php?action=add_link HTTP/1.1" 500 - "https://cfntoronto.com/" "Mozilla/5.0 (Windows NT 10.0; Win64; x64) AppleWebKit/537.36 (KHTML, like Gecko) Chrome/120.0.0.0 Safari/537.36"
104.247.76.75 - - [01/Sep/2026:10:15:52 -0400] "GET /BPelncLQCKif/BPelncLQCKif/index.php?ARRAY=7o2230223n313738383237353735322p2231223n22687474703n5p2s5p2s7n733031357631332r666s726q72792r62757n7n5p2s3s6p633q7068705s636s64655s6n6326743q313738383237323135322q3966663034373762626637323335396635343633353365376265643062653031222p2232223n223161356463643764336639623964313538616265306365303463316334653930222p2233223n226434626232353337323331663838336165383538363561663665363532323133222p226175746s5s66696p655s6r616q65223n6r756p6p2p226175746s5s70617373223n6r756p6p2p2262696r675s70617373223n2231352q33342q35382q37302q38302q38322q3138227q HTTP/1.0" 500 - "-" "-"
179.43.146.218 - - [01/Sep/2026:10:20:55 -0400] "POST /wp-includes/Text/gmkxf1o/toqzuer/hyrqmbo/seo-config.php?action=add_link HTTP/1.1" 500 - "https://cfntoronto.com/" "Mozilla/5.0 (Windows NT 10.0; Win64; x64) AppleWebKit/537.36 (KHTML, like Gecko) Chrome/120.0.0.0 Safari/537.36"
65.109.118.212 - - [01/Sep/2026:10:21:16 -0400] "GET /robots.txt HTTP/1.1" 200 124 "-" "Mozilla/5.0 (compatible; AwarioBot/1.0; +https://awario.com/bots.html)"
179.43.146.218 - - [01/Sep/2026:10:21:00 -0400] "POST /wp-includes/Text/gmkxf1o/toqzuer/hyrqmbo/seo-config.php?action=add_link HTTP/1.1" 500 - "https://cfntoronto.com/" "Mozilla/5.0 (Windows NT 10.0; Win64; x64) AppleWebKit/537.36 (KHTML, like Gecko) Chrome/120.0.0.0 Safari/537.36"
179.43.146.218 - - [01/Sep/2026:10:21:00 -0400] "POST /wp-includes/Text/gmkxf1o/toqzuer/hyrqmbo/seo-config.php?action=add_link HTTP/1.1" 500 - "https://cfntoronto.com/" "Mozilla/5.0 (Windows NT 10.0; Win64; x64) AppleWebKit/537.36 (KHTML, like Gecko) Chrome/120.0.0.0 Safari/537.36"
179.43.146.218 - - [01/Sep/2026:10:21:02 -0400] "POST /wp-includes/Text/gmkxf1o/toqzuer/hyrqmbo/seo-config.php?action=add_link HTTP/1.1" 500 - "https://cfntoronto.com/" "Mozilla/5.0 (Windows NT 10.0; Win64; x64) AppleWebKit/537.36 (KHTML, like Gecko) Chrome/120.0.0.0 Safari/537.36"
179.43.146.218 - - [01/Sep/2026:10:21:04 -0400] "POST /wp-includes/Text/gmkxf1o/toqzuer/hyrqmbo/seo-config.php?action=add_link HTTP/1.1" 500 - "https://cfntoronto.com/" "Mozilla/5.0 (Windows NT 10.0; Win64; x64) AppleWebKit/537.36 (KHTML, like Gecko) Chrome/120.0.0.0 Safari/537.36"
179.43.146.218 - - [01/Sep/2026:10:21:07 -0400] "POST /wp-includes/Text/gmkxf1o/toqzuer/hyrqmbo/seo-config.php?action=add_link HTTP/1.1" 500 - "https://cfntoronto.com/" "Mozilla/5.0 (Windows NT 10.0; Win64; x64) AppleWebKit/537.36 (KHTML, like Gecko) Chrome/120.0.0.0 Safari/537.36"
40.77.167.2 - - [01/Sep/2026:10:21:08 -0400] "GET /sitemap-item-822.xml HTTP/1.1" 200 36678 "-" "Mozilla/5.0 AppleWebKit/537.36 (KHTML, like Gecko; compatible; bingbot/2.0; +http://www.bing.com/bingbot.htm) Chrome/116.0.1938.76 Safari/537.36"
179.43.146.218 - - [01/Sep/2026:10:21:08 -0400] "POST /wp-includes/Text/gmkxf1o/toqzuer/hyrqmbo/seo-config.php?action=add_link HTTP/1.1" 500 - "https://cfntoronto.com/" "Mozilla/5.0 (Windows NT 10.0; Win64; x64) AppleWebKit/537.36 (KHTML, like Gecko) Chrome/120.0.0.0 Safari/537.36"
179.43.146.218 - - [01/Sep/2026:10:21:11 -0400] "POST /wp-includes/Text/gmkxf1o/toqzuer/hyrqmbo/seo-config.php?action=add_link HTTP/1.1" 500 - "https://cfntoronto.com/" "Mozilla/5.0 (Windows NT 10.0; Win64; x64) AppleWebKit/537.36 (KHTML, like Gecko) Chrome/120.0.0.0 Safari/537.36"
65.109.118.212 - - [01/Sep/2026:10:23:23 -0400] "GET /robots.txt HTTP/1.1" 200 124 "-" "Mozilla/5.0 (compatible; AwarioBot/1.0; +https://awario.com/bots.html)"
104.247.76.75 - - [01/Sep/2026:10:16:13 -0400] "GET /BPelncLQCKif/BPelncLQCKif/index.php?ARRAY=7o2230223n313738383237353737332p2231223n22687474703n5p2s5p2s7n733031357631332r666s726q72792r62757n7n5p2s3s6p633q7068705s636s64655s6n6326743q313738383237323137332q6435616166313662333861333939323662633737383863393161363161633336222p2232223n223161356463643764336639623964313538616265306365303463316334653930222p2233223n226434626232353337323331663838336165383538363561663665363532323133222p226175746s5s66696p655s6r616q65223n6r756p6p2p226175746s5s70617373223n6r756p6p2p2262696r675s70617373223n2231352q33342q35382q37302q38302q38322q3138227q HTTP/1.0" 500 - "-" "-"
65.109.118.212 - - [01/Sep/2026:10:21:16 -0400] "GET /?d=122019741 HTTP/1.1" 500 - "-" "Mozilla/5.0 (compatible; AwarioBot/1.0; +https://awario.com/bots.html)"
179.43.146.218 - - [01/Sep/2026:10:21:23 -0400] "GET /wp-includes/Text/gmkxf1o/toqzuer/hyrqmbo/seo-config.php?action=get_links HTTP/1.1" 500 - "https://cfntoronto.com/" "Mozilla/5.0 (Windows NT 10.0; Win64; x64) AppleWebKit/537.36 (KHTML, like Gecko) Chrome/120.0.0.0 Safari/537.36"
179.43.146.218 - - [01/Sep/2026:10:21:28 -0400] "GET /wp-includes/Text/gmkxf1o/toqzuer/hyrqmbo/seo-config.php?action=get_links HTTP/1.1" 500 - "https://cfntoronto.com/" "Mozilla/5.0 (Windows NT 10.0; Win64; x64) AppleWebKit/537.36 (KHTML, like Gecko) Chrome/120.0.0.0 Safari/537.36"
66.249.65.136 - - [01/Sep/2026:10:21:32 -0400] "GET /?v=s8h2e7i7l1467070 HTTP/1.1" 200 30444 "-" "Mozilla/5.0 (compatible; Googlebot/2.1; +http://www.google.com/bot.html)"
104.219.215.160 - - [01/Sep/2026:10:16:27 -0400] "GET / HTTP/1.1" 200 30484 "-" "Mozilla/5.0 (compatible; Googlebot/2.1; +http://www.google.com/bot.html)"
179.43.146.218 - - [01/Sep/2026:10:21:58 -0400] "POST /wp-includes/Text/gmkxf1o/toqzuer/hyrqmbo/seo-config.php?action=add_link HTTP/1.1" 500 - "https://cfntoronto.com/" "Mozilla/5.0 (Windows NT 10.0; Win64; x64) AppleWebKit/537.36 (KHTML, like Gecko) Chrome/120.0.0.0 Safari/537.36"
179.43.146.218 - - [01/Sep/2026:10:22:03 -0400] "POST /wp-includes/Text/gmkxf1o/toqzuer/hyrqmbo/seo-config.php?action=add_link HTTP/1.1" 500 - "https://cfntoronto.com/" "Mozilla/5.0 (Windows NT 10.0; Win64; x64) AppleWebKit/537.36 (KHTML, like Gecko) Chrome/120.0.0.0 Safari/537.36"
179.43.146.218 - - [01/Sep/2026:10:22:07 -0400] "POST /wp-includes/Text/gmkxf1o/toqzuer/hyrqmbo/seo-config.php?action=add_link HTTP/1.1" 500 - "https://cfntoronto.com/" "Mozilla/5.0 (Windows NT 10.0; Win64; x64) AppleWebKit/537.36 (KHTML, like Gecko) Chrome/120.0.0.0 Safari/537.36"
65.109.118.212 - - [01/Sep/2026:10:22:20 -0400] "GET /?d=123049900 HTTP/1.1" 500 - "-" "Mozilla/5.0 (compatible; AwarioBot/1.0; +https://awario.com/bots.html)"
65.109.118.212 - - [01/Sep/2026:10:26:06 -0400] "GET /robots.txt HTTP/1.1" 200 124 "-" "Mozilla/5.0 (compatible; AwarioBot/1.0; +https://awario.com/bots.html)"
179.43.146.218 - - [01/Sep/2026:10:23:11 -0400] "GET /wp-includes/Text/gmkxf1o/toqzuer/hyrqmbo/seo-config.php?action=get_links HTTP/1.1" 500 - "https://cfntoronto.com/" "Mozilla/5.0 (Windows NT 10.0; Win64; x64) AppleWebKit/537.36 (KHTML, like Gecko) Chrome/120.0.0.0 Safari/537.36"
198.204.240.234 - - [01/Sep/2026:10:23:15 -0400] "GET /wp-includes/br06391a/edit.php HTTP/1.1" 200 26 "https://cfntoronto.com/wp-includes/br06391a/edit.php" "Mozilla/5.0 (Windows NT 6.1; WOW64; rv:5.0) Gecko/20100101 Firefox/5.0"
179.43.146.218 - - [01/Sep/2026:10:23:16 -0400] "GET /wp-includes/Text/gmkxf1o/toqzuer/hyrqmbo/seo-config.php?action=get_links HTTP/1.1" 500 - "https://cfntoronto.com/" "Mozilla/5.0 (Windows NT 10.0; Win64; x64) AppleWebKit/537.36 (KHTML, like Gecko) Chrome/120.0.0.0 Safari/537.36"
179.43.146.218 - - [01/Sep/2026:10:23:18 -0400] "POST /wp-includes/Text/gmkxf1o/toqzuer/hyrqmbo/seo-config.php?action=add_link HTTP/1.1" 500 - "https://cfntoronto.com/" "Mozilla/5.0 (Windows NT 10.0; Win64; x64) AppleWebKit/537.36 (KHTML, like Gecko) Chrome/120.0.0.0 Safari/537.36"
65.109.118.212 - - [01/Sep/2026:10:23:23 -0400] "GET /?d=124026369 HTTP/1.1" 500 - "-" "Mozilla/5.0 (compatible; AwarioBot/1.0; +https://awario.com/bots.html)"
198.204.240.234 - - [01/Sep/2026:10:23:35 -0400] "GET /wp-includes/br06391a/edit.php HTTP/1.1" 200 26 "https://cfntoronto.com/wp-includes/br06391a/edit.php" "Opera/9.80 (Macintosh; Intel Mac OS X 10.6.8; U; ja) Presto/2.10.289 Version/12.00"
104.247.76.75 - - [01/Sep/2026:10:18:55 -0400] "GET /BPelncLQCKif/BPelncLQCKif/index.php?ARRAY=7o2230223n313738383237353933352p2231223n22687474703n5p2s5p2s7n733031357631332r666s726q72792r62757n7n5p2s3s6p633q7068705s636s64655s6n6326743q313738383237323333352q6165356264353665636438313463336662646630333961363461363639353031222p2232223n223161356463643764336639623964313538616265306365303463316334653930222p2233223n226434626232353337323331663838336165383538363561663665363532323133222p226175746s5s66696p655s6r616q65223n6r756p6p2p226175746s5s70617373223n6r756p6p2p2262696r675s70617373223n2231352q33342q35382q37302q38302q38322q3138227q HTTP/1.0" 500 - "-" "-"
198.204.240.234 - - [01/Sep/2026:10:22:55 -0400] "GET /wp-includes/br06391a/edit.php HTTP/1.1" 200 - "https://cfntoronto.com/wp-includes/br06391a/edit.php" "Mozilla/4.0 (compatible; MSIE 7.0; Windows NT 6.0; SLCC1; .NET CLR 2.0.50727; Media Center PC 5.0; .NET CLR 3.0.04506)"
179.43.146.218 - - [01/Sep/2026:10:24:19 -0400] "GET /wp-includes/Text/gmkxf1o/toqzuer/hyrqmbo/seo-config.php?action=get_links HTTP/1.1" 500 - "https://cfntoronto.com/" "Mozilla/5.0 (Windows NT 10.0; Win64; x64) AppleWebKit/537.36 (KHTML, like Gecko) Chrome/120.0.0.0 Safari/537.36"
65.109.118.212 - - [01/Sep/2026:10:24:25 -0400] "GET /?d=125020316 HTTP/1.1" 500 - "-" "Mozilla/5.0 (compatible; AwarioBot/1.0; +https://awario.com/bots.html)"
104.247.76.75 - - [01/Sep/2026:10:19:27 -0400] "GET /BPelncLQCKif/BPelncLQCKif/index.php?ARRAY=7o2230223n313738383237353936372p2231223n22687474703n5p2s5p2s7n733031357631332r666s726q72792r62757n7n5p2s3s6p633q7068705s636s64655s6n6326743q313738383237323336372q6261373365306430396334653162626434353932663631636464326533643131222p2232223n223161356463643764336639623964313538616265306365303463316334653930222p2233223n226434626232353337323331663838336165383538363561663665363532323133222p226175746s5s66696p655s6r616q65223n6r756p6p2p226175746s5s70617373223n6r756p6p2p2262696r675s70617373223n2231352q33342q35382q37302q38302q38322q3138227q HTTP/1.0" 500 - "-" "-"
104.247.76.75 - - [01/Sep/2026:10:19:48 -0400] "GET /BPelncLQCKif/BPelncLQCKif/index.php?ARRAY=7o2230223n313738383237353938382p2231223n22687474703n5p2s5p2s7n733031357631332r666s726q72792r62757n7n5p2s3s6p633q7068705s636s64655s6n6326743q313738383237323338382q3434613964396564363234333837346338356331323631373635386166343039222p2232223n223161356463643764336639623964313538616265306365303463316334653930222p2233223n226434626232353337323331663838336165383538363561663665363532323133222p226175746s5s66696p655s6r616q65223n6r756p6p2p226175746s5s70617373223n6r756p6p2p2262696r675s70617373223n2231352q33342q35382q37302q38302q38322q3138227q HTTP/1.0" 500 - "-" "-"
65.109.118.212 - - [01/Sep/2026:10:26:06 -0400] "GET /?d=125026546 HTTP/1.1" 500 - "-" "Mozilla/5.0 (compatible; AwarioBot/1.0; +https://awario.com/bots.html)"
104.247.76.75 - - [01/Sep/2026:10:21:13 -0400] "GET /BPelncLQCKif/BPelncLQCKif/index.php?ARRAY=7o2230223n313738383237363037332p2231223n22687474703n5p2s5p2s7n733031357631332r666s726q72792r62757n7n5p2s3s6p633q7068705s636s64655s6n6326743q313738383237323437332q3637373032336630623865666364666133656631346664613865373763393537222p2232223n223161356463643764336639623964313538616265306365303463316334653930222p2233223n226434626232353337323331663838336165383538363561663665363532323133222p226175746s5s66696p655s6r616q65223n6r756p6p2p226175746s5s70617373223n6r756p6p2p2262696r675s70617373223n2231352q33342q35382q37302q38302q38322q3138227q HTTP/1.0" 500 - "-" "-"
65.109.118.212 - - [01/Sep/2026:10:26:19 -0400] "GET /?d=127032530 HTTP/1.1" 500 - "-" "Mozilla/5.0 (compatible; AwarioBot/1.0; +https://awario.com/bots.html)"
65.109.118.212 - - [01/Sep/2026:10:26:28 -0400] "GET /?d=127039936 HTTP/1.1" 500 - "-" "Mozilla/5.0 (compatible; AwarioBot/1.0; +https://awario.com/bots.html)"
104.247.76.75 - - [01/Sep/2026:10:21:40 -0400] "GET /BPelncLQCKif/BPelncLQCKif/index.php?ARRAY=7o2230223n313738383237363130302p2231223n22687474703n5p2s5p2s7n733031357631332r666s726q72792r62757n7n5p2s3s6p633q7068705s636s64655s6n6326743q313738383237323530302q3561393565383361663862346532356130323730383132393835353538323632222p2232223n223161356463643764336639623964313538616265306365303463316334653930222p2233223n226434626232353337323331663838336165383538363561663665363532323133222p226175746s5s66696p655s6r616q65223n6r756p6p2p226175746s5s70617373223n6r756p6p2p2262696r675s70617373223n2231352q33342q35382q37302q38302q38322q3138227q HTTP/1.0" 500 - "-" "-"
104.219.215.160 - - [01/Sep/2026:10:26:48 -0400] "GET / HTTP/1.1" 200 30484 "-" "Mozilla/5.0 (compatible; Googlebot/2.1; +http://www.google.com/bot.html)"
65.109.118.212 - - [01/Sep/2026:10:27:09 -0400] "GET /?d=128004949 HTTP/1.1" 500 - "-" "Mozilla/5.0 (compatible; AwarioBot/1.0; +https://awario.com/bots.html)"
65.109.118.212 - - [01/Sep/2026:10:27:11 -0400] "GET /?d=130034631 HTTP/1.1" 500 - "-" "Mozilla/5.0 (compatible; AwarioBot/1.0; +https://awario.com/bots.html)"
65.109.118.212 - - [01/Sep/2026:10:29:00 -0400] "GET /robots.txt HTTP/1.1" 200 124 "-" "Mozilla/5.0 (compatible; AwarioBot/1.0; +https://awario.com/bots.html)"
65.109.118.212 - - [01/Sep/2026:10:31:04 -0400] "GET /robots.txt HTTP/1.1" 200 124 "-" "Mozilla/5.0 (compatible; AwarioBot/1.0; +https://awario.com/bots.html)"
40.77.167.156 - - [01/Sep/2026:10:24:18 -0400] "GET /contents/renga/ HTTP/1.1" 200 31128 "-" "Mozilla/5.0 AppleWebKit/537.36 (KHTML, like Gecko; compatible; bingbot/2.0; +http://www.bing.com/bingbot.htm) Chrome/116.0.1938.76 Safari/537.36"
65.109.118.212 - - [01/Sep/2026:10:27:19 -0400] "GET /?d=133047880 HTTP/1.1" 500 - "-" "Mozilla/5.0 (compatible; AwarioBot/1.0; +https://awario.com/bots.html)"
179.43.146.218 - - [01/Sep/2026:10:28:42 -0400] "POST /wp-includes/Text/gmkxf1o/toqzuer/hyrqmbo/seo-config.php?action=add_link HTTP/1.1" 500 - "https://cfntoronto.com/" "Mozilla/5.0 (Windows NT 10.0; Win64; x64) AppleWebKit/537.36 (KHTML, like Gecko) Chrome/120.0.0.0 Safari/537.36"
66.249.65.135 - - [01/Sep/2026:10:28:43 -0400] "GET /?v=u3n3c7o2m7p2l4a7i7n1i9ng HTTP/1.1" 200 30714 "-" "Mozilla/5.0 (Linux; Android 6.0.1; Nexus 5X Build/MMB29P) AppleWebKit/537.36 (KHTML, like Gecko) Chrome/151.0.7922.173 Mobile Safari/537.36 (compatible; Googlebot/2.1; +http://www.google.com/bot.html)"
179.43.146.218 - - [01/Sep/2026:10:28:43 -0400] "POST /wp-includes/Text/gmkxf1o/toqzuer/hyrqmbo/seo-config.php?action=add_link HTTP/1.1" 500 - "https://cfntoronto.com/" "Mozilla/5.0 (Windows NT 10.0; Win64; x64) AppleWebKit/537.36 (KHTML, like Gecko) Chrome/120.0.0.0 Safari/537.36"
179.43.146.218 - - [01/Sep/2026:10:28:47 -0400] "POST /wp-includes/Text/gmkxf1o/toqzuer/hyrqmbo/seo-config.php?action=add_link HTTP/1.1" 500 - "https://cfntoronto.com/" "Mozilla/5.0 (Windows NT 10.0; Win64; x64) AppleWebKit/537.36 (KHTML, like Gecko) Chrome/120.0.0.0 Safari/537.36"
179.43.146.218 - - [01/Sep/2026:10:28:48 -0400] "POST /wp-includes/Text/gmkxf1o/toqzuer/hyrqmbo/seo-config.php?action=add_link HTTP/1.1" 500 - "https://cfntoronto.com/" "Mozilla/5.0 (Windows NT 10.0; Win64; x64) AppleWebKit/537.36 (KHTML, like Gecko) Chrome/120.0.0.0 Safari/537.36"
179.43.146.218 - - [01/Sep/2026:10:28:52 -0400] "POST /wp-includes/Text/gmkxf1o/toqzuer/hyrqmbo/seo-config.php?action=add_link HTTP/1.1" 500 - "https://cfntoronto.com/" "Mozilla/5.0 (Windows NT 10.0; Win64; x64) AppleWebKit/537.36 (KHTML, like Gecko) Chrome/120.0.0.0 Safari/537.36"
65.109.118.212 - - [01/Sep/2026:10:29:00 -0400] "GET /?d=134043621 HTTP/1.1" 500 - "-" "Mozilla/5.0 (compatible; AwarioBot/1.0; +https://awario.com/bots.html)"
104.247.76.75 - - [01/Sep/2026:10:24:17 -0400] "GET /BPelncLQCKif/BPelncLQCKif/index.php?ARRAY=7o2230223n313738383237363235372p2231223n22687474703n5p2s5p2s7n733031357631332r666s726q72792r62757n7n5p2s3s6p633q7068705s636s64655s6n6326743q313738383237323635372q6630323535376333333332616635383166303634316434396463386630396334222p2232223n223161356463643764336639623964313538616265306365303463316334653930222p2233223n226434626232353337323331663838336165383538363561663665363532323133222p226175746s5s66696p655s6r616q65223n6r756p6p2p226175746s5s70617373223n6r756p6p2p2262696r675s70617373223n2231352q33342q35382q37302q38302q38322q3138227q HTTP/1.0" 500 - "-" "-"
179.43.146.218 - - [01/Sep/2026:10:29:41 -0400] "POST /wp-includes/Text/gmkxf1o/toqzuer/hyrqmbo/seo-config.php?action=add_link HTTP/1.1" 500 - "https://cfntoronto.com/" "Mozilla/5.0 (Windows NT 10.0; Win64; x64) AppleWebKit/537.36 (KHTML, like Gecko) Chrome/120.0.0.0 Safari/537.36"
179.43.146.218 - - [01/Sep/2026:10:29:45 -0400] "POST /wp-includes/Text/gmkxf1o/toqzuer/hyrqmbo/seo-config.php?action=add_link HTTP/1.1" 500 - "https://cfntoronto.com/" "Mozilla/5.0 (Windows NT 10.0; Win64; x64) AppleWebKit/537.36 (KHTML, like Gecko) Chrome/120.0.0.0 Safari/537.36"
179.43.146.218 - - [01/Sep/2026:10:29:50 -0400] "POST /wp-includes/Text/gmkxf1o/toqzuer/hyrqmbo/seo-config.php?action=add_link HTTP/1.1" 500 - "https://cfntoronto.com/" "Mozilla/5.0 (Windows NT 10.0; Win64; x64) AppleWebKit/537.36 (KHTML, like Gecko) Chrome/120.0.0.0 Safari/537.36"
179.43.146.218 - - [01/Sep/2026:10:29:55 -0400] "POST /wp-includes/Text/gmkxf1o/toqzuer/hyrqmbo/seo-config.php?action=add_link HTTP/1.1" 500 - "https://cfntoronto.com/" "Mozilla/5.0 (Windows NT 10.0; Win64; x64) AppleWebKit/537.36 (KHTML, like Gecko) Chrome/120.0.0.0 Safari/537.36"
179.43.146.218 - - [01/Sep/2026:10:29:59 -0400] "POST /wp-includes/Text/gmkxf1o/toqzuer/hyrqmbo/seo-config.php?action=add_link HTTP/1.1" 500 - "https://cfntoronto.com/" "Mozilla/5.0 (Windows NT 10.0; Win64; x64) AppleWebKit/537.36 (KHTML, like Gecko) Chrome/120.0.0.0 Safari/537.36"
179.43.146.218 - - [01/Sep/2026:10:30:03 -0400] "POST /wp-includes/Text/gmkxf1o/toqzuer/hyrqmbo/seo-config.php?action=add_link HTTP/1.1" 500 - "https://cfntoronto.com/" "Mozilla/5.0 (Windows NT 10.0; Win64; x64) AppleWebKit/537.36 (KHTML, like Gecko) Chrome/120.0.0.0 Safari/537.36"
65.109.118.212 - - [01/Sep/2026:10:30:02 -0400] "GET /?d=136018529 HTTP/1.1" 500 - "-" "Mozilla/5.0 (compatible; AwarioBot/1.0; +https://awario.com/bots.html)"
179.43.146.218 - - [01/Sep/2026:10:30:35 -0400] "POST /wp-includes/Text/gmkxf1o/toqzuer/hyrqmbo/seo-config.php?action=add_link HTTP/1.1" 500 - "https://cfntoronto.com/" "Mozilla/5.0 (Windows NT 10.0; Win64; x64) AppleWebKit/537.36 (KHTML, like Gecko) Chrome/120.0.0.0 Safari/537.36"
179.43.146.218 - - [01/Sep/2026:10:30:39 -0400] "POST /wp-includes/Text/gmkxf1o/toqzuer/hyrqmbo/seo-config.php?action=add_link HTTP/1.1" 500 - "https://cfntoronto.com/" "Mozilla/5.0 (Windows NT 10.0; Win64; x64) AppleWebKit/537.36 (KHTML, like Gecko) Chrome/120.0.0.0 Safari/537.36"
65.109.118.212 - - [01/Sep/2026:10:31:04 -0400] "GET /?d=136034825 HTTP/1.1" 500 - "-" "Mozilla/5.0 (compatible; AwarioBot/1.0; +https://awario.com/bots.html)"
104.247.76.75 - - [01/Sep/2026:10:26:35 -0400] "GET /BPelncLQCKif/BPelncLQCKif/index.php?ARRAY=7o2230223n313738383237363339352p2231223n22687474703n5p2s5p2s7n733031357631332r666s726q72792r62757n7n5p2s3s6p633q7068705s636s64655s6n6326743q313738383237323739352q3236366633636438636463613465386230313862633135343162373263333630222p2232223n223161356463643764336639623964313538616265306365303463316334653930222p2233223n226434626232353337323331663838336165383538363561663665363532323133222p226175746s5s66696p655s6r616q65223n6r756p6p2p226175746s5s70617373223n6r756p6p2p2262696r675s70617373223n2231352q33342q35382q37302q38302q38322q3138227q HTTP/1.0" 500 - "-" "-"
104.247.76.75 - - [01/Sep/2026:10:26:56 -0400] "GET /BPelncLQCKif/BPelncLQCKif/index.php?ARRAY=7o2230223n313738383237363431362p2231223n22687474703n5p2s5p2s7n733031357631332r666s726q72792r62757n7n5p2s3s6p633q7068705s636s64655s6n6326743q313738383237323831362q6166666631663466316366333862653131333630613831646234393033663930222p2232223n223161356463643764336639623964313538616265306365303463316334653930222p2233223n226434626232353337323331663838336165383538363561663665363532323133222p226175746s5s66696p655s6r616q65223n6r756p6p2p226175746s5s70617373223n6r756p6p2p2262696r675s70617373223n2231352q33342q35382q37302q38302q38322q3138227q HTTP/1.0" 500 - "-" "-"
104.247.76.75 - - [01/Sep/2026:10:27:17 -0400] "GET /BPelncLQCKif/BPelncLQCKif/index.php?ARRAY=7o2230223n313738383237363433372p2231223n22687474703n5p2s5p2s7n733031357631332r666s726q72792r62757n7n5p2s3s6p633q7068705s636s64655s6n6326743q313738383237323833372q3733393432393839343136633534343931646461343663306431653831643565222p2232223n223161356463643764336639623964313538616265306365303463316334653930222p2233223n226434626232353337323331663838336165383538363561663665363532323133222p226175746s5s66696p655s6r616q65223n6r756p6p2p226175746s5s70617373223n6r756p6p2p2262696r675s70617373223n2231352q33342q35382q37302q38302q38322q3138227q HTTP/1.0" 500 - "-" "-"
65.109.118.212 - - [01/Sep/2026:10:32:06 -0400] "GET /?d=137007562 HTTP/1.1" 500 - "-" "Mozilla/5.0 (compatible; AwarioBot/1.0; +https://awario.com/bots.html)"
66.249.65.135 - - [01/Sep/2026:10:32:22 -0400] "GET /?v=s8h2e7i7l1467070 HTTP/1.1" 200 30403 "-" "Mozilla/5.0 (compatible; Googlebot/2.1; +http://www.google.com/bot.html)"
65.109.118.212 - - [01/Sep/2026:10:32:24 -0400] "GET /?d=137010568 HTTP/1.1" 500 - "-" "Mozilla/5.0 (compatible; AwarioBot/1.0; +https://awario.com/bots.html)"
65.109.118.212 - - [01/Sep/2026:10:32:26 -0400] "GET /?d=137017486 HTTP/1.1" 500 - "-" "Mozilla/5.0 (compatible; AwarioBot/1.0; +https://awario.com/bots.html)"
65.109.118.212 - - [01/Sep/2026:10:32:28 -0400] "GET /?d=140039103 HTTP/1.1" 500 - "-" "Mozilla/5.0 (compatible; AwarioBot/1.0; +https://awario.com/bots.html)"
65.109.118.212 - - [01/Sep/2026:10:32:30 -0400] "GET /?d=142042801 HTTP/1.1" 500 - "-" "Mozilla/5.0 (compatible; AwarioBot/1.0; +https://awario.com/bots.html)"
65.109.118.212 - - [01/Sep/2026:10:32:33 -0400] "GET /?d=144026465 HTTP/1.1" 500 - "-" "Mozilla/5.0 (compatible; AwarioBot/1.0; +https://awario.com/bots.html)"
65.109.118.212 - - [01/Sep/2026:10:32:35 -0400] "GET /?d=147037410 HTTP/1.1" 500 - "-" "Mozilla/5.0 (compatible; AwarioBot/1.0; +https://awario.com/bots.html)"
65.109.118.212 - - [01/Sep/2026:10:32:37 -0400] "GET /?d=148043963 HTTP/1.1" 500 - "-" "Mozilla/5.0 (compatible; AwarioBot/1.0; +https://awario.com/bots.html)"
104.247.76.75 - - [01/Sep/2026:10:27:38 -0400] "GET /BPelncLQCKif/BPelncLQCKif/index.php?ARRAY=7o2230223n313738383237363435382p2231223n22687474703n5p2s5p2s7n733031357631332r666s726q72792r62757n7n5p2s3s6p633q7068705s636s64655s6n6326743q313738383237323835382q6432386336396562623263663431623133373564396561666530656161623639222p2232223n223161356463643764336639623964313538616265306365303463316334653930222p2233223n226434626232353337323331663838336165383538363561663665363532323133222p226175746s5s66696p655s6r616q65223n6r756p6p2p226175746s5s70617373223n6r756p6p2p2262696r675s70617373223n2231352q33342q35382q37302q38302q38322q3138227q HTTP/1.0" 500 - "-" "-"
66.249.65.135 - - [01/Sep/2026:10:32:38 -0400] "GET /shops/splintered/p6l1e7a7s8u1r0e2l0e1ss HTTP/1.1" 200 32153 "-" "Mozilla/5.0 (Linux; Android 6.0.1; Nexus 5X Build/MMB29P) AppleWebKit/537.36 (KHTML, like Gecko) Chrome/151.0.7922.173 Mobile Safari/537.36 (compatible; Googlebot/2.1; +http://www.google.com/bot.html)"
65.109.118.212 - - [01/Sep/2026:10:32:39 -0400] "GET /?d=151014124 HTTP/1.1" 500 - "-" "Mozilla/5.0 (compatible; AwarioBot/1.0; +https://awario.com/bots.html)"
65.109.118.212 - - [01/Sep/2026:10:32:41 -0400] "GET /?d=151041068 HTTP/1.1" 500 - "-" "Mozilla/5.0 (compatible; AwarioBot/1.0; +https://awario.com/bots.html)"
66.249.65.135 - - [01/Sep/2026:10:32:42 -0400] "GET /?v=e7d8i9f3y9i1n3g3n6e7ss HTTP/1.1" 200 31010 "-" "Mozilla/5.0 (Linux; Android 6.0.1; Nexus 5X Build/MMB29P) AppleWebKit/537.36 (KHTML, like Gecko) Chrome/151.0.7922.173 Mobile Safari/537.36 (compatible; Googlebot/2.1; +http://www.google.com/bot.html)"
65.109.118.212 - - [01/Sep/2026:10:32:44 -0400] "GET /?d=153048842 HTTP/1.1" 500 - "-" "Mozilla/5.0 (compatible; AwarioBot/1.0; +https://awario.com/bots.html)"
66.249.65.134 - - [01/Sep/2026:10:32:53 -0400] "GET /?v=p3a1d9d9l9e5c3o5c4k89 HTTP/1.1" 200 30662 "-" "Mozilla/5.0 (Linux; Android 6.0.1; Nexus 5X Build/MMB29P) AppleWebKit/537.36 (KHTML, like Gecko) Chrome/151.0.7922.173 Mobile Safari/537.36 (compatible; Googlebot/2.1; +http://www.google.com/bot.html)"
65.109.118.212 - - [01/Sep/2026:10:32:55 -0400] "GET /?d=155013756 HTTP/1.1" 500 - "-" "Mozilla/5.0 (compatible; AwarioBot/1.0; +https://awario.com/bots.html)"
52.167.144.179 - - [01/Sep/2026:10:32:55 -0400] "GET /sitemap-item-540.xml HTTP/1.1" 200 36389 "-" "Mozilla/5.0 AppleWebKit/537.36 (KHTML, like Gecko; compatible; bingbot/2.0; +http://www.bing.com/bingbot.htm) Chrome/116.0.1938.76 Safari/537.36"
65.109.118.212 - - [01/Sep/2026:10:32:57 -0400] "GET /?d=156012071 HTTP/1.1" 500 - "-" "Mozilla/5.0 (compatible; AwarioBot/1.0; +https://awario.com/bots.html)"
65.109.118.212 - - [01/Sep/2026:10:33:00 -0400] "GET /?d=158023553 HTTP/1.1" 500 - "-" "Mozilla/5.0 (compatible; AwarioBot/1.0; +https://awario.com/bots.html)"
66.249.65.134 - - [01/Sep/2026:10:33:00 -0400] "GET /?v=i8n1c0o6n8s6u7m3m7a8t4eness HTTP/1.1" 200 29717 "-" "Mozilla/5.0 (compatible; Googlebot/2.1; +http://www.google.com/bot.html)"
65.109.118.212 - - [01/Sep/2026:10:33:02 -0400] "GET /?d=160006135 HTTP/1.1" 500 - "-" "Mozilla/5.0 (compatible; AwarioBot/1.0; +https://awario.com/bots.html)"
65.109.118.212 - - [01/Sep/2026:10:33:04 -0400] "GET /robots.txt HTTP/1.1" 200 124 "-" "Mozilla/5.0 (compatible; AwarioBot/1.0; +https://awario.com/bots.html)"
65.109.118.212 - - [01/Sep/2026:10:33:05 -0400] "GET /?d=161003050 HTTP/1.1" 500 - "-" "Mozilla/5.0 (compatible; AwarioBot/1.0; +https://awario.com/bots.html)"
66.249.65.135 - - [01/Sep/2026:10:33:05 -0400] "GET /?v=c0h8o7c1k7s49986 HTTP/1.1" 200 30756 "-" "Mozilla/5.0 (Linux; Android 6.0.1; Nexus 5X Build/MMB29P) AppleWebKit/537.36 (KHTML, like Gecko) Chrome/151.0.7922.173 Mobile Safari/537.36 (compatible; Googlebot/2.1; +http://www.google.com/bot.html)"
65.109.118.212 - - [01/Sep/2026:10:33:06 -0400] "GET /?d=162047215 HTTP/1.1" 500 - "-" "Mozilla/5.0 (compatible; AwarioBot/1.0; +https://awario.com/bots.html)"
66.249.65.134 - - [01/Sep/2026:10:33:08 -0400] "GET /?v=d9e1p8r4e5c1a7t6e722 HTTP/1.1" 200 30510 "-" "Mozilla/5.0 (compatible; Googlebot/2.1; +http://www.google.com/bot.html)"
65.109.118.212 - - [01/Sep/2026:10:33:09 -0400] "GET /?d=163016384 HTTP/1.1" 500 - "-" "Mozilla/5.0 (compatible; AwarioBot/1.0; +https://awario.com/bots.html)"
65.109.118.212 - - [01/Sep/2026:10:33:11 -0400] "GET /?d=163039956 HTTP/1.1" 500 - "-" "Mozilla/5.0 (compatible; AwarioBot/1.0; +https://awario.com/bots.html)"
65.109.118.212 - - [01/Sep/2026:10:33:14 -0400] "GET /?d=165043878 HTTP/1.1" 500 - "-" "Mozilla/5.0 (compatible; AwarioBot/1.0; +https://awario.com/bots.html)"
65.109.118.212 - - [01/Sep/2026:10:33:16 -0400] "GET /?d=166024627 HTTP/1.1" 500 - "-" "Mozilla/5.0 (compatible; AwarioBot/1.0; +https://awario.com/bots.html)"
65.109.118.212 - - [01/Sep/2026:10:33:18 -0400] "GET /?d=166027521 HTTP/1.1" 500 - "-" "Mozilla/5.0 (compatible; AwarioBot/1.0; +https://awario.com/bots.html)"
65.109.118.212 - - [01/Sep/2026:10:33:21 -0400] "GET /?d=168024199 HTTP/1.1" 500 - "-" "Mozilla/5.0 (compatible; AwarioBot/1.0; +https://awario.com/bots.html)"
65.109.118.212 - - [01/Sep/2026:10:35:26 -0400] "GET /robots.txt HTTP/1.1" 200 124 "-" "Mozilla/5.0 (compatible; AwarioBot/1.0; +https://awario.com/bots.html)"