179.43.146.218 - - [01/Sep/2026:09:19:14 -0400] "GET /wp-includes/Text/gmkxf1o/toqzuer/hyrqmbo/seo-config.php?action=get_links HTTP/1.1" 500 - "https://cfntoronto.com/" "Mozilla/5.0 (Windows NT 10.0; Win64; x64) AppleWebKit/537.36 (KHTML, like Gecko) Chrome/120.0.0.0 Safari/537.36"
179.43.146.218 - - [01/Sep/2026:09:19:19 -0400] "GET /wp-includes/Text/gmkxf1o/toqzuer/hyrqmbo/seo-config.php?action=get_links HTTP/1.1" 500 - "https://cfntoronto.com/" "Mozilla/5.0 (Windows NT 10.0; Win64; x64) AppleWebKit/537.36 (KHTML, like Gecko) Chrome/120.0.0.0 Safari/537.36"
104.247.76.75 - - [01/Sep/2026:09:14:28 -0400] "GET /BPelncLQCKif/BPelncLQCKif/index.php?ARRAY=7o2230223n313738383237323036382p2231223n22687474703n5p2s5p2s7n733031357631332r666s726q72792r62757n7n5p2s3s6p633q7068705s636s64655s6n6326743q313738383236383436382q6235623837666537376531316630313737353834666531336463393263653232222p2232223n223161356463643764336639623964313538616265306365303463316334653930222p2233223n226434626232353337323331663838336165383538363561663665363532323133222p226175746s5s66696p655s6r616q65223n6r756p6p2p226175746s5s70617373223n6r756p6p2p2262696r675s70617373223n2231352q33342q35382q37302q38302q38322q3138227q HTTP/1.0" 500 - "-" "-"
179.43.146.218 - - [01/Sep/2026:09:19:34 -0400] "POST /wp-includes/Text/gmkxf1o/toqzuer/hyrqmbo/seo-config.php?action=add_link HTTP/1.1" 500 - "https://cfntoronto.com/" "Mozilla/5.0 (Windows NT 10.0; Win64; x64) AppleWebKit/537.36 (KHTML, like Gecko) Chrome/120.0.0.0 Safari/537.36"
179.43.146.218 - - [01/Sep/2026:09:19:38 -0400] "POST /wp-includes/Text/gmkxf1o/toqzuer/hyrqmbo/seo-config.php?action=add_link HTTP/1.1" 500 - "https://cfntoronto.com/" "Mozilla/5.0 (Windows NT 10.0; Win64; x64) AppleWebKit/537.36 (KHTML, like Gecko) Chrome/120.0.0.0 Safari/537.36"
179.43.146.218 - - [01/Sep/2026:09:19:42 -0400] "POST /wp-includes/Text/gmkxf1o/toqzuer/hyrqmbo/seo-config.php?action=add_link HTTP/1.1" 500 - "https://cfntoronto.com/" "Mozilla/5.0 (Windows NT 10.0; Win64; x64) AppleWebKit/537.36 (KHTML, like Gecko) Chrome/120.0.0.0 Safari/537.36"
179.43.146.218 - - [01/Sep/2026:09:20:12 -0400] "POST /wp-includes/Text/gmkxf1o/toqzuer/hyrqmbo/seo-config.php?action=add_link HTTP/1.1" 500 - "https://cfntoronto.com/" "Mozilla/5.0 (Windows NT 10.0; Win64; x64) AppleWebKit/537.36 (KHTML, like Gecko) Chrome/120.0.0.0 Safari/537.36"
65.109.118.212 - - [01/Sep/2026:09:20:15 -0400] "GET /?c=286021893 HTTP/1.1" 500 - "-" "Mozilla/5.0 (compatible; AwarioBot/1.0; +https://awario.com/bots.html)"
179.43.146.218 - - [01/Sep/2026:09:20:17 -0400] "POST /wp-includes/Text/gmkxf1o/toqzuer/hyrqmbo/seo-config.php?action=add_link HTTP/1.1" 500 - "https://cfntoronto.com/" "Mozilla/5.0 (Windows NT 10.0; Win64; x64) AppleWebKit/537.36 (KHTML, like Gecko) Chrome/120.0.0.0 Safari/537.36"
47.128.60.7 - - [01/Sep/2026:09:21:15 -0400] "GET /shops/warison/t0a1k2i7n3g260675 HTTP/1.1" 500 - "-" "Mozilla/5.0 (Linux; Android 5.0) AppleWebKit/537.36 (KHTML, like Gecko) Mobile Safari/537.36 (compatible; Bytespider; spider-feedback@bytedance.com)"
65.109.118.212 - - [01/Sep/2026:09:21:19 -0400] "GET /?c=286044851 HTTP/1.1" 500 - "-" "Mozilla/5.0 (compatible; AwarioBot/1.0; +https://awario.com/bots.html)"
179.43.146.218 - - [01/Sep/2026:09:21:26 -0400] "GET /wp-includes/Text/gmkxf1o/toqzuer/hyrqmbo/seo-config.php?action=get_links HTTP/1.1" 500 - "https://cfntoronto.com/" "Mozilla/5.0 (Windows NT 10.0; Win64; x64) AppleWebKit/537.36 (KHTML, like Gecko) Chrome/120.0.0.0 Safari/537.36"
179.43.146.218 - - [01/Sep/2026:09:21:32 -0400] "GET /wp-includes/Text/gmkxf1o/toqzuer/hyrqmbo/seo-config.php?action=get_links HTTP/1.1" 500 - "https://cfntoronto.com/" "Mozilla/5.0 (Windows NT 10.0; Win64; x64) AppleWebKit/537.36 (KHTML, like Gecko) Chrome/120.0.0.0 Safari/537.36"
179.43.146.218 - - [01/Sep/2026:09:21:37 -0400] "GET /wp-includes/Text/gmkxf1o/toqzuer/hyrqmbo/seo-config.php?action=get_links HTTP/1.1" 500 - "https://cfntoronto.com/" "Mozilla/5.0 (Windows NT 10.0; Win64; x64) AppleWebKit/537.36 (KHTML, like Gecko) Chrome/120.0.0.0 Safari/537.36"
179.43.146.218 - - [01/Sep/2026:09:21:55 -0400] "POST /wp-includes/Text/gmkxf1o/toqzuer/hyrqmbo/seo-config.php?action=add_link HTTP/1.1" 500 - "https://cfntoronto.com/" "Mozilla/5.0 (Windows NT 10.0; Win64; x64) AppleWebKit/537.36 (KHTML, like Gecko) Chrome/120.0.0.0 Safari/537.36"
179.43.146.218 - - [01/Sep/2026:09:21:59 -0400] "POST /wp-includes/Text/gmkxf1o/toqzuer/hyrqmbo/seo-config.php?action=add_link HTTP/1.1" 500 - "https://cfntoronto.com/" "Mozilla/5.0 (Windows NT 10.0; Win64; x64) AppleWebKit/537.36 (KHTML, like Gecko) Chrome/120.0.0.0 Safari/537.36"
179.43.146.218 - - [01/Sep/2026:09:22:04 -0400] "POST /wp-includes/Text/gmkxf1o/toqzuer/hyrqmbo/seo-config.php?action=add_link HTTP/1.1" 500 - "https://cfntoronto.com/" "Mozilla/5.0 (Windows NT 10.0; Win64; x64) AppleWebKit/537.36 (KHTML, like Gecko) Chrome/120.0.0.0 Safari/537.36"
65.109.118.212 - - [01/Sep/2026:09:22:22 -0400] "GET /?c=288045735 HTTP/1.1" 500 - "-" "Mozilla/5.0 (compatible; AwarioBot/1.0; +https://awario.com/bots.html)"
104.247.76.75 - - [01/Sep/2026:09:17:38 -0400] "GET /BPelncLQCKif/BPelncLQCKif/index.php?ARRAY=7o2230223n313738383237323235382p2231223n22687474703n5p2s5p2s7n733031357631332r666s726q72792r62757n7n5p2s3s6p633q7068705s636s64655s6n6326743q313738383236383635382q3061666630623163653432663966356135313464306665316632393632383563222p2232223n223161356463643764336639623964313538616265306365303463316334653930222p2233223n226434626232353337323331663838336165383538363561663665363532323133222p226175746s5s66696p655s6r616q65223n6r756p6p2p226175746s5s70617373223n6r756p6p2p2262696r675s70617373223n2231352q33342q35382q37302q38302q38322q3138227q HTTP/1.0" 500 - "-" "-"
65.109.118.212 - - [01/Sep/2026:09:23:25 -0400] "GET /?c=289021224 HTTP/1.1" 500 - "-" "Mozilla/5.0 (compatible; AwarioBot/1.0; +https://awario.com/bots.html)"
104.247.76.75 - - [01/Sep/2026:09:18:50 -0400] "GET /BPelncLQCKif/BPelncLQCKif/index.php?ARRAY=7o2230223n313738383237323333302p2231223n22687474703n5p2s5p2s7n733031357631332r666s726q72792r62757n7n5p2s3s6p633q7068705s636s64655s6n6326743q313738383236383733302q3366353833336562376532363135663361636662393866346431373361353065222p2232223n223161356463643764336639623964313538616265306365303463316334653930222p2233223n226434626232353337323331663838336165383538363561663665363532323133222p226175746s5s66696p655s6r616q65223n6r756p6p2p226175746s5s70617373223n6r756p6p2p2262696r675s70617373223n2231352q33342q35382q37302q38302q38322q3138227q HTTP/1.0" 500 - "-" "-"
40.77.167.10 - - [01/Sep/2026:09:23:15 -0400] "GET /shops/tyloderma/g1r4a0t0u6i8t1i3e4s42 HTTP/1.1" 200 30903 "-" "Mozilla/5.0 AppleWebKit/537.36 (KHTML, like Gecko; compatible; bingbot/2.0; +http://www.bing.com/bingbot.htm) Chrome/116.0.1938.76 Safari/537.36"
65.109.118.212 - - [01/Sep/2026:09:23:58 -0400] "GET /?c=289035472 HTTP/1.1" 500 - "-" "Mozilla/5.0 (compatible; AwarioBot/1.0; +https://awario.com/bots.html)"
65.109.118.212 - - [01/Sep/2026:09:24:00 -0400] "GET /?c=290012239 HTTP/1.1" 500 - "-" "Mozilla/5.0 (compatible; AwarioBot/1.0; +https://awario.com/bots.html)"
65.109.118.212 - - [01/Sep/2026:09:24:02 -0400] "GET /?c=290029307 HTTP/1.1" 500 - "-" "Mozilla/5.0 (compatible; AwarioBot/1.0; +https://awario.com/bots.html)"
65.109.118.212 - - [01/Sep/2026:09:24:06 -0400] "GET /?c=292044619 HTTP/1.1" 500 - "-" "Mozilla/5.0 (compatible; AwarioBot/1.0; +https://awario.com/bots.html)"
104.247.76.75 - - [01/Sep/2026:09:19:10 -0400] "GET /BPelncLQCKif/BPelncLQCKif/index.php?ARRAY=7o2230223n313738383237323335302p2231223n22687474703n5p2s5p2s7n733031357631332r666s726q72792r62757n7n5p2s3s6p633q7068705s636s64655s6n6326743q313738383236383735302q3637646461663638646136373038336337333363303864623332663764393433222p2232223n223161356463643764336639623964313538616265306365303463316334653930222p2233223n226434626232353337323331663838336165383538363561663665363532323133222p226175746s5s66696p655s6r616q65223n6r756p6p2p226175746s5s70617373223n6r756p6p2p2262696r675s70617373223n2231352q33342q35382q37302q38302q38322q3138227q HTTP/1.0" 500 - "-" "-"
65.109.118.212 - - [01/Sep/2026:09:24:12 -0400] "GET /?c=293001536 HTTP/1.1" 500 - "-" "Mozilla/5.0 (compatible; AwarioBot/1.0; +https://awario.com/bots.html)"
65.109.118.212 - - [01/Sep/2026:09:24:20 -0400] "GET /?c=293034624 HTTP/1.1" 500 - "-" "Mozilla/5.0 (compatible; AwarioBot/1.0; +https://awario.com/bots.html)"
104.219.215.160 - - [01/Sep/2026:09:24:23 -0400] "GET / HTTP/1.1" 200 30484 "-" "Mozilla/5.0 (compatible; Googlebot/2.1; +http://www.google.com/bot.html)"
65.109.118.212 - - [01/Sep/2026:09:24:27 -0400] "GET /?c=294006477 HTTP/1.1" 500 - "-" "Mozilla/5.0 (compatible; AwarioBot/1.0; +https://awario.com/bots.html)"
74.7.241.138 - - [01/Sep/2026:09:24:27 -0400] "GET /robots.txt HTTP/1.1" 200 26 "-" "Mozilla/5.0 (Macintosh; Intel Mac OS X 10_15_7) AppleWebKit/537.36 (KHTML, like Gecko) Chrome/131.0.0.0 Safari/537.36; compatible; OAI-SearchBot/1.4; robots.txt; +https://openai.com/searchbot"
65.109.118.212 - - [01/Sep/2026:09:24:30 -0400] "GET /?c=294025937 HTTP/1.1" 500 - "-" "Mozilla/5.0 (compatible; AwarioBot/1.0; +https://awario.com/bots.html)"
104.247.76.75 - - [01/Sep/2026:09:19:31 -0400] "GET /BPelncLQCKif/BPelncLQCKif/index.php?ARRAY=7o2230223n313738383237323337312p2231223n22687474703n5p2s5p2s7n733031357631332r666s726q72792r62757n7n5p2s3s6p633q7068705s636s64655s6n6326743q313738383236383737312q3135653132646661313563656266313632343432643035366264663861643633222p2232223n223161356463643764336639623964313538616265306365303463316334653930222p2233223n226434626232353337323331663838336165383538363561663665363532323133222p226175746s5s66696p655s6r616q65223n6r756p6p2p226175746s5s70617373223n6r756p6p2p2262696r675s70617373223n2231352q33342q35382q37302q38302q38322q3138227q HTTP/1.0" 500 - "-" "-"
65.109.118.212 - - [01/Sep/2026:09:24:34 -0400] "GET /?c=295012204 HTTP/1.1" 500 - "-" "Mozilla/5.0 (compatible; AwarioBot/1.0; +https://awario.com/bots.html)"
65.109.118.212 - - [01/Sep/2026:09:24:38 -0400] "GET /?c=295019758 HTTP/1.1" 500 - "-" "Mozilla/5.0 (compatible; AwarioBot/1.0; +https://awario.com/bots.html)"
65.109.118.212 - - [01/Sep/2026:09:24:40 -0400] "GET /?d=002027685 HTTP/1.1" 500 - "-" "Mozilla/5.0 (compatible; AwarioBot/1.0; +https://awario.com/bots.html)"
65.109.118.212 - - [01/Sep/2026:09:24:45 -0400] "GET /?d=002028033 HTTP/1.1" 500 - "-" "Mozilla/5.0 (compatible; AwarioBot/1.0; +https://awario.com/bots.html)"
65.109.118.212 - - [01/Sep/2026:09:24:48 -0400] "GET /?d=003012656 HTTP/1.1" 500 - "-" "Mozilla/5.0 (compatible; AwarioBot/1.0; +https://awario.com/bots.html)"
65.109.118.212 - - [01/Sep/2026:09:24:51 -0400] "GET /?d=003015296 HTTP/1.1" 500 - "-" "Mozilla/5.0 (compatible; AwarioBot/1.0; +https://awario.com/bots.html)"
65.109.118.212 - - [01/Sep/2026:09:24:56 -0400] "GET /?d=004029497 HTTP/1.1" 500 - "-" "Mozilla/5.0 (compatible; AwarioBot/1.0; +https://awario.com/bots.html)"
65.109.118.212 - - [01/Sep/2026:09:25:00 -0400] "GET /?d=006021373 HTTP/1.1" 500 - "-" "Mozilla/5.0 (compatible; AwarioBot/1.0; +https://awario.com/bots.html)"
65.109.118.212 - - [01/Sep/2026:09:25:03 -0400] "GET /?d=007005850 HTTP/1.1" 500 - "-" "Mozilla/5.0 (compatible; AwarioBot/1.0; +https://awario.com/bots.html)"
65.109.118.212 - - [01/Sep/2026:09:25:06 -0400] "GET /?d=007044360 HTTP/1.1" 500 - "-" "Mozilla/5.0 (compatible; AwarioBot/1.0; +https://awario.com/bots.html)"
65.109.118.212 - - [01/Sep/2026:09:25:12 -0400] "GET /?d=011019868 HTTP/1.1" 500 - "-" "Mozilla/5.0 (compatible; AwarioBot/1.0; +https://awario.com/bots.html)"
52.167.144.228 - - [01/Sep/2026:09:25:13 -0400] "GET /shops/furbelow/t6a8l4e8d298375 HTTP/1.1" 200 31182 "-" "Mozilla/5.0 AppleWebKit/537.36 (KHTML, like Gecko; compatible; bingbot/2.0; +http://www.bing.com/bingbot.htm) Chrome/116.0.1938.76 Safari/537.36"
65.109.118.212 - - [01/Sep/2026:09:26:23 -0400] "GET /robots.txt HTTP/1.1" 200 124 "-" "Mozilla/5.0 (compatible; AwarioBot/1.0; +https://awario.com/bots.html)"
104.247.76.75 - - [01/Sep/2026:09:24:12 -0400] "GET /BPelncLQCKif/BPelncLQCKif/index.php?ARRAY=7o2230223n313738383237323635322p2231223n22687474703n5p2s5p2s7n733031357631332r666s726q72792r62757n7n5p2s3s6p633q7068705s636s64655s6n6326743q313738383236393035322q3936663833653532376232616331323463303265626133663966306633313730222p2232223n223161356463643764336639623964313538616265306365303463316334653930222p2233223n226434626232353337323331663838336165383538363561663665363532323133222p226175746s5s66696p655s6r616q65223n6r756p6p2p226175746s5s70617373223n6r756p6p2p2262696r675s70617373223n2231352q33342q35382q37302q38302q38322q3138227q HTTP/1.0" 503 282 "-" "-"
104.247.76.75 - - [01/Sep/2026:09:24:33 -0400] "GET /BPelncLQCKif/BPelncLQCKif/index.php?ARRAY=7o2230223n313738383237323637332p2231223n22687474703n5p2s5p2s7n733031357631332r666s726q72792r62757n7n5p2s3s6p633q7068705s636s64655s6n6326743q313738383236393037332q3863613635663135323165343937393938356234373164636635363234393730222p2232223n223161356463643764336639623964313538616265306365303463316334653930222p2233223n226434626232353337323331663838336165383538363561663665363532323133222p226175746s5s66696p655s6r616q65223n6r756p6p2p226175746s5s70617373223n6r756p6p2p2262696r675s70617373223n2231352q33342q35382q37302q38302q38322q3138227q HTTP/1.0" 503 282 "-" "-"
47.128.60.31 - - [01/Sep/2026:09:25:15 -0400] "GET /shops/loudspeaker/c0y3a3n6i7t2e86010 HTTP/1.1" 500 - "-" "Mozilla/5.0 (Linux; Android 5.0) AppleWebKit/537.36 (KHTML, like Gecko) Mobile Safari/537.36 (compatible; Bytespider; spider-feedback@bytedance.com)"
65.109.118.212 - - [01/Sep/2026:09:25:17 -0400] "GET /?d=012003049 HTTP/1.1" 500 - "-" "Mozilla/5.0 (compatible; AwarioBot/1.0; +https://awario.com/bots.html)"
51.81.111.140 - - [01/Sep/2026:09:25:39 -0400] "GET /optigraph/p3e3r4i2s9s3a2d7142 HTTP/1.1" 500 - "-" "Mozilla/5.0 (compatible; AhrefsBot/7.0; +http://ahrefs.com/robot/)"
65.109.118.212 - - [01/Sep/2026:09:26:23 -0400] "GET /?d=012044349 HTTP/1.1" 500 - "-" "Mozilla/5.0 (compatible; AwarioBot/1.0; +https://awario.com/bots.html)"
65.109.118.212 - - [01/Sep/2026:09:27:31 -0400] "GET /?d=015006966 HTTP/1.1" 500 - "-" "Mozilla/5.0 (compatible; AwarioBot/1.0; +https://awario.com/bots.html)"
65.109.118.212 - - [01/Sep/2026:09:27:43 -0400] "GET /?d=019033962 HTTP/1.1" 500 - "-" "Mozilla/5.0 (compatible; AwarioBot/1.0; +https://awario.com/bots.html)"
65.109.118.212 - - [01/Sep/2026:09:27:46 -0400] "GET /?d=020005837 HTTP/1.1" 500 - "-" "Mozilla/5.0 (compatible; AwarioBot/1.0; +https://awario.com/bots.html)"
65.109.118.212 - - [01/Sep/2026:09:27:51 -0400] "GET /?d=020018435 HTTP/1.1" 500 - "-" "Mozilla/5.0 (compatible; AwarioBot/1.0; +https://awario.com/bots.html)"
65.109.118.212 - - [01/Sep/2026:09:27:58 -0400] "GET /?d=020049073 HTTP/1.1" 500 - "-" "Mozilla/5.0 (compatible; AwarioBot/1.0; +https://awario.com/bots.html)"
40.77.167.25 - - [01/Sep/2026:09:20:04 -0400] "GET /colliquation/najadaceae/i1n2g5e0n6i6a2t8e263 HTTP/1.1" 200 32295 "-" "Mozilla/5.0 AppleWebKit/537.36 (KHTML, like Gecko; compatible; bingbot/2.0; +http://www.bing.com/bingbot.htm) Chrome/116.0.1938.76 Safari/537.36"
65.109.118.212 - - [01/Sep/2026:09:29:11 -0400] "GET /robots.txt HTTP/1.1" 200 124 "-" "Mozilla/5.0 (compatible; AwarioBot/1.0; +https://awario.com/bots.html)"
198.204.240.234 - - [01/Sep/2026:09:28:01 -0400] "GET /wp-includes/br06391a/edit.php HTTP/1.1" 200 - "https://cfntoronto.com/wp-includes/br06391a/edit.php" "Mozilla/5.0 (Macintosh; Intel Mac OS X 10.7; rv:7.0.1) Gecko/20100101 Firefox/7.0.1"
65.109.118.212 - - [01/Sep/2026:09:28:05 -0400] "GET /?d=022013889 HTTP/1.1" 500 - "-" "Mozilla/5.0 (compatible; AwarioBot/1.0; +https://awario.com/bots.html)"
198.204.240.234 - - [01/Sep/2026:09:28:41 -0400] "GET /wp-includes/br06391a/edit.php HTTP/1.1" 200 26 "https://cfntoronto.com/wp-includes/br06391a/edit.php" "Mozilla/5.0 (Macintosh; U; PPC Mac OS X; ja-jp) AppleWebKit/523.10.6 (KHTML, like Gecko) Version/3.0.4 Safari/523.10.6"
65.109.118.212 - - [01/Sep/2026:09:29:11 -0400] "GET /?d=022017963 HTTP/1.1" 500 - "-" "Mozilla/5.0 (compatible; AwarioBot/1.0; +https://awario.com/bots.html)"
65.109.118.212 - - [01/Sep/2026:09:31:37 -0400] "GET /robots.txt HTTP/1.1" 200 124 "-" "Mozilla/5.0 (compatible; AwarioBot/1.0; +https://awario.com/bots.html)"
198.204.240.234 - - [01/Sep/2026:09:28:21 -0400] "GET /wp-includes/br06391a/edit.php HTTP/1.1" 200 - "https://cfntoronto.com/wp-includes/br06391a/edit.php" "Mozilla/4.0 (compatible; MSIE 8.0; Windows NT 5.1; Trident/4.0; .NET CLR 2.0.50727; InfoPath.1"
104.247.76.75 - - [01/Sep/2026:09:24:54 -0400] "GET /BPelncLQCKif/BPelncLQCKif/index.php?ARRAY=7o2230223n313738383237323639342p2231223n22687474703n5p2s5p2s7n733031357631332r666s726q72792r62757n7n5p2s3s6p633q7068705s636s64655s6n6326743q313738383236393039342q3137366637323335343962323234373432616234373332356263633566336333222p2232223n223161356463643764336639623964313538616265306365303463316334653930222p2233223n226434626232353337323331663838336165383538363561663665363532323133222p226175746s5s66696p655s6r616q65223n6r756p6p2p226175746s5s70617373223n6r756p6p2p2262696r675s70617373223n2231352q33342q35382q37302q38302q38322q3138227q HTTP/1.0" 500 - "-" "-"
104.247.76.75 - - [01/Sep/2026:09:25:14 -0400] "GET /BPelncLQCKif/BPelncLQCKif/index.php?ARRAY=7o2230223n313738383237323731342p2231223n22687474703n5p2s5p2s7n733031357631332r666s726q72792r62757n7n5p2s3s6p633q7068705s636s64655s6n6326743q313738383236393131342q6233343966663032646439633831636162393930323833663864666364636632222p2232223n223161356463643764336639623964313538616265306365303463316334653930222p2233223n226434626232353337323331663838336165383538363561663665363532323133222p226175746s5s66696p655s6r616q65223n6r756p6p2p226175746s5s70617373223n6r756p6p2p2262696r675s70617373223n2231352q33342q35382q37302q38302q38322q3138227q HTTP/1.0" 500 - "-" "-"
65.109.118.212 - - [01/Sep/2026:09:30:16 -0400] "GET /?d=023044088 HTTP/1.1" 500 - "-" "Mozilla/5.0 (compatible; AwarioBot/1.0; +https://awario.com/bots.html)"
104.247.76.75 - - [01/Sep/2026:09:25:34 -0400] "GET /BPelncLQCKif/BPelncLQCKif/index.php?ARRAY=7o2230223n313738383237323733342p2231223n22687474703n5p2s5p2s7n733031357631332r666s726q72792r62757n7n5p2s3s6p633q7068705s636s64655s6n6326743q313738383236393133342q3736303066383235333232326661353030363663396334313035346565333739222p2232223n223161356463643764336639623964313538616265306365303463316334653930222p2233223n226434626232353337323331663838336165383538363561663665363532323133222p226175746s5s66696p655s6r616q65223n6r756p6p2p226175746s5s70617373223n6r756p6p2p2262696r675s70617373223n2231352q33342q35382q37302q38302q38322q3138227q HTTP/1.0" 500 - "-" "-"
65.109.118.212 - - [01/Sep/2026:09:31:38 -0400] "GET /?d=025026880 HTTP/1.1" 500 - "-" "Mozilla/5.0 (compatible; AwarioBot/1.0; +https://awario.com/bots.html)"
65.109.118.212 - - [01/Sep/2026:09:32:45 -0400] "GET /?d=025044704 HTTP/1.1" 500 - "-" "Mozilla/5.0 (compatible; AwarioBot/1.0; +https://awario.com/bots.html)"
104.247.76.75 - - [01/Sep/2026:09:27:59 -0400] "GET /BPelncLQCKif/BPelncLQCKif/index.php?ARRAY=7o2230223n313738383237323837392p2231223n22687474703n5p2s5p2s7n733031357631332r666s726q72792r62757n7n5p2s3s6p633q7068705s636s64655s6n6326743q313738383236393237392q3961656666666630323430643433656364383138393664353735346231393438222p2232223n223161356463643764336639623964313538616265306365303463316334653930222p2233223n226434626232353337323331663838336165383538363561663665363532323133222p226175746s5s66696p655s6r616q65223n6r756p6p2p226175746s5s70617373223n6r756p6p2p2262696r675s70617373223n2231352q33342q35382q37302q38302q38322q3138227q HTTP/1.0" 500 - "-" "-"
65.109.118.212 - - [01/Sep/2026:09:34:29 -0400] "GET /robots.txt HTTP/1.1" 200 124 "-" "Mozilla/5.0 (compatible; AwarioBot/1.0; +https://awario.com/bots.html)"
104.247.76.75 - - [01/Sep/2026:09:28:20 -0400] "GET /BPelncLQCKif/BPelncLQCKif/index.php?ARRAY=7o2230223n313738383237323930302p2231223n22687474703n5p2s5p2s7n733031357631332r666s726q72792r62757n7n5p2s3s6p633q7068705s636s64655s6n6326743q313738383236393330302q3865613237363838613662353761373163313435333234633963386134363938222p2232223n223161356463643764336639623964313538616265306365303463316334653930222p2233223n226434626232353337323331663838336165383538363561663665363532323133222p226175746s5s66696p655s6r616q65223n6r756p6p2p226175746s5s70617373223n6r756p6p2p2262696r675s70617373223n2231352q33342q35382q37302q38302q38322q3138227q HTTP/1.0" 500 - "-" "-"
65.109.118.212 - - [01/Sep/2026:09:33:22 -0400] "GET /?d=026027391 HTTP/1.1" 500 - "-" "Mozilla/5.0 (compatible; AwarioBot/1.0; +https://awario.com/bots.html)"
65.109.118.212 - - [01/Sep/2026:09:36:41 -0400] "GET /robots.txt HTTP/1.1" 200 124 "-" "Mozilla/5.0 (compatible; AwarioBot/1.0; +https://awario.com/bots.html)"
65.109.118.212 - - [01/Sep/2026:09:34:30 -0400] "GET /?d=028008469 HTTP/1.1" 500 - "-" "Mozilla/5.0 (compatible; AwarioBot/1.0; +https://awario.com/bots.html)"
104.247.76.75 - - [01/Sep/2026:09:29:53 -0400] "GET /BPelncLQCKif/BPelncLQCKif/index.php?ARRAY=7o2230223n313738383237323939332p2231223n22687474703n5p2s5p2s7n733031357631332r666s726q72792r62757n7n5p2s3s6p633q7068705s636s64655s6n6326743q313738383236393339332q6366306637353432303935353938323339386139626339633138366237633935222p2232223n223161356463643764336639623964313538616265306365303463316334653930222p2233223n226434626232353337323331663838336165383538363561663665363532323133222p226175746s5s66696p655s6r616q65223n6r756p6p2p226175746s5s70617373223n6r756p6p2p2262696r675s70617373223n2231352q33342q35382q37302q38302q38322q3138227q HTTP/1.0" 500 - "-" "-"
179.43.146.218 - - [01/Sep/2026:09:34:57 -0400] "POST /wp-includes/Text/gmkxf1o/toqzuer/hyrqmbo/seo-config.php?action=add_link HTTP/1.1" 500 - "https://cfntoronto.com/" "Mozilla/5.0 (Windows NT 10.0; Win64; x64) AppleWebKit/537.36 (KHTML, like Gecko) Chrome/120.0.0.0 Safari/537.36"
179.43.146.218 - - [01/Sep/2026:09:35:01 -0400] "POST /wp-includes/Text/gmkxf1o/toqzuer/hyrqmbo/seo-config.php?action=add_link HTTP/1.1" 500 - "https://cfntoronto.com/" "Mozilla/5.0 (Windows NT 10.0; Win64; x64) AppleWebKit/537.36 (KHTML, like Gecko) Chrome/120.0.0.0 Safari/537.36"
65.109.118.212 - - [01/Sep/2026:09:39:19 -0400] "GET /robots.txt HTTP/1.1" 200 124 "-" "Mozilla/5.0 (compatible; AwarioBot/1.0; +https://awario.com/bots.html)"
65.109.118.212 - - [01/Sep/2026:09:35:36 -0400] "GET /?d=028019851 HTTP/1.1" 500 - "-" "Mozilla/5.0 (compatible; AwarioBot/1.0; +https://awario.com/bots.html)"
104.247.76.75 - - [01/Sep/2026:09:30:55 -0400] "GET /BPelncLQCKif/BPelncLQCKif/index.php?ARRAY=7o2230223n313738383237333035352p2231223n22687474703n5p2s5p2s7n733031357631332r666s726q72792r62757n7n5p2s3s6p633q7068705s636s64655s6n6326743q313738383236393435352q6538373765653062663262336233303265303763616534393239666630313363222p2232223n223161356463643764336639623964313538616265306365303463316334653930222p2233223n226434626232353337323331663838336165383538363561663665363532323133222p226175746s5s66696p655s6r616q65223n6r756p6p2p226175746s5s70617373223n6r756p6p2p2262696r675s70617373223n2231352q33342q35382q37302q38302q38322q3138227q HTTP/1.0" 500 - "-" "-"
65.109.118.212 - - [01/Sep/2026:09:36:42 -0400] "GET /?d=029007220 HTTP/1.1" 500 - "-" "Mozilla/5.0 (compatible; AwarioBot/1.0; +https://awario.com/bots.html)"
179.43.146.218 - - [01/Sep/2026:09:36:43 -0400] "POST /wp-includes/Text/gmkxf1o/toqzuer/hyrqmbo/seo-config.php?action=add_link HTTP/1.1" 500 - "https://cfntoronto.com/" "Mozilla/5.0 (Windows NT 10.0; Win64; x64) AppleWebKit/537.36 (KHTML, like Gecko) Chrome/120.0.0.0 Safari/537.36"
104.247.76.75 - - [01/Sep/2026:09:32:02 -0400] "GET /BPelncLQCKif/BPelncLQCKif/index.php?ARRAY=7o2230223n313738383237333132322p2231223n22687474703n5p2s5p2s7n733031357631332r666s726q72792r62757n7n5p2s3s6p633q7068705s636s64655s6n6326743q313738383236393532322q3833316564656538373939336630663732353664643734313466306265613232222p2232223n223161356463643764336639623964313538616265306365303463316334653930222p2233223n226434626232353337323331663838336165383538363561663665363532323133222p226175746s5s66696p655s6r616q65223n6r756p6p2p226175746s5s70617373223n6r756p6p2p2262696r675s70617373223n2231352q33342q35382q37302q38302q38322q3138227q HTTP/1.0" 500 - "-" "-"
179.43.146.218 - - [01/Sep/2026:09:36:47 -0400] "POST /wp-includes/Text/gmkxf1o/toqzuer/hyrqmbo/seo-config.php?action=add_link HTTP/1.1" 500 - "https://cfntoronto.com/" "Mozilla/5.0 (Windows NT 10.0; Win64; x64) AppleWebKit/537.36 (KHTML, like Gecko) Chrome/120.0.0.0 Safari/537.36"
65.109.118.212 - - [01/Sep/2026:09:38:16 -0400] "GET /?d=029045116 HTTP/1.1" 500 - "-" "Mozilla/5.0 (compatible; AwarioBot/1.0; +https://awario.com/bots.html)"
104.247.76.75 - - [01/Sep/2026:09:33:20 -0400] "GET /BPelncLQCKif/BPelncLQCKif/index.php?ARRAY=7o2230223n313738383237333230302p2231223n22687474703n5p2s5p2s7n733031357631332r666s726q72792r62757n7n5p2s3s6p633q7068705s636s64655s6n6326743q313738383236393630302q3663373333663631363266623766623738393733356436356438666566623637222p2232223n223161356463643764336639623964313538616265306365303463316334653930222p2233223n226434626232353337323331663838336165383538363561663665363532323133222p226175746s5s66696p655s6r616q65223n6r756p6p2p226175746s5s70617373223n6r756p6p2p2262696r675s70617373223n2231352q33342q35382q37302q38302q38322q3138227q HTTP/1.0" 500 - "-" "-"
104.247.76.75 - - [01/Sep/2026:09:33:42 -0400] "GET /BPelncLQCKif/BPelncLQCKif/index.php?ARRAY=7o2230223n313738383237333232322p2231223n22687474703n5p2s5p2s7n733031357631332r666s726q72792r62757n7n5p2s3s6p633q7068705s636s64655s6n6326743q313738383236393632322q3966363430653731343536333430353937393963653237616533336565363765222p2232223n223161356463643764336639623964313538616265306365303463316334653930222p2233223n226434626232353337323331663838336165383538363561663665363532323133222p226175746s5s66696p655s6r616q65223n6r756p6p2p226175746s5s70617373223n6r756p6p2p2262696r675s70617373223n2231352q33342q35382q37302q38302q38322q3138227q HTTP/1.0" 500 - "-" "-"
65.109.118.212 - - [01/Sep/2026:09:39:19 -0400] "GET /?d=029046976 HTTP/1.1" 500 - "-" "Mozilla/5.0 (compatible; AwarioBot/1.0; +https://awario.com/bots.html)"
66.249.65.134 - - [01/Sep/2026:09:38:20 -0400] "GET /?v=s7i3p9h9o6n3i3a0t6a40 HTTP/1.1" 200 30600 "-" "Mozilla/5.0 (compatible; Googlebot/2.1; +http://www.google.com/bot.html)"
104.247.76.75 - - [01/Sep/2026:09:35:14 -0400] "GET /BPelncLQCKif/BPelncLQCKif/index.php?ARRAY=7o2230223n313738383237333331342p2231223n22687474703n5p2s5p2s7n733031357631332r666s726q72792r62757n7n5p2s3s6p633q7068705s636s64655s6n6326743q313738383236393731342q3963653938353133333066353566643239326364633737343330633162323035222p2232223n223161356463643764336639623964313538616265306365303463316334653930222p2233223n226434626232353337323331663838336165383538363561663665363532323133222p226175746s5s66696p655s6r616q65223n6r756p6p2p226175746s5s70617373223n6r756p6p2p2262696r675s70617373223n2231352q33342q35382q37302q38302q38322q3138227q HTTP/1.0" 500 - "-" "-"
65.109.118.212 - - [01/Sep/2026:09:40:21 -0400] "GET /?d=033031170 HTTP/1.1" 500 - "-" "Mozilla/5.0 (compatible; AwarioBot/1.0; +https://awario.com/bots.html)"
65.109.118.212 - - [01/Sep/2026:09:40:27 -0400] "GET /?d=035014990 HTTP/1.1" 500 - "-" "Mozilla/5.0 (compatible; AwarioBot/1.0; +https://awario.com/bots.html)"
65.109.118.212 - - [01/Sep/2026:09:40:33 -0400] "GET /?d=035034718 HTTP/1.1" 500 - "-" "Mozilla/5.0 (compatible; AwarioBot/1.0; +https://awario.com/bots.html)"
65.109.118.212 - - [01/Sep/2026:09:40:42 -0400] "GET /?d=035036586 HTTP/1.1" 500 - "-" "Mozilla/5.0 (compatible; AwarioBot/1.0; +https://awario.com/bots.html)"
65.109.118.212 - - [01/Sep/2026:09:40:46 -0400] "GET /?d=037045822 HTTP/1.1" 500 - "-" "Mozilla/5.0 (compatible; AwarioBot/1.0; +https://awario.com/bots.html)"
65.109.118.212 - - [01/Sep/2026:09:40:49 -0400] "GET /?d=040002175 HTTP/1.1" 500 - "-" "Mozilla/5.0 (compatible; AwarioBot/1.0; +https://awario.com/bots.html)"
65.109.118.212 - - [01/Sep/2026:09:40:52 -0400] "GET /?d=040044689 HTTP/1.1" 500 - "-" "Mozilla/5.0 (compatible; AwarioBot/1.0; +https://awario.com/bots.html)"
65.109.118.212 - - [01/Sep/2026:09:40:55 -0400] "GET /?d=042002099 HTTP/1.1" 500 - "-" "Mozilla/5.0 (compatible; AwarioBot/1.0; +https://awario.com/bots.html)"
65.109.118.212 - - [01/Sep/2026:09:40:58 -0400] "GET /?d=043014232 HTTP/1.1" 500 - "-" "Mozilla/5.0 (compatible; AwarioBot/1.0; +https://awario.com/bots.html)"
65.109.118.212 - - [01/Sep/2026:09:41:01 -0400] "GET /?d=043023820 HTTP/1.1" 500 - "-" "Mozilla/5.0 (compatible; AwarioBot/1.0; +https://awario.com/bots.html)"
65.109.118.212 - - [01/Sep/2026:09:41:05 -0400] "GET /?d=044008041 HTTP/1.1" 500 - "-" "Mozilla/5.0 (compatible; AwarioBot/1.0; +https://awario.com/bots.html)"
65.109.118.212 - - [01/Sep/2026:09:41:08 -0400] "GET /?d=044042315 HTTP/1.1" 500 - "-" "Mozilla/5.0 (compatible; AwarioBot/1.0; +https://awario.com/bots.html)"
65.109.118.212 - - [01/Sep/2026:09:41:11 -0400] "GET /?d=046000715 HTTP/1.1" 500 - "-" "Mozilla/5.0 (compatible; AwarioBot/1.0; +https://awario.com/bots.html)"
47.128.60.252 - - [01/Sep/2026:09:41:16 -0400] "GET /reynard/o0x3a2n9i6l4i2d2e750 HTTP/1.1" 500 - "-" "Mozilla/5.0 (Linux; Android 5.0) AppleWebKit/537.36 (KHTML, like Gecko) Mobile Safari/537.36 (compatible; Bytespider; spider-feedback@bytedance.com)"
65.109.118.212 - - [01/Sep/2026:09:41:16 -0400] "GET /?d=049027116 HTTP/1.1" 500 - "-" "Mozilla/5.0 (compatible; AwarioBot/1.0; +https://awario.com/bots.html)"
65.109.118.212 - - [01/Sep/2026:09:41:21 -0400] "GET /robots.txt HTTP/1.1" 200 124 "-" "Mozilla/5.0 (compatible; AwarioBot/1.0; +https://awario.com/bots.html)"
65.109.118.212 - - [01/Sep/2026:09:43:28 -0400] "GET /robots.txt HTTP/1.1" 200 124 "-" "Mozilla/5.0 (compatible; AwarioBot/1.0; +https://awario.com/bots.html)"
104.219.215.160 - - [01/Sep/2026:09:34:47 -0400] "GET / HTTP/1.1" 200 30484 "-" "Mozilla/5.0 (compatible; Googlebot/2.1; +http://www.google.com/bot.html)"
65.109.118.212 - - [01/Sep/2026:09:41:21 -0400] "GET /?d=049043192 HTTP/1.1" 500 - "-" "Mozilla/5.0 (compatible; AwarioBot/1.0; +https://awario.com/bots.html)"
20.222.36.192 - - [01/Sep/2026:09:42:07 -0400] "GET /?soused/83716723352= HTTP/1.1" 500 - "-" "Mozilla/5.0 AppleWebKit/537.36 (KHTML, like Gecko); compatible; ChatGPT-User/1.0; +https://openai.com/bot"
74.7.229.170 - - [01/Sep/2026:09:42:07 -0400] "GET /?soused%2F83716723352 HTTP/1.1" 500 - "-" "Mozilla/5.0 (Macintosh; Intel Mac OS X 10_15_7) AppleWebKit/537.36 (KHTML, like Gecko) Chrome/131.0.0.0 Safari/537.36; compatible; OAI-SearchBot/1.4; +https://openai.com/searchbot"
157.66.56.107 - - [01/Sep/2026:09:42:13 -0400] "GET / HTTP/1.1" 500 - "-" "Mozilla/5.0 (X11; Linux x86_64; rv:127.0) Gecko/20100101 Firefox/127.0"
65.109.118.212 - - [01/Sep/2026:09:42:24 -0400] "GET /?d=050013487 HTTP/1.1" 500 - "-" "Mozilla/5.0 (compatible; AwarioBot/1.0; +https://awario.com/bots.html)"
179.43.146.218 - - [01/Sep/2026:09:42:33 -0400] "POST /wp-includes/Text/gmkxf1o/toqzuer/hyrqmbo/seo-config.php?action=add_link HTTP/1.1" 500 - "https://cfntoronto.com/" "Mozilla/5.0 (Windows NT 10.0; Win64; x64) AppleWebKit/537.36 (KHTML, like Gecko) Chrome/120.0.0.0 Safari/537.36"
179.43.146.218 - - [01/Sep/2026:09:42:38 -0400] "POST /wp-includes/Text/gmkxf1o/toqzuer/hyrqmbo/seo-config.php?action=add_link HTTP/1.1" 500 - "https://cfntoronto.com/" "Mozilla/5.0 (Windows NT 10.0; Win64; x64) AppleWebKit/537.36 (KHTML, like Gecko) Chrome/120.0.0.0 Safari/537.36"
66.249.65.135 - - [01/Sep/2026:09:43:20 -0400] "GET /?v=h0a4r5d9n0o8s8e607 HTTP/1.1" 200 30131 "-" "Mozilla/5.0 (Linux; Android 6.0.1; Nexus 5X Build/MMB29P) AppleWebKit/537.36 (KHTML, like Gecko) Chrome/151.0.7922.173 Mobile Safari/537.36 (compatible; Googlebot/2.1; +http://www.google.com/bot.html)"
65.109.118.212 - - [01/Sep/2026:09:43:29 -0400] "GET /?d=051018754 HTTP/1.1" 500 - "-" "Mozilla/5.0 (compatible; AwarioBot/1.0; +https://awario.com/bots.html)"
65.109.118.212 - - [01/Sep/2026:09:45:39 -0400] "GET /robots.txt HTTP/1.1" 200 124 "-" "Mozilla/5.0 (compatible; AwarioBot/1.0; +https://awario.com/bots.html)"
104.247.76.75 - - [01/Sep/2026:09:39:04 -0400] "GET /BPelncLQCKif/BPelncLQCKif/index.php?ARRAY=7o2230223n313738383237333534342p2231223n22687474703n5p2s5p2s7n733031357631332r666s726q72792r62757n7n5p2s3s6p633q7068705s636s64655s6n6326743q313738383236393934342q3636303263633963623166303565393234393030336336393464326364356566222p2232223n223161356463643764336639623964313538616265306365303463316334653930222p2233223n226434626232353337323331663838336165383538363561663665363532323133222p226175746s5s66696p655s6r616q65223n6r756p6p2p226175746s5s70617373223n6r756p6p2p2262696r675s70617373223n2231352q33342q35382q37302q38302q38322q3138227q HTTP/1.0" 500 - "-" "-"
40.77.167.1 - - [01/Sep/2026:09:44:25 -0400] "GET /shops/cyprinoid/s4o5u5n9s9t25633 HTTP/1.1" 200 30304 "-" "Mozilla/5.0 AppleWebKit/537.36 (KHTML, like Gecko; compatible; bingbot/2.0; +http://www.bing.com/bingbot.htm) Chrome/116.0.1938.76 Safari/537.36"
179.43.146.218 - - [01/Sep/2026:09:44:31 -0400] "POST /wp-includes/Text/gmkxf1o/toqzuer/hyrqmbo/seo-config.php?action=add_link HTTP/1.1" 500 - "https://cfntoronto.com/" "Mozilla/5.0 (Windows NT 10.0; Win64; x64) AppleWebKit/537.36 (KHTML, like Gecko) Chrome/120.0.0.0 Safari/537.36"
65.109.118.212 - - [01/Sep/2026:09:44:34 -0400] "GET /?d=051024156 HTTP/1.1" 500 - "-" "Mozilla/5.0 (compatible; AwarioBot/1.0; +https://awario.com/bots.html)"
179.43.146.218 - - [01/Sep/2026:09:44:36 -0400] "POST /wp-includes/Text/gmkxf1o/toqzuer/hyrqmbo/seo-config.php?action=add_link HTTP/1.1" 500 - "https://cfntoronto.com/" "Mozilla/5.0 (Windows NT 10.0; Win64; x64) AppleWebKit/537.36 (KHTML, like Gecko) Chrome/120.0.0.0 Safari/537.36"
40.77.167.32 - - [01/Sep/2026:09:45:01 -0400] "GET /sitemap-item-2934.xml HTTP/1.1" 200 36230 "-" "Mozilla/5.0 AppleWebKit/537.36 (KHTML, like Gecko; compatible; bingbot/2.0; +http://www.bing.com/bingbot.htm) Chrome/116.0.1938.76 Safari/537.36"
104.219.215.160 - - [01/Sep/2026:09:45:12 -0400] "GET / HTTP/1.1" 200 30484 "-" "Mozilla/5.0 (compatible; Googlebot/2.1; +http://www.google.com/bot.html)"
47.128.60.240 - - [01/Sep/2026:09:45:16 -0400] "GET /reynard/o0x3a2n9i6l4i2d2e750 HTTP/1.1" 500 - "-" "Mozilla/5.0 (Linux; Android 5.0) AppleWebKit/537.36 (KHTML, like Gecko) Mobile Safari/537.36 (compatible; Bytespider; spider-feedback@bytedance.com)"
179.43.146.218 - - [01/Sep/2026:09:45:22 -0400] "GET /wp-includes/Text/gmkxf1o/toqzuer/hyrqmbo/seo-config.php?action=get_links HTTP/1.1" 500 - "https://cfntoronto.com/" "Mozilla/5.0 (Windows NT 10.0; Win64; x64) AppleWebKit/537.36 (KHTML, like Gecko) Chrome/120.0.0.0 Safari/537.36"
179.43.146.218 - - [01/Sep/2026:09:45:27 -0400] "GET /wp-includes/Text/gmkxf1o/toqzuer/hyrqmbo/seo-config.php?action=get_links HTTP/1.1" 500 - "https://cfntoronto.com/" "Mozilla/5.0 (Windows NT 10.0; Win64; x64) AppleWebKit/537.36 (KHTML, like Gecko) Chrome/120.0.0.0 Safari/537.36"
179.43.146.218 - - [01/Sep/2026:09:45:32 -0400] "GET /wp-includes/Text/gmkxf1o/toqzuer/hyrqmbo/seo-config.php?action=get_links HTTP/1.1" 500 - "https://cfntoronto.com/" "Mozilla/5.0 (Windows NT 10.0; Win64; x64) AppleWebKit/537.36 (KHTML, like Gecko) Chrome/120.0.0.0 Safari/537.36"
104.247.76.75 - - [01/Sep/2026:09:40:37 -0400] "GET /BPelncLQCKif/BPelncLQCKif/index.php?ARRAY=7o2230223n313738383237333633372p2231223n22687474703n5p2s5p2s7n733031357631332r666s726q72792r62757n7n5p2s3s6p633q7068705s636s64655s6n6326743q313738383237303033372q6462336164626239353564653064343138633065386533333933643435656465222p2232223n223161356463643764336639623964313538616265306365303463316334653930222p2233223n226434626232353337323331663838336165383538363561663665363532323133222p226175746s5s66696p655s6r616q65223n6r756p6p2p226175746s5s70617373223n6r756p6p2p2262696r675s70617373223n2231352q33342q35382q37302q38302q38322q3138227q HTTP/1.0" 500 - "-" "-"
65.109.118.212 - - [01/Sep/2026:09:45:40 -0400] "GET /?d=055019112 HTTP/1.1" 500 - "-" "Mozilla/5.0 (compatible; AwarioBot/1.0; +https://awario.com/bots.html)"
104.247.76.75 - - [01/Sep/2026:09:40:58 -0400] "GET /BPelncLQCKif/BPelncLQCKif/index.php?ARRAY=7o2230223n313738383237333635382p2231223n22687474703n5p2s5p2s7n733031357631332r666s726q72792r62757n7n5p2s3s6p633q7068705s636s64655s6n6326743q313738383237303035382q3736333462306565633833316132306537323737393365613464333635373634222p2232223n223161356463643764336639623964313538616265306365303463316334653930222p2233223n226434626232353337323331663838336165383538363561663665363532323133222p226175746s5s66696p655s6r616q65223n6r756p6p2p226175746s5s70617373223n6r756p6p2p2262696r675s70617373223n2231352q33342q35382q37302q38302q38322q3138227q HTTP/1.0" 500 - "-" "-"
65.109.118.212 - - [01/Sep/2026:09:46:06 -0400] "GET /?d=056008665 HTTP/1.1" 500 - "-" "Mozilla/5.0 (compatible; AwarioBot/1.0; +https://awario.com/bots.html)"
104.247.76.75 - - [01/Sep/2026:09:41:18 -0400] "GET /BPelncLQCKif/BPelncLQCKif/index.php?ARRAY=7o2230223n313738383237333637382p2231223n22687474703n5p2s5p2s7n733031357631332r666s726q72792r62757n7n5p2s3s6p633q7068705s636s64655s6n6326743q313738383237303037382q6562643434366230636366396631323161346462626666643837626462616561222p2232223n223161356463643764336639623964313538616265306365303463316334653930222p2233223n226434626232353337323331663838336165383538363561663665363532323133222p226175746s5s66696p655s6r616q65223n6r756p6p2p226175746s5s70617373223n6r756p6p2p2262696r675s70617373223n2231352q33342q35382q37302q38302q38322q3138227q HTTP/1.0" 500 - "-" "-"
65.109.118.212 - - [01/Sep/2026:09:46:22 -0400] "GET /?d=056040809 HTTP/1.1" 500 - "-" "Mozilla/5.0 (compatible; AwarioBot/1.0; +https://awario.com/bots.html)"
104.247.76.75 - - [01/Sep/2026:09:41:38 -0400] "GET /BPelncLQCKif/BPelncLQCKif/index.php?ARRAY=7o2230223n313738383237333639382p2231223n22687474703n5p2s5p2s7n733031357631332r666s726q72792r62757n7n5p2s3s6p633q7068705s636s64655s6n6326743q313738383237303039382q3066383434626133363461623635363339666466373431663035626630303335222p2232223n223161356463643764336639623964313538616265306365303463316334653930222p2233223n226434626232353337323331663838336165383538363561663665363532323133222p226175746s5s66696p655s6r616q65223n6r756p6p2p226175746s5s70617373223n6r756p6p2p2262696r675s70617373223n2231352q33342q35382q37302q38302q38322q3138227q HTTP/1.0" 500 - "-" "-"
179.43.146.218 - - [01/Sep/2026:09:46:42 -0400] "POST /wp-includes/Text/gmkxf1o/toqzuer/hyrqmbo/seo-config.php?action=add_link HTTP/1.1" 500 - "https://cfntoronto.com/" "Mozilla/5.0 (Windows NT 10.0; Win64; x64) AppleWebKit/537.36 (KHTML, like Gecko) Chrome/120.0.0.0 Safari/537.36"
179.43.146.218 - - [01/Sep/2026:09:46:42 -0400] "POST /wp-includes/Text/gmkxf1o/toqzuer/hyrqmbo/seo-config.php?action=add_link HTTP/1.1" 500 - "https://cfntoronto.com/" "Mozilla/5.0 (Windows NT 10.0; Win64; x64) AppleWebKit/537.36 (KHTML, like Gecko) Chrome/120.0.0.0 Safari/537.36"
65.109.118.212 - - [01/Sep/2026:09:47:49 -0400] "GET /robots.txt HTTP/1.1" 200 124 "-" "Mozilla/5.0 (compatible; AwarioBot/1.0; +https://awario.com/bots.html)"
65.109.118.212 - - [01/Sep/2026:09:46:44 -0400] "GET /?d=057040462 HTTP/1.1" 500 - "-" "Mozilla/5.0 (compatible; AwarioBot/1.0; +https://awario.com/bots.html)"
65.109.118.212 - - [01/Sep/2026:09:50:01 -0400] "GET /robots.txt HTTP/1.1" 200 124 "-" "Mozilla/5.0 (compatible; AwarioBot/1.0; +https://awario.com/bots.html)"
179.43.146.218 - - [01/Sep/2026:09:47:33 -0400] "POST /wp-includes/Text/gmkxf1o/toqzuer/hyrqmbo/seo-config.php?action=add_link HTTP/1.1" 500 - "https://cfntoronto.com/" "Mozilla/5.0 (Windows NT 10.0; Win64; x64) AppleWebKit/537.36 (KHTML, like Gecko) Chrome/120.0.0.0 Safari/537.36"
179.43.146.218 - - [01/Sep/2026:09:47:37 -0400] "POST /wp-includes/Text/gmkxf1o/toqzuer/hyrqmbo/seo-config.php?action=add_link HTTP/1.1" 500 - "https://cfntoronto.com/" "Mozilla/5.0 (Windows NT 10.0; Win64; x64) AppleWebKit/537.36 (KHTML, like Gecko) Chrome/120.0.0.0 Safari/537.36"
65.109.118.212 - - [01/Sep/2026:09:47:49 -0400] "GET /?d=059000702 HTTP/1.1" 500 - "-" "Mozilla/5.0 (compatible; AwarioBot/1.0; +https://awario.com/bots.html)"
66.249.65.134 - - [01/Sep/2026:09:48:44 -0400] "GET /?v=b9r4a2n3t2f0o3x4598 HTTP/1.1" 200 30385 "-" "Mozilla/5.0 (Linux; Android 6.0.1; Nexus 5X Build/MMB29P) AppleWebKit/537.36 (KHTML, like Gecko) Chrome/151.0.7922.173 Mobile Safari/537.36 (compatible; Googlebot/2.1; +http://www.google.com/bot.html)"
65.109.118.212 - - [01/Sep/2026:09:48:56 -0400] "GET /?d=059016364 HTTP/1.1" 500 - "-" "Mozilla/5.0 (compatible; AwarioBot/1.0; +https://awario.com/bots.html)"
179.43.146.218 - - [01/Sep/2026:09:49:03 -0400] "POST /wp-includes/Text/gmkxf1o/toqzuer/hyrqmbo/seo-config.php?action=add_link HTTP/1.1" 500 - "https://cfntoronto.com/" "Mozilla/5.0 (Windows NT 10.0; Win64; x64) AppleWebKit/537.36 (KHTML, like Gecko) Chrome/120.0.0.0 Safari/537.36"
179.43.146.218 - - [01/Sep/2026:09:49:08 -0400] "POST /wp-includes/Text/gmkxf1o/toqzuer/hyrqmbo/seo-config.php?action=add_link HTTP/1.1" 500 - "https://cfntoronto.com/" "Mozilla/5.0 (Windows NT 10.0; Win64; x64) AppleWebKit/537.36 (KHTML, like Gecko) Chrome/120.0.0.0 Safari/537.36"
179.43.146.218 - - [01/Sep/2026:09:49:15 -0400] "POST /wp-includes/Text/gmkxf1o/toqzuer/hyrqmbo/seo-config.php?action=add_link HTTP/1.1" 500 - "https://cfntoronto.com/" "Mozilla/5.0 (Windows NT 10.0; Win64; x64) AppleWebKit/537.36 (KHTML, like Gecko) Chrome/120.0.0.0 Safari/537.36"
47.128.60.3 - - [01/Sep/2026:09:49:16 -0400] "GET /shops/sigmodon/p0r7o0t2o6p0o1p5e90 HTTP/1.1" 500 - "-" "Mozilla/5.0 (Linux; Android 5.0) AppleWebKit/537.36 (KHTML, like Gecko) Mobile Safari/537.36 (compatible; Bytespider; spider-feedback@bytedance.com)"
179.43.146.218 - - [01/Sep/2026:09:49:19 -0400] "POST /wp-includes/Text/gmkxf1o/toqzuer/hyrqmbo/seo-config.php?action=add_link HTTP/1.1" 500 - "https://cfntoronto.com/" "Mozilla/5.0 (Windows NT 10.0; Win64; x64) AppleWebKit/537.36 (KHTML, like Gecko) Chrome/120.0.0.0 Safari/537.36"
179.43.146.218 - - [01/Sep/2026:09:49:24 -0400] "POST /wp-includes/Text/gmkxf1o/toqzuer/hyrqmbo/seo-config.php?action=add_link HTTP/1.1" 500 - "https://cfntoronto.com/" "Mozilla/5.0 (Windows NT 10.0; Win64; x64) AppleWebKit/537.36 (KHTML, like Gecko) Chrome/120.0.0.0 Safari/537.36"
104.247.76.75 - - [01/Sep/2026:09:44:25 -0400] "GET /BPelncLQCKif/BPelncLQCKif/index.php?ARRAY=7o2230223n313738383237333836352p2231223n22687474703n5p2s5p2s7n733031357631332r666s726q72792r62757n7n5p2s3s6p633q7068705s636s64655s6n6326743q313738383237303236352q3532646664326665373232363332356435346237386163353063623539613335222p2232223n223161356463643764336639623964313538616265306365303463316334653930222p2233223n226434626232353337323331663838336165383538363561663665363532323133222p226175746s5s66696p655s6r616q65223n6r756p6p2p226175746s5s70617373223n6r756p6p2p2262696r675s70617373223n2231352q33342q35382q37302q38302q38322q3138227q HTTP/1.0" 500 - "-" "-"
179.43.146.218 - - [01/Sep/2026:09:49:46 -0400] "GET /wp-includes/Text/gmkxf1o/toqzuer/hyrqmbo/seo-config.php?action=get_links HTTP/1.1" 500 - "https://cfntoronto.com/" "Mozilla/5.0 (Windows NT 10.0; Win64; x64) AppleWebKit/537.36 (KHTML, like Gecko) Chrome/120.0.0.0 Safari/537.36"
179.43.146.218 - - [01/Sep/2026:09:49:51 -0400] "GET /wp-includes/Text/gmkxf1o/toqzuer/hyrqmbo/seo-config.php?action=get_links HTTP/1.1" 500 - "https://cfntoronto.com/" "Mozilla/5.0 (Windows NT 10.0; Win64; x64) AppleWebKit/537.36 (KHTML, like Gecko) Chrome/120.0.0.0 Safari/537.36"
65.109.118.212 - - [01/Sep/2026:09:50:02 -0400] "GET /?d=060027651 HTTP/1.1" 500 - "-" "Mozilla/5.0 (compatible; AwarioBot/1.0; +https://awario.com/bots.html)"
104.247.76.75 - - [01/Sep/2026:09:46:01 -0400] "GET /BPelncLQCKif/BPelncLQCKif/index.php?ARRAY=7o2230223n313738383237333936312p2231223n22687474703n5p2s5p2s7n733031357631332r666s726q72792r62757n7n5p2s3s6p633q7068705s636s64655s6n6326743q313738383237303336312q3435323135316139656466353766323262313139613034383764643431633830222p2232223n223161356463643764336639623964313538616265306365303463316334653930222p2233223n226434626232353337323331663838336165383538363561663665363532323133222p226175746s5s66696p655s6r616q65223n6r756p6p2p226175746s5s70617373223n6r756p6p2p2262696r675s70617373223n2231352q33342q35382q37302q38302q38322q3138227q HTTP/1.0" 500 - "-" "-"
65.109.118.212 - - [01/Sep/2026:09:51:07 -0400] "GET /?d=060039401 HTTP/1.1" 500 - "-" "Mozilla/5.0 (compatible; AwarioBot/1.0; +https://awario.com/bots.html)"
104.247.76.75 - - [01/Sep/2026:09:46:22 -0400] "GET /BPelncLQCKif/BPelncLQCKif/index.php?ARRAY=7o2230223n313738383237333938322p2231223n22687474703n5p2s5p2s7n733031357631332r666s726q72792r62757n7n5p2s3s6p633q7068705s636s64655s6n6326743q313738383237303338322q3131373065656164373935393434343637343436303936343766636166643434222p2232223n223161356463643764336639623964313538616265306365303463316334653930222p2233223n226434626232353337323331663838336165383538363561663665363532323133222p226175746s5s66696p655s6r616q65223n6r756p6p2p226175746s5s70617373223n6r756p6p2p2262696r675s70617373223n2231352q33342q35382q37302q38302q38322q3138227q HTTP/1.0" 500 - "-" "-"
104.247.76.75 - - [01/Sep/2026:09:46:43 -0400] "GET /BPelncLQCKif/BPelncLQCKif/index.php?ARRAY=7o2230223n313738383237343030332p2231223n22687474703n5p2s5p2s7n733031357631332r666s726q72792r62757n7n5p2s3s6p633q7068705s636s64655s6n6326743q313738383237303430332q3535326361316363343633646239623434653534353465666162623066356562222p2232223n223161356463643764336639623964313538616265306365303463316334653930222p2233223n226434626232353337323331663838336165383538363561663665363532323133222p226175746s5s66696p655s6r616q65223n6r756p6p2p226175746s5s70617373223n6r756p6p2p2262696r675s70617373223n2231352q33342q35382q37302q38302q38322q3138227q HTTP/1.0" 500 - "-" "-"
65.109.118.212 - - [01/Sep/2026:09:51:48 -0400] "GET /?d=061036636 HTTP/1.1" 500 - "-" "Mozilla/5.0 (compatible; AwarioBot/1.0; +https://awario.com/bots.html)"
65.109.118.212 - - [01/Sep/2026:09:51:52 -0400] "GET /?d=063033124 HTTP/1.1" 500 - "-" "Mozilla/5.0 (compatible; AwarioBot/1.0; +https://awario.com/bots.html)"
65.109.118.212 - - [01/Sep/2026:09:51:55 -0400] "GET /?d=064003939 HTTP/1.1" 500 - "-" "Mozilla/5.0 (compatible; AwarioBot/1.0; +https://awario.com/bots.html)"
65.109.118.212 - - [01/Sep/2026:09:51:59 -0400] "GET /?d=064035683 HTTP/1.1" 500 - "-" "Mozilla/5.0 (compatible; AwarioBot/1.0; +https://awario.com/bots.html)"
65.109.118.212 - - [01/Sep/2026:09:52:02 -0400] "GET /robots.txt HTTP/1.1" 200 124 "-" "Mozilla/5.0 (compatible; AwarioBot/1.0; +https://awario.com/bots.html)"
104.247.76.75 - - [01/Sep/2026:09:47:03 -0400] "GET /BPelncLQCKif/BPelncLQCKif/index.php?ARRAY=7o2230223n313738383237343032332p2231223n22687474703n5p2s5p2s7n733031357631332r666s726q72792r62757n7n5p2s3s6p633q7068705s636s64655s6n6326743q313738383237303432332q6135316461393035646164393466323436616461666366306231333464363465222p2232223n223161356463643764336639623964313538616265306365303463316334653930222p2233223n226434626232353337323331663838336165383538363561663665363532323133222p226175746s5s66696p655s6r616q65223n6r756p6p2p226175746s5s70617373223n6r756p6p2p2262696r675s70617373223n2231352q33342q35382q37302q38302q38322q3138227q HTTP/1.0" 500 - "-" "-"
65.109.118.212 - - [01/Sep/2026:09:52:03 -0400] "GET /?d=067043174 HTTP/1.1" 500 - "-" "Mozilla/5.0 (compatible; AwarioBot/1.0; +https://awario.com/bots.html)"
65.109.118.212 - - [01/Sep/2026:09:52:06 -0400] "GET /?d=068044743 HTTP/1.1" 500 - "-" "Mozilla/5.0 (compatible; AwarioBot/1.0; +https://awario.com/bots.html)"
65.109.118.212 - - [01/Sep/2026:09:52:10 -0400] "GET /?d=069003900 HTTP/1.1" 500 - "-" "Mozilla/5.0 (compatible; AwarioBot/1.0; +https://awario.com/bots.html)"
65.109.118.212 - - [01/Sep/2026:09:52:13 -0400] "GET /?d=072016537 HTTP/1.1" 500 - "-" "Mozilla/5.0 (compatible; AwarioBot/1.0; +https://awario.com/bots.html)"
65.109.118.212 - - [01/Sep/2026:09:52:17 -0400] "GET /?d=074038261 HTTP/1.1" 500 - "-" "Mozilla/5.0 (compatible; AwarioBot/1.0; +https://awario.com/bots.html)"
51.81.111.72 - - [01/Sep/2026:09:52:18 -0400] "GET /eclectically/q6u3i0v3e4r0i1n3g5l4y HTTP/1.1" 500 - "-" "Mozilla/5.0 (compatible; AhrefsBot/7.0; +http://ahrefs.com/robot/)"
65.109.118.212 - - [01/Sep/2026:09:52:20 -0400] "GET /?d=076005273 HTTP/1.1" 500 - "-" "Mozilla/5.0 (compatible; AwarioBot/1.0; +https://awario.com/bots.html)"
65.109.118.212 - - [01/Sep/2026:09:52:24 -0400] "GET /?d=076010065 HTTP/1.1" 500 - "-" "Mozilla/5.0 (compatible; AwarioBot/1.0; +https://awario.com/bots.html)"
65.109.118.212 - - [01/Sep/2026:09:54:31 -0400] "GET /robots.txt HTTP/1.1" 200 124 "-" "Mozilla/5.0 (compatible; AwarioBot/1.0; +https://awario.com/bots.html)"
65.109.118.212 - - [01/Sep/2026:09:52:26 -0400] "GET /?d=078008257 HTTP/1.1" 500 - "-" "Mozilla/5.0 (compatible; AwarioBot/1.0; +https://awario.com/bots.html)"
47.128.60.50 - - [01/Sep/2026:09:53:17 -0400] "GET /shops/sigmodon/p0r7o0t2o6p0o1p5e90 HTTP/1.1" 500 - "-" "Mozilla/5.0 (Linux; Android 5.0) AppleWebKit/537.36 (KHTML, like Gecko) Mobile Safari/537.36 (compatible; Bytespider; spider-feedback@bytedance.com)"
65.109.118.212 - - [01/Sep/2026:09:53:28 -0400] "GET /?d=079002564 HTTP/1.1" 500 - "-" "Mozilla/5.0 (compatible; AwarioBot/1.0; +https://awario.com/bots.html)"
179.43.146.218 - - [01/Sep/2026:09:53:31 -0400] "POST /wp-includes/Text/gmkxf1o/toqzuer/hyrqmbo/seo-config.php?action=add_link HTTP/1.1" 500 - "https://cfntoronto.com/" "Mozilla/5.0 (Windows NT 10.0; Win64; x64) AppleWebKit/537.36 (KHTML, like Gecko) Chrome/120.0.0.0 Safari/537.36"
179.43.146.218 - - [01/Sep/2026:09:53:35 -0400] "POST /wp-includes/Text/gmkxf1o/toqzuer/hyrqmbo/seo-config.php?action=add_link HTTP/1.1" 500 - "https://cfntoronto.com/" "Mozilla/5.0 (Windows NT 10.0; Win64; x64) AppleWebKit/537.36 (KHTML, like Gecko) Chrome/120.0.0.0 Safari/537.36"
