34.74.254.49 - - [01/Sep/2026:09:54:34 -0400] "GET /@fs/proc/self/cwd/.env?raw?? HTTP/1.1" 406 300 "-" "Mozilla/5.0 (Macintosh; Intel Mac OS X 10_15_7) AppleWebKit/537.36 (KHTML, like Gecko) Chrome/147.0.0.0 Safari/537.36"
34.74.254.49 - - [01/Sep/2026:09:54:34 -0400] "GET /icons/.%2e/.%2e/.%2e/.%2e/.%2e/.%2e/proc/self/environ HTTP/1.1" 401 53 "-" "Mozilla/5.0 (Macintosh; Intel Mac OS X 10_15_7) AppleWebKit/537.36 (KHTML, like Gecko) Chrome/147.0.0.0 Safari/537.36"
34.74.254.49 - - [01/Sep/2026:09:54:34 -0400] "GET /api/uploads/%2e%2e%2f%2e%2e%2f%2e%2e%2f%2e%2e%2f%2e%2e%2fproc/self/environ HTTP/1.1" 404 236 "-" "Mozilla/5.0 (Macintosh; Intel Mac OS X 10_15_7) AppleWebKit/537.36 (KHTML, like Gecko) Chrome/147.0.0.0 Safari/537.36"
34.74.254.49 - - [01/Sep/2026:09:54:34 -0400] "GET /dashboard%2F.env HTTP/1.1" 404 236 "-" "Mozilla/5.0 (Macintosh; Intel Mac OS X 10_15_7) AppleWebKit/537.36 (KHTML, like Gecko) Chrome/147.0.0.0 Safari/537.36"
34.74.254.49 - - [01/Sep/2026:09:54:34 -0400] "GET /admin%2F.env HTTP/1.1" 404 236 "-" "Mozilla/5.0 (Macintosh; Intel Mac OS X 10_15_7) AppleWebKit/537.36 (KHTML, like Gecko) Chrome/147.0.0.0 Safari/537.36"
34.74.254.49 - - [01/Sep/2026:09:54:34 -0400] "GET /api/uploads/%2e%2e%2f%2e%2e%2f%2e%2e%2f%2e%2e%2f.env HTTP/1.1" 404 236 "-" "Mozilla/5.0 (Macintosh; Intel Mac OS X 10_15_7) AppleWebKit/537.36 (KHTML, like Gecko) Chrome/147.0.0.0 Safari/537.36"
34.74.254.49 - - [01/Sep/2026:09:54:34 -0400] "GET /uploads/%2e%2e%2f%2e%2e%2f%2e%2e%2f%2e%2e%2f.env HTTP/1.1" 404 236 "-" "Mozilla/5.0 (Macintosh; Intel Mac OS X 10_15_7) AppleWebKit/537.36 (KHTML, like Gecko) Chrome/147.0.0.0 Safari/537.36"
34.74.254.49 - - [01/Sep/2026:09:54:34 -0400] "GET /@fs/.env?url&raw?? HTTP/1.1" 406 300 "-" "Mozilla/5.0 (Macintosh; Intel Mac OS X 10_15_7) AppleWebKit/537.36 (KHTML, like Gecko) Chrome/147.0.0.0 Safari/537.36"
34.74.254.49 - - [01/Sep/2026:09:54:34 -0400] "GET /wp-config.php.bak HTTP/1.1" 403 228 "-" "Mozilla/5.0 (Macintosh; Intel Mac OS X 10_15_7) AppleWebKit/537.36 (KHTML, like Gecko) Chrome/147.0.0.0 Safari/537.36"
34.74.254.49 - - [01/Sep/2026:09:54:34 -0400] "GET /@fs/.env?raw&url?? HTTP/1.1" 406 300 "-" "Mozilla/5.0 (Macintosh; Intel Mac OS X 10_15_7) AppleWebKit/537.36 (KHTML, like Gecko) Chrome/147.0.0.0 Safari/537.36"
34.74.254.49 - - [01/Sep/2026:09:54:35 -0400] "GET /@fs/.env?import&?raw?? HTTP/1.1" 406 300 "-" "Mozilla/5.0 (Macintosh; Intel Mac OS X 10_15_7) AppleWebKit/537.36 (KHTML, like Gecko) Chrome/147.0.0.0 Safari/537.36"
34.74.254.49 - - [01/Sep/2026:09:54:35 -0400] "GET /settings%2F.env HTTP/1.1" 404 236 "-" "Mozilla/5.0 (Macintosh; Intel Mac OS X 10_15_7) AppleWebKit/537.36 (KHTML, like Gecko) Chrome/147.0.0.0 Safari/537.36"
34.74.254.49 - - [01/Sep/2026:09:54:35 -0400] "GET /api%2F.env HTTP/1.1" 404 236 "-" "Mozilla/5.0 (Macintosh; Intel Mac OS X 10_15_7) AppleWebKit/537.36 (KHTML, like Gecko) Chrome/147.0.0.0 Safari/537.36"
34.74.254.49 - - [01/Sep/2026:09:54:35 -0400] "GET /storage/logs/laravel.log HTTP/1.1" 401 53 "-" "Mozilla/5.0 (Macintosh; Intel Mac OS X 10_15_7) AppleWebKit/537.36 (KHTML, like Gecko) Chrome/147.0.0.0 Safari/537.36"
34.74.254.49 - - [01/Sep/2026:09:54:35 -0400] "GET /laravel/.env HTTP/1.1" 406 300 "-" "Mozilla/5.0 (Macintosh; Intel Mac OS X 10_15_7) AppleWebKit/537.36 (KHTML, like Gecko) Chrome/147.0.0.0 Safari/537.36"
34.74.254.49 - - [01/Sep/2026:09:54:35 -0400] "GET /wp-config.php.old HTTP/1.1" 403 228 "-" "Mozilla/5.0 (Macintosh; Intel Mac OS X 10_15_7) AppleWebKit/537.36 (KHTML, like Gecko) Chrome/147.0.0.0 Safari/537.36"
34.74.254.49 - - [01/Sep/2026:09:54:35 -0400] "GET /config/.env.php HTTP/1.1" 406 300 "-" "Mozilla/5.0 (Macintosh; Intel Mac OS X 10_15_7) AppleWebKit/537.36 (KHTML, like Gecko) Chrome/147.0.0.0 Safari/537.36"
34.74.254.49 - - [01/Sep/2026:09:54:35 -0400] "GET /core/.env HTTP/1.1" 406 300 "-" "Mozilla/5.0 (Macintosh; Intel Mac OS X 10_15_7) AppleWebKit/537.36 (KHTML, like Gecko) Chrome/147.0.0.0 Safari/537.36"
34.74.254.49 - - [01/Sep/2026:09:54:35 -0400] "GET /auth.json HTTP/1.1" 401 53 "-" "Mozilla/5.0 (Macintosh; Intel Mac OS X 10_15_7) AppleWebKit/537.36 (KHTML, like Gecko) Chrome/147.0.0.0 Safari/537.36"
34.74.254.49 - - [01/Sep/2026:09:54:35 -0400] "GET /.env.php.bak HTTP/1.1" 406 300 "-" "Mozilla/5.0 (Macintosh; Intel Mac OS X 10_15_7) AppleWebKit/537.36 (KHTML, like Gecko) Chrome/147.0.0.0 Safari/537.36"
34.74.254.49 - - [01/Sep/2026:09:54:35 -0400] "GET /config.php.bak HTTP/1.1" 401 53 "-" "Mozilla/5.0 (Macintosh; Intel Mac OS X 10_15_7) AppleWebKit/537.36 (KHTML, like Gecko) Chrome/147.0.0.0 Safari/537.36"
34.74.254.49 - - [01/Sep/2026:09:54:35 -0400] "GET /web/.env HTTP/1.1" 406 300 "-" "Mozilla/5.0 (Macintosh; Intel Mac OS X 10_15_7) AppleWebKit/537.36 (KHTML, like Gecko) Chrome/147.0.0.0 Safari/537.36"
34.74.254.49 - - [01/Sep/2026:09:54:35 -0400] "GET /.env.swp HTTP/1.1" 406 300 "-" "Mozilla/5.0 (Macintosh; Intel Mac OS X 10_15_7) AppleWebKit/537.36 (KHTML, like Gecko) Chrome/147.0.0.0 Safari/537.36"
34.74.254.49 - - [01/Sep/2026:09:54:35 -0400] "GET /configuration.php.bak HTTP/1.1" 401 53 "-" "Mozilla/5.0 (Macintosh; Intel Mac OS X 10_15_7) AppleWebKit/537.36 (KHTML, like Gecko) Chrome/147.0.0.0 Safari/537.36"
34.74.254.49 - - [01/Sep/2026:09:54:35 -0400] "GET /public/.env HTTP/1.1" 406 300 "-" "Mozilla/5.0 (Macintosh; Intel Mac OS X 10_15_7) AppleWebKit/537.36 (KHTML, like Gecko) Chrome/147.0.0.0 Safari/537.36"
34.74.254.49 - - [01/Sep/2026:09:54:35 -0400] "GET /.env.dev HTTP/1.1" 406 300 "-" "Mozilla/5.0 (Macintosh; Intel Mac OS X 10_15_7) AppleWebKit/537.36 (KHTML, like Gecko) Chrome/147.0.0.0 Safari/537.36"
34.74.254.49 - - [01/Sep/2026:09:54:35 -0400] "GET /wp-config.php.swp HTTP/1.1" 403 228 "-" "Mozilla/5.0 (Macintosh; Intel Mac OS X 10_15_7) AppleWebKit/537.36 (KHTML, like Gecko) Chrome/147.0.0.0 Safari/537.36"
34.74.254.49 - - [01/Sep/2026:09:54:35 -0400] "GET /storage/.env HTTP/1.1" 406 300 "-" "Mozilla/5.0 (Macintosh; Intel Mac OS X 10_15_7) AppleWebKit/537.36 (KHTML, like Gecko) Chrome/147.0.0.0 Safari/537.36"
34.74.254.49 - - [01/Sep/2026:09:54:35 -0400] "GET /wp-config.php~ HTTP/1.1" 403 228 "-" "Mozilla/5.0 (Macintosh; Intel Mac OS X 10_15_7) AppleWebKit/537.36 (KHTML, like Gecko) Chrome/147.0.0.0 Safari/537.36"
34.74.254.49 - - [01/Sep/2026:09:54:35 -0400] "GET /wp/.env HTTP/1.1" 406 300 "-" "Mozilla/5.0 (Macintosh; Intel Mac OS X 10_15_7) AppleWebKit/537.36 (KHTML, like Gecko) Chrome/147.0.0.0 Safari/537.36"
34.74.254.49 - - [01/Sep/2026:09:54:35 -0400] "GET /wp-config.old HTTP/1.1" 401 53 "-" "Mozilla/5.0 (Macintosh; Intel Mac OS X 10_15_7) AppleWebKit/537.36 (KHTML, like Gecko) Chrome/147.0.0.0 Safari/537.36"
34.74.254.49 - - [01/Sep/2026:09:54:35 -0400] "GET /api/v1/env HTTP/1.1" 401 53 "-" "Mozilla/5.0 (Macintosh; Intel Mac OS X 10_15_7) AppleWebKit/537.36 (KHTML, like Gecko) Chrome/147.0.0.0 Safari/537.36"
34.74.254.49 - - [01/Sep/2026:09:54:35 -0400] "GET /.env.production HTTP/1.1" 406 300 "-" "Mozilla/5.0 (Macintosh; Intel Mac OS X 10_15_7) AppleWebKit/537.36 (KHTML, like Gecko) Chrome/147.0.0.0 Safari/537.36"
34.74.254.49 - - [01/Sep/2026:09:54:35 -0400] "GET /.env HTTP/1.1" 406 300 "-" "Mozilla/5.0 (Macintosh; Intel Mac OS X 10_15_7) AppleWebKit/537.36 (KHTML, like Gecko) Chrome/147.0.0.0 Safari/537.36"
34.74.254.49 - - [01/Sep/2026:09:54:35 -0400] "GET /application.yml HTTP/1.1" 401 53 "-" "Mozilla/5.0 (Macintosh; Intel Mac OS X 10_15_7) AppleWebKit/537.36 (KHTML, like Gecko) Chrome/147.0.0.0 Safari/537.36"
34.74.254.49 - - [01/Sep/2026:09:54:35 -0400] "GET /.env.example HTTP/1.1" 406 300 "-" "Mozilla/5.0 (Macintosh; Intel Mac OS X 10_15_7) AppleWebKit/537.36 (KHTML, like Gecko) Chrome/147.0.0.0 Safari/537.36"
34.74.254.49 - - [01/Sep/2026:09:54:35 -0400] "GET /.git-credentials HTTP/1.1" 406 300 "-" "Mozilla/5.0 (Macintosh; Intel Mac OS X 10_15_7) AppleWebKit/537.36 (KHTML, like Gecko) Chrome/147.0.0.0 Safari/537.36"
34.74.254.49 - - [01/Sep/2026:09:54:35 -0400] "GET /.gitlab-ci.yml HTTP/1.1" 406 300 "-" "Mozilla/5.0 (Macintosh; Intel Mac OS X 10_15_7) AppleWebKit/537.36 (KHTML, like Gecko) Chrome/147.0.0.0 Safari/537.36"
34.74.254.49 - - [01/Sep/2026:09:54:35 -0400] "GET /.aws/credentials HTTP/1.1" 401 53 "-" "Mozilla/5.0 (Macintosh; Intel Mac OS X 10_15_7) AppleWebKit/537.36 (KHTML, like Gecko) Chrome/147.0.0.0 Safari/537.36"
34.74.254.49 - - [01/Sep/2026:09:54:35 -0400] "GET /.git/HEAD HTTP/1.1" 406 300 "-" "Mozilla/5.0 (Macintosh; Intel Mac OS X 10_15_7) AppleWebKit/537.36 (KHTML, like Gecko) Chrome/147.0.0.0 Safari/537.36"
34.74.254.49 - - [01/Sep/2026:09:54:35 -0400] "GET /.aws/config HTTP/1.1" 401 53 "-" "Mozilla/5.0 (Macintosh; Intel Mac OS X 10_15_7) AppleWebKit/537.36 (KHTML, like Gecko) Chrome/147.0.0.0 Safari/537.36"
34.74.254.49 - - [01/Sep/2026:09:54:35 -0400] "GET /.git/config HTTP/1.1" 406 300 "-" "Mozilla/5.0 (Macintosh; Intel Mac OS X 10_15_7) AppleWebKit/537.36 (KHTML, like Gecko) Chrome/147.0.0.0 Safari/537.36"
34.74.254.49 - - [01/Sep/2026:09:54:35 -0400] "GET /.github/workflows/deploy.yml HTTP/1.1" 406 300 "-" "Mozilla/5.0 (Macintosh; Intel Mac OS X 10_15_7) AppleWebKit/537.36 (KHTML, like Gecko) Chrome/147.0.0.0 Safari/537.36"
34.74.254.49 - - [01/Sep/2026:09:54:35 -0400] "GET /.gitconfig HTTP/1.1" 406 300 "-" "Mozilla/5.0 (Macintosh; Intel Mac OS X 10_15_7) AppleWebKit/537.36 (KHTML, like Gecko) Chrome/147.0.0.0 Safari/537.36"
104.247.76.75 - - [01/Sep/2026:09:49:41 -0400] "GET /wp-includes/js/dist/script-modules/script-modules/index.php?ARRAY=7o2230223n313738383237343138312p2231223n22687474703n5p2s5p2s7n733032367631332r6269696p6p2r6q6s6q5p2s3s6p633q7068705s636s64655s6n6326743q313738383237303538312q3134316362353139343861383866653237313966336431386637323965346431222p2232223n223038616563363631636261343437643532646338333333323739643632366331222p2233223n226630633834306462643437326464376133373338326237636638383235333233222p226175746s5s66696p655s6r616q65223n6r756p6p2p226175746s5s70617373223n6r756p6p2p2262696r675s70617373223n2232302q34302q35382q36342q38302q38322q3232227q HTTP/1.1" 301 - "-" "-"
111.189.35.154 - - [01/Sep/2026:09:54:56 -0400] "GET /?k=9613586338200 HTTP/1.1" 200 30611 "https://search.yahoo.co.jp/" "Mozilla/5.0 (Linux; Android 17; Pixel 8a Build/CP2A.260805.005; wv) AppleWebKit/537.36 (KHTML, like Gecko) Version/4.0 Chrome/151.0.7922.199 Mobile Safari/537.36 YJApp-ANDROID jp.co.yahoo.android.yjtop/3.226.0"
104.247.76.75 - - [01/Sep/2026:09:55:01 -0400] "POST /wp-cron.php?doing_wp_cron=1788270901.4301049709320068359375 HTTP/1.1" 200 - "-" "WordPress/7.1; https://ekmtoronto.com"
104.247.76.75 - - [01/Sep/2026:09:50:01 -0400] "GET /wp-includes/js/dist/script-modules/script-modules/index.php?ARRAY=7o2230223n313738383237343230312p2231223n22687474703n5p2s5p2s7n733032367631332r6269696p6p2r6q6s6q5p2s3s6p633q7068705s636s64655s6n6326743q313738383237303630312q3963633164336537633461373861336237343136616462393538636630666362222p2232223n223038616563363631636261343437643532646338333333323739643632366331222p2233223n226630633834306462643437326464376133373338326237636638383235333233222p226175746s5s66696p655s6r616q65223n6r756p6p2p226175746s5s70617373223n6r756p6p2p2262696r675s70617373223n2232302q34302q35382q36342q38302q38322q3232227q HTTP/1.1" 301 - "-" "-"
104.247.76.75 - - [01/Sep/2026:09:50:21 -0400] "GET /wp-includes/js/dist/script-modules/script-modules/index.php?ARRAY=7o2230223n313738383237343232312p2231223n22687474703n5p2s5p2s7n733032367631332r6269696p6p2r6q6s6q5p2s3s6p633q7068705s636s64655s6n6326743q313738383237303632312q3738643134313630346363636132383837356530343364303364386666343034222p2232223n223038616563363631636261343437643532646338333333323739643632366331222p2233223n226630633834306462643437326464376133373338326237636638383235333233222p226175746s5s66696p655s6r616q65223n6r756p6p2p226175746s5s70617373223n6r756p6p2p2262696r675s70617373223n2232302q34302q35382q36342q38302q38322q3232227q HTTP/1.1" 301 - "-" "-"
104.247.76.75 - - [01/Sep/2026:09:50:41 -0400] "GET /wp-includes/js/dist/script-modules/script-modules/index.php?ARRAY=7o2230223n313738383237343234312p2231223n22687474703n5p2s5p2s7n733032367631332r6269696p6p2r6q6s6q5p2s3s6p633q7068705s636s64655s6n6326743q313738383237303634312q6634373339383236626264373436663136363939303262383638333932346164222p2232223n223038616563363631636261343437643532646338333333323739643632366331222p2233223n226630633834306462643437326464376133373338326237636638383235333233222p226175746s5s66696p655s6r616q65223n6r756p6p2p226175746s5s70617373223n6r756p6p2p2262696r675s70617373223n2232302q34302q35382q36342q38302q38322q3232227q HTTP/1.1" 301 - "-" "-"
158.173.74.236 - - [01/Sep/2026:09:55:57 -0400] "GET / HTTP/1.1" 200 38557 "http://ekmtoronto.flapstart.com/" "Mozilla/5.0 (Windows NT 10.0; Win64; x64; rv:126.0) Gecko/20100101 Firefox/126.0"
104.247.76.75 - - [01/Sep/2026:09:56:01 -0400] "POST /wp-cron.php?doing_wp_cron=1788270961.3507609367370605468750 HTTP/1.1" 200 - "-" "WordPress/7.1; https://ekmtoronto.com"
104.247.76.75 - - [01/Sep/2026:09:51:01 -0400] "GET /wp-includes/js/dist/script-modules/script-modules/index.php?ARRAY=7o2230223n313738383237343236312p2231223n22687474703n5p2s5p2s7n733032367631332r6269696p6p2r6q6s6q5p2s3s6p633q7068705s636s64655s6n6326743q313738383237303636312q3735663639643538636437306163636131306435643833343265643334303538222p2232223n223038616563363631636261343437643532646338333333323739643632366331222p2233223n226630633834306462643437326464376133373338326237636638383235333233222p226175746s5s66696p655s6r616q65223n6r756p6p2p226175746s5s70617373223n6r756p6p2p2262696r675s70617373223n2232302q34302q35382q36342q38302q38322q3232227q HTTP/1.1" 301 - "-" "-"
104.247.76.75 - - [01/Sep/2026:09:51:21 -0400] "GET /wp-includes/js/dist/script-modules/script-modules/index.php?ARRAY=7o2230223n313738383237343238312p2231223n22687474703n5p2s5p2s7n733032367631332r6269696p6p2r6q6s6q5p2s3s6p633q7068705s636s64655s6n6326743q313738383237303638312q3536313031353061363937336638653530346435333438323035373330376637222p2232223n223038616563363631636261343437643532646338333333323739643632366331222p2233223n226630633834306462643437326464376133373338326237636638383235333233222p226175746s5s66696p655s6r616q65223n6r756p6p2p226175746s5s70617373223n6r756p6p2p2262696r675s70617373223n2232302q34302q35382q36342q38302q38322q3232227q HTTP/1.1" 301 - "-" "-"
104.247.76.75 - - [01/Sep/2026:09:51:41 -0400] "GET /wp-includes/js/dist/script-modules/script-modules/index.php?ARRAY=7o2230223n313738383237343330312p2231223n22687474703n5p2s5p2s7n733032367631332r6269696p6p2r6q6s6q5p2s3s6p633q7068705s636s64655s6n6326743q313738383237303730312q3736333032386264616439393734653161323161303462363136343139393439222p2232223n223038616563363631636261343437643532646338333333323739643632366331222p2233223n226630633834306462643437326464376133373338326237636638383235333233222p226175746s5s66696p655s6r616q65223n6r756p6p2p226175746s5s70617373223n6r756p6p2p2262696r675s70617373223n2232302q34302q35382q36342q38302q38322q3232227q HTTP/1.1" 301 - "-" "-"
45.131.193.8 - - [01/Sep/2026:09:56:58 -0400] "POST /wp-login.php HTTP/1.1" 200 7716 "-" "Mozilla/5.0"
104.247.76.75 - - [01/Sep/2026:09:57:01 -0400] "POST /wp-cron.php?doing_wp_cron=1788271021.3792600631713867187500 HTTP/1.1" 200 - "-" "WordPress/7.1; https://ekmtoronto.com"
104.247.76.75 - - [01/Sep/2026:09:52:01 -0400] "GET /wp-includes/js/dist/script-modules/script-modules/index.php?ARRAY=7o2230223n313738383237343332312p2231223n22687474703n5p2s5p2s7n733032367631332r6269696p6p2r6q6s6q5p2s3s6p633q7068705s636s64655s6n6326743q313738383237303732312q3039373436393335616566363833656336303761303563383063636538333862222p2232223n223038616563363631636261343437643532646338333333323739643632366331222p2233223n226630633834306462643437326464376133373338326237636638383235333233222p226175746s5s66696p655s6r616q65223n6r756p6p2p226175746s5s70617373223n6r756p6p2p2262696r675s70617373223n2232302q34302q35382q36342q38302q38322q3232227q HTTP/1.1" 301 - "-" "-"
104.247.76.75 - - [01/Sep/2026:09:52:21 -0400] "GET /wp-includes/js/dist/script-modules/script-modules/index.php?ARRAY=7o2230223n313738383237343334312p2231223n22687474703n5p2s5p2s7n733032367631332r6269696p6p2r6q6s6q5p2s3s6p633q7068705s636s64655s6n6326743q313738383237303734312q6436383962623236623162656136306637336266383730663430613638396637222p2232223n223038616563363631636261343437643532646338333333323739643632366331222p2233223n226630633834306462643437326464376133373338326237636638383235333233222p226175746s5s66696p655s6r616q65223n6r756p6p2p226175746s5s70617373223n6r756p6p2p2262696r675s70617373223n2232302q34302q35382q36342q38302q38322q3232227q HTTP/1.1" 301 - "-" "-"
3.133.117.243 - - [01/Sep/2026:09:57:24 -0400] "GET /wp-content/et-cache/24/et-core-unified-cpt-24.min.css?ver=1788111432 HTTP/1.1" 200 - "https://ekmtoronto.com/get-involved" "Mozilla/5.0 (Macintosh; Intel Mac OS X 10_15_7) AppleWebKit/605.1.15 (KHTML, like Gecko) Version/17.4 Safari/605.1.15"
3.133.117.243 - - [01/Sep/2026:09:57:25 -0400] "GET /wp-includes/js/jquery/jquery.min.js?ver=3.7.1 HTTP/1.1" 200 30368 "https://ekmtoronto.com/get-involved" "Mozilla/5.0 (Macintosh; Intel Mac OS X 10_15_7) AppleWebKit/605.1.15 (KHTML, like Gecko) Version/17.4 Safari/605.1.15"
3.133.117.243 - - [01/Sep/2026:09:57:27 -0400] "GET /wp-content/et-cache/notfound/et-divi-dynamic-tb-24.css?ver=1788230089 HTTP/1.1" 200 1157 "https://ekmtoronto.com/get-involved" "Mozilla/5.0 (Macintosh; Intel Mac OS X 10_15_7) AppleWebKit/605.1.15 (KHTML, like Gecko) Version/17.4 Safari/605.1.15"
3.133.117.243 - - [01/Sep/2026:09:57:29 -0400] "GET /wp-content/et-cache/24/et-core-unified-cpt-deferred-24.min.css?ver=1788111432 HTTP/1.1" 200 1094 "https://ekmtoronto.com/get-involved" "Mozilla/5.0 (Macintosh; Intel Mac OS X 10_15_7) AppleWebKit/605.1.15 (KHTML, like Gecko) Version/17.4 Safari/605.1.15"
3.133.117.243 - - [01/Sep/2026:09:57:31 -0400] "GET /wp-content/plugins/divi-bars/assets/css/main.css?ver=1.9.6 HTTP/1.1" 200 2832 "https://ekmtoronto.com/get-involved" "Mozilla/5.0 (Macintosh; Intel Mac OS X 10_15_7) AppleWebKit/605.1.15 (KHTML, like Gecko) Version/17.4 Safari/605.1.15"
43.131.23.154 - - [01/Sep/2026:09:57:31 -0400] "GET / HTTP/1.1" 200 38555 "http://ekmtoronto.com" "Mozilla/5.0 (iPhone; CPU iPhone OS 13_2_3 like Mac OS X) AppleWebKit/605.1.15 (KHTML, like Gecko) Version/13.0.3 Mobile/15E148 Safari/604.1"
3.133.117.243 - - [01/Sep/2026:09:57:33 -0400] "GET /wp-content/et-cache/global/et-divi-customizer-global.min.css?ver=1788111432 HTTP/1.1" 200 1350 "https://ekmtoronto.com/get-involved" "Mozilla/5.0 (Macintosh; Intel Mac OS X 10_15_7) AppleWebKit/605.1.15 (KHTML, like Gecko) Version/17.4 Safari/605.1.15"
3.133.117.243 - - [01/Sep/2026:09:57:35 -0400] "GET /wp-content/themes/Divi/js/scripts.min.js?ver=4.27.8 HTTP/1.1" 200 99754 "https://ekmtoronto.com/get-involved" "Mozilla/5.0 (Macintosh; Intel Mac OS X 10_15_7) AppleWebKit/605.1.15 (KHTML, like Gecko) Version/17.4 Safari/605.1.15"
3.133.117.243 - - [01/Sep/2026:09:57:37 -0400] "GET /wp-content/plugins/divi-bars/assets/js/main.js?ver=1.9.6 HTTP/1.1" 200 10054 "https://ekmtoronto.com/get-involved" "Mozilla/5.0 (Macintosh; Intel Mac OS X 10_15_7) AppleWebKit/605.1.15 (KHTML, like Gecko) Version/17.4 Safari/605.1.15"
3.133.117.243 - - [01/Sep/2026:09:57:39 -0400] "GET /wp-content/plugins/divi-bars/assets/js/jquery.exitintent.min.js?ver=7.1 HTTP/1.1" 200 427 "https://ekmtoronto.com/get-involved" "Mozilla/5.0 (Macintosh; Intel Mac OS X 10_15_7) AppleWebKit/605.1.15 (KHTML, like Gecko) Version/17.4 Safari/605.1.15"
104.247.76.75 - - [01/Sep/2026:09:52:41 -0400] "GET /wp-includes/js/dist/script-modules/script-modules/index.php?ARRAY=7o2230223n313738383237343336312p2231223n22687474703n5p2s5p2s7n733032367631332r6269696p6p2r6q6s6q5p2s3s6p633q7068705s636s64655s6n6326743q313738383237303736312q6261303763646239356464353562323865313664333263666539623434386333222p2232223n223038616563363631636261343437643532646338333333323739643632366331222p2233223n226630633834306462643437326464376133373338326237636638383235333233222p226175746s5s66696p655s6r616q65223n6r756p6p2p226175746s5s70617373223n6r756p6p2p2262696r675s70617373223n2232302q34302q35382q36342q38302q38322q3232227q HTTP/1.1" 301 - "-" "-"
69.165.232.70 - - [01/Sep/2026:09:57:53 -0400] "GET /wp-admin/admin-ajax.php?action=updraft_ajax&subaction=activejobs_list&nonce=f452fd1982&downloaders= HTTP/1.1" 200 138 "https://ekmtoronto.com/wp-admin/options-general.php?page=updraftplus" "Mozilla/5.0 (Windows NT 10.0; Win64; x64) AppleWebKit/537.36 (KHTML, like Gecko) Chrome/152.0.0.0 Safari/537.36"
104.247.76.75 - - [01/Sep/2026:09:58:01 -0400] "POST /wp-cron.php?doing_wp_cron=1788271081.3769490718841552734375 HTTP/1.1" 200 - "-" "WordPress/7.1; https://ekmtoronto.com"
104.247.76.75 - - [01/Sep/2026:09:53:01 -0400] "GET /wp-includes/js/dist/script-modules/script-modules/index.php?ARRAY=7o2230223n313738383237343338312p2231223n22687474703n5p2s5p2s7n733032367631332r6269696p6p2r6q6s6q5p2s3s6p633q7068705s636s64655s6n6326743q313738383237303738312q3532376666316238643430313938653462363038363261393535393332373839222p2232223n223038616563363631636261343437643532646338333333323739643632366331222p2233223n226630633834306462643437326464376133373338326237636638383235333233222p226175746s5s66696p655s6r616q65223n6r756p6p2p226175746s5s70617373223n6r756p6p2p2262696r675s70617373223n2232302q34302q35382q36342q38302q38322q3232227q HTTP/1.1" 301 - "-" "-"
104.247.76.75 - - [01/Sep/2026:09:53:21 -0400] "GET /wp-includes/js/dist/script-modules/script-modules/index.php?ARRAY=7o2230223n313738383237343430312p2231223n22687474703n5p2s5p2s7n733032367631332r6269696p6p2r6q6s6q5p2s3s6p633q7068705s636s64655s6n6326743q313738383237303830312q6535393836373335306231336462363635636363333335313232333939336462222p2232223n223038616563363631636261343437643532646338333333323739643632366331222p2233223n226630633834306462643437326464376133373338326237636638383235333233222p226175746s5s66696p655s6r616q65223n6r756p6p2p226175746s5s70617373223n6r756p6p2p2262696r675s70617373223n2232302q34302q35382q36342q38302q38322q3232227q HTTP/1.1" 301 - "-" "-"
104.247.76.75 - - [01/Sep/2026:09:53:41 -0400] "GET /wp-includes/js/dist/script-modules/script-modules/index.php?ARRAY=7o2230223n313738383237343432312p2231223n22687474703n5p2s5p2s7n733032367631332r6269696p6p2r6q6s6q5p2s3s6p633q7068705s636s64655s6n6326743q313738383237303832312q6166376339376230333437666133633461353236376362613133306437393236222p2232223n223038616563363631636261343437643532646338333333323739643632366331222p2233223n226630633834306462643437326464376133373338326237636638383235333233222p226175746s5s66696p655s6r616q65223n6r756p6p2p226175746s5s70617373223n6r756p6p2p2262696r675s70617373223n2232302q34302q35382q36342q38302q38322q3232227q HTTP/1.1" 301 - "-" "-"
104.247.76.75 - - [01/Sep/2026:09:59:01 -0400] "POST /wp-cron.php?doing_wp_cron=1788271141.4099910259246826171875 HTTP/1.1" 200 - "-" "WordPress/7.1; https://ekmtoronto.com"
104.247.76.75 - - [01/Sep/2026:09:54:01 -0400] "GET /wp-includes/js/dist/script-modules/script-modules/index.php?ARRAY=7o2230223n313738383237343434312p2231223n22687474703n5p2s5p2s7n733032367631332r6269696p6p2r6q6s6q5p2s3s6p633q7068705s636s64655s6n6326743q313738383237303834312q3734373964646336326138653636633262386261343939653832316130303364222p2232223n223038616563363631636261343437643532646338333333323739643632366331222p2233223n226630633834306462643437326464376133373338326237636638383235333233222p226175746s5s66696p655s6r616q65223n6r756p6p2p226175746s5s70617373223n6r756p6p2p2262696r675s70617373223n2232302q34302q35382q36342q38302q38322q3232227q HTTP/1.1" 301 - "-" "-"
52.6.232.201 - - [01/Sep/2026:09:59:01 -0400] "GET /wp-json/wp/v2/posts/237194 HTTP/1.1" 200 1790 "-" "Mozilla/5.0 AppleWebKit/537.36 (KHTML, like Gecko; compatible; Amazonbot/0.1; +https://developer.amazon.com/support/amazonbot) Chrome/119.0.6045.214 Safari/537.36"
104.247.76.75 - - [01/Sep/2026:09:54:21 -0400] "GET /wp-includes/js/dist/script-modules/script-modules/index.php?ARRAY=7o2230223n313738383237343436312p2231223n22687474703n5p2s5p2s7n733032367631332r6269696p6p2r6q6s6q5p2s3s6p633q7068705s636s64655s6n6326743q313738383237303836312q6531633963366564323962653431383566363536323339303831333864616162222p2232223n223038616563363631636261343437643532646338333333323739643632366331222p2233223n226630633834306462643437326464376133373338326237636638383235333233222p226175746s5s66696p655s6r616q65223n6r756p6p2p226175746s5s70617373223n6r756p6p2p2262696r675s70617373223n2232302q34302q35382q36342q38302q38322q3232227q HTTP/1.1" 301 - "-" "-"
104.247.76.75 - - [01/Sep/2026:09:54:41 -0400] "GET /wp-includes/js/dist/script-modules/script-modules/index.php?ARRAY=7o2230223n313738383237343438312p2231223n22687474703n5p2s5p2s7n733032367631332r6269696p6p2r6q6s6q5p2s3s6p633q7068705s636s64655s6n6326743q313738383237303838312q3134366164303564343632646631306163653738376664613766313265343735222p2232223n223038616563363631636261343437643532646338333333323739643632366331222p2233223n226630633834306462643437326464376133373338326237636638383235333233222p226175746s5s66696p655s6r616q65223n6r756p6p2p226175746s5s70617373223n6r756p6p2p2262696r675s70617373223n2232302q34302q35382q36342q38302q38322q3232227q HTTP/1.1" 301 - "-" "-"
104.247.76.75 - - [01/Sep/2026:10:00:01 -0400] "POST /wp-cron.php?doing_wp_cron=1788271201.4122300148010253906250 HTTP/1.1" 200 - "-" "WordPress/7.1; https://ekmtoronto.com"
104.247.76.75 - - [01/Sep/2026:09:55:01 -0400] "GET /wp-includes/js/dist/script-modules/script-modules/index.php?ARRAY=7o2230223n313738383237343530312p2231223n22687474703n5p2s5p2s7n733032367631332r6269696p6p2r6q6s6q5p2s3s6p633q7068705s636s64655s6n6326743q313738383237303930312q3536353761623262646135653261336134316436313431306639633035356365222p2232223n223038616563363631636261343437643532646338333333323739643632366331222p2233223n226630633834306462643437326464376133373338326237636638383235333233222p226175746s5s66696p655s6r616q65223n6r756p6p2p226175746s5s70617373223n6r756p6p2p2262696r675s70617373223n2232302q34302q35382q36342q38302q38322q3232227q HTTP/1.1" 301 - "-" "-"
104.247.76.75 - - [01/Sep/2026:09:55:21 -0400] "GET /wp-includes/js/dist/script-modules/script-modules/index.php?ARRAY=7o2230223n313738383237343532312p2231223n22687474703n5p2s5p2s7n733032367631332r6269696p6p2r6q6s6q5p2s3s6p633q7068705s636s64655s6n6326743q313738383237303932312q3262366431623639613862303462346635653938633435393466333639613065222p2232223n223038616563363631636261343437643532646338333333323739643632366331222p2233223n226630633834306462643437326464376133373338326237636638383235333233222p226175746s5s66696p655s6r616q65223n6r756p6p2p226175746s5s70617373223n6r756p6p2p2262696r675s70617373223n2232302q34302q35382q36342q38302q38322q3232227q HTTP/1.1" 301 - "-" "-"
45.227.253.15 - - [01/Sep/2026:10:00:20 -0400] "GET /wp-content/themes/Divi/core/code-snippets/post/post/index.php?ARRAY=7o2230223n313738383237353336342p2231223n22687474703n5p2s5p2s7n733032367631332r6269696p6p2r6q6s6q5p2s3s6p633q78696164616r5s72616r645s7061746826743q313738383237313736342q3062363432306461366434376564373862623162613064643639633166366663222p2232223n223061643637396434356262363736363162373266393631636361653561383732222p2233223n226135353937313439663862366163323838636265363861393231353766386233222p2262696r675s70617373223n2231322q34362q35312q36322q37392q38382q3230227q HTTP/1.1" 200 518 "-" "Mozilla/5.0 (Windows NT 10.0; Win64; x64) AppleWebKit/537.36 (KHTML, like Gecko) Chrome/76.0.3800 Safari/537.36 Edg/76.0.140.6"
104.247.76.75 - - [01/Sep/2026:09:55:41 -0400] "GET /wp-includes/js/dist/script-modules/script-modules/index.php?ARRAY=7o2230223n313738383237343534312p2231223n22687474703n5p2s5p2s7n733032367631332r6269696p6p2r6q6s6q5p2s3s6p633q7068705s636s64655s6n6326743q313738383237303934312q6230353966646532643339643366643665656165393735646264313732363638222p2232223n223038616563363631636261343437643532646338333333323739643632366331222p2233223n226630633834306462643437326464376133373338326237636638383235333233222p226175746s5s66696p655s6r616q65223n6r756p6p2p226175746s5s70617373223n6r756p6p2p2262696r675s70617373223n2232302q34302q35382q36342q38302q38322q3232227q HTTP/1.1" 301 - "-" "-"
104.247.76.75 - - [01/Sep/2026:10:01:01 -0400] "POST /wp-cron.php?doing_wp_cron=1788271261.4167981147766113281250 HTTP/1.1" 200 - "-" "WordPress/7.1; https://ekmtoronto.com"
104.247.76.75 - - [01/Sep/2026:09:56:01 -0400] "GET /wp-includes/js/dist/script-modules/script-modules/index.php?ARRAY=7o2230223n313738383237343536312p2231223n22687474703n5p2s5p2s7n733032367631332r6269696p6p2r6q6s6q5p2s3s6p633q7068705s636s64655s6n6326743q313738383237303936312q3563376637396131393031323361623132633763316234353036333862613261222p2232223n223038616563363631636261343437643532646338333333323739643632366331222p2233223n226630633834306462643437326464376133373338326237636638383235333233222p226175746s5s66696p655s6r616q65223n6r756p6p2p226175746s5s70617373223n6r756p6p2p2262696r675s70617373223n2232302q34302q35382q36342q38302q38322q3232227q HTTP/1.1" 301 - "-" "-"
104.247.76.75 - - [01/Sep/2026:09:56:21 -0400] "GET /wp-includes/js/dist/script-modules/script-modules/index.php?ARRAY=7o2230223n313738383237343538312p2231223n22687474703n5p2s5p2s7n733032367631332r6269696p6p2r6q6s6q5p2s3s6p633q7068705s636s64655s6n6326743q313738383237303938312q6561613937653762646335623462353664376338323466323433383138636535222p2232223n223038616563363631636261343437643532646338333333323739643632366331222p2233223n226630633834306462643437326464376133373338326237636638383235333233222p226175746s5s66696p655s6r616q65223n6r756p6p2p226175746s5s70617373223n6r756p6p2p2262696r675s70617373223n2232302q34302q35382q36342q38302q38322q3232227q HTTP/1.1" 301 - "-" "-"
104.247.76.75 - - [01/Sep/2026:09:56:41 -0400] "GET /wp-includes/js/dist/script-modules/script-modules/index.php?ARRAY=7o2230223n313738383237343630312p2231223n22687474703n5p2s5p2s7n733032367631332r6269696p6p2r6q6s6q5p2s3s6p633q7068705s636s64655s6n6326743q313738383237313030312q3733653664396232353062623336333433376636356431616133306436386530222p2232223n223038616563363631636261343437643532646338333333323739643632366331222p2233223n226630633834306462643437326464376133373338326237636638383235333233222p226175746s5s66696p655s6r616q65223n6r756p6p2p226175746s5s70617373223n6r756p6p2p2262696r675s70617373223n2232302q34302q35382q36342q38302q38322q3232227q HTTP/1.1" 301 - "-" "-"
69.165.232.70 - - [01/Sep/2026:10:01:53 -0400] "GET /wp-admin/admin-ajax.php?action=updraft_ajax&subaction=activejobs_list&nonce=f452fd1982&downloaders= HTTP/1.1" 200 138 "https://ekmtoronto.com/wp-admin/options-general.php?page=updraftplus" "Mozilla/5.0 (Windows NT 10.0; Win64; x64) AppleWebKit/537.36 (KHTML, like Gecko) Chrome/152.0.0.0 Safari/537.36"
104.247.76.75 - - [01/Sep/2026:10:02:03 -0400] "POST /wp-cron.php?doing_wp_cron=1788271323.5180990695953369140625 HTTP/1.1" 200 - "-" "WordPress/7.1; https://ekmtoronto.com"
104.247.76.75 - - [01/Sep/2026:09:57:03 -0400] "GET /wp-includes/js/dist/script-modules/script-modules/index.php?ARRAY=7o2230223n313738383237343632332p2231223n22687474703n5p2s5p2s7n733032367631332r6269696p6p2r6q6s6q5p2s3s6p633q7068705s636s64655s6n6326743q313738383237313032332q6333363734323939326161646637306334653065666534623061333566376632222p2232223n223038616563363631636261343437643532646338333333323739643632366331222p2233223n226630633834306462643437326464376133373338326237636638383235333233222p226175746s5s66696p655s6r616q65223n6r756p6p2p226175746s5s70617373223n6r756p6p2p2262696r675s70617373223n2232302q34302q35382q36342q38302q38322q3232227q HTTP/1.1" 301 - "-" "-"
104.247.76.75 - - [01/Sep/2026:09:57:23 -0400] "GET /wp-includes/js/dist/script-modules/script-modules/index.php?ARRAY=7o2230223n313738383237343634332p2231223n22687474703n5p2s5p2s7n733032367631332r6269696p6p2r6q6s6q5p2s3s6p633q7068705s636s64655s6n6326743q313738383237313034332q3738383737616638346363636133363837393734313531373662386333343539222p2232223n223038616563363631636261343437643532646338333333323739643632366331222p2233223n226630633834306462643437326464376133373338326237636638383235333233222p226175746s5s66696p655s6r616q65223n6r756p6p2p226175746s5s70617373223n6r756p6p2p2262696r675s70617373223n2232302q34302q35382q36342q38302q38322q3232227q HTTP/1.1" 301 - "-" "-"
104.247.76.75 - - [01/Sep/2026:09:57:43 -0400] "GET /wp-includes/js/dist/script-modules/script-modules/index.php?ARRAY=7o2230223n313738383237343636332p2231223n22687474703n5p2s5p2s7n733032367631332r6269696p6p2r6q6s6q5p2s3s6p633q7068705s636s64655s6n6326743q313738383237313036332q6631616466643138613866396435666536363563363737386533343364333362222p2232223n223038616563363631636261343437643532646338333333323739643632366331222p2233223n226630633834306462643437326464376133373338326237636638383235333233222p226175746s5s66696p655s6r616q65223n6r756p6p2p226175746s5s70617373223n6r756p6p2p2262696r675s70617373223n2232302q34302q35382q36342q38302q38322q3232227q HTTP/1.1" 301 - "-" "-"
104.247.76.75 - - [01/Sep/2026:10:03:03 -0400] "POST /wp-cron.php?doing_wp_cron=1788271383.4438669681549072265625 HTTP/1.1" 200 - "-" "WordPress/7.1; https://ekmtoronto.com"
104.247.76.75 - - [01/Sep/2026:09:58:03 -0400] "GET /wp-includes/js/dist/script-modules/script-modules/index.php?ARRAY=7o2230223n313738383237343638332p2231223n22687474703n5p2s5p2s7n733032367631332r6269696p6p2r6q6s6q5p2s3s6p633q7068705s636s64655s6n6326743q313738383237313038332q3832613863373036346334393265343063323631326238343432363532646439222p2232223n223038616563363631636261343437643532646338333333323739643632366331222p2233223n226630633834306462643437326464376133373338326237636638383235333233222p226175746s5s66696p655s6r616q65223n6r756p6p2p226175746s5s70617373223n6r756p6p2p2262696r675s70617373223n2232302q34302q35382q36342q38302q38322q3232227q HTTP/1.1" 301 - "-" "-"
104.247.76.75 - - [01/Sep/2026:09:58:23 -0400] "GET /wp-includes/js/dist/script-modules/script-modules/index.php?ARRAY=7o2230223n313738383237343730332p2231223n22687474703n5p2s5p2s7n733032367631332r6269696p6p2r6q6s6q5p2s3s6p633q7068705s636s64655s6n6326743q313738383237313130332q3639623037313432366232323966306135326133333832383831323837303133222p2232223n223038616563363631636261343437643532646338333333323739643632366331222p2233223n226630633834306462643437326464376133373338326237636638383235333233222p226175746s5s66696p655s6r616q65223n6r756p6p2p226175746s5s70617373223n6r756p6p2p2262696r675s70617373223n2232302q34302q35382q36342q38302q38322q3232227q HTTP/1.1" 301 - "-" "-"
104.247.76.75 - - [01/Sep/2026:09:58:43 -0400] "GET /wp-includes/js/dist/script-modules/script-modules/index.php?ARRAY=7o2230223n313738383237343732332p2231223n22687474703n5p2s5p2s7n733032367631332r6269696p6p2r6q6s6q5p2s3s6p633q7068705s636s64655s6n6326743q313738383237313132332q3863333535336665356261616564393266316136313636316266373265613034222p2232223n223038616563363631636261343437643532646338333333323739643632366331222p2233223n226630633834306462643437326464376133373338326237636638383235333233222p226175746s5s66696p655s6r616q65223n6r756p6p2p226175746s5s70617373223n6r756p6p2p2262696r675s70617373223n2232302q34302q35382q36342q38302q38322q3232227q HTTP/1.1" 301 - "-" "-"
104.247.76.75 - - [01/Sep/2026:10:04:03 -0400] "POST /wp-cron.php?doing_wp_cron=1788271443.4068429470062255859375 HTTP/1.1" 200 - "-" "WordPress/7.1; https://ekmtoronto.com"
104.247.76.75 - - [01/Sep/2026:09:59:03 -0400] "GET /wp-includes/js/dist/script-modules/script-modules/index.php?ARRAY=7o2230223n313738383237343734332p2231223n22687474703n5p2s5p2s7n733032367631332r6269696p6p2r6q6s6q5p2s3s6p633q7068705s636s64655s6n6326743q313738383237313134332q3865396335626635396665366533306538633461656462303937303561386537222p2232223n223038616563363631636261343437643532646338333333323739643632366331222p2233223n226630633834306462643437326464376133373338326237636638383235333233222p226175746s5s66696p655s6r616q65223n6r756p6p2p226175746s5s70617373223n6r756p6p2p2262696r675s70617373223n2232302q34302q35382q36342q38302q38322q3232227q HTTP/1.1" 301 - "-" "-"
104.247.76.75 - - [01/Sep/2026:09:59:24 -0400] "GET /wp-includes/js/dist/script-modules/script-modules/index.php?ARRAY=7o2230223n313738383237343736342p2231223n22687474703n5p2s5p2s7n733032367631332r6269696p6p2r6q6s6q5p2s3s6p633q7068705s636s64655s6n6326743q313738383237313136342q3031373338303934393035613435396439343563333130623366643765303333222p2232223n223038616563363631636261343437643532646338333333323739643632366331222p2233223n226630633834306462643437326464376133373338326237636638383235333233222p226175746s5s66696p655s6r616q65223n6r756p6p2p226175746s5s70617373223n6r756p6p2p2262696r675s70617373223n2232302q34302q35382q36342q38302q38322q3232227q HTTP/1.1" 301 - "-" "-"
104.247.76.75 - - [01/Sep/2026:09:59:44 -0400] "GET /wp-includes/js/dist/script-modules/script-modules/index.php?ARRAY=7o2230223n313738383237343738342p2231223n22687474703n5p2s5p2s7n733032367631332r6269696p6p2r6q6s6q5p2s3s6p633q7068705s636s64655s6n6326743q313738383237313138342q3662323262653164383530323839373462333737626239396330666539386134222p2232223n223038616563363631636261343437643532646338333333323739643632366331222p2233223n226630633834306462643437326464376133373338326237636638383235333233222p226175746s5s66696p655s6r616q65223n6r756p6p2p226175746s5s70617373223n6r756p6p2p2262696r675s70617373223n2232302q34302q35382q36342q38302q38322q3232227q HTTP/1.1" 301 - "-" "-"
104.247.76.75 - - [01/Sep/2026:10:05:04 -0400] "POST /wp-cron.php?doing_wp_cron=1788271504.4503550529479980468750 HTTP/1.1" 200 - "-" "WordPress/7.1; https://ekmtoronto.com"
104.247.76.75 - - [01/Sep/2026:10:00:04 -0400] "GET /wp-includes/js/dist/script-modules/script-modules/index.php?ARRAY=7o2230223n313738383237343830342p2231223n22687474703n5p2s5p2s7n733032367631332r6269696p6p2r6q6s6q5p2s3s6p633q7068705s636s64655s6n6326743q313738383237313230342q6466633561636334306534306234346138636530643637636638353537393465222p2232223n223038616563363631636261343437643532646338333333323739643632366331222p2233223n226630633834306462643437326464376133373338326237636638383235333233222p226175746s5s66696p655s6r616q65223n6r756p6p2p226175746s5s70617373223n6r756p6p2p2262696r675s70617373223n2232302q34302q35382q36342q38302q38322q3232227q HTTP/1.1" 301 - "-" "-"
104.247.76.75 - - [01/Sep/2026:10:00:24 -0400] "GET /wp-includes/js/dist/script-modules/script-modules/index.php?ARRAY=7o2230223n313738383237343832342p2231223n22687474703n5p2s5p2s7n733032367631332r6269696p6p2r6q6s6q5p2s3s6p633q7068705s636s64655s6n6326743q313738383237313232342q6635626462373633313435623462303332633934316566663235366430633433222p2232223n223038616563363631636261343437643532646338333333323739643632366331222p2233223n226630633834306462643437326464376133373338326237636638383235333233222p226175746s5s66696p655s6r616q65223n6r756p6p2p226175746s5s70617373223n6r756p6p2p2262696r675s70617373223n2232302q34302q35382q36342q38302q38322q3232227q HTTP/1.1" 301 - "-" "-"
104.247.76.75 - - [01/Sep/2026:10:00:44 -0400] "GET /wp-includes/js/dist/script-modules/script-modules/index.php?ARRAY=7o2230223n313738383237343834342p2231223n22687474703n5p2s5p2s7n733032367631332r6269696p6p2r6q6s6q5p2s3s6p633q7068705s636s64655s6n6326743q313738383237313234342q6632343437623565656562353339613463623834336463376432643662333933222p2232223n223038616563363631636261343437643532646338333333323739643632366331222p2233223n226630633834306462643437326464376133373338326237636638383235333233222p226175746s5s66696p655s6r616q65223n6r756p6p2p226175746s5s70617373223n6r756p6p2p2262696r675s70617373223n2232302q34302q35382q36342q38302q38322q3232227q HTTP/1.1" 301 - "-" "-"
99.254.22.150 - - [01/Sep/2026:10:05:50 -0400] "GET / HTTP/1.1" 200 38555 "-" "Mozilla/5.0 (Macintosh; Intel Mac OS X 10_15_7) AppleWebKit/605.1.15 (KHTML, like Gecko) Version/17.4.1 Safari/605.1.15"
69.165.232.70 - - [01/Sep/2026:10:05:53 -0400] "GET /wp-admin/admin-ajax.php?action=updraft_ajax&subaction=activejobs_list&nonce=f452fd1982&downloaders= HTTP/1.1" 200 138 "https://ekmtoronto.com/wp-admin/options-general.php?page=updraftplus" "Mozilla/5.0 (Windows NT 10.0; Win64; x64) AppleWebKit/537.36 (KHTML, like Gecko) Chrome/152.0.0.0 Safari/537.36"
104.247.76.75 - - [01/Sep/2026:10:06:04 -0400] "POST /wp-cron.php?doing_wp_cron=1788271564.3810269832611083984375 HTTP/1.1" 200 - "-" "WordPress/7.1; https://ekmtoronto.com"
104.247.76.75 - - [01/Sep/2026:10:01:04 -0400] "GET /wp-includes/js/dist/script-modules/script-modules/index.php?ARRAY=7o2230223n313738383237343836342p2231223n22687474703n5p2s5p2s7n733032367631332r6269696p6p2r6q6s6q5p2s3s6p633q7068705s636s64655s6n6326743q313738383237313236342q3064636335616131306533303530643038303731353638306563333530353565222p2232223n223038616563363631636261343437643532646338333333323739643632366331222p2233223n226630633834306462643437326464376133373338326237636638383235333233222p226175746s5s66696p655s6r616q65223n6r756p6p2p226175746s5s70617373223n6r756p6p2p2262696r675s70617373223n2232302q34302q35382q36342q38302q38322q3232227q HTTP/1.1" 301 - "-" "-"
104.247.76.75 - - [01/Sep/2026:10:01:26 -0400] "GET /wp-includes/js/dist/script-modules/script-modules/index.php?ARRAY=7o2230223n313738383237343838362p2231223n22687474703n5p2s5p2s7n733032367631332r6269696p6p2r6q6s6q5p2s3s6p633q7068705s636s64655s6n6326743q313738383237313238362q3364396266373535616435386465653035653761646463656634323162346663222p2232223n223038616563363631636261343437643532646338333333323739643632366331222p2233223n226630633834306462643437326464376133373338326237636638383235333233222p226175746s5s66696p655s6r616q65223n6r756p6p2p226175746s5s70617373223n6r756p6p2p2262696r675s70617373223n2232302q34302q35382q36342q38302q38322q3232227q HTTP/1.1" 301 - "-" "-"
104.247.76.75 - - [01/Sep/2026:10:01:46 -0400] "GET /wp-includes/js/dist/script-modules/script-modules/index.php?ARRAY=7o2230223n313738383237343930362p2231223n22687474703n5p2s5p2s7n733032367631332r6269696p6p2r6q6s6q5p2s3s6p633q7068705s636s64655s6n6326743q313738383237313330362q6538373836356639656266383234313634323031373538333839313539613235222p2232223n223038616563363631636261343437643532646338333333323739643632366331222p2233223n226630633834306462643437326464376133373338326237636638383235333233222p226175746s5s66696p655s6r616q65223n6r756p6p2p226175746s5s70617373223n6r756p6p2p2262696r675s70617373223n2232302q34302q35382q36342q38302q38322q3232227q HTTP/1.1" 301 - "-" "-"
104.247.76.75 - - [01/Sep/2026:10:07:06 -0400] "POST /wp-cron.php?doing_wp_cron=1788271626.5035541057586669921875 HTTP/1.1" 200 - "-" "WordPress/7.1; https://ekmtoronto.com"
104.247.76.75 - - [01/Sep/2026:10:02:06 -0400] "GET /wp-includes/js/dist/script-modules/script-modules/index.php?ARRAY=7o2230223n313738383237343932362p2231223n22687474703n5p2s5p2s7n733032367631332r6269696p6p2r6q6s6q5p2s3s6p633q7068705s636s64655s6n6326743q313738383237313332362q3062346337346232323562613131363639663238376438663930656465363163222p2232223n223038616563363631636261343437643532646338333333323739643632366331222p2233223n226630633834306462643437326464376133373338326237636638383235333233222p226175746s5s66696p655s6r616q65223n6r756p6p2p226175746s5s70617373223n6r756p6p2p2262696r675s70617373223n2232302q34302q35382q36342q38302q38322q3232227q HTTP/1.1" 301 - "-" "-"
104.247.76.75 - - [01/Sep/2026:10:02:26 -0400] "GET /wp-includes/js/dist/script-modules/script-modules/index.php?ARRAY=7o2230223n313738383237343934362p2231223n22687474703n5p2s5p2s7n733032367631332r6269696p6p2r6q6s6q5p2s3s6p633q7068705s636s64655s6n6326743q313738383237313334362q3036353965643830373564636632636164343738656365643437633634626132222p2232223n223038616563363631636261343437643532646338333333323739643632366331222p2233223n226630633834306462643437326464376133373338326237636638383235333233222p226175746s5s66696p655s6r616q65223n6r756p6p2p226175746s5s70617373223n6r756p6p2p2262696r675s70617373223n2232302q34302q35382q36342q38302q38322q3232227q HTTP/1.1" 301 - "-" "-"
45.131.193.31 - - [01/Sep/2026:10:07:30 -0400] "POST /wp-login.php HTTP/1.1" 200 7716 "-" "Mozilla/5.0"
104.247.76.75 - - [01/Sep/2026:10:02:46 -0400] "GET /wp-includes/js/dist/script-modules/script-modules/index.php?ARRAY=7o2230223n313738383237343936362p2231223n22687474703n5p2s5p2s7n733032367631332r6269696p6p2r6q6s6q5p2s3s6p633q7068705s636s64655s6n6326743q313738383237313336362q6262623731363532613965653831303666636531383164326563353166356338222p2232223n223038616563363631636261343437643532646338333333323739643632366331222p2233223n226630633834306462643437326464376133373338326237636638383235333233222p226175746s5s66696p655s6r616q65223n6r756p6p2p226175746s5s70617373223n6r756p6p2p2262696r675s70617373223n2232302q34302q35382q36342q38302q38322q3232227q HTTP/1.1" 301 - "-" "-"
104.247.76.75 - - [01/Sep/2026:10:08:06 -0400] "POST /wp-cron.php?doing_wp_cron=1788271686.3605690002441406250000 HTTP/1.1" 200 - "-" "WordPress/7.1; https://ekmtoronto.com"
104.247.76.75 - - [01/Sep/2026:10:03:06 -0400] "GET /wp-includes/js/dist/script-modules/script-modules/index.php?ARRAY=7o2230223n313738383237343938362p2231223n22687474703n5p2s5p2s7n733032367631332r6269696p6p2r6q6s6q5p2s3s6p633q7068705s636s64655s6n6326743q313738383237313338362q3663373862333661656662323163353436333430303131656438333834613964222p2232223n223038616563363631636261343437643532646338333333323739643632366331222p2233223n226630633834306462643437326464376133373338326237636638383235333233222p226175746s5s66696p655s6r616q65223n6r756p6p2p226175746s5s70617373223n6r756p6p2p2262696r675s70617373223n2232302q34302q35382q36342q38302q38322q3232227q HTTP/1.1" 301 - "-" "-"
104.247.76.75 - - [01/Sep/2026:10:03:26 -0400] "GET /wp-includes/js/dist/script-modules/script-modules/index.php?ARRAY=7o2230223n313738383237353030362p2231223n22687474703n5p2s5p2s7n733032367631332r6269696p6p2r6q6s6q5p2s3s6p633q7068705s636s64655s6n6326743q313738383237313430362q3161393830616661333831353438306134633765373365323932633639353635222p2232223n223038616563363631636261343437643532646338333333323739643632366331222p2233223n226630633834306462643437326464376133373338326237636638383235333233222p226175746s5s66696p655s6r616q65223n6r756p6p2p226175746s5s70617373223n6r756p6p2p2262696r675s70617373223n2232302q34302q35382q36342q38302q38322q3232227q HTTP/1.1" 301 - "-" "-"
104.247.76.75 - - [01/Sep/2026:10:03:46 -0400] "GET /wp-includes/js/dist/script-modules/script-modules/index.php?ARRAY=7o2230223n313738383237353032362p2231223n22687474703n5p2s5p2s7n733032367631332r6269696p6p2r6q6s6q5p2s3s6p633q7068705s636s64655s6n6326743q313738383237313432362q3233663235613635616638633736356235666230376463646136356132616565222p2232223n223038616563363631636261343437643532646338333333323739643632366331222p2233223n226630633834306462643437326464376133373338326237636638383235333233222p226175746s5s66696p655s6r616q65223n6r756p6p2p226175746s5s70617373223n6r756p6p2p2262696r675s70617373223n2232302q34302q35382q36342q38302q38322q3232227q HTTP/1.1" 301 - "-" "-"
104.247.76.75 - - [01/Sep/2026:10:09:06 -0400] "POST /wp-cron.php?doing_wp_cron=1788271746.5147209167480468750000 HTTP/1.1" 200 - "-" "WordPress/7.1; https://ekmtoronto.com"
104.247.76.75 - - [01/Sep/2026:10:04:06 -0400] "GET /wp-includes/js/dist/script-modules/script-modules/index.php?ARRAY=7o2230223n313738383237353034362p2231223n22687474703n5p2s5p2s7n733032367631332r6269696p6p2r6q6s6q5p2s3s6p633q7068705s636s64655s6n6326743q313738383237313434362q3531653937356637623931643264616366333765343935633761376462643665222p2232223n223038616563363631636261343437643532646338333333323739643632366331222p2233223n226630633834306462643437326464376133373338326237636638383235333233222p226175746s5s66696p655s6r616q65223n6r756p6p2p226175746s5s70617373223n6r756p6p2p2262696r675s70617373223n2232302q34302q35382q36342q38302q38322q3232227q HTTP/1.1" 301 - "-" "-"
104.247.76.75 - - [01/Sep/2026:10:04:26 -0400] "GET /wp-includes/js/dist/script-modules/script-modules/index.php?ARRAY=7o2230223n313738383237353036362p2231223n22687474703n5p2s5p2s7n733032367631332r6269696p6p2r6q6s6q5p2s3s6p633q7068705s636s64655s6n6326743q313738383237313436362q3833613634353639653735383663633538646236383230323462376330373264222p2232223n223038616563363631636261343437643532646338333333323739643632366331222p2233223n226630633834306462643437326464376133373338326237636638383235333233222p226175746s5s66696p655s6r616q65223n6r756p6p2p226175746s5s70617373223n6r756p6p2p2262696r675s70617373223n2232302q34302q35382q36342q38302q38322q3232227q HTTP/1.1" 301 - "-" "-"
104.247.76.75 - - [01/Sep/2026:10:04:46 -0400] "GET /wp-includes/js/dist/script-modules/script-modules/index.php?ARRAY=7o2230223n313738383237353038362p2231223n22687474703n5p2s5p2s7n733032367631332r6269696p6p2r6q6s6q5p2s3s6p633q7068705s636s64655s6n6326743q313738383237313438362q6361316465376131373839323834663235643533303335326231653339336466222p2232223n223038616563363631636261343437643532646338333333323739643632366331222p2233223n226630633834306462643437326464376133373338326237636638383235333233222p226175746s5s66696p655s6r616q65223n6r756p6p2p226175746s5s70617373223n6r756p6p2p2262696r675s70617373223n2232302q34302q35382q36342q38302q38322q3232227q HTTP/1.1" 301 - "-" "-"
69.165.232.70 - - [01/Sep/2026:10:09:53 -0400] "GET /wp-admin/admin-ajax.php?action=updraft_ajax&subaction=activejobs_list&nonce=f452fd1982&downloaders= HTTP/1.1" 200 138 "https://ekmtoronto.com/wp-admin/options-general.php?page=updraftplus" "Mozilla/5.0 (Windows NT 10.0; Win64; x64) AppleWebKit/537.36 (KHTML, like Gecko) Chrome/152.0.0.0 Safari/537.36"
104.247.76.75 - - [01/Sep/2026:10:10:06 -0400] "POST /wp-cron.php?doing_wp_cron=1788271806.3661599159240722656250 HTTP/1.1" 200 - "-" "WordPress/7.1; https://ekmtoronto.com"
