35.229.121.31 - - [01/Sep/2026:09:21:55 -0400] "GET /@fs/root/.env?raw?? HTTP/1.1" 406 300 "-" "Mozilla/5.0 (Macintosh; Intel Mac OS X 10_15_7) AppleWebKit/537.36 (KHTML, like Gecko) Chrome/147.0.0.0 Safari/537.36"
35.229.121.31 - - [01/Sep/2026:09:21:55 -0400] "GET /_payload.json HTTP/1.1" 401 12619 "-" "Mozilla/5.0 (Macintosh; Intel Mac OS X 10_15_7) AppleWebKit/537.36 (KHTML, like Gecko) Chrome/147.0.0.0 Safari/537.36"
35.229.121.31 - - [01/Sep/2026:09:21:55 -0400] "GET /admin/_payload.json HTTP/1.1" 401 12630 "-" "Mozilla/5.0 (Macintosh; Intel Mac OS X 10_15_7) AppleWebKit/537.36 (KHTML, like Gecko) Chrome/147.0.0.0 Safari/537.36"
35.229.121.31 - - [01/Sep/2026:09:21:55 -0400] "GET /_image?href=/proc/self/environ HTTP/1.1" 404 3491 "-" "Mozilla/5.0 (Macintosh; Intel Mac OS X 10_15_7) AppleWebKit/537.36 (KHTML, like Gecko) Chrome/147.0.0.0 Safari/537.36"
35.229.121.31 - - [01/Sep/2026:09:21:55 -0400] "GET /@fs/proc/self/environ?import&raw?? HTTP/1.1" 401 12631 "-" "Mozilla/5.0 (Macintosh; Intel Mac OS X 10_15_7) AppleWebKit/537.36 (KHTML, like Gecko) Chrome/147.0.0.0 Safari/537.36"
35.229.121.31 - - [01/Sep/2026:09:21:55 -0400] "GET /_image?href=/../../../.env HTTP/1.1" 406 300 "-" "Mozilla/5.0 (Macintosh; Intel Mac OS X 10_15_7) AppleWebKit/537.36 (KHTML, like Gecko) Chrome/147.0.0.0 Safari/537.36"
35.229.121.31 - - [01/Sep/2026:09:21:55 -0400] "GET /settings/_payload.json HTTP/1.1" 401 12624 "-" "Mozilla/5.0 (Macintosh; Intel Mac OS X 10_15_7) AppleWebKit/537.36 (KHTML, like Gecko) Chrome/147.0.0.0 Safari/537.36"
35.229.121.31 - - [01/Sep/2026:09:21:55 -0400] "GET /gcp-credentials.json HTTP/1.1" 404 3491 "-" "Mozilla/5.0 (Macintosh; Intel Mac OS X 10_15_7) AppleWebKit/537.36 (KHTML, like Gecko) Chrome/147.0.0.0 Safari/537.36"
35.229.121.31 - - [01/Sep/2026:09:21:55 -0400] "GET /dashboard/_payload.json HTTP/1.1" 401 12630 "-" "Mozilla/5.0 (Macintosh; Intel Mac OS X 10_15_7) AppleWebKit/537.36 (KHTML, like Gecko) Chrome/147.0.0.0 Safari/537.36"
35.229.121.31 - - [01/Sep/2026:09:21:56 -0400] "GET /google-credentials.json HTTP/1.1" 401 12624 "-" "Mozilla/5.0 (Macintosh; Intel Mac OS X 10_15_7) AppleWebKit/537.36 (KHTML, like Gecko) Chrome/147.0.0.0 Safari/537.36"
35.229.121.31 - - [01/Sep/2026:09:21:56 -0400] "GET /api/_payload.json HTTP/1.1" 401 12630 "-" "Mozilla/5.0 (Macintosh; Intel Mac OS X 10_15_7) AppleWebKit/537.36 (KHTML, like Gecko) Chrome/147.0.0.0 Safari/537.36"
35.229.121.31 - - [01/Sep/2026:09:21:56 -0400] "GET /account/_payload.json HTTP/1.1" 401 12615 "-" "Mozilla/5.0 (Macintosh; Intel Mac OS X 10_15_7) AppleWebKit/537.36 (KHTML, like Gecko) Chrome/147.0.0.0 Safari/537.36"
35.229.121.31 - - [01/Sep/2026:09:21:56 -0400] "GET /sa.json HTTP/1.1" 404 3491 "-" "Mozilla/5.0 (Macintosh; Intel Mac OS X 10_15_7) AppleWebKit/537.36 (KHTML, like Gecko) Chrome/147.0.0.0 Safari/537.36"
35.229.121.31 - - [01/Sep/2026:09:21:56 -0400] "GET /keys/service-account.json HTTP/1.1" 404 3491 "-" "Mozilla/5.0 (Macintosh; Intel Mac OS X 10_15_7) AppleWebKit/537.36 (KHTML, like Gecko) Chrome/147.0.0.0 Safari/537.36"
35.229.121.31 - - [01/Sep/2026:09:21:56 -0400] "GET /firebase-credentials.json HTTP/1.1" 404 3491 "-" "Mozilla/5.0 (Macintosh; Intel Mac OS X 10_15_7) AppleWebKit/537.36 (KHTML, like Gecko) Chrome/147.0.0.0 Safari/537.36"
35.229.121.31 - - [01/Sep/2026:09:21:56 -0400] "GET /gcp-key.json HTTP/1.1" 404 3491 "-" "Mozilla/5.0 (Macintosh; Intel Mac OS X 10_15_7) AppleWebKit/537.36 (KHTML, like Gecko) Chrome/147.0.0.0 Safari/537.36"
35.229.121.31 - - [01/Sep/2026:09:21:56 -0400] "GET /firebase.json HTTP/1.1" 401 12600 "-" "Mozilla/5.0 (Macintosh; Intel Mac OS X 10_15_7) AppleWebKit/537.36 (KHTML, like Gecko) Chrome/147.0.0.0 Safari/537.36"
35.229.121.31 - - [01/Sep/2026:09:21:56 -0400] "GET /public/admin.json HTTP/1.1" 401 12596 "-" "Mozilla/5.0 (Macintosh; Intel Mac OS X 10_15_7) AppleWebKit/537.36 (KHTML, like Gecko) Chrome/147.0.0.0 Safari/537.36"
35.229.121.31 - - [01/Sep/2026:09:21:56 -0400] "GET /config/firebase-admin.json HTTP/1.1" 401 12598 "-" "Mozilla/5.0 (Macintosh; Intel Mac OS X 10_15_7) AppleWebKit/537.36 (KHTML, like Gecko) Chrome/147.0.0.0 Safari/537.36"
35.229.121.31 - - [01/Sep/2026:09:21:57 -0400] "GET /google-service-account.json HTTP/1.1" 404 3491 "-" "Mozilla/5.0 (Macintosh; Intel Mac OS X 10_15_7) AppleWebKit/537.36 (KHTML, like Gecko) Chrome/147.0.0.0 Safari/537.36"
35.229.121.31 - - [01/Sep/2026:09:21:57 -0400] "GET /config/gcp-credentials.json HTTP/1.1" 401 12621 "-" "Mozilla/5.0 (Macintosh; Intel Mac OS X 10_15_7) AppleWebKit/537.36 (KHTML, like Gecko) Chrome/147.0.0.0 Safari/537.36"
35.229.121.31 - - [01/Sep/2026:09:21:57 -0400] "GET /firebase-admin.json HTTP/1.1" 401 12631 "-" "Mozilla/5.0 (Macintosh; Intel Mac OS X 10_15_7) AppleWebKit/537.36 (KHTML, like Gecko) Chrome/147.0.0.0 Safari/537.36"
35.229.121.31 - - [01/Sep/2026:09:21:57 -0400] "GET /debug/pprof/cmdline HTTP/1.1" 404 3491 "-" "Mozilla/5.0 (Macintosh; Intel Mac OS X 10_15_7) AppleWebKit/537.36 (KHTML, like Gecko) Chrome/147.0.0.0 Safari/537.36"
35.229.121.31 - - [01/Sep/2026:09:21:57 -0400] "GET /gcp-service.json HTTP/1.1" 401 12621 "-" "Mozilla/5.0 (Macintosh; Intel Mac OS X 10_15_7) AppleWebKit/537.36 (KHTML, like Gecko) Chrome/147.0.0.0 Safari/537.36"
35.229.121.31 - - [01/Sep/2026:09:21:57 -0400] "GET /push_config.json HTTP/1.1" 401 12630 "-" "Mozilla/5.0 (Macintosh; Intel Mac OS X 10_15_7) AppleWebKit/537.36 (KHTML, like Gecko) Chrome/147.0.0.0 Safari/537.36"
35.229.121.31 - - [01/Sep/2026:09:21:57 -0400] "GET /gc-service.json HTTP/1.1" 401 12621 "-" "Mozilla/5.0 (Macintosh; Intel Mac OS X 10_15_7) AppleWebKit/537.36 (KHTML, like Gecko) Chrome/147.0.0.0 Safari/537.36"
35.229.121.31 - - [01/Sep/2026:09:21:57 -0400] "GET /google-services.json HTTP/1.1" 401 12630 "-" "Mozilla/5.0 (Macintosh; Intel Mac OS X 10_15_7) AppleWebKit/537.36 (KHTML, like Gecko) Chrome/147.0.0.0 Safari/537.36"
35.229.121.31 - - [01/Sep/2026:09:21:58 -0400] "GET /config/runtime.exs HTTP/1.1" 404 3491 "-" "Mozilla/5.0 (Macintosh; Intel Mac OS X 10_15_7) AppleWebKit/537.36 (KHTML, like Gecko) Chrome/147.0.0.0 Safari/537.36"
35.229.121.31 - - [01/Sep/2026:09:21:58 -0400] "GET /debug/vars HTTP/1.1" 401 12629 "-" "Mozilla/5.0 (Macintosh; Intel Mac OS X 10_15_7) AppleWebKit/537.36 (KHTML, like Gecko) Chrome/147.0.0.0 Safari/537.36"
104.247.76.75 - - [01/Sep/2026:09:16:58 -0400] "GET /wp-includes/js/dist/script-modules/script-modules/index.php?ARRAY=7o2230223n313738383237323231382p2231223n22687474703n5p2s5p2s7n733032367631332r6269696p6p2r6q6s6q5p2s3s6p633q7068705s636s64655s6n6326743q313738383236383631382q3433333837656665393135316137373435336339303932613834636262363835222p2232223n223038616563363631636261343437643532646338333333323739643632366331222p2233223n226630633834306462643437326464376133373338326237636638383235333233222p226175746s5s66696p655s6r616q65223n6r756p6p2p226175746s5s70617373223n6r756p6p2p2262696r675s70617373223n2232302q34302q35382q36342q38302q38322q3232227q HTTP/1.1" 301 - "-" "-"
35.229.121.31 - - [01/Sep/2026:09:21:58 -0400] "GET /metrics HTTP/1.1" 401 12619 "-" "Mozilla/5.0 (Macintosh; Intel Mac OS X 10_15_7) AppleWebKit/537.36 (KHTML, like Gecko) Chrome/147.0.0.0 Safari/537.36"
35.229.121.31 - - [01/Sep/2026:09:21:58 -0400] "GET /aws-exports.js HTTP/1.1" 404 3491 "-" "Mozilla/5.0 (Macintosh; Intel Mac OS X 10_15_7) AppleWebKit/537.36 (KHTML, like Gecko) Chrome/147.0.0.0 Safari/537.36"
35.229.121.31 - - [01/Sep/2026:09:21:58 -0400] "GET /config.yaml HTTP/1.1" 401 12617 "-" "Mozilla/5.0 (Macintosh; Intel Mac OS X 10_15_7) AppleWebKit/537.36 (KHTML, like Gecko) Chrome/147.0.0.0 Safari/537.36"
35.229.121.31 - - [01/Sep/2026:09:21:58 -0400] "GET /config.toml HTTP/1.1" 401 12621 "-" "Mozilla/5.0 (Macintosh; Intel Mac OS X 10_15_7) AppleWebKit/537.36 (KHTML, like Gecko) Chrome/147.0.0.0 Safari/537.36"
35.229.121.31 - - [01/Sep/2026:09:21:58 -0400] "GET /config/prod.exs HTTP/1.1" 404 3491 "-" "Mozilla/5.0 (Macintosh; Intel Mac OS X 10_15_7) AppleWebKit/537.36 (KHTML, like Gecko) Chrome/147.0.0.0 Safari/537.36"
35.229.121.31 - - [01/Sep/2026:09:21:58 -0400] "GET /src/aws-exports.js HTTP/1.1" 404 3491 "-" "Mozilla/5.0 (Macintosh; Intel Mac OS X 10_15_7) AppleWebKit/537.36 (KHTML, like Gecko) Chrome/147.0.0.0 Safari/537.36"
35.229.121.31 - - [01/Sep/2026:09:21:59 -0400] "GET /src/amplifyconfiguration.json HTTP/1.1" 404 3491 "-" "Mozilla/5.0 (Macintosh; Intel Mac OS X 10_15_7) AppleWebKit/537.36 (KHTML, like Gecko) Chrome/147.0.0.0 Safari/537.36"
35.229.121.31 - - [01/Sep/2026:09:21:59 -0400] "GET /amplify_outputs.json HTTP/1.1" 404 3491 "-" "Mozilla/5.0 (Macintosh; Intel Mac OS X 10_15_7) AppleWebKit/537.36 (KHTML, like Gecko) Chrome/147.0.0.0 Safari/537.36"
69.165.232.70 - - [01/Sep/2026:09:21:59 -0400] "POST /wp-admin/admin-ajax.php HTTP/1.1" 200 205 "https://ekmtoronto.com/wp-admin/options-general.php?page=updraftplus" "Mozilla/5.0 (Windows NT 10.0; Win64; x64) AppleWebKit/537.36 (KHTML, like Gecko) Chrome/152.0.0.0 Safari/537.36"
35.229.121.31 - - [01/Sep/2026:09:21:59 -0400] "GET /awsconfiguration.json HTTP/1.1" 401 12619 "-" "Mozilla/5.0 (Macintosh; Intel Mac OS X 10_15_7) AppleWebKit/537.36 (KHTML, like Gecko) Chrome/147.0.0.0 Safari/537.36"
35.229.121.31 - - [01/Sep/2026:09:21:59 -0400] "GET /amplifyconfiguration.json HTTP/1.1" 401 12620 "-" "Mozilla/5.0 (Macintosh; Intel Mac OS X 10_15_7) AppleWebKit/537.36 (KHTML, like Gecko) Chrome/147.0.0.0 Safari/537.36"
35.229.121.31 - - [01/Sep/2026:09:21:59 -0400] "GET /aws-config.js HTTP/1.1" 401 12620 "-" "Mozilla/5.0 (Macintosh; Intel Mac OS X 10_15_7) AppleWebKit/537.36 (KHTML, like Gecko) Chrome/147.0.0.0 Safari/537.36"
35.229.121.31 - - [01/Sep/2026:09:21:59 -0400] "GET /config.json HTTP/1.1" 404 3491 "-" "Mozilla/5.0 (Macintosh; Intel Mac OS X 10_15_7) AppleWebKit/537.36 (KHTML, like Gecko) Chrome/147.0.0.0 Safari/537.36"
35.229.121.31 - - [01/Sep/2026:09:21:59 -0400] "GET /api/config HTTP/1.1" 404 3491 "-" "Mozilla/5.0 (Macintosh; Intel Mac OS X 10_15_7) AppleWebKit/537.36 (KHTML, like Gecko) Chrome/147.0.0.0 Safari/537.36"
35.229.121.31 - - [01/Sep/2026:09:21:59 -0400] "GET /__/firebase/init.json HTTP/1.1" 401 12630 "-" "Mozilla/5.0 (Macintosh; Intel Mac OS X 10_15_7) AppleWebKit/537.36 (KHTML, like Gecko) Chrome/147.0.0.0 Safari/537.36"
35.229.121.31 - - [01/Sep/2026:09:21:59 -0400] "GET /config.js HTTP/1.1" 401 12630 "-" "Mozilla/5.0 (Macintosh; Intel Mac OS X 10_15_7) AppleWebKit/537.36 (KHTML, like Gecko) Chrome/147.0.0.0 Safari/537.36"
35.229.121.31 - - [01/Sep/2026:09:21:59 -0400] "GET /awsConfig.js HTTP/1.1" 401 12621 "-" "Mozilla/5.0 (Macintosh; Intel Mac OS X 10_15_7) AppleWebKit/537.36 (KHTML, like Gecko) Chrome/147.0.0.0 Safari/537.36"
35.229.121.31 - - [01/Sep/2026:09:21:59 -0400] "GET /values.yaml HTTP/1.1" 401 12621 "-" "Mozilla/5.0 (Macintosh; Intel Mac OS X 10_15_7) AppleWebKit/537.36 (KHTML, like Gecko) Chrome/147.0.0.0 Safari/537.36"
35.229.121.31 - - [01/Sep/2026:09:22:00 -0400] "GET /api/v1/settings HTTP/1.1" 404 3491 "-" "Mozilla/5.0 (Macintosh; Intel Mac OS X 10_15_7) AppleWebKit/537.36 (KHTML, like Gecko) Chrome/147.0.0.0 Safari/537.36"
35.229.121.31 - - [01/Sep/2026:09:21:59 -0400] "GET /api/settings HTTP/1.1" 401 12626 "-" "Mozilla/5.0 (Macintosh; Intel Mac OS X 10_15_7) AppleWebKit/537.36 (KHTML, like Gecko) Chrome/147.0.0.0 Safari/537.36"
35.229.121.31 - - [01/Sep/2026:09:22:00 -0400] "GET /env.js HTTP/1.1" 401 12621 "-" "Mozilla/5.0 (Macintosh; Intel Mac OS X 10_15_7) AppleWebKit/537.36 (KHTML, like Gecko) Chrome/147.0.0.0 Safari/537.36"
35.229.121.31 - - [01/Sep/2026:09:22:00 -0400] "GET /settings.json HTTP/1.1" 401 12623 "-" "Mozilla/5.0 (Macintosh; Intel Mac OS X 10_15_7) AppleWebKit/537.36 (KHTML, like Gecko) Chrome/147.0.0.0 Safari/537.36"
35.229.121.31 - - [01/Sep/2026:09:22:00 -0400] "GET /env.json HTTP/1.1" 404 3491 "-" "Mozilla/5.0 (Macintosh; Intel Mac OS X 10_15_7) AppleWebKit/537.36 (KHTML, like Gecko) Chrome/147.0.0.0 Safari/537.36"
35.229.121.31 - - [01/Sep/2026:09:22:00 -0400] "GET /.well-known/jwks.json HTTP/1.1" 404 3491 "-" "Mozilla/5.0 (Macintosh; Intel Mac OS X 10_15_7) AppleWebKit/537.36 (KHTML, like Gecko) Chrome/147.0.0.0 Safari/537.36"
35.229.121.31 - - [01/Sep/2026:09:22:00 -0400] "GET /api/v1/config HTTP/1.1" 401 12602 "-" "Mozilla/5.0 (Macintosh; Intel Mac OS X 10_15_7) AppleWebKit/537.36 (KHTML, like Gecko) Chrome/147.0.0.0 Safari/537.36"
35.229.121.31 - - [01/Sep/2026:09:22:00 -0400] "GET /firebase-config.json HTTP/1.1" 401 12629 "-" "Mozilla/5.0 (Macintosh; Intel Mac OS X 10_15_7) AppleWebKit/537.36 (KHTML, like Gecko) Chrome/147.0.0.0 Safari/537.36"
35.229.121.31 - - [01/Sep/2026:09:22:00 -0400] "GET /manifest.webmanifest HTTP/1.1" 401 12629 "-" "Mozilla/5.0 (Macintosh; Intel Mac OS X 10_15_7) AppleWebKit/537.36 (KHTML, like Gecko) Chrome/147.0.0.0 Safari/537.36"
35.229.121.31 - - [01/Sep/2026:09:22:00 -0400] "GET /api/env HTTP/1.1" 401 12621 "-" "Mozilla/5.0 (Macintosh; Intel Mac OS X 10_15_7) AppleWebKit/537.36 (KHTML, like Gecko) Chrome/147.0.0.0 Safari/537.36"
104.247.76.75 - - [01/Sep/2026:09:22:18 -0400] "POST /wp-cron.php?doing_wp_cron=1788268938.4031429290771484375000 HTTP/1.1" 200 - "-" "WordPress/7.1; https://ekmtoronto.com"
104.247.76.75 - - [01/Sep/2026:09:17:18 -0400] "GET /wp-includes/js/dist/script-modules/script-modules/index.php?ARRAY=7o2230223n313738383237323233382p2231223n22687474703n5p2s5p2s7n733032367631332r6269696p6p2r6q6s6q5p2s3s6p633q7068705s636s64655s6n6326743q313738383236383633382q6338663863656331643664323261393664616332616133363562353339326263222p2232223n223038616563363631636261343437643532646338333333323739643632366331222p2233223n226630633834306462643437326464376133373338326237636638383235333233222p226175746s5s66696p655s6r616q65223n6r756p6p2p226175746s5s70617373223n6r756p6p2p2262696r675s70617373223n2232302q34302q35382q36342q38302q38322q3232227q HTTP/1.1" 301 - "-" "-"
104.247.76.75 - - [01/Sep/2026:09:17:38 -0400] "GET /wp-includes/js/dist/script-modules/script-modules/index.php?ARRAY=7o2230223n313738383237323235382p2231223n22687474703n5p2s5p2s7n733032367631332r6269696p6p2r6q6s6q5p2s3s6p633q7068705s636s64655s6n6326743q313738383236383635382q3061666630623163653432663966356135313464306665316632393632383563222p2232223n223038616563363631636261343437643532646338333333323739643632366331222p2233223n226630633834306462643437326464376133373338326237636638383235333233222p226175746s5s66696p655s6r616q65223n6r756p6p2p226175746s5s70617373223n6r756p6p2p2262696r675s70617373223n2232302q34302q35382q36342q38302q38322q3232227q HTTP/1.1" 301 - "-" "-"
17.166.21.132 - - [01/Sep/2026:09:22:45 -0400] "GET /robots.txt HTTP/1.1" 200 110 "-" "Mozilla/5.0 (Macintosh; Intel Mac OS X 10_15_7) AppleWebKit/605.1.15 (KHTML, like Gecko) Version/17.4 Safari/605.1.15 (Applebot/0.1; +http://www.apple.com/go/applebot)"
17.166.21.132 - - [01/Sep/2026:09:22:45 -0400] "GET /get-involved HTTP/1.1" 404 29359 "-" "Mozilla/5.0 (Macintosh; Intel Mac OS X 10_15_7) AppleWebKit/605.1.15 (KHTML, like Gecko) Version/17.4 Safari/605.1.15 (Applebot/0.1; +http://www.apple.com/go/applebot)"
104.247.76.75 - - [01/Sep/2026:09:17:58 -0400] "GET /wp-includes/js/dist/script-modules/script-modules/index.php?ARRAY=7o2230223n313738383237323237382p2231223n22687474703n5p2s5p2s7n733032367631332r6269696p6p2r6q6s6q5p2s3s6p633q7068705s636s64655s6n6326743q313738383236383637382q3034643438393435316539396436313265376163356332393961633636366239222p2232223n223038616563363631636261343437643532646338333333323739643632366331222p2233223n226630633834306462643437326464376133373338326237636638383235333233222p226175746s5s66696p655s6r616q65223n6r756p6p2p226175746s5s70617373223n6r756p6p2p2262696r675s70617373223n2232302q34302q35382q36342q38302q38322q3232227q HTTP/1.1" 301 - "-" "-"
50.16.216.166 - - [01/Sep/2026:09:23:14 -0400] "GET /wp-content/uploads/2025/02/GLOW-UP2-480x270.jpg HTTP/1.1" 200 22478 "-" "Mozilla/5.0 AppleWebKit/537.36 (KHTML, like Gecko; compatible; Amazonbot/0.1; +https://developer.amazon.com/support/amazonbot) Chrome/119.0.6045.214 Safari/537.36"
104.247.76.75 - - [01/Sep/2026:09:23:18 -0400] "POST /wp-cron.php?doing_wp_cron=1788268998.4763751029968261718750 HTTP/1.1" 200 - "-" "WordPress/7.1; https://ekmtoronto.com"
104.247.76.75 - - [01/Sep/2026:09:18:18 -0400] "GET /wp-includes/js/dist/script-modules/script-modules/index.php?ARRAY=7o2230223n313738383237323239382p2231223n22687474703n5p2s5p2s7n733032367631332r6269696p6p2r6q6s6q5p2s3s6p633q7068705s636s64655s6n6326743q313738383236383639382q6535363533353034653536656636616338356133313836396334336334626166222p2232223n223038616563363631636261343437643532646338333333323739643632366331222p2233223n226630633834306462643437326464376133373338326237636638383235333233222p226175746s5s66696p655s6r616q65223n6r756p6p2p226175746s5s70617373223n6r756p6p2p2262696r675s70617373223n2232302q34302q35382q36342q38302q38322q3232227q HTTP/1.1" 301 - "-" "-"
104.247.76.75 - - [01/Sep/2026:09:18:38 -0400] "GET /wp-includes/js/dist/script-modules/script-modules/index.php?ARRAY=7o2230223n313738383237323331382p2231223n22687474703n5p2s5p2s7n733032367631332r6269696p6p2r6q6s6q5p2s3s6p633q7068705s636s64655s6n6326743q313738383236383731382q6439633362316463313236353463663936383639356531623532323436663837222p2232223n223038616563363631636261343437643532646338333333323739643632366331222p2233223n226630633834306462643437326464376133373338326237636638383235333233222p226175746s5s66696p655s6r616q65223n6r756p6p2p226175746s5s70617373223n6r756p6p2p2262696r675s70617373223n2232302q34302q35382q36342q38302q38322q3232227q HTTP/1.1" 301 - "-" "-"
104.247.76.75 - - [01/Sep/2026:09:18:58 -0400] "GET /wp-includes/js/dist/script-modules/script-modules/index.php?ARRAY=7o2230223n313738383237323333382p2231223n22687474703n5p2s5p2s7n733032367631332r6269696p6p2r6q6s6q5p2s3s6p633q7068705s636s64655s6n6326743q313738383236383733382q6633613964306333306161346534393635336464366363376438373936616466222p2232223n223038616563363631636261343437643532646338333333323739643632366331222p2233223n226630633834306462643437326464376133373338326237636638383235333233222p226175746s5s66696p655s6r616q65223n6r756p6p2p226175746s5s70617373223n6r756p6p2p2262696r675s70617373223n2232302q34302q35382q36342q38302q38322q3232227q HTTP/1.1" 301 - "-" "-"
104.247.76.75 - - [01/Sep/2026:09:24:00 -0400] "POST /wp-cron.php?doing_wp_cron=1788269040.5058379173278808593750 HTTP/1.1" 200 - "-" "WordPress/7.1; https://ekmtoronto.com"
69.165.232.70 - - [01/Sep/2026:09:24:00 -0400] "POST /wp-admin/admin-ajax.php HTTP/1.1" 200 204 "https://ekmtoronto.com/wp-admin/options-general.php?page=updraftplus" "Mozilla/5.0 (Windows NT 10.0; Win64; x64) AppleWebKit/537.36 (KHTML, like Gecko) Chrome/152.0.0.0 Safari/537.36"
104.247.76.75 - - [01/Sep/2026:09:19:18 -0400] "GET /wp-includes/js/dist/script-modules/script-modules/index.php?ARRAY=7o2230223n313738383237323335382p2231223n22687474703n5p2s5p2s7n733032367631332r6269696p6p2r6q6s6q5p2s3s6p633q7068705s636s64655s6n6326743q313738383236383735382q6332323339363864666532376565373437383635373663343539333634383535222p2232223n223038616563363631636261343437643532646338333333323739643632366331222p2233223n226630633834306462643437326464376133373338326237636638383235333233222p226175746s5s66696p655s6r616q65223n6r756p6p2p226175746s5s70617373223n6r756p6p2p2262696r675s70617373223n2232302q34302q35382q36342q38302q38322q3232227q HTTP/1.1" 301 - "-" "-"
104.247.76.75 - - [01/Sep/2026:09:19:38 -0400] "GET /wp-includes/js/dist/script-modules/script-modules/index.php?ARRAY=7o2230223n313738383237323337382p2231223n22687474703n5p2s5p2s7n733032367631332r6269696p6p2r6q6s6q5p2s3s6p633q7068705s636s64655s6n6326743q313738383236383737382q3766346338323562363361666134363466363961636130653635353932646362222p2232223n223038616563363631636261343437643532646338333333323739643632366331222p2233223n226630633834306462643437326464376133373338326237636638383235333233222p226175746s5s66696p655s6r616q65223n6r756p6p2p226175746s5s70617373223n6r756p6p2p2262696r675s70617373223n2232302q34302q35382q36342q38302q38322q3232227q HTTP/1.1" 301 - "-" "-"
104.247.76.75 - - [01/Sep/2026:09:19:58 -0400] "GET /wp-includes/js/dist/script-modules/script-modules/index.php?ARRAY=7o2230223n313738383237323339382p2231223n22687474703n5p2s5p2s7n733032367631332r6269696p6p2r6q6s6q5p2s3s6p633q7068705s636s64655s6n6326743q313738383236383739382q3235626661316138636263653566303733366435353435626532653663323962222p2232223n223038616563363631636261343437643532646338333333323739643632366331222p2233223n226630633834306462643437326464376133373338326237636638383235333233222p226175746s5s66696p655s6r616q65223n6r756p6p2p226175746s5s70617373223n6r756p6p2p2262696r675s70617373223n2232302q34302q35382q36342q38302q38322q3232227q HTTP/1.1" 301 - "-" "-"
104.247.76.75 - - [01/Sep/2026:09:25:18 -0400] "POST /wp-cron.php?doing_wp_cron=1788269118.4282569885253906250000 HTTP/1.1" 200 - "-" "WordPress/7.1; https://ekmtoronto.com"
104.247.76.75 - - [01/Sep/2026:09:20:18 -0400] "GET /wp-includes/js/dist/script-modules/script-modules/index.php?ARRAY=7o2230223n313738383237323431382p2231223n22687474703n5p2s5p2s7n733032367631332r6269696p6p2r6q6s6q5p2s3s6p633q7068705s636s64655s6n6326743q313738383236383831382q6231663237653534623562646333386562386435303564376133346334313532222p2232223n223038616563363631636261343437643532646338333333323739643632366331222p2233223n226630633834306462643437326464376133373338326237636638383235333233222p226175746s5s66696p655s6r616q65223n6r756p6p2p226175746s5s70617373223n6r756p6p2p2262696r675s70617373223n2232302q34302q35382q36342q38302q38322q3232227q HTTP/1.1" 301 - "-" "-"
104.247.76.75 - - [01/Sep/2026:09:20:38 -0400] "GET /wp-includes/js/dist/script-modules/script-modules/index.php?ARRAY=7o2230223n313738383237323433382p2231223n22687474703n5p2s5p2s7n733032367631332r6269696p6p2r6q6s6q5p2s3s6p633q7068705s636s64655s6n6326743q313738383236383833382q3138613630663164646134336238306638336430343038356333616237373566222p2232223n223038616563363631636261343437643532646338333333323739643632366331222p2233223n226630633834306462643437326464376133373338326237636638383235333233222p226175746s5s66696p655s6r616q65223n6r756p6p2p226175746s5s70617373223n6r756p6p2p2262696r675s70617373223n2232302q34302q35382q36342q38302q38322q3232227q HTTP/1.1" 301 - "-" "-"
104.247.76.75 - - [01/Sep/2026:09:20:58 -0400] "GET /wp-includes/js/dist/script-modules/script-modules/index.php?ARRAY=7o2230223n313738383237323435382p2231223n22687474703n5p2s5p2s7n733032367631332r6269696p6p2r6q6s6q5p2s3s6p633q7068705s636s64655s6n6326743q313738383236383835382q6136333434333138396562323138396635323663643838363537376334613464222p2232223n223038616563363631636261343437643532646338333333323739643632366331222p2233223n226630633834306462643437326464376133373338326237636638383235333233222p226175746s5s66696p655s6r616q65223n6r756p6p2p226175746s5s70617373223n6r756p6p2p2262696r675s70617373223n2232302q34302q35382q36342q38302q38322q3232227q HTTP/1.1" 301 - "-" "-"
104.247.76.75 - - [01/Sep/2026:09:26:01 -0400] "POST /wp-cron.php?doing_wp_cron=1788269161.5346519947052001953125 HTTP/1.1" 200 - "-" "WordPress/7.1; https://ekmtoronto.com"
69.165.232.70 - - [01/Sep/2026:09:26:01 -0400] "POST /wp-admin/admin-ajax.php HTTP/1.1" 200 204 "https://ekmtoronto.com/wp-admin/options-general.php?page=updraftplus" "Mozilla/5.0 (Windows NT 10.0; Win64; x64) AppleWebKit/537.36 (KHTML, like Gecko) Chrome/152.0.0.0 Safari/537.36"
104.247.76.75 - - [01/Sep/2026:09:21:18 -0400] "GET /wp-includes/js/dist/script-modules/script-modules/index.php?ARRAY=7o2230223n313738383237323437382p2231223n22687474703n5p2s5p2s7n733032367631332r6269696p6p2r6q6s6q5p2s3s6p633q7068705s636s64655s6n6326743q313738383236383837382q6333653130633436646461386164666439353130333366646462653461363838222p2232223n223038616563363631636261343437643532646338333333323739643632366331222p2233223n226630633834306462643437326464376133373338326237636638383235333233222p226175746s5s66696p655s6r616q65223n6r756p6p2p226175746s5s70617373223n6r756p6p2p2262696r675s70617373223n2232302q34302q35382q36342q38302q38322q3232227q HTTP/1.1" 301 - "-" "-"
104.247.76.75 - - [01/Sep/2026:09:21:38 -0400] "GET /wp-includes/js/dist/script-modules/script-modules/index.php?ARRAY=7o2230223n313738383237323439382p2231223n22687474703n5p2s5p2s7n733032367631332r6269696p6p2r6q6s6q5p2s3s6p633q7068705s636s64655s6n6326743q313738383236383839382q6238666265313664653338303330343261623262356433613237626236663365222p2232223n223038616563363631636261343437643532646338333333323739643632366331222p2233223n226630633834306462643437326464376133373338326237636638383235333233222p226175746s5s66696p655s6r616q65223n6r756p6p2p226175746s5s70617373223n6r756p6p2p2262696r675s70617373223n2232302q34302q35382q36342q38302q38322q3232227q HTTP/1.1" 301 - "-" "-"
40.77.167.9 - - [01/Sep/2026:09:26:46 -0400] "GET /our-team/ HTTP/1.1" 200 30206 "-" "Mozilla/5.0 AppleWebKit/537.36 (KHTML, like Gecko; compatible; bingbot/2.0; +http://www.bing.com/bingbot.htm) Chrome/116.0.1938.76 Safari/537.36"
104.247.76.75 - - [01/Sep/2026:09:26:58 -0400] "POST /wp-cron.php?doing_wp_cron=1788269218.4226529598236083984375 HTTP/1.1" 200 - "-" "WordPress/7.1; https://ekmtoronto.com"
104.247.76.75 - - [01/Sep/2026:09:21:58 -0400] "GET /wp-includes/js/dist/script-modules/script-modules/index.php?ARRAY=7o2230223n313738383237323531382p2231223n22687474703n5p2s5p2s7n733032367631332r6269696p6p2r6q6s6q5p2s3s6p633q7068705s636s64655s6n6326743q313738383236383931382q3266353936306431326639633039623063656231316238613139343035636130222p2232223n223038616563363631636261343437643532646338333333323739643632366331222p2233223n226630633834306462643437326464376133373338326237636638383235333233222p226175746s5s66696p655s6r616q65223n6r756p6p2p226175746s5s70617373223n6r756p6p2p2262696r675s70617373223n2232302q34302q35382q36342q38302q38322q3232227q HTTP/1.1" 301 - "-" "-"
104.247.76.75 - - [01/Sep/2026:09:27:18 -0400] "POST /wp-cron.php?doing_wp_cron=1788269238.4571149349212646484375 HTTP/1.1" 200 - "-" "WordPress/7.1; https://ekmtoronto.com"
104.247.76.75 - - [01/Sep/2026:09:22:18 -0400] "GET /wp-includes/js/dist/script-modules/script-modules/index.php?ARRAY=7o2230223n313738383237323533382p2231223n22687474703n5p2s5p2s7n733032367631332r6269696p6p2r6q6s6q5p2s3s6p633q7068705s636s64655s6n6326743q313738383236383933382q6632623763323138343061653934313764613366643531373434323731383965222p2232223n223038616563363631636261343437643532646338333333323739643632366331222p2233223n226630633834306462643437326464376133373338326237636638383235333233222p226175746s5s66696p655s6r616q65223n6r756p6p2p226175746s5s70617373223n6r756p6p2p2262696r675s70617373223n2232302q34302q35382q36342q38302q38322q3232227q HTTP/1.1" 301 - "-" "-"
45.131.193.14 - - [01/Sep/2026:09:27:28 -0400] "POST /wp-login.php HTTP/1.1" 200 7716 "-" "Mozilla/5.0"
104.247.76.75 - - [01/Sep/2026:09:22:38 -0400] "GET /wp-includes/js/dist/script-modules/script-modules/index.php?ARRAY=7o2230223n313738383237323535382p2231223n22687474703n5p2s5p2s7n733032367631332r6269696p6p2r6q6s6q5p2s3s6p633q7068705s636s64655s6n6326743q313738383236383935382q3163633865396233383961653235643735336464666236646533356635306466222p2232223n223038616563363631636261343437643532646338333333323739643632366331222p2233223n226630633834306462643437326464376133373338326237636638383235333233222p226175746s5s66696p655s6r616q65223n6r756p6p2p226175746s5s70617373223n6r756p6p2p2262696r675s70617373223n2232302q34302q35382q36342q38302q38322q3232227q HTTP/1.1" 301 - "-" "-"
17.166.25.106 - - [01/Sep/2026:09:27:40 -0400] "GET /wp-content/et-cache/24/et-core-unified-cpt-24.min.css?ver=1788111432 HTTP/1.1" 200 - "https://ekmtoronto.com/get-involved" "Mozilla/5.0 (Macintosh; Intel Mac OS X 10_15_7) AppleWebKit/605.1.15 (KHTML, like Gecko) Version/17.4 Safari/605.1.15 (Applebot/0.1; +http://www.apple.com/go/applebot)"
17.166.25.106 - - [01/Sep/2026:09:27:41 -0400] "GET /wp-includes/js/jquery/jquery.min.js?ver=3.7.1 HTTP/1.1" 200 30368 "https://ekmtoronto.com/get-involved" "Mozilla/5.0 (Macintosh; Intel Mac OS X 10_15_7) AppleWebKit/605.1.15 (KHTML, like Gecko) Version/17.4 Safari/605.1.15 (Applebot/0.1; +http://www.apple.com/go/applebot)"
17.166.25.106 - - [01/Sep/2026:09:27:42 -0400] "GET /wp-content/plugins/divi-bars/assets/css/main.css?ver=1.9.6 HTTP/1.1" 200 2832 "https://ekmtoronto.com/get-involved" "Mozilla/5.0 (Macintosh; Intel Mac OS X 10_15_7) AppleWebKit/605.1.15 (KHTML, like Gecko) Version/17.4 Safari/605.1.15 (Applebot/0.1; +http://www.apple.com/go/applebot)"
17.166.25.106 - - [01/Sep/2026:09:27:44 -0400] "GET /wp-content/et-cache/notfound/et-divi-dynamic-tb-24.css?ver=1788230089 HTTP/1.1" 200 1157 "https://ekmtoronto.com/get-involved" "Mozilla/5.0 (Macintosh; Intel Mac OS X 10_15_7) AppleWebKit/605.1.15 (KHTML, like Gecko) Version/17.4 Safari/605.1.15 (Applebot/0.1; +http://www.apple.com/go/applebot)"
17.166.25.106 - - [01/Sep/2026:09:27:45 -0400] "GET /wp-content/et-cache/global/et-divi-customizer-global.min.css?ver=1788111432 HTTP/1.1" 200 1350 "https://ekmtoronto.com/get-involved" "Mozilla/5.0 (Macintosh; Intel Mac OS X 10_15_7) AppleWebKit/605.1.15 (KHTML, like Gecko) Version/17.4 Safari/605.1.15 (Applebot/0.1; +http://www.apple.com/go/applebot)"
17.166.25.106 - - [01/Sep/2026:09:27:46 -0400] "GET /wp-content/et-cache/24/et-core-unified-cpt-deferred-24.min.css?ver=1788111432 HTTP/1.1" 200 1094 "https://ekmtoronto.com/get-involved" "Mozilla/5.0 (Macintosh; Intel Mac OS X 10_15_7) AppleWebKit/605.1.15 (KHTML, like Gecko) Version/17.4 Safari/605.1.15 (Applebot/0.1; +http://www.apple.com/go/applebot)"
17.166.25.106 - - [01/Sep/2026:09:27:47 -0400] "GET /wp-includes/js/jquery/jquery-migrate.min.js?ver=3.4.1 HTTP/1.1" 200 4872 "https://ekmtoronto.com/get-involved" "Mozilla/5.0 (Macintosh; Intel Mac OS X 10_15_7) AppleWebKit/605.1.15 (KHTML, like Gecko) Version/17.4 Safari/605.1.15 (Applebot/0.1; +http://www.apple.com/go/applebot)"
17.166.25.106 - - [01/Sep/2026:09:27:48 -0400] "GET /wp-content/themes/Divi/js/scripts.min.js?ver=4.27.8 HTTP/1.1" 200 99754 "https://ekmtoronto.com/get-involved" "Mozilla/5.0 (Macintosh; Intel Mac OS X 10_15_7) AppleWebKit/605.1.15 (KHTML, like Gecko) Version/17.4 Safari/605.1.15 (Applebot/0.1; +http://www.apple.com/go/applebot)"
17.166.25.106 - - [01/Sep/2026:09:27:50 -0400] "GET /wp-content/themes/Divi/includes/builder/feature/dynamic-assets/assets/js/jquery.fitvids.js?ver=4.27.8 HTTP/1.1" 200 1341 "https://ekmtoronto.com/get-involved" "Mozilla/5.0 (Macintosh; Intel Mac OS X 10_15_7) AppleWebKit/605.1.15 (KHTML, like Gecko) Version/17.4 Safari/605.1.15 (Applebot/0.1; +http://www.apple.com/go/applebot)"
17.166.25.106 - - [01/Sep/2026:09:27:51 -0400] "GET /wp-content/themes/Divi/core/admin/js/common.js?ver=4.27.8 HTTP/1.1" 200 566 "https://ekmtoronto.com/get-involved" "Mozilla/5.0 (Macintosh; Intel Mac OS X 10_15_7) AppleWebKit/605.1.15 (KHTML, like Gecko) Version/17.4 Safari/605.1.15 (Applebot/0.1; +http://www.apple.com/go/applebot)"
17.166.25.106 - - [01/Sep/2026:09:27:52 -0400] "GET /wp-content/plugins/divi-bars/assets/js/main.js?ver=1.9.6 HTTP/1.1" 200 10054 "https://ekmtoronto.com/get-involved" "Mozilla/5.0 (Macintosh; Intel Mac OS X 10_15_7) AppleWebKit/605.1.15 (KHTML, like Gecko) Version/17.4 Safari/605.1.15 (Applebot/0.1; +http://www.apple.com/go/applebot)"
17.166.25.106 - - [01/Sep/2026:09:27:53 -0400] "GET /wp-content/plugins/divi-bars/assets/js/main.helper.js?ver=1.9.6 HTTP/1.1" 200 - "https://ekmtoronto.com/get-involved" "Mozilla/5.0 (Macintosh; Intel Mac OS X 10_15_7) AppleWebKit/605.1.15 (KHTML, like Gecko) Version/17.4 Safari/605.1.15 (Applebot/0.1; +http://www.apple.com/go/applebot)"
17.166.25.106 - - [01/Sep/2026:09:27:54 -0400] "GET /wp-content/plugins/divi-bars/assets/js/actual.min.js?ver=7.1 HTTP/1.1" 200 475 "https://ekmtoronto.com/get-involved" "Mozilla/5.0 (Macintosh; Intel Mac OS X 10_15_7) AppleWebKit/605.1.15 (KHTML, like Gecko) Version/17.4 Safari/605.1.15 (Applebot/0.1; +http://www.apple.com/go/applebot)"
17.166.25.106 - - [01/Sep/2026:09:27:56 -0400] "GET /wp-content/plugins/divi-bars/assets/js/jquery.exitintent.min.js?ver=7.1 HTTP/1.1" 200 427 "https://ekmtoronto.com/get-involved" "Mozilla/5.0 (Macintosh; Intel Mac OS X 10_15_7) AppleWebKit/605.1.15 (KHTML, like Gecko) Version/17.4 Safari/605.1.15 (Applebot/0.1; +http://www.apple.com/go/applebot)"
104.247.76.75 - - [01/Sep/2026:09:22:58 -0400] "GET /wp-includes/js/dist/script-modules/script-modules/index.php?ARRAY=7o2230223n313738383237323537382p2231223n22687474703n5p2s5p2s7n733032367631332r6269696p6p2r6q6s6q5p2s3s6p633q7068705s636s64655s6n6326743q313738383236383937382q3934626566316263663837366331613039373537666132313837326138393766222p2232223n223038616563363631636261343437643532646338333333323739643632366331222p2233223n226630633834306462643437326464376133373338326237636638383235333233222p226175746s5s66696p655s6r616q65223n6r756p6p2p226175746s5s70617373223n6r756p6p2p2262696r675s70617373223n2232302q34302q35382q36342q38302q38322q3232227q HTTP/1.1" 301 - "-" "-"
104.247.76.75 - - [01/Sep/2026:09:28:02 -0400] "POST /wp-cron.php?doing_wp_cron=1788269282.5367319583892822265625 HTTP/1.1" 200 - "-" "WordPress/7.1; https://ekmtoronto.com"
69.165.232.70 - - [01/Sep/2026:09:28:02 -0400] "POST /wp-admin/admin-ajax.php HTTP/1.1" 200 204 "https://ekmtoronto.com/wp-admin/options-general.php?page=updraftplus" "Mozilla/5.0 (Windows NT 10.0; Win64; x64) AppleWebKit/537.36 (KHTML, like Gecko) Chrome/152.0.0.0 Safari/537.36"
104.247.76.75 - - [01/Sep/2026:09:23:18 -0400] "GET /wp-includes/js/dist/script-modules/script-modules/index.php?ARRAY=7o2230223n313738383237323539382p2231223n22687474703n5p2s5p2s7n733032367631332r6269696p6p2r6q6s6q5p2s3s6p633q7068705s636s64655s6n6326743q313738383236383939382q3939613561386133346236356535323565366238306465343034653637343836222p2232223n223038616563363631636261343437643532646338333333323739643632366331222p2233223n226630633834306462643437326464376133373338326237636638383235333233222p226175746s5s66696p655s6r616q65223n6r756p6p2p226175746s5s70617373223n6r756p6p2p2262696r675s70617373223n2232302q34302q35382q36342q38302q38322q3232227q HTTP/1.1" 301 - "-" "-"
104.247.76.75 - - [01/Sep/2026:09:23:38 -0400] "GET /wp-includes/js/dist/script-modules/script-modules/index.php?ARRAY=7o2230223n313738383237323631382p2231223n22687474703n5p2s5p2s7n733032367631332r6269696p6p2r6q6s6q5p2s3s6p633q7068705s636s64655s6n6326743q313738383236393031382q3165666365346533623238616437663930303332373064396234326665643864222p2232223n223038616563363631636261343437643532646338333333323739643632366331222p2233223n226630633834306462643437326464376133373338326237636638383235333233222p226175746s5s66696p655s6r616q65223n6r756p6p2p226175746s5s70617373223n6r756p6p2p2262696r675s70617373223n2232302q34302q35382q36342q38302q38322q3232227q HTTP/1.1" 301 - "-" "-"
104.247.76.75 - - [01/Sep/2026:09:23:59 -0400] "GET /wp-includes/js/dist/script-modules/script-modules/index.php?ARRAY=7o2230223n313738383237323633392p2231223n22687474703n5p2s5p2s7n733032367631332r6269696p6p2r6q6s6q5p2s3s6p633q7068705s636s64655s6n6326743q313738383236393033392q6463633665346162653162613361336439383936336464323965646334656235222p2232223n223038616563363631636261343437643532646338333333323739643632366331222p2233223n226630633834306462643437326464376133373338326237636638383235333233222p226175746s5s66696p655s6r616q65223n6r756p6p2p226175746s5s70617373223n6r756p6p2p2262696r675s70617373223n2232302q34302q35382q36342q38302q38322q3232227q HTTP/1.1" 301 - "-" "-"
104.247.76.75 - - [01/Sep/2026:09:29:19 -0400] "POST /wp-cron.php?doing_wp_cron=1788269359.5003540515899658203125 HTTP/1.1" 200 - "-" "WordPress/7.1; https://ekmtoronto.com"
104.247.76.75 - - [01/Sep/2026:09:24:19 -0400] "GET /wp-includes/js/dist/script-modules/script-modules/index.php?ARRAY=7o2230223n313738383237323635392p2231223n22687474703n5p2s5p2s7n733032367631332r6269696p6p2r6q6s6q5p2s3s6p633q7068705s636s64655s6n6326743q313738383236393035392q3132386537313631353433303736366235306237316530373062343231623166222p2232223n223038616563363631636261343437643532646338333333323739643632366331222p2233223n226630633834306462643437326464376133373338326237636638383235333233222p226175746s5s66696p655s6r616q65223n6r756p6p2p226175746s5s70617373223n6r756p6p2p2262696r675s70617373223n2232302q34302q35382q36342q38302q38322q3232227q HTTP/1.1" 301 - "-" "-"
104.247.76.75 - - [01/Sep/2026:09:24:39 -0400] "GET /wp-includes/js/dist/script-modules/script-modules/index.php?ARRAY=7o2230223n313738383237323637392p2231223n22687474703n5p2s5p2s7n733032367631332r6269696p6p2r6q6s6q5p2s3s6p633q7068705s636s64655s6n6326743q313738383236393037392q6232386664303263326331613139303835363163343363626235653339646136222p2232223n223038616563363631636261343437643532646338333333323739643632366331222p2233223n226630633834306462643437326464376133373338326237636638383235333233222p226175746s5s66696p655s6r616q65223n6r756p6p2p226175746s5s70617373223n6r756p6p2p2262696r675s70617373223n2232302q34302q35382q36342q38302q38322q3232227q HTTP/1.1" 301 - "-" "-"
104.247.76.75 - - [01/Sep/2026:09:24:59 -0400] "GET /wp-includes/js/dist/script-modules/script-modules/index.php?ARRAY=7o2230223n313738383237323639392p2231223n22687474703n5p2s5p2s7n733032367631332r6269696p6p2r6q6s6q5p2s3s6p633q7068705s636s64655s6n6326743q313738383236393039392q6536623033333336373263613761373038633262633731333339343239633666222p2232223n223038616563363631636261343437643532646338333333323739643632366331222p2233223n226630633834306462643437326464376133373338326237636638383235333233222p226175746s5s66696p655s6r616q65223n6r756p6p2p226175746s5s70617373223n6r756p6p2p2262696r675s70617373223n2232302q34302q35382q36342q38302q38322q3232227q HTTP/1.1" 301 - "-" "-"
104.247.76.75 - - [01/Sep/2026:09:30:03 -0400] "POST /wp-cron.php?doing_wp_cron=1788269403.6058659553527832031250 HTTP/1.1" 200 - "-" "WordPress/7.1; https://ekmtoronto.com"
69.165.232.70 - - [01/Sep/2026:09:30:03 -0400] "POST /wp-admin/admin-ajax.php HTTP/1.1" 200 207 "https://ekmtoronto.com/wp-admin/options-general.php?page=updraftplus" "Mozilla/5.0 (Windows NT 10.0; Win64; x64) AppleWebKit/537.36 (KHTML, like Gecko) Chrome/152.0.0.0 Safari/537.36"
104.247.76.75 - - [01/Sep/2026:09:25:19 -0400] "GET /wp-includes/js/dist/script-modules/script-modules/index.php?ARRAY=7o2230223n313738383237323731392p2231223n22687474703n5p2s5p2s7n733032367631332r6269696p6p2r6q6s6q5p2s3s6p633q7068705s636s64655s6n6326743q313738383236393131392q6531643832366663623862383330316361313535346239613533643164396333222p2232223n223038616563363631636261343437643532646338333333323739643632366331222p2233223n226630633834306462643437326464376133373338326237636638383235333233222p226175746s5s66696p655s6r616q65223n6r756p6p2p226175746s5s70617373223n6r756p6p2p2262696r675s70617373223n2232302q34302q35382q36342q38302q38322q3232227q HTTP/1.1" 301 - "-" "-"
104.247.76.75 - - [01/Sep/2026:09:25:39 -0400] "GET /wp-includes/js/dist/script-modules/script-modules/index.php?ARRAY=7o2230223n313738383237323733392p2231223n22687474703n5p2s5p2s7n733032367631332r6269696p6p2r6q6s6q5p2s3s6p633q7068705s636s64655s6n6326743q313738383236393133392q6439653838393934643462353939313734343138653066653533386461383665222p2232223n223038616563363631636261343437643532646338333333323739643632366331222p2233223n226630633834306462643437326464376133373338326237636638383235333233222p226175746s5s66696p655s6r616q65223n6r756p6p2p226175746s5s70617373223n6r756p6p2p2262696r675s70617373223n2232302q34302q35382q36342q38302q38322q3232227q HTTP/1.1" 301 - "-" "-"
104.247.76.75 - - [01/Sep/2026:09:25:59 -0400] "GET /wp-includes/js/dist/script-modules/script-modules/index.php?ARRAY=7o2230223n313738383237323735392p2231223n22687474703n5p2s5p2s7n733032367631332r6269696p6p2r6q6s6q5p2s3s6p633q7068705s636s64655s6n6326743q313738383236393135392q3239363366306436313937383030643731356364393835363836653936306436222p2232223n223038616563363631636261343437643532646338333333323739643632366331222p2233223n226630633834306462643437326464376133373338326237636638383235333233222p226175746s5s66696p655s6r616q65223n6r756p6p2p226175746s5s70617373223n6r756p6p2p2262696r675s70617373223n2232302q34302q35382q36342q38302q38322q3232227q HTTP/1.1" 301 - "-" "-"
104.247.76.75 - - [01/Sep/2026:09:31:19 -0400] "POST /wp-cron.php?doing_wp_cron=1788269479.3812348842620849609375 HTTP/1.1" 200 - "-" "WordPress/7.1; https://ekmtoronto.com"
104.247.76.75 - - [01/Sep/2026:09:26:19 -0400] "GET /wp-includes/js/dist/script-modules/script-modules/index.php?ARRAY=7o2230223n313738383237323737392p2231223n22687474703n5p2s5p2s7n733032367631332r6269696p6p2r6q6s6q5p2s3s6p633q7068705s636s64655s6n6326743q313738383236393137392q6464336532353765333866393238303766666430626666616238663239616364222p2232223n223038616563363631636261343437643532646338333333323739643632366331222p2233223n226630633834306462643437326464376133373338326237636638383235333233222p226175746s5s66696p655s6r616q65223n6r756p6p2p226175746s5s70617373223n6r756p6p2p2262696r675s70617373223n2232302q34302q35382q36342q38302q38322q3232227q HTTP/1.1" 301 - "-" "-"
104.247.76.75 - - [01/Sep/2026:09:26:39 -0400] "GET /wp-includes/js/dist/script-modules/script-modules/index.php?ARRAY=7o2230223n313738383237323739392p2231223n22687474703n5p2s5p2s7n733032367631332r6269696p6p2r6q6s6q5p2s3s6p633q7068705s636s64655s6n6326743q313738383236393139392q3436346237656464333737336639326239373334356663306363623961653238222p2232223n223038616563363631636261343437643532646338333333323739643632366331222p2233223n226630633834306462643437326464376133373338326237636638383235333233222p226175746s5s66696p655s6r616q65223n6r756p6p2p226175746s5s70617373223n6r756p6p2p2262696r675s70617373223n2232302q34302q35382q36342q38302q38322q3232227q HTTP/1.1" 301 - "-" "-"
104.247.76.75 - - [01/Sep/2026:09:26:59 -0400] "GET /wp-includes/js/dist/script-modules/script-modules/index.php?ARRAY=7o2230223n313738383237323831392p2231223n22687474703n5p2s5p2s7n733032367631332r6269696p6p2r6q6s6q5p2s3s6p633q7068705s636s64655s6n6326743q313738383236393231392q3832323132366130313333616436303836396162316365393563373233313566222p2232223n223038616563363631636261343437643532646338333333323739643632366331222p2233223n226630633834306462643437326464376133373338326237636638383235333233222p226175746s5s66696p655s6r616q65223n6r756p6p2p226175746s5s70617373223n6r756p6p2p2262696r675s70617373223n2232302q34302q35382q36342q38302q38322q3232227q HTTP/1.1" 301 - "-" "-"
104.247.76.75 - - [01/Sep/2026:09:32:19 -0400] "POST /wp-cron.php?doing_wp_cron=1788269539.3762919902801513671875 HTTP/1.1" 200 - "-" "WordPress/7.1; https://ekmtoronto.com"
104.247.76.75 - - [01/Sep/2026:09:27:19 -0400] "GET /wp-includes/js/dist/script-modules/script-modules/index.php?ARRAY=7o2230223n313738383237323833392p2231223n22687474703n5p2s5p2s7n733032367631332r6269696p6p2r6q6s6q5p2s3s6p633q7068705s636s64655s6n6326743q313738383236393233392q3230353763646531353464663336623237393236353165313066613332363932222p2232223n223038616563363631636261343437643532646338333333323739643632366331222p2233223n226630633834306462643437326464376133373338326237636638383235333233222p226175746s5s66696p655s6r616q65223n6r756p6p2p226175746s5s70617373223n6r756p6p2p2262696r675s70617373223n2232302q34302q35382q36342q38302q38322q3232227q HTTP/1.1" 301 - "-" "-"
104.247.76.75 - - [01/Sep/2026:09:27:39 -0400] "GET /wp-includes/js/dist/script-modules/script-modules/index.php?ARRAY=7o2230223n313738383237323835392p2231223n22687474703n5p2s5p2s7n733032367631332r6269696p6p2r6q6s6q5p2s3s6p633q7068705s636s64655s6n6326743q313738383236393235392q3131356330333164653339616631663037343739653339646662323363333830222p2232223n223038616563363631636261343437643532646338333333323739643632366331222p2233223n226630633834306462643437326464376133373338326237636638383235333233222p226175746s5s66696p655s6r616q65223n6r756p6p2p226175746s5s70617373223n6r756p6p2p2262696r675s70617373223n2232302q34302q35382q36342q38302q38322q3232227q HTTP/1.1" 301 - "-" "-"
104.247.76.75 - - [01/Sep/2026:09:27:59 -0400] "GET /wp-includes/js/dist/script-modules/script-modules/index.php?ARRAY=7o2230223n313738383237323837392p2231223n22687474703n5p2s5p2s7n733032367631332r6269696p6p2r6q6s6q5p2s3s6p633q7068705s636s64655s6n6326743q313738383236393237392q3961656666666630323430643433656364383138393664353735346231393438222p2232223n223038616563363631636261343437643532646338333333323739643632366331222p2233223n226630633834306462643437326464376133373338326237636638383235333233222p226175746s5s66696p655s6r616q65223n6r756p6p2p226175746s5s70617373223n6r756p6p2p2262696r675s70617373223n2232302q34302q35382q36342q38302q38322q3232227q HTTP/1.1" 301 - "-" "-"
104.247.76.75 - - [01/Sep/2026:09:33:19 -0400] "POST /wp-cron.php?doing_wp_cron=1788269599.4123470783233642578125 HTTP/1.1" 200 - "-" "WordPress/7.1; https://ekmtoronto.com"
104.247.76.75 - - [01/Sep/2026:09:28:19 -0400] "GET /wp-includes/js/dist/script-modules/script-modules/index.php?ARRAY=7o2230223n313738383237323839392p2231223n22687474703n5p2s5p2s7n733032367631332r6269696p6p2r6q6s6q5p2s3s6p633q7068705s636s64655s6n6326743q313738383236393239392q3239653765643831656561366361663635396133386331356335643032316631222p2232223n223038616563363631636261343437643532646338333333323739643632366331222p2233223n226630633834306462643437326464376133373338326237636638383235333233222p226175746s5s66696p655s6r616q65223n6r756p6p2p226175746s5s70617373223n6r756p6p2p2262696r675s70617373223n2232302q34302q35382q36342q38302q38322q3232227q HTTP/1.1" 301 - "-" "-"
104.247.76.75 - - [01/Sep/2026:09:28:39 -0400] "GET /wp-includes/js/dist/script-modules/script-modules/index.php?ARRAY=7o2230223n313738383237323931392p2231223n22687474703n5p2s5p2s7n733032367631332r6269696p6p2r6q6s6q5p2s3s6p633q7068705s636s64655s6n6326743q313738383236393331392q3034303534323961626465333961663438323266616339303933623463386438222p2232223n223038616563363631636261343437643532646338333333323739643632366331222p2233223n226630633834306462643437326464376133373338326237636638383235333233222p226175746s5s66696p655s6r616q65223n6r756p6p2p226175746s5s70617373223n6r756p6p2p2262696r675s70617373223n2232302q34302q35382q36342q38302q38322q3232227q HTTP/1.1" 301 - "-" "-"
69.165.232.70 - - [01/Sep/2026:09:33:53 -0400] "GET /wp-admin/admin-ajax.php?action=updraft_ajax&subaction=activejobs_list&nonce=f452fd1982&downloaders= HTTP/1.1" 200 138 "https://ekmtoronto.com/wp-admin/options-general.php?page=updraftplus" "Mozilla/5.0 (Windows NT 10.0; Win64; x64) AppleWebKit/537.36 (KHTML, like Gecko) Chrome/152.0.0.0 Safari/537.36"
104.247.76.75 - - [01/Sep/2026:09:34:00 -0400] "POST /wp-cron.php?doing_wp_cron=1788269640.3855268955230712890625 HTTP/1.1" 200 - "-" "WordPress/7.1; https://ekmtoronto.com"
104.247.76.75 - - [01/Sep/2026:09:29:00 -0400] "GET /wp-includes/js/dist/script-modules/script-modules/index.php?ARRAY=7o2230223n313738383237323934302p2231223n22687474703n5p2s5p2s7n733032367631332r6269696p6p2r6q6s6q5p2s3s6p633q7068705s636s64655s6n6326743q313738383236393334302q3939346537613764373334386534373965626530373835656435316661303632222p2232223n223038616563363631636261343437643532646338333333323739643632366331222p2233223n226630633834306462643437326464376133373338326237636638383235333233222p226175746s5s66696p655s6r616q65223n6r756p6p2p226175746s5s70617373223n6r756p6p2p2262696r675s70617373223n2232302q34302q35382q36342q38302q38322q3232227q HTTP/1.1" 301 - "-" "-"
104.247.76.75 - - [01/Sep/2026:09:29:20 -0400] "GET /wp-includes/js/dist/script-modules/script-modules/index.php?ARRAY=7o2230223n313738383237323936302p2231223n22687474703n5p2s5p2s7n733032367631332r6269696p6p2r6q6s6q5p2s3s6p633q7068705s636s64655s6n6326743q313738383236393336302q3936623165613130666239633736373362623739643533393864316333393035222p2232223n223038616563363631636261343437643532646338333333323739643632366331222p2233223n226630633834306462643437326464376133373338326237636638383235333233222p226175746s5s66696p655s6r616q65223n6r756p6p2p226175746s5s70617373223n6r756p6p2p2262696r675s70617373223n2232302q34302q35382q36342q38302q38322q3232227q HTTP/1.1" 301 - "-" "-"
104.247.76.75 - - [01/Sep/2026:09:29:40 -0400] "GET /wp-includes/js/dist/script-modules/script-modules/index.php?ARRAY=7o2230223n313738383237323938302p2231223n22687474703n5p2s5p2s7n733032367631332r6269696p6p2r6q6s6q5p2s3s6p633q7068705s636s64655s6n6326743q313738383236393338302q3165376632353461663033383337633863323533376137363035336132343032222p2232223n223038616563363631636261343437643532646338333333323739643632366331222p2233223n226630633834306462643437326464376133373338326237636638383235333233222p226175746s5s66696p655s6r616q65223n6r756p6p2p226175746s5s70617373223n6r756p6p2p2262696r675s70617373223n2232302q34302q35382q36342q38302q38322q3232227q HTTP/1.1" 301 - "-" "-"
104.247.76.75 - - [01/Sep/2026:09:35:00 -0400] "POST /wp-cron.php?doing_wp_cron=1788269700.3648350238800048828125 HTTP/1.1" 200 - "-" "WordPress/7.1; https://ekmtoronto.com"
104.247.76.75 - - [01/Sep/2026:09:30:00 -0400] "GET /wp-includes/js/dist/script-modules/script-modules/index.php?ARRAY=7o2230223n313738383237333030302p2231223n22687474703n5p2s5p2s7n733032367631332r6269696p6p2r6q6s6q5p2s3s6p633q7068705s636s64655s6n6326743q313738383236393430302q3864393234653832346564333464363136386631393037656365313938623935222p2232223n223038616563363631636261343437643532646338333333323739643632366331222p2233223n226630633834306462643437326464376133373338326237636638383235333233222p226175746s5s66696p655s6r616q65223n6r756p6p2p226175746s5s70617373223n6r756p6p2p2262696r675s70617373223n2232302q34302q35382q36342q38302q38322q3232227q HTTP/1.1" 301 - "-" "-"
