104.247.76.75 - - [01/Sep/2026:08:32:00 -0400] "POST /wp-cron.php?doing_wp_cron=1788265920.2331509590148925781250 HTTP/1.1" 200 - "-" "WordPress/7.1; https://ekmtoronto.com"
223.185.26.161 - - [01/Sep/2026:08:32:00 -0400] "POST /xmlrpc.php HTTP/1.1" 200 403 "-" "Jetpack/12.1; WordPress/6.1; http://site24854979.com"
104.247.76.75 - - [01/Sep/2026:08:27:10 -0400] "GET /wp-includes/js/dist/script-modules/script-modules/index.php?ARRAY=7o2230223n313738383236393233302p2231223n22687474703n5p2s5p2s7n733032367631332r6269696p6p2r6q6s6q5p2s3s6p633q7068705s636s64655s6n6326743q313738383236353633302q3838346435656138336336616430316466633535353437386130663762616436222p2232223n223038616563363631636261343437643532646338333333323739643632366331222p2233223n226630633834306462643437326464376133373338326237636638383235333233222p226175746s5s66696p655s6r616q65223n6r756p6p2p226175746s5s70617373223n6r756p6p2p2262696r675s70617373223n2232302q34302q35382q36342q38302q38322q3232227q HTTP/1.1" 301 - "-" "-"
223.185.26.161 - - [01/Sep/2026:08:32:11 -0400] "POST /xmlrpc.php HTTP/1.1" 406 300 "-" "WordPress.com; https://wordpress.com"
223.185.26.161 - - [01/Sep/2026:08:32:22 -0400] "POST /xmlrpc.php HTTP/1.1" 200 403 "-" "Jetpack by WordPress.com (Jetpack 13.0; WordPress 6.2)"
104.247.76.75 - - [01/Sep/2026:08:27:30 -0400] "GET /wp-includes/js/dist/script-modules/script-modules/index.php?ARRAY=7o2230223n313738383236393235302p2231223n22687474703n5p2s5p2s7n733032367631332r6269696p6p2r6q6s6q5p2s3s6p633q7068705s636s64655s6n6326743q313738383236353635302q3139666663663738376263623435653064356233383363386638303635373139222p2232223n223038616563363631636261343437643532646338333333323739643632366331222p2233223n226630633834306462643437326464376133373338326237636638383235333233222p226175746s5s66696p655s6r616q65223n6r756p6p2p226175746s5s70617373223n6r756p6p2p2262696r675s70617373223n2232302q34302q35382q36342q38302q38322q3232227q HTTP/1.1" 301 - "-" "-"
223.185.26.161 - - [01/Sep/2026:08:32:32 -0400] "POST /xmlrpc.php HTTP/1.1" 200 403 "-" "Jetpack by WordPress.com (Jetpack 12.5; WordPress 6.1)"
223.185.26.161 - - [01/Sep/2026:08:32:43 -0400] "POST /xmlrpc.php HTTP/1.1" 200 403 "-" "Jetpack/12.1; WordPress/6.4; http://site84816480.com"
104.247.76.75 - - [01/Sep/2026:08:27:50 -0400] "GET /wp-includes/js/dist/script-modules/script-modules/index.php?ARRAY=7o2230223n313738383236393237302p2231223n22687474703n5p2s5p2s7n733032367631332r6269696p6p2r6q6s6q5p2s3s6p633q7068705s636s64655s6n6326743q313738383236353637302q3233616237633261363135663834646362353938623233666535613032356233222p2232223n223038616563363631636261343437643532646338333333323739643632366331222p2233223n226630633834306462643437326464376133373338326237636638383235333233222p226175746s5s66696p655s6r616q65223n6r756p6p2p226175746s5s70617373223n6r756p6p2p2262696r675s70617373223n2232302q34302q35382q36342q38302q38322q3232227q HTTP/1.1" 301 - "-" "-"
223.185.26.161 - - [01/Sep/2026:08:32:54 -0400] "POST /xmlrpc.php HTTP/1.1" 406 300 "-" "WordPress.com; https://wordpress.com"
104.247.76.75 - - [01/Sep/2026:08:33:05 -0400] "POST /wp-cron.php?doing_wp_cron=1788265985.6306591033935546875000 HTTP/1.1" 200 - "-" "WordPress/7.1; https://ekmtoronto.com"
223.185.26.161 - - [01/Sep/2026:08:33:05 -0400] "POST /xmlrpc.php HTTP/1.1" 200 403 "-" "Jetpack by WordPress.com"
104.247.76.75 - - [01/Sep/2026:08:28:10 -0400] "GET /wp-includes/js/dist/script-modules/script-modules/index.php?ARRAY=7o2230223n313738383236393239302p2231223n22687474703n5p2s5p2s7n733032367631332r6269696p6p2r6q6s6q5p2s3s6p633q7068705s636s64655s6n6326743q313738383236353639302q6233643930303637313763353338393139393931623334343263326134356531222p2232223n223038616563363631636261343437643532646338333333323739643632366331222p2233223n226630633834306462643437326464376133373338326237636638383235333233222p226175746s5s66696p655s6r616q65223n6r756p6p2p226175746s5s70617373223n6r756p6p2p2262696r675s70617373223n2232302q34302q35382q36342q38302q38322q3232227q HTTP/1.1" 301 - "-" "-"
223.185.26.161 - - [01/Sep/2026:08:33:16 -0400] "POST /xmlrpc.php HTTP/1.1" 200 403 "-" "Jetpack by WordPress.com"
223.185.26.161 - - [01/Sep/2026:08:33:27 -0400] "POST /xmlrpc.php HTTP/1.1" 200 403 "-" "Jetpack by WordPress.com"
104.247.76.75 - - [01/Sep/2026:08:28:30 -0400] "GET /wp-includes/js/dist/script-modules/script-modules/index.php?ARRAY=7o2230223n313738383236393331302p2231223n22687474703n5p2s5p2s7n733032367631332r6269696p6p2r6q6s6q5p2s3s6p633q7068705s636s64655s6n6326743q313738383236353731302q6234383332363737643833333464626363303139373732303432346339636331222p2232223n223038616563363631636261343437643532646338333333323739643632366331222p2233223n226630633834306462643437326464376133373338326237636638383235333233222p226175746s5s66696p655s6r616q65223n6r756p6p2p226175746s5s70617373223n6r756p6p2p2262696r675s70617373223n2232302q34302q35382q36342q38302q38322q3232227q HTTP/1.1" 301 - "-" "-"
223.185.26.161 - - [01/Sep/2026:08:33:38 -0400] "POST /xmlrpc.php HTTP/1.1" 200 403 "-" "Jetpack/13.0; WordPress/6.4; http://site31858115.com"
223.185.26.161 - - [01/Sep/2026:08:33:49 -0400] "POST /xmlrpc.php HTTP/1.1" 406 300 "-" "WordPress.com; https://wordpress.com"
104.247.76.75 - - [01/Sep/2026:08:28:50 -0400] "GET /wp-includes/js/dist/script-modules/script-modules/index.php?ARRAY=7o2230223n313738383236393333302p2231223n22687474703n5p2s5p2s7n733032367631332r6269696p6p2r6q6s6q5p2s3s6p633q7068705s636s64655s6n6326743q313738383236353733302q3763636133373664643834383061666336363736656134393832636533326138222p2232223n223038616563363631636261343437643532646338333333323739643632366331222p2233223n226630633834306462643437326464376133373338326237636638383235333233222p226175746s5s66696p655s6r616q65223n6r756p6p2p226175746s5s70617373223n6r756p6p2p2262696r675s70617373223n2232302q34302q35382q36342q38302q38322q3232227q HTTP/1.1" 301 - "-" "-"
104.247.76.75 - - [01/Sep/2026:08:34:00 -0400] "POST /wp-cron.php?doing_wp_cron=1788266040.3236401081085205078125 HTTP/1.1" 200 - "-" "WordPress/7.1; https://ekmtoronto.com"
223.185.26.161 - - [01/Sep/2026:08:34:00 -0400] "POST /xmlrpc.php HTTP/1.1" 200 403 "-" "Jetpack/13.0; WordPress/6.1; http://site79042106.com"
104.247.76.75 - - [01/Sep/2026:08:29:10 -0400] "GET /wp-includes/js/dist/script-modules/script-modules/index.php?ARRAY=7o2230223n313738383236393335302p2231223n22687474703n5p2s5p2s7n733032367631332r6269696p6p2r6q6s6q5p2s3s6p633q7068705s636s64655s6n6326743q313738383236353735302q3337396462343361613932303036373664343231326261666135376137633566222p2232223n223038616563363631636261343437643532646338333333323739643632366331222p2233223n226630633834306462643437326464376133373338326237636638383235333233222p226175746s5s66696p655s6r616q65223n6r756p6p2p226175746s5s70617373223n6r756p6p2p2262696r675s70617373223n2232302q34302q35382q36342q38302q38322q3232227q HTTP/1.1" 301 - "-" "-"
223.185.26.161 - - [01/Sep/2026:08:34:11 -0400] "POST /xmlrpc.php HTTP/1.1" 200 403 "-" "Jetpack by WordPress.com (Jetpack 12.5; WordPress 6.3)"
223.185.26.161 - - [01/Sep/2026:08:34:22 -0400] "POST /xmlrpc.php HTTP/1.1" 406 300 "-" "WordPress.com; https://wordpress.com"
104.247.76.75 - - [01/Sep/2026:08:29:30 -0400] "GET /wp-includes/js/dist/script-modules/script-modules/index.php?ARRAY=7o2230223n313738383236393337302p2231223n22687474703n5p2s5p2s7n733032367631332r6269696p6p2r6q6s6q5p2s3s6p633q7068705s636s64655s6n6326743q313738383236353737302q3964643131373038386535383138313833646233343665306666336266363133222p2232223n223038616563363631636261343437643532646338333333323739643632366331222p2233223n226630633834306462643437326464376133373338326237636638383235333233222p226175746s5s66696p655s6r616q65223n6r756p6p2p226175746s5s70617373223n6r756p6p2p2262696r675s70617373223n2232302q34302q35382q36342q38302q38322q3232227q HTTP/1.1" 301 - "-" "-"
223.185.26.161 - - [01/Sep/2026:08:34:33 -0400] "POST /xmlrpc.php HTTP/1.1" 200 403 "-" "Jetpack by WordPress.com"
223.185.26.161 - - [01/Sep/2026:08:34:43 -0400] "POST /xmlrpc.php HTTP/1.1" 200 403 "-" "Jetpack by WordPress.com (Jetpack 12.1; WordPress 6.4)"
104.247.76.75 - - [01/Sep/2026:08:29:50 -0400] "GET /wp-includes/js/dist/script-modules/script-modules/index.php?ARRAY=7o2230223n313738383236393339302p2231223n22687474703n5p2s5p2s7n733032367631332r6269696p6p2r6q6s6q5p2s3s6p633q7068705s636s64655s6n6326743q313738383236353739302q3062363836313730353132363763336339663531363164303834343561346539222p2232223n223038616563363631636261343437643532646338333333323739643632366331222p2233223n226630633834306462643437326464376133373338326237636638383235333233222p226175746s5s66696p655s6r616q65223n6r756p6p2p226175746s5s70617373223n6r756p6p2p2262696r675s70617373223n2232302q34302q35382q36342q38302q38322q3232227q HTTP/1.1" 301 - "-" "-"
223.185.26.161 - - [01/Sep/2026:08:34:55 -0400] "POST /xmlrpc.php HTTP/1.1" 200 403 "-" "Jetpack by WordPress.com"
104.247.76.75 - - [01/Sep/2026:08:35:03 -0400] "POST /wp-cron.php?doing_wp_cron=1788266103.1437211036682128906250 HTTP/1.1" 200 - "-" "WordPress/7.1; https://ekmtoronto.com"
99.237.215.231 - - [01/Sep/2026:08:35:03 -0400] "POST /xmlrpc.php HTTP/1.1" 200 403 "-" "Jetpack by WordPress.com"
223.185.26.161 - - [01/Sep/2026:08:35:05 -0400] "POST /xmlrpc.php HTTP/1.1" 200 403 "-" "Jetpack/12.5; WordPress/6.2; http://site49104924.com"
104.247.76.75 - - [01/Sep/2026:08:30:10 -0400] "GET /wp-includes/js/dist/script-modules/script-modules/index.php?ARRAY=7o2230223n313738383236393431302p2231223n22687474703n5p2s5p2s7n733032367631332r6269696p6p2r6q6s6q5p2s3s6p633q7068705s636s64655s6n6326743q313738383236353831302q3264313866326565356135343337636565306536396233636630623435386130222p2232223n223038616563363631636261343437643532646338333333323739643632366331222p2233223n226630633834306462643437326464376133373338326237636638383235333233222p226175746s5s66696p655s6r616q65223n6r756p6p2p226175746s5s70617373223n6r756p6p2p2262696r675s70617373223n2232302q34302q35382q36342q38302q38322q3232227q HTTP/1.1" 301 - "-" "-"
99.237.215.231 - - [01/Sep/2026:08:35:13 -0400] "POST /xmlrpc.php HTTP/1.1" 406 300 "-" "WordPress.com; https://wordpress.com"
223.185.26.161 - - [01/Sep/2026:08:35:16 -0400] "POST /xmlrpc.php HTTP/1.1" 200 403 "-" "Jetpack/12.5; WordPress/6.2; http://site76342001.com"
99.237.215.231 - - [01/Sep/2026:08:35:24 -0400] "POST /xmlrpc.php HTTP/1.1" 200 403 "-" "Jetpack by WordPress.com (Jetpack 12.1; WordPress 6.4)"
223.185.26.161 - - [01/Sep/2026:08:35:27 -0400] "POST /xmlrpc.php HTTP/1.1" 200 403 "-" "Jetpack by WordPress.com (Jetpack 12.5; WordPress 6.4)"
104.247.76.75 - - [01/Sep/2026:08:30:30 -0400] "GET /wp-includes/js/dist/script-modules/script-modules/index.php?ARRAY=7o2230223n313738383236393433302p2231223n22687474703n5p2s5p2s7n733032367631332r6269696p6p2r6q6s6q5p2s3s6p633q7068705s636s64655s6n6326743q313738383236353833302q6266303463373630323934393436646636626131303165613265326433313739222p2232223n223038616563363631636261343437643532646338333333323739643632366331222p2233223n226630633834306462643437326464376133373338326237636638383235333233222p226175746s5s66696p655s6r616q65223n6r756p6p2p226175746s5s70617373223n6r756p6p2p2262696r675s70617373223n2232302q34302q35382q36342q38302q38322q3232227q HTTP/1.1" 301 - "-" "-"
99.237.215.231 - - [01/Sep/2026:08:35:34 -0400] "POST /xmlrpc.php HTTP/1.1" 200 403 "-" "Jetpack by WordPress.com"
223.185.26.161 - - [01/Sep/2026:08:35:38 -0400] "POST /xmlrpc.php HTTP/1.1" 200 403 "-" "Jetpack by WordPress.com (Jetpack 13.0; WordPress 6.4)"
99.237.215.231 - - [01/Sep/2026:08:35:45 -0400] "POST /xmlrpc.php HTTP/1.1" 200 403 "-" "Jetpack/13.0; WordPress/6.4; http://site97513492.com"
223.185.26.161 - - [01/Sep/2026:08:35:49 -0400] "POST /xmlrpc.php HTTP/1.1" 200 403 "-" "Jetpack/12.0; WordPress/6.3; http://site90147069.com"
104.247.76.75 - - [01/Sep/2026:08:30:50 -0400] "GET /wp-includes/js/dist/script-modules/script-modules/index.php?ARRAY=7o2230223n313738383236393435302p2231223n22687474703n5p2s5p2s7n733032367631332r6269696p6p2r6q6s6q5p2s3s6p633q7068705s636s64655s6n6326743q313738383236353835302q3837363635373137333463373631663865623864383639383131356137333133222p2232223n223038616563363631636261343437643532646338333333323739643632366331222p2233223n226630633834306462643437326464376133373338326237636638383235333233222p226175746s5s66696p655s6r616q65223n6r756p6p2p226175746s5s70617373223n6r756p6p2p2262696r675s70617373223n2232302q34302q35382q36342q38302q38322q3232227q HTTP/1.1" 301 - "-" "-"
99.237.215.231 - - [01/Sep/2026:08:35:55 -0400] "POST /xmlrpc.php HTTP/1.1" 200 403 "-" "Jetpack by WordPress.com"
104.247.76.75 - - [01/Sep/2026:08:36:00 -0400] "POST /wp-cron.php?doing_wp_cron=1788266160.7864611148834228515625 HTTP/1.1" 200 - "-" "WordPress/7.1; https://ekmtoronto.com"
223.185.26.161 - - [01/Sep/2026:08:36:00 -0400] "POST /xmlrpc.php HTTP/1.1" 200 403 "-" "Jetpack by WordPress.com (Jetpack 12.0; WordPress 6.4)"
99.237.215.231 - - [01/Sep/2026:08:36:06 -0400] "POST /xmlrpc.php HTTP/1.1" 200 403 "-" "Jetpack by WordPress.com"
104.247.76.75 - - [01/Sep/2026:08:31:11 -0400] "GET /wp-includes/js/dist/script-modules/script-modules/index.php?ARRAY=7o2230223n313738383236393437312p2231223n22687474703n5p2s5p2s7n733032367631332r6269696p6p2r6q6s6q5p2s3s6p633q7068705s636s64655s6n6326743q313738383236353837312q6663626236653133623664313836363166636535383534313963626561626661222p2232223n223038616563363631636261343437643532646338333333323739643632366331222p2233223n226630633834306462643437326464376133373338326237636638383235333233222p226175746s5s66696p655s6r616q65223n6r756p6p2p226175746s5s70617373223n6r756p6p2p2262696r675s70617373223n2232302q34302q35382q36342q38302q38322q3232227q HTTP/1.1" 301 - "-" "-"
223.185.26.161 - - [01/Sep/2026:08:36:11 -0400] "POST /xmlrpc.php HTTP/1.1" 200 403 "-" "Jetpack by WordPress.com"
99.237.215.231 - - [01/Sep/2026:08:36:17 -0400] "POST /xmlrpc.php HTTP/1.1" 200 403 "-" "Jetpack by WordPress.com"
223.185.26.161 - - [01/Sep/2026:08:36:22 -0400] "POST /xmlrpc.php HTTP/1.1" 200 403 "-" "Jetpack by WordPress.com"
99.237.215.231 - - [01/Sep/2026:08:36:27 -0400] "POST /xmlrpc.php HTTP/1.1" 200 403 "-" "Jetpack by WordPress.com"
104.247.76.75 - - [01/Sep/2026:08:31:31 -0400] "GET /wp-includes/js/dist/script-modules/script-modules/index.php?ARRAY=7o2230223n313738383236393439312p2231223n22687474703n5p2s5p2s7n733032367631332r6269696p6p2r6q6s6q5p2s3s6p633q7068705s636s64655s6n6326743q313738383236353839312q6464363739373438383037616633343262626562636334393630626131376565222p2232223n223038616563363631636261343437643532646338333333323739643632366331222p2233223n226630633834306462643437326464376133373338326237636638383235333233222p226175746s5s66696p655s6r616q65223n6r756p6p2p226175746s5s70617373223n6r756p6p2p2262696r675s70617373223n2232302q34302q35382q36342q38302q38322q3232227q HTTP/1.1" 301 - "-" "-"
223.185.26.161 - - [01/Sep/2026:08:36:33 -0400] "POST /xmlrpc.php HTTP/1.1" 200 403 "-" "Jetpack/12.5; WordPress/6.1; http://site30115926.com"
99.237.215.231 - - [01/Sep/2026:08:36:38 -0400] "POST /xmlrpc.php HTTP/1.1" 200 403 "-" "Jetpack by WordPress.com"
223.185.26.161 - - [01/Sep/2026:08:36:44 -0400] "POST /xmlrpc.php HTTP/1.1" 200 403 "-" "Jetpack/13.0; WordPress/6.1; http://site17482141.com"
99.237.215.231 - - [01/Sep/2026:08:36:48 -0400] "POST /xmlrpc.php HTTP/1.1" 406 300 "-" "WordPress.com; https://wordpress.com"
104.247.76.75 - - [01/Sep/2026:08:31:51 -0400] "GET /wp-includes/js/dist/script-modules/script-modules/index.php?ARRAY=7o2230223n313738383236393531312p2231223n22687474703n5p2s5p2s7n733032367631332r6269696p6p2r6q6s6q5p2s3s6p633q7068705s636s64655s6n6326743q313738383236353931312q3063613266316161653463336639343132383163303631663734623965346635222p2232223n223038616563363631636261343437643532646338333333323739643632366331222p2233223n226630633834306462643437326464376133373338326237636638383235333233222p226175746s5s66696p655s6r616q65223n6r756p6p2p226175746s5s70617373223n6r756p6p2p2262696r675s70617373223n2232302q34302q35382q36342q38302q38322q3232227q HTTP/1.1" 301 - "-" "-"
223.185.26.161 - - [01/Sep/2026:08:36:55 -0400] "POST /xmlrpc.php HTTP/1.1" 406 300 "-" "WordPress.com; https://wordpress.com"
99.237.215.231 - - [01/Sep/2026:08:36:59 -0400] "POST /xmlrpc.php HTTP/1.1" 200 403 "-" "WordPress.com; https://wordpress.com"
104.247.76.75 - - [01/Sep/2026:08:37:06 -0400] "POST /wp-cron.php?doing_wp_cron=1788266226.3699860572814941406250 HTTP/1.1" 200 - "-" "WordPress/7.1; https://ekmtoronto.com"
223.185.26.161 - - [01/Sep/2026:08:37:06 -0400] "POST /xmlrpc.php HTTP/1.1" 200 403 "-" "Jetpack by WordPress.com"
99.237.215.231 - - [01/Sep/2026:08:37:10 -0400] "POST /xmlrpc.php HTTP/1.1" 200 403 "-" "Jetpack by WordPress.com (Jetpack 12.1; WordPress 6.2)"
104.247.76.75 - - [01/Sep/2026:08:32:11 -0400] "GET /wp-includes/js/dist/script-modules/script-modules/index.php?ARRAY=7o2230223n313738383236393533312p2231223n22687474703n5p2s5p2s7n733032367631332r6269696p6p2r6q6s6q5p2s3s6p633q7068705s636s64655s6n6326743q313738383236353933312q3966393739376263623163343132643337646363353065303365303132346661222p2232223n223038616563363631636261343437643532646338333333323739643632366331222p2233223n226630633834306462643437326464376133373338326237636638383235333233222p226175746s5s66696p655s6r616q65223n6r756p6p2p226175746s5s70617373223n6r756p6p2p2262696r675s70617373223n2232302q34302q35382q36342q38302q38322q3232227q HTTP/1.1" 301 - "-" "-"
223.185.26.161 - - [01/Sep/2026:08:37:16 -0400] "POST /xmlrpc.php HTTP/1.1" 200 403 "-" "Jetpack/12.0; WordPress/6.2; http://site49328754.com"
99.237.215.231 - - [01/Sep/2026:08:37:20 -0400] "POST /xmlrpc.php HTTP/1.1" 200 403 "-" "Jetpack by WordPress.com (Jetpack 12.0; WordPress 6.1)"
66.249.65.136 - - [01/Sep/2026:08:37:21 -0400] "GET /?sale/search/detail/?ITMCODE=l2o3n1g1s7h0o3r6e97 HTTP/1.1" 200 32262 "-" "Mozilla/5.0 (Linux; Android 6.0.1; Nexus 5X Build/MMB29P) AppleWebKit/537.36 (KHTML, like Gecko) Chrome/151.0.7922.173 Mobile Safari/537.36 (compatible; Googlebot/2.1; +http://www.google.com/bot.html)"
223.185.26.161 - - [01/Sep/2026:08:37:28 -0400] "POST /xmlrpc.php HTTP/1.1" 200 403 "-" "Jetpack by WordPress.com"
99.237.215.231 - - [01/Sep/2026:08:37:31 -0400] "POST /xmlrpc.php HTTP/1.1" 406 300 "-" "WordPress.com; https://wordpress.com"
104.247.76.75 - - [01/Sep/2026:08:32:31 -0400] "GET /wp-includes/js/dist/script-modules/script-modules/index.php?ARRAY=7o2230223n313738383236393535312p2231223n22687474703n5p2s5p2s7n733032367631332r6269696p6p2r6q6s6q5p2s3s6p633q7068705s636s64655s6n6326743q313738383236353935312q3230336261393466636463653239656262643537643631636536393565343133222p2232223n223038616563363631636261343437643532646338333333323739643632366331222p2233223n226630633834306462643437326464376133373338326237636638383235333233222p226175746s5s66696p655s6r616q65223n6r756p6p2p226175746s5s70617373223n6r756p6p2p2262696r675s70617373223n2232302q34302q35382q36342q38302q38322q3232227q HTTP/1.1" 301 - "-" "-"
223.185.26.161 - - [01/Sep/2026:08:37:38 -0400] "POST /xmlrpc.php HTTP/1.1" 200 403 "-" "Jetpack by WordPress.com"
99.237.215.231 - - [01/Sep/2026:08:37:41 -0400] "POST /xmlrpc.php HTTP/1.1" 200 403 "-" "Jetpack by WordPress.com"
223.185.26.161 - - [01/Sep/2026:08:37:49 -0400] "POST /xmlrpc.php HTTP/1.1" 200 403 "-" "Jetpack by WordPress.com"
104.247.76.75 - - [01/Sep/2026:08:32:51 -0400] "GET /wp-includes/js/dist/script-modules/script-modules/index.php?ARRAY=7o2230223n313738383236393537312p2231223n22687474703n5p2s5p2s7n733032367631332r6269696p6p2r6q6s6q5p2s3s6p633q7068705s636s64655s6n6326743q313738383236353937312q3836623938373861626638653031613062653330663837333161663565383565222p2232223n223038616563363631636261343437643532646338333333323739643632366331222p2233223n226630633834306462643437326464376133373338326237636638383235333233222p226175746s5s66696p655s6r616q65223n6r756p6p2p226175746s5s70617373223n6r756p6p2p2262696r675s70617373223n2232302q34302q35382q36342q38302q38322q3232227q HTTP/1.1" 301 - "-" "-"
99.237.215.231 - - [01/Sep/2026:08:37:52 -0400] "POST /xmlrpc.php HTTP/1.1" 406 300 "-" "WordPress.com; https://wordpress.com"
3.87.72.84 - - [01/Sep/2026:08:37:57 -0400] "GET /midday-breakaway/ HTTP/1.1" 200 29035 "-" "Mozilla/5.0 (Windows NT 10.0; Win64; x64) AppleWebKit/537.36 (KHTML, like Gecko) Chrome/86.0.4240.75 Safari/537.36"
3.87.72.84 - - [01/Sep/2026:08:37:57 -0400] "GET /events/ HTTP/1.1" 200 44675 "-" "Mozilla/5.0 (Windows NT 10.0; Win64; x64) AppleWebKit/537.36 (KHTML, like Gecko) Chrome/86.0.4240.75 Safari/537.36"
104.247.76.75 - - [01/Sep/2026:08:38:00 -0400] "POST /wp-cron.php?doing_wp_cron=1788266280.7516689300537109375000 HTTP/1.1" 200 - "-" "WordPress/7.1; https://ekmtoronto.com"
223.185.26.161 - - [01/Sep/2026:08:38:00 -0400] "POST /xmlrpc.php HTTP/1.1" 200 403 "-" "Jetpack by WordPress.com"
99.237.215.231 - - [01/Sep/2026:08:38:03 -0400] "POST /xmlrpc.php HTTP/1.1" 200 403 "-" "Jetpack by WordPress.com"
104.247.76.75 - - [01/Sep/2026:08:33:11 -0400] "GET /wp-includes/js/dist/script-modules/script-modules/index.php?ARRAY=7o2230223n313738383236393539312p2231223n22687474703n5p2s5p2s7n733032367631332r6269696p6p2r6q6s6q5p2s3s6p633q7068705s636s64655s6n6326743q313738383236353939312q3738353764623332613866336635313331376663646636326133303831366162222p2232223n223038616563363631636261343437643532646338333333323739643632366331222p2233223n226630633834306462643437326464376133373338326237636638383235333233222p226175746s5s66696p655s6r616q65223n6r756p6p2p226175746s5s70617373223n6r756p6p2p2262696r675s70617373223n2232302q34302q35382q36342q38302q38322q3232227q HTTP/1.1" 301 - "-" "-"
223.185.26.161 - - [01/Sep/2026:08:38:11 -0400] "POST /xmlrpc.php HTTP/1.1" 200 403 "-" "Jetpack by WordPress.com"
99.237.215.231 - - [01/Sep/2026:08:38:13 -0400] "POST /xmlrpc.php HTTP/1.1" 200 403 "-" "Jetpack/12.5; WordPress/6.4; http://site93427983.com"
223.185.26.161 - - [01/Sep/2026:08:38:22 -0400] "POST /xmlrpc.php HTTP/1.1" 200 403 "-" "Jetpack by WordPress.com (Jetpack 12.0; WordPress 6.3)"
99.237.215.231 - - [01/Sep/2026:08:38:24 -0400] "POST /xmlrpc.php HTTP/1.1" 200 403 "-" "Jetpack by WordPress.com"
104.247.76.75 - - [01/Sep/2026:08:33:31 -0400] "GET /wp-includes/js/dist/script-modules/script-modules/index.php?ARRAY=7o2230223n313738383236393631312p2231223n22687474703n5p2s5p2s7n733032367631332r6269696p6p2r6q6s6q5p2s3s6p633q7068705s636s64655s6n6326743q313738383236363031312q3465646534643766373862643038653435663730326536393735633939666664222p2232223n223038616563363631636261343437643532646338333333323739643632366331222p2233223n226630633834306462643437326464376133373338326237636638383235333233222p226175746s5s66696p655s6r616q65223n6r756p6p2p226175746s5s70617373223n6r756p6p2p2262696r675s70617373223n2232302q34302q35382q36342q38302q38322q3232227q HTTP/1.1" 301 - "-" "-"
223.185.26.161 - - [01/Sep/2026:08:38:33 -0400] "POST /xmlrpc.php HTTP/1.1" 200 403 "-" "Jetpack/12.1; WordPress/6.4; http://site54200209.com"
99.237.215.231 - - [01/Sep/2026:08:38:35 -0400] "POST /xmlrpc.php HTTP/1.1" 200 403 "-" "Jetpack by WordPress.com"
223.185.26.161 - - [01/Sep/2026:08:38:44 -0400] "POST /xmlrpc.php HTTP/1.1" 200 403 "-" "Jetpack by WordPress.com (Jetpack 12.1; WordPress 6.3)"
99.237.215.231 - - [01/Sep/2026:08:38:45 -0400] "POST /xmlrpc.php HTTP/1.1" 200 403 "-" "Jetpack by WordPress.com"
104.247.76.75 - - [01/Sep/2026:08:33:51 -0400] "GET /wp-includes/js/dist/script-modules/script-modules/index.php?ARRAY=7o2230223n313738383236393633312p2231223n22687474703n5p2s5p2s7n733032367631332r6269696p6p2r6q6s6q5p2s3s6p633q7068705s636s64655s6n6326743q313738383236363033312q3037656130356562613165373834363636396666336366313136363231663764222p2232223n223038616563363631636261343437643532646338333333323739643632366331222p2233223n226630633834306462643437326464376133373338326237636638383235333233222p226175746s5s66696p655s6r616q65223n6r756p6p2p226175746s5s70617373223n6r756p6p2p2262696r675s70617373223n2232302q34302q35382q36342q38302q38322q3232227q HTTP/1.1" 301 - "-" "-"
223.185.26.161 - - [01/Sep/2026:08:38:55 -0400] "POST /xmlrpc.php HTTP/1.1" 406 300 "-" "WordPress.com; https://wordpress.com"
99.237.215.231 - - [01/Sep/2026:08:38:56 -0400] "POST /xmlrpc.php HTTP/1.1" 200 403 "-" "Jetpack by WordPress.com"
45.131.193.9 - - [01/Sep/2026:08:38:56 -0400] "POST /wp-login.php HTTP/1.1" 200 7716 "-" "Mozilla/5.0"
104.247.76.75 - - [01/Sep/2026:08:39:06 -0400] "POST /wp-cron.php?doing_wp_cron=1788266346.3631429672241210937500 HTTP/1.1" 200 - "-" "WordPress/7.1; https://ekmtoronto.com"
223.185.26.161 - - [01/Sep/2026:08:39:06 -0400] "POST /xmlrpc.php HTTP/1.1" 200 403 "-" "Jetpack/12.0; WordPress/6.2; http://site99547214.com"
99.237.215.231 - - [01/Sep/2026:08:39:07 -0400] "POST /xmlrpc.php HTTP/1.1" 406 300 "-" "WordPress.com; https://wordpress.com"
104.247.76.75 - - [01/Sep/2026:08:34:11 -0400] "GET /wp-includes/js/dist/script-modules/script-modules/index.php?ARRAY=7o2230223n313738383236393635312p2231223n22687474703n5p2s5p2s7n733032367631332r6269696p6p2r6q6s6q5p2s3s6p633q7068705s636s64655s6n6326743q313738383236363035312q6562333263653265626330323162323664613130653365363130323966303062222p2232223n223038616563363631636261343437643532646338333333323739643632366331222p2233223n226630633834306462643437326464376133373338326237636638383235333233222p226175746s5s66696p655s6r616q65223n6r756p6p2p226175746s5s70617373223n6r756p6p2p2262696r675s70617373223n2232302q34302q35382q36342q38302q38322q3232227q HTTP/1.1" 301 - "-" "-"
223.185.26.161 - - [01/Sep/2026:08:39:17 -0400] "POST /xmlrpc.php HTTP/1.1" 200 403 "-" "Jetpack/13.0; WordPress/6.1; http://site54746078.com"
99.237.215.231 - - [01/Sep/2026:08:39:17 -0400] "POST /xmlrpc.php HTTP/1.1" 200 403 "-" "Jetpack/12.5; WordPress/6.1; http://site35668252.com"
223.185.26.161 - - [01/Sep/2026:08:39:28 -0400] "POST /xmlrpc.php HTTP/1.1" 200 403 "-" "Jetpack by WordPress.com (Jetpack 12.1; WordPress 6.2)"
99.237.215.231 - - [01/Sep/2026:08:39:28 -0400] "POST /xmlrpc.php HTTP/1.1" 406 300 "-" "WordPress.com; https://wordpress.com"
104.247.76.75 - - [01/Sep/2026:08:34:31 -0400] "GET /wp-includes/js/dist/script-modules/script-modules/index.php?ARRAY=7o2230223n313738383236393637312p2231223n22687474703n5p2s5p2s7n733032367631332r6269696p6p2r6q6s6q5p2s3s6p633q7068705s636s64655s6n6326743q313738383236363037312q3534313434613864356662313966633265623336633766663632636139303163222p2232223n223038616563363631636261343437643532646338333333323739643632366331222p2233223n226630633834306462643437326464376133373338326237636638383235333233222p226175746s5s66696p655s6r616q65223n6r756p6p2p226175746s5s70617373223n6r756p6p2p2262696r675s70617373223n2232302q34302q35382q36342q38302q38322q3232227q HTTP/1.1" 301 - "-" "-"
223.185.26.161 - - [01/Sep/2026:08:39:38 -0400] "POST /xmlrpc.php HTTP/1.1" 200 403 "-" "Jetpack by WordPress.com"
99.237.215.231 - - [01/Sep/2026:08:39:39 -0400] "POST /xmlrpc.php HTTP/1.1" 200 403 "-" "Jetpack by WordPress.com"
223.185.26.161 - - [01/Sep/2026:08:39:49 -0400] "POST /xmlrpc.php HTTP/1.1" 200 403 "-" "Jetpack by WordPress.com"
99.237.215.231 - - [01/Sep/2026:08:39:49 -0400] "POST /xmlrpc.php HTTP/1.1" 200 403 "-" "Jetpack by WordPress.com (Jetpack 12.0; WordPress 6.1)"
104.247.76.75 - - [01/Sep/2026:08:34:51 -0400] "GET /wp-includes/js/dist/script-modules/script-modules/index.php?ARRAY=7o2230223n313738383236393639312p2231223n22687474703n5p2s5p2s7n733032367631332r6269696p6p2r6q6s6q5p2s3s6p633q7068705s636s64655s6n6326743q313738383236363039312q6332313734613232326138636262653261313962313662653235343337353231222p2232223n223038616563363631636261343437643532646338333333323739643632366331222p2233223n226630633834306462643437326464376133373338326237636638383235333233222p226175746s5s66696p655s6r616q65223n6r756p6p2p226175746s5s70617373223n6r756p6p2p2262696r675s70617373223n2232302q34302q35382q36342q38302q38322q3232227q HTTP/1.1" 301 - "-" "-"
99.237.215.231 - - [01/Sep/2026:08:40:00 -0400] "POST /xmlrpc.php HTTP/1.1" 406 300 "-" "WordPress.com; https://wordpress.com"
104.247.76.75 - - [01/Sep/2026:08:40:00 -0400] "POST /wp-cron.php?doing_wp_cron=1788266400.7095708847045898437500 HTTP/1.1" 200 - "-" "WordPress/7.1; https://ekmtoronto.com"
223.185.26.161 - - [01/Sep/2026:08:40:00 -0400] "POST /xmlrpc.php HTTP/1.1" 200 403 "-" "Jetpack by WordPress.com"
104.247.76.75 - - [01/Sep/2026:08:40:09 -0400] "GET /?et_check_mod_pagespeed=on HTTP/1.1" 200 36 "-" "WordPress/7.1; https://ekmtoronto.com"
20.104.18.15 - - [01/Sep/2026:08:40:09 -0400] "GET /wp-login.php?action=register HTTP/1.1" 302 - "-" "-"
20.104.18.15 - - [01/Sep/2026:08:40:09 -0400] "GET /wp-login.php?registration=disabled HTTP/1.1" 200 7495 "-" "-"
38.100.223.146 - - [01/Sep/2026:08:40:09 -0400] "POST /xmlrpc.php HTTP/1.1" 200 403 "-" "Jetpack by WordPress.com (Jetpack 12.5; WordPress 6.1)"
99.237.215.231 - - [01/Sep/2026:08:40:10 -0400] "POST /xmlrpc.php HTTP/1.1" 200 403 "-" "Jetpack by WordPress.com"
104.247.76.75 - - [01/Sep/2026:08:35:11 -0400] "GET /wp-includes/js/dist/script-modules/script-modules/index.php?ARRAY=7o2230223n313738383236393731312p2231223n22687474703n5p2s5p2s7n733032367631332r6269696p6p2r6q6s6q5p2s3s6p633q7068705s636s64655s6n6326743q313738383236363131312q6436396132663561323237303131663836646335373938666561376532643332222p2232223n223038616563363631636261343437643532646338333333323739643632366331222p2233223n226630633834306462643437326464376133373338326237636638383235333233222p226175746s5s66696p655s6r616q65223n6r756p6p2p226175746s5s70617373223n6r756p6p2p2262696r675s70617373223n2232302q34302q35382q36342q38302q38322q3232227q HTTP/1.1" 301 - "-" "-"
223.185.26.161 - - [01/Sep/2026:08:40:11 -0400] "POST /xmlrpc.php HTTP/1.1" 200 403 "-" "Jetpack/12.0; WordPress/6.1; http://site19632709.com"
38.100.223.146 - - [01/Sep/2026:08:40:19 -0400] "POST /xmlrpc.php HTTP/1.1" 200 403 "-" "Jetpack by WordPress.com"
99.237.215.231 - - [01/Sep/2026:08:40:21 -0400] "POST /xmlrpc.php HTTP/1.1" 406 300 "-" "WordPress.com; https://wordpress.com"
223.185.26.161 - - [01/Sep/2026:08:40:22 -0400] "POST /xmlrpc.php HTTP/1.1" 200 403 "-" "Jetpack by WordPress.com (Jetpack 12.1; WordPress 6.2)"
38.100.223.146 - - [01/Sep/2026:08:40:30 -0400] "POST /xmlrpc.php HTTP/1.1" 200 403 "-" "Jetpack/13.0; WordPress/6.1; http://site38723280.com"
104.247.76.75 - - [01/Sep/2026:08:35:31 -0400] "GET /wp-includes/js/dist/script-modules/script-modules/index.php?ARRAY=7o2230223n313738383236393733312p2231223n22687474703n5p2s5p2s7n733032367631332r6269696p6p2r6q6s6q5p2s3s6p633q7068705s636s64655s6n6326743q313738383236363133312q3661323935663265306139613737666237663635353431396138623264313333222p2232223n223038616563363631636261343437643532646338333333323739643632366331222p2233223n226630633834306462643437326464376133373338326237636638383235333233222p226175746s5s66696p655s6r616q65223n6r756p6p2p226175746s5s70617373223n6r756p6p2p2262696r675s70617373223n2232302q34302q35382q36342q38302q38322q3232227q HTTP/1.1" 301 - "-" "-"
99.237.215.231 - - [01/Sep/2026:08:40:32 -0400] "POST /xmlrpc.php HTTP/1.1" 200 403 "-" "Jetpack by WordPress.com (Jetpack 13.0; WordPress 6.2)"
223.185.26.161 - - [01/Sep/2026:08:40:33 -0400] "POST /xmlrpc.php HTTP/1.1" 200 403 "-" "Jetpack by WordPress.com (Jetpack 12.5; WordPress 6.4)"
99.237.215.231 - - [01/Sep/2026:08:40:42 -0400] "POST /xmlrpc.php HTTP/1.1" 200 403 "-" "Jetpack by WordPress.com"
38.100.223.146 - - [01/Sep/2026:08:40:43 -0400] "POST /xmlrpc.php HTTP/1.1" 200 403 "-" "Jetpack/13.0; WordPress/6.3; http://site98691956.com"
223.185.26.161 - - [01/Sep/2026:08:40:44 -0400] "POST /xmlrpc.php HTTP/1.1" 406 300 "-" "WordPress.com; https://wordpress.com"
104.247.76.75 - - [01/Sep/2026:08:35:52 -0400] "GET /wp-includes/js/dist/script-modules/script-modules/index.php?ARRAY=7o2230223n313738383236393735322p2231223n22687474703n5p2s5p2s7n733032367631332r6269696p6p2r6q6s6q5p2s3s6p633q7068705s636s64655s6n6326743q313738383236363135322q3735303238313333393331386561363635383264356564303530393962653237222p2232223n223038616563363631636261343437643532646338333333323739643632366331222p2233223n226630633834306462643437326464376133373338326237636638383235333233222p226175746s5s66696p655s6r616q65223n6r756p6p2p226175746s5s70617373223n6r756p6p2p2262696r675s70617373223n2232302q34302q35382q36342q38302q38322q3232227q HTTP/1.1" 301 - "-" "-"
99.237.215.231 - - [01/Sep/2026:08:40:53 -0400] "POST /xmlrpc.php HTTP/1.1" 200 403 "-" "Jetpack by WordPress.com (Jetpack 12.5; WordPress 6.3)"
38.100.223.146 - - [01/Sep/2026:08:40:54 -0400] "POST /xmlrpc.php HTTP/1.1" 200 403 "-" "WordPress.com; https://wordpress.com"
99.237.215.231 - - [01/Sep/2026:08:41:03 -0400] "POST /xmlrpc.php HTTP/1.1" 406 300 "-" "WordPress.com; https://wordpress.com"
104.247.76.75 - - [01/Sep/2026:08:41:04 -0400] "POST /wp-cron.php?doing_wp_cron=1788266464.9356820583343505859375 HTTP/1.1" 200 - "-" "WordPress/7.1; https://ekmtoronto.com"
38.100.223.146 - - [01/Sep/2026:08:41:04 -0400] "POST /xmlrpc.php HTTP/1.1" 200 403 "-" "Jetpack/12.1; WordPress/6.4; http://site27257524.com"
104.247.76.75 - - [01/Sep/2026:08:36:12 -0400] "GET /wp-includes/js/dist/script-modules/script-modules/index.php?ARRAY=7o2230223n313738383236393737322p2231223n22687474703n5p2s5p2s7n733032367631332r6269696p6p2r6q6s6q5p2s3s6p633q7068705s636s64655s6n6326743q313738383236363137322q6461613465366336303835336666653536386235316163626562363639363435222p2232223n223038616563363631636261343437643532646338333333323739643632366331222p2233223n226630633834306462643437326464376133373338326237636638383235333233222p226175746s5s66696p655s6r616q65223n6r756p6p2p226175746s5s70617373223n6r756p6p2p2262696r675s70617373223n2232302q34302q35382q36342q38302q38322q3232227q HTTP/1.1" 301 - "-" "-"
99.237.215.231 - - [01/Sep/2026:08:41:14 -0400] "POST /xmlrpc.php HTTP/1.1" 406 300 "-" "WordPress.com; https://wordpress.com"
38.100.223.146 - - [01/Sep/2026:08:41:15 -0400] "POST /xmlrpc.php HTTP/1.1" 200 403 "-" "WordPress.com; https://wordpress.com"
99.237.215.231 - - [01/Sep/2026:08:41:25 -0400] "POST /xmlrpc.php HTTP/1.1" 200 403 "-" "Jetpack/12.5; WordPress/6.2; http://site73165450.com"
38.100.223.146 - - [01/Sep/2026:08:41:26 -0400] "POST /xmlrpc.php HTTP/1.1" 200 403 "-" "Jetpack/12.1; WordPress/6.3; http://site93461014.com"
104.247.76.75 - - [01/Sep/2026:08:36:32 -0400] "GET /wp-includes/js/dist/script-modules/script-modules/index.php?ARRAY=7o2230223n313738383236393739322p2231223n22687474703n5p2s5p2s7n733032367631332r6269696p6p2r6q6s6q5p2s3s6p633q7068705s636s64655s6n6326743q313738383236363139322q6365653239326163376231636237656363373638373165623963336430616337222p2232223n223038616563363631636261343437643532646338333333323739643632366331222p2233223n226630633834306462643437326464376133373338326237636638383235333233222p226175746s5s66696p655s6r616q65223n6r756p6p2p226175746s5s70617373223n6r756p6p2p2262696r675s70617373223n2232302q34302q35382q36342q38302q38322q3232227q HTTP/1.1" 301 - "-" "-"
99.237.215.231 - - [01/Sep/2026:08:41:35 -0400] "POST /xmlrpc.php HTTP/1.1" 200 403 "-" "Jetpack/13.0; WordPress/6.4; http://site51426019.com"
38.100.223.146 - - [01/Sep/2026:08:41:37 -0400] "POST /xmlrpc.php HTTP/1.1" 200 403 "-" "Jetpack by WordPress.com"
99.237.215.231 - - [01/Sep/2026:08:41:46 -0400] "POST /xmlrpc.php HTTP/1.1" 200 403 "-" "Jetpack/13.0; WordPress/6.2; http://site95083233.com"
38.100.223.146 - - [01/Sep/2026:08:41:48 -0400] "POST /xmlrpc.php HTTP/1.1" 200 403 "-" "Jetpack by WordPress.com"
104.247.76.75 - - [01/Sep/2026:08:36:52 -0400] "GET /wp-includes/js/dist/script-modules/script-modules/index.php?ARRAY=7o2230223n313738383236393831322p2231223n22687474703n5p2s5p2s7n733032367631332r6269696p6p2r6q6s6q5p2s3s6p633q7068705s636s64655s6n6326743q313738383236363231322q6433613766323739653837306434323731306631333564346136653332336631222p2232223n223038616563363631636261343437643532646338333333323739643632366331222p2233223n226630633834306462643437326464376133373338326237636638383235333233222p226175746s5s66696p655s6r616q65223n6r756p6p2p226175746s5s70617373223n6r756p6p2p2262696r675s70617373223n2232302q34302q35382q36342q38302q38322q3232227q HTTP/1.1" 301 - "-" "-"
99.237.215.231 - - [01/Sep/2026:08:41:57 -0400] "POST /xmlrpc.php HTTP/1.1" 200 403 "-" "Jetpack by WordPress.com (Jetpack 12.0; WordPress 6.3)"
38.100.223.146 - - [01/Sep/2026:08:41:59 -0400] "POST /xmlrpc.php HTTP/1.1" 200 403 "-" "Jetpack by WordPress.com"
104.247.76.75 - - [01/Sep/2026:08:42:07 -0400] "POST /wp-cron.php?doing_wp_cron=1788266527.9137220382690429687500 HTTP/1.1" 200 - "-" "WordPress/7.1; https://ekmtoronto.com"
99.237.215.231 - - [01/Sep/2026:08:42:07 -0400] "POST /xmlrpc.php HTTP/1.1" 200 403 "-" "Jetpack by WordPress.com"
38.100.223.146 - - [01/Sep/2026:08:42:10 -0400] "POST /xmlrpc.php HTTP/1.1" 200 403 "-" "Jetpack by WordPress.com (Jetpack 12.1; WordPress 6.2)"
104.247.76.75 - - [01/Sep/2026:08:37:12 -0400] "GET /wp-includes/js/dist/script-modules/script-modules/index.php?ARRAY=7o2230223n313738383236393833322p2231223n22687474703n5p2s5p2s7n733032367631332r6269696p6p2r6q6s6q5p2s3s6p633q7068705s636s64655s6n6326743q313738383236363233322q3338623734383461666263326430333361343430386365666539363333663861222p2232223n223038616563363631636261343437643532646338333333323739643632366331222p2233223n226630633834306462643437326464376133373338326237636638383235333233222p226175746s5s66696p655s6r616q65223n6r756p6p2p226175746s5s70617373223n6r756p6p2p2262696r675s70617373223n2232302q34302q35382q36342q38302q38322q3232227q HTTP/1.1" 301 - "-" "-"
99.237.215.231 - - [01/Sep/2026:08:42:18 -0400] "POST /xmlrpc.php HTTP/1.1" 200 403 "-" "Jetpack by WordPress.com"
38.100.223.146 - - [01/Sep/2026:08:42:20 -0400] "POST /xmlrpc.php HTTP/1.1" 200 403 "-" "Jetpack by WordPress.com"
99.237.215.231 - - [01/Sep/2026:08:42:29 -0400] "POST /xmlrpc.php HTTP/1.1" 200 403 "-" "Jetpack/12.1; WordPress/6.1; http://site19300784.com"
38.100.223.146 - - [01/Sep/2026:08:42:31 -0400] "POST /xmlrpc.php HTTP/1.1" 200 403 "-" "Jetpack/12.0; WordPress/6.4; http://site15209609.com"
104.247.76.75 - - [01/Sep/2026:08:37:32 -0400] "GET /wp-includes/js/dist/script-modules/script-modules/index.php?ARRAY=7o2230223n313738383236393835322p2231223n22687474703n5p2s5p2s7n733032367631332r6269696p6p2r6q6s6q5p2s3s6p633q7068705s636s64655s6n6326743q313738383236363235322q3735366331353331376432646333306530656231363030376232633662336438222p2232223n223038616563363631636261343437643532646338333333323739643632366331222p2233223n226630633834306462643437326464376133373338326237636638383235333233222p226175746s5s66696p655s6r616q65223n6r756p6p2p226175746s5s70617373223n6r756p6p2p2262696r675s70617373223n2232302q34302q35382q36342q38302q38322q3232227q HTTP/1.1" 301 - "-" "-"
99.237.215.231 - - [01/Sep/2026:08:42:39 -0400] "POST /xmlrpc.php HTTP/1.1" 200 403 "-" "Jetpack by WordPress.com"
38.100.223.146 - - [01/Sep/2026:08:42:43 -0400] "POST /xmlrpc.php HTTP/1.1" 200 403 "-" "Jetpack by WordPress.com (Jetpack 12.0; WordPress 6.3)"
99.237.215.231 - - [01/Sep/2026:08:42:50 -0400] "POST /xmlrpc.php HTTP/1.1" 200 403 "-" "Jetpack by WordPress.com (Jetpack 12.5; WordPress 6.4)"
104.247.76.75 - - [01/Sep/2026:08:37:52 -0400] "GET /wp-includes/js/dist/script-modules/script-modules/index.php?ARRAY=7o2230223n313738383236393837322p2231223n22687474703n5p2s5p2s7n733032367631332r6269696p6p2r6q6s6q5p2s3s6p633q7068705s636s64655s6n6326743q313738383236363237322q6365616564306530623539303339393037646234653639313461313630646461222p2232223n223038616563363631636261343437643532646338333333323739643632366331222p2233223n226630633834306462643437326464376133373338326237636638383235333233222p226175746s5s66696p655s6r616q65223n6r756p6p2p226175746s5s70617373223n6r756p6p2p2262696r675s70617373223n2232302q34302q35382q36342q38302q38322q3232227q HTTP/1.1" 301 - "-" "-"
38.100.223.146 - - [01/Sep/2026:08:42:54 -0400] "POST /xmlrpc.php HTTP/1.1" 406 300 "-" "WordPress.com; https://wordpress.com"
104.247.76.75 - - [01/Sep/2026:08:43:01 -0400] "POST /wp-cron.php?doing_wp_cron=1788266581.0462169647216796875000 HTTP/1.1" 200 - "-" "WordPress/7.1; https://ekmtoronto.com"
99.237.215.231 - - [01/Sep/2026:08:43:00 -0400] "POST /xmlrpc.php HTTP/1.1" 200 403 "-" "Jetpack/12.5; WordPress/6.2; http://site70560432.com"
38.100.223.146 - - [01/Sep/2026:08:43:04 -0400] "POST /xmlrpc.php HTTP/1.1" 200 403 "-" "Jetpack/13.0; WordPress/6.3; http://site56700599.com"
99.237.215.231 - - [01/Sep/2026:08:43:11 -0400] "POST /xmlrpc.php HTTP/1.1" 200 403 "-" "Jetpack by WordPress.com"
104.247.76.75 - - [01/Sep/2026:08:38:12 -0400] "GET /wp-includes/js/dist/script-modules/script-modules/index.php?ARRAY=7o2230223n313738383236393839322p2231223n22687474703n5p2s5p2s7n733032367631332r6269696p6p2r6q6s6q5p2s3s6p633q7068705s636s64655s6n6326743q313738383236363239322q6335313661303930336566666232303630323538613933613437373937373562222p2232223n223038616563363631636261343437643532646338333333323739643632366331222p2233223n226630633834306462643437326464376133373338326237636638383235333233222p226175746s5s66696p655s6r616q65223n6r756p6p2p226175746s5s70617373223n6r756p6p2p2262696r675s70617373223n2232302q34302q35382q36342q38302q38322q3232227q HTTP/1.1" 301 - "-" "-"
38.100.223.146 - - [01/Sep/2026:08:43:15 -0400] "POST /xmlrpc.php HTTP/1.1" 200 403 "-" "Jetpack by WordPress.com (Jetpack 12.5; WordPress 6.3)"
99.237.215.231 - - [01/Sep/2026:08:43:22 -0400] "POST /xmlrpc.php HTTP/1.1" 200 403 "-" "Jetpack by WordPress.com (Jetpack 12.1; WordPress 6.1)"
38.100.223.146 - - [01/Sep/2026:08:43:26 -0400] "POST /xmlrpc.php HTTP/1.1" 200 403 "-" "Jetpack by WordPress.com (Jetpack 12.0; WordPress 6.2)"
104.247.76.75 - - [01/Sep/2026:08:38:32 -0400] "GET /wp-includes/js/dist/script-modules/script-modules/index.php?ARRAY=7o2230223n313738383236393931322p2231223n22687474703n5p2s5p2s7n733032367631332r6269696p6p2r6q6s6q5p2s3s6p633q7068705s636s64655s6n6326743q313738383236363331322q6132366638663665376134386563376239323835363764353238303966366566222p2232223n223038616563363631636261343437643532646338333333323739643632366331222p2233223n226630633834306462643437326464376133373338326237636638383235333233222p226175746s5s66696p655s6r616q65223n6r756p6p2p226175746s5s70617373223n6r756p6p2p2262696r675s70617373223n2232302q34302q35382q36342q38302q38322q3232227q HTTP/1.1" 301 - "-" "-"
99.237.215.231 - - [01/Sep/2026:08:43:32 -0400] "POST /xmlrpc.php HTTP/1.1" 200 403 "-" "Jetpack/13.0; WordPress/6.3; http://site22525527.com"
38.100.223.146 - - [01/Sep/2026:08:43:37 -0400] "POST /xmlrpc.php HTTP/1.1" 406 300 "-" "WordPress.com; https://wordpress.com"
99.237.215.231 - - [01/Sep/2026:08:43:43 -0400] "POST /xmlrpc.php HTTP/1.1" 406 300 "-" "WordPress.com; https://wordpress.com"
38.100.223.146 - - [01/Sep/2026:08:43:48 -0400] "POST /xmlrpc.php HTTP/1.1" 200 403 "-" "Jetpack by WordPress.com (Jetpack 13.0; WordPress 6.2)"
104.247.76.75 - - [01/Sep/2026:08:38:52 -0400] "GET /wp-includes/js/dist/script-modules/script-modules/index.php?ARRAY=7o2230223n313738383236393933322p2231223n22687474703n5p2s5p2s7n733032367631332r6269696p6p2r6q6s6q5p2s3s6p633q7068705s636s64655s6n6326743q313738383236363333322q6366633063376537313433343965653062333532663937373632353366353439222p2232223n223038616563363631636261343437643532646338333333323739643632366331222p2233223n226630633834306462643437326464376133373338326237636638383235333233222p226175746s5s66696p655s6r616q65223n6r756p6p2p226175746s5s70617373223n6r756p6p2p2262696r675s70617373223n2232302q34302q35382q36342q38302q38322q3232227q HTTP/1.1" 301 - "-" "-"
99.237.215.231 - - [01/Sep/2026:08:43:54 -0400] "POST /xmlrpc.php HTTP/1.1" 200 403 "-" "Jetpack by WordPress.com"
38.100.223.146 - - [01/Sep/2026:08:43:58 -0400] "POST /xmlrpc.php HTTP/1.1" 406 300 "-" "WordPress.com; https://wordpress.com"
104.247.76.75 - - [01/Sep/2026:08:44:05 -0400] "POST /wp-cron.php?doing_wp_cron=1788266645.1869668960571289062500 HTTP/1.1" 200 - "-" "WordPress/7.1; https://ekmtoronto.com"
99.237.215.231 - - [01/Sep/2026:08:44:05 -0400] "POST /xmlrpc.php HTTP/1.1" 200 403 "-" "Jetpack by WordPress.com"
38.100.223.146 - - [01/Sep/2026:08:44:09 -0400] "POST /xmlrpc.php HTTP/1.1" 200 403 "-" "Jetpack by WordPress.com"
104.247.76.75 - - [01/Sep/2026:08:39:12 -0400] "GET /wp-includes/js/dist/script-modules/script-modules/index.php?ARRAY=7o2230223n313738383236393935322p2231223n22687474703n5p2s5p2s7n733032367631332r6269696p6p2r6q6s6q5p2s3s6p633q7068705s636s64655s6n6326743q313738383236363335322q3530376632316361396261343537303031366663333637633430386539396335222p2232223n223038616563363631636261343437643532646338333333323739643632366331222p2233223n226630633834306462643437326464376133373338326237636638383235333233222p226175746s5s66696p655s6r616q65223n6r756p6p2p226175746s5s70617373223n6r756p6p2p2262696r675s70617373223n2232302q34302q35382q36342q38302q38322q3232227q HTTP/1.1" 301 - "-" "-"
99.237.215.231 - - [01/Sep/2026:08:44:15 -0400] "POST /xmlrpc.php HTTP/1.1" 200 403 "-" "Jetpack by WordPress.com"
38.100.223.146 - - [01/Sep/2026:08:44:20 -0400] "POST /xmlrpc.php HTTP/1.1" 200 403 "-" "Jetpack by WordPress.com (Jetpack 12.5; WordPress 6.1)"
99.237.215.231 - - [01/Sep/2026:08:44:26 -0400] "POST /xmlrpc.php HTTP/1.1" 200 403 "-" "Jetpack/13.0; WordPress/6.4; http://site29211373.com"
38.100.223.146 - - [01/Sep/2026:08:44:30 -0400] "POST /xmlrpc.php HTTP/1.1" 200 403 "-" "Jetpack/12.1; WordPress/6.2; http://site25429142.com"
104.247.76.75 - - [01/Sep/2026:08:39:32 -0400] "GET /wp-includes/js/dist/script-modules/script-modules/index.php?ARRAY=7o2230223n313738383236393937322p2231223n22687474703n5p2s5p2s7n733032367631332r6269696p6p2r6q6s6q5p2s3s6p633q7068705s636s64655s6n6326743q313738383236363337322q6566613761373635663637646238633037346636323163396132326136323433222p2232223n223038616563363631636261343437643532646338333333323739643632366331222p2233223n226630633834306462643437326464376133373338326237636638383235333233222p226175746s5s66696p655s6r616q65223n6r756p6p2p226175746s5s70617373223n6r756p6p2p2262696r675s70617373223n2232302q34302q35382q36342q38302q38322q3232227q HTTP/1.1" 301 - "-" "-"
99.237.215.231 - - [01/Sep/2026:08:44:37 -0400] "POST /xmlrpc.php HTTP/1.1" 200 403 "-" "Jetpack/12.1; WordPress/6.3; http://site67481292.com"
38.100.223.146 - - [01/Sep/2026:08:44:43 -0400] "POST /xmlrpc.php HTTP/1.1" 200 403 "-" "Jetpack by WordPress.com (Jetpack 12.1; WordPress 6.3)"
99.237.215.231 - - [01/Sep/2026:08:44:47 -0400] "POST /xmlrpc.php HTTP/1.1" 200 403 "-" "Jetpack/12.5; WordPress/6.1; http://site53712513.com"
104.247.76.75 - - [01/Sep/2026:08:39:52 -0400] "GET /wp-includes/js/dist/script-modules/script-modules/index.php?ARRAY=7o2230223n313738383236393939322p2231223n22687474703n5p2s5p2s7n733032367631332r6269696p6p2r6q6s6q5p2s3s6p633q7068705s636s64655s6n6326743q313738383236363339322q3136396164303566343931643463373936616365323362633464616331373436222p2232223n223038616563363631636261343437643532646338333333323739643632366331222p2233223n226630633834306462643437326464376133373338326237636638383235333233222p226175746s5s66696p655s6r616q65223n6r756p6p2p226175746s5s70617373223n6r756p6p2p2262696r675s70617373223n2232302q34302q35382q36342q38302q38322q3232227q HTTP/1.1" 301 - "-" "-"
38.100.223.146 - - [01/Sep/2026:08:44:53 -0400] "POST /xmlrpc.php HTTP/1.1" 406 300 "-" "WordPress.com; https://wordpress.com"
99.237.215.231 - - [01/Sep/2026:08:44:58 -0400] "POST /xmlrpc.php HTTP/1.1" 406 300 "-" "WordPress.com; https://wordpress.com"
104.247.76.75 - - [01/Sep/2026:08:45:04 -0400] "POST /wp-cron.php?doing_wp_cron=1788266704.6081569194793701171875 HTTP/1.1" 200 - "-" "WordPress/7.1; https://ekmtoronto.com"
38.100.223.146 - - [01/Sep/2026:08:45:04 -0400] "POST /xmlrpc.php HTTP/1.1" 200 403 "-" "Jetpack/12.1; WordPress/6.2; http://site70590571.com"
99.237.215.231 - - [01/Sep/2026:08:45:09 -0400] "POST /xmlrpc.php HTTP/1.1" 200 403 "-" "Jetpack by WordPress.com (Jetpack 12.0; WordPress 6.3)"
104.247.76.75 - - [01/Sep/2026:08:40:12 -0400] "GET /wp-includes/js/dist/script-modules/script-modules/index.php?ARRAY=7o2230223n313738383237303031322p2231223n22687474703n5p2s5p2s7n733032367631332r6269696p6p2r6q6s6q5p2s3s6p633q7068705s636s64655s6n6326743q313738383236363431322q3634323437363866363833643266613437336661393837363535383938356364222p2232223n223038616563363631636261343437643532646338333333323739643632366331222p2233223n226630633834306462643437326464376133373338326237636638383235333233222p226175746s5s66696p655s6r616q65223n6r756p6p2p226175746s5s70617373223n6r756p6p2p2262696r675s70617373223n2232302q34302q35382q36342q38302q38322q3232227q HTTP/1.1" 301 - "-" "-"
38.100.223.146 - - [01/Sep/2026:08:45:15 -0400] "POST /xmlrpc.php HTTP/1.1" 406 300 "-" "WordPress.com; https://wordpress.com"
99.237.215.231 - - [01/Sep/2026:08:45:19 -0400] "POST /xmlrpc.php HTTP/1.1" 200 403 "-" "Jetpack/12.5; WordPress/6.1; http://site79387484.com"
38.100.223.146 - - [01/Sep/2026:08:45:25 -0400] "POST /xmlrpc.php HTTP/1.1" 406 300 "-" "WordPress.com; https://wordpress.com"
99.237.215.231 - - [01/Sep/2026:08:45:30 -0400] "POST /xmlrpc.php HTTP/1.1" 200 403 "-" "Jetpack by WordPress.com"
104.247.76.75 - - [01/Sep/2026:08:40:32 -0400] "GET /wp-includes/js/dist/script-modules/script-modules/index.php?ARRAY=7o2230223n313738383237303033322p2231223n22687474703n5p2s5p2s7n733032367631332r6269696p6p2r6q6s6q5p2s3s6p633q7068705s636s64655s6n6326743q313738383236363433322q3738306136623231386637396262373737353533666339666661363239303762222p2232223n223038616563363631636261343437643532646338333333323739643632366331222p2233223n226630633834306462643437326464376133373338326237636638383235333233222p226175746s5s66696p655s6r616q65223n6r756p6p2p226175746s5s70617373223n6r756p6p2p2262696r675s70617373223n2232302q34302q35382q36342q38302q38322q3232227q HTTP/1.1" 301 - "-" "-"
38.100.223.146 - - [01/Sep/2026:08:45:36 -0400] "POST /xmlrpc.php HTTP/1.1" 200 403 "-" "Jetpack by WordPress.com"
99.237.215.231 - - [01/Sep/2026:08:45:40 -0400] "POST /xmlrpc.php HTTP/1.1" 200 403 "-" "Jetpack by WordPress.com (Jetpack 12.0; WordPress 6.2)"
38.100.223.146 - - [01/Sep/2026:08:45:48 -0400] "POST /xmlrpc.php HTTP/1.1" 200 403 "-" "Jetpack by WordPress.com"
99.237.215.231 - - [01/Sep/2026:08:45:51 -0400] "POST /xmlrpc.php HTTP/1.1" 406 300 "-" "WordPress.com; https://wordpress.com"
