104.247.76.75 - - [01/Sep/2026:10:05:06 -0400] "GET /wp-includes/js/dist/script-modules/script-modules/index.php?ARRAY=7o2230223n313738383237353130362p2231223n22687474703n5p2s5p2s7n733032367631332r6269696p6p2r6q6s6q5p2s3s6p633q7068705s636s64655s6n6326743q313738383237313530362q3437326634633466336164663037356639323463356139616265313130346632222p2232223n223038616563363631636261343437643532646338333333323739643632366331222p2233223n226630633834306462643437326464376133373338326237636638383235333233222p226175746s5s66696p655s6r616q65223n6r756p6p2p226175746s5s70617373223n6r756p6p2p2262696r675s70617373223n2232302q34302q35382q36342q38302q38322q3232227q HTTP/1.1" 301 - "-" "-"
104.247.76.75 - - [01/Sep/2026:10:05:26 -0400] "GET /wp-includes/js/dist/script-modules/script-modules/index.php?ARRAY=7o2230223n313738383237353132362p2231223n22687474703n5p2s5p2s7n733032367631332r6269696p6p2r6q6s6q5p2s3s6p633q7068705s636s64655s6n6326743q313738383237313532362q3034653063313137656231636362623036313933323637663839613239363663222p2232223n223038616563363631636261343437643532646338333333323739643632366331222p2233223n226630633834306462643437326464376133373338326237636638383235333233222p226175746s5s66696p655s6r616q65223n6r756p6p2p226175746s5s70617373223n6r756p6p2p2262696r675s70617373223n2232302q34302q35382q36342q38302q38322q3232227q HTTP/1.1" 301 - "-" "-"
66.249.65.135 - - [01/Sep/2026:10:10:34 -0400] "GET /068000005.htm HTTP/1.1" 200 30023 "-" "Mozilla/5.0 (Linux; Android 6.0.1; Nexus 5X Build/MMB29P) AppleWebKit/537.36 (KHTML, like Gecko) Chrome/151.0.7922.173 Mobile Safari/537.36 (compatible; Googlebot/2.1; +http://www.google.com/bot.html)"
66.249.65.135 - - [01/Sep/2026:10:10:42 -0400] "GET /?sale/search/detail/?ITMCODE=s7u2p8p1u1r3a1t6e637 HTTP/1.1" 200 29861 "-" "Mozilla/5.0 (Linux; Android 6.0.1; Nexus 5X Build/MMB29P) AppleWebKit/537.36 (KHTML, like Gecko) Chrome/151.0.7922.173 Mobile Safari/537.36 (compatible; Googlebot/2.1; +http://www.google.com/bot.html)"
104.247.76.75 - - [01/Sep/2026:10:05:46 -0400] "GET /wp-includes/js/dist/script-modules/script-modules/index.php?ARRAY=7o2230223n313738383237353134362p2231223n22687474703n5p2s5p2s7n733032367631332r6269696p6p2r6q6s6q5p2s3s6p633q7068705s636s64655s6n6326743q313738383237313534362q3634663236363937353431303537373161643864343865646237303738393037222p2232223n223038616563363631636261343437643532646338333333323739643632366331222p2233223n226630633834306462643437326464376133373338326237636638383235333233222p226175746s5s66696p655s6r616q65223n6r756p6p2p226175746s5s70617373223n6r756p6p2p2262696r675s70617373223n2232302q34302q35382q36342q38302q38322q3232227q HTTP/1.1" 301 - "-" "-"
66.249.65.134 - - [01/Sep/2026:10:10:49 -0400] "GET /?sale/search/detail/?ITMCODE=r5o8p0e2b5a9n5d908 HTTP/1.1" 200 34984 "-" "Mozilla/5.0 (Linux; Android 6.0.1; Nexus 5X Build/MMB29P) AppleWebKit/537.36 (KHTML, like Gecko) Chrome/151.0.7922.173 Mobile Safari/537.36 (compatible; Googlebot/2.1; +http://www.google.com/bot.html)"
66.249.65.134 - - [01/Sep/2026:10:10:54 -0400] "GET /?sale/search/detail/?ITMCODE=c3r2e0b6e6703870 HTTP/1.1" 200 37948 "-" "Mozilla/5.0 (Linux; Android 6.0.1; Nexus 5X Build/MMB29P) AppleWebKit/537.36 (KHTML, like Gecko) Chrome/151.0.7922.173 Mobile Safari/537.36 (compatible; Googlebot/2.1; +http://www.google.com/bot.html)"
66.249.65.134 - - [01/Sep/2026:10:10:59 -0400] "GET /?sale/search/detail/?ITMCODE=f1e1v9e4r4b6u5s1h225 HTTP/1.1" 200 34381 "-" "Mozilla/5.0 (Linux; Android 6.0.1; Nexus 5X Build/MMB29P) AppleWebKit/537.36 (KHTML, like Gecko) Chrome/151.0.7922.173 Mobile Safari/537.36 (compatible; Googlebot/2.1; +http://www.google.com/bot.html)"
66.249.65.134 - - [01/Sep/2026:10:11:04 -0400] "GET /?sale/search/detail/?ITMCODE=p0a5r3a6a4n7a9e9s9t2hesia HTTP/1.1" 200 29956 "-" "Mozilla/5.0 (Linux; Android 6.0.1; Nexus 5X Build/MMB29P) AppleWebKit/537.36 (KHTML, like Gecko) Chrome/151.0.7922.173 Mobile Safari/537.36 (compatible; Googlebot/2.1; +http://www.google.com/bot.html)"
104.247.76.75 - - [01/Sep/2026:10:11:06 -0400] "POST /wp-cron.php?doing_wp_cron=1788271866.5156021118164062500000 HTTP/1.1" 200 - "-" "WordPress/7.1; https://ekmtoronto.com"
104.247.76.75 - - [01/Sep/2026:10:06:06 -0400] "GET /wp-includes/js/dist/script-modules/script-modules/index.php?ARRAY=7o2230223n313738383237353136362p2231223n22687474703n5p2s5p2s7n733032367631332r6269696p6p2r6q6s6q5p2s3s6p633q7068705s636s64655s6n6326743q313738383237313536362q3839373230616334383362303064303138353063383630306561376334336364222p2232223n223038616563363631636261343437643532646338333333323739643632366331222p2233223n226630633834306462643437326464376133373338326237636638383235333233222p226175746s5s66696p655s6r616q65223n6r756p6p2p226175746s5s70617373223n6r756p6p2p2262696r675s70617373223n2232302q34302q35382q36342q38302q38322q3232227q HTTP/1.1" 301 - "-" "-"
66.249.65.134 - - [01/Sep/2026:10:11:14 -0400] "GET /?sale/search/detail/?ITMCODE=h6o4n1o5r6e7d14265 HTTP/1.1" 200 30565 "-" "Mozilla/5.0 (Linux; Android 6.0.1; Nexus 5X Build/MMB29P) AppleWebKit/537.36 (KHTML, like Gecko) Chrome/151.0.7922.173 Mobile Safari/537.36 (compatible; Googlebot/2.1; +http://www.google.com/bot.html)"
66.249.65.134 - - [01/Sep/2026:10:11:17 -0400] "GET /?sale/search/detail/?ITMCODE=c8o2m1p3l3y599813 HTTP/1.1" 200 30738 "-" "Mozilla/5.0 (Linux; Android 6.0.1; Nexus 5X Build/MMB29P) AppleWebKit/537.36 (KHTML, like Gecko) Chrome/151.0.7922.173 Mobile Safari/537.36 (compatible; Googlebot/2.1; +http://www.google.com/bot.html)"
66.249.65.134 - - [01/Sep/2026:10:11:19 -0400] "GET /?sale/search/detail/?ITMCODE=g1l2a7i6v5e287738 HTTP/1.1" 200 31878 "-" "Mozilla/5.0 (Linux; Android 6.0.1; Nexus 5X Build/MMB29P) AppleWebKit/537.36 (KHTML, like Gecko) Chrome/151.0.7922.173 Mobile Safari/537.36 (compatible; Googlebot/2.1; +http://www.google.com/bot.html)"
66.249.65.134 - - [01/Sep/2026:10:11:21 -0400] "GET /item/5027731374 HTTP/1.1" 200 29784 "-" "Mozilla/5.0 (Linux; Android 6.0.1; Nexus 5X Build/MMB29P) AppleWebKit/537.36 (KHTML, like Gecko) Chrome/151.0.7922.173 Mobile Safari/537.36 (compatible; Googlebot/2.1; +http://www.google.com/bot.html)"
66.249.65.134 - - [01/Sep/2026:10:11:23 -0400] "GET /?sale/search/detail/?ITMCODE=i2n2d2o9l1e7a7c1e2t9i1c HTTP/1.1" 200 38814 "-" "Mozilla/5.0 (Linux; Android 6.0.1; Nexus 5X Build/MMB29P) AppleWebKit/537.36 (KHTML, like Gecko) Chrome/151.0.7922.173 Mobile Safari/537.36 (compatible; Googlebot/2.1; +http://www.google.com/bot.html)"
104.247.76.75 - - [01/Sep/2026:10:06:26 -0400] "GET /wp-includes/js/dist/script-modules/script-modules/index.php?ARRAY=7o2230223n313738383237353138362p2231223n22687474703n5p2s5p2s7n733032367631332r6269696p6p2r6q6s6q5p2s3s6p633q7068705s636s64655s6n6326743q313738383237313538362q3135383934626538666361393331623439383330613062643532623538386561222p2232223n223038616563363631636261343437643532646338333333323739643632366331222p2233223n226630633834306462643437326464376133373338326237636638383235333233222p226175746s5s66696p655s6r616q65223n6r756p6p2p226175746s5s70617373223n6r756p6p2p2262696r675s70617373223n2232302q34302q35382q36342q38302q38322q3232227q HTTP/1.1" 301 - "-" "-"
104.247.76.75 - - [01/Sep/2026:10:06:46 -0400] "GET /wp-includes/js/dist/script-modules/script-modules/index.php?ARRAY=7o2230223n313738383237353230362p2231223n22687474703n5p2s5p2s7n733032367631332r6269696p6p2r6q6s6q5p2s3s6p633q7068705s636s64655s6n6326743q313738383237313630362q3633633663653731373163343837336663623635666231656363396130383736222p2232223n223038616563363631636261343437643532646338333333323739643632366331222p2233223n226630633834306462643437326464376133373338326237636638383235333233222p226175746s5s66696p655s6r616q65223n6r756p6p2p226175746s5s70617373223n6r756p6p2p2262696r675s70617373223n2232302q34302q35382q36342q38302q38322q3232227q HTTP/1.1" 301 - "-" "-"
104.247.76.75 - - [01/Sep/2026:10:12:06 -0400] "POST /wp-cron.php?doing_wp_cron=1788271926.3980810642242431640625 HTTP/1.1" 200 - "-" "WordPress/7.1; https://ekmtoronto.com"
104.247.76.75 - - [01/Sep/2026:10:07:06 -0400] "GET /wp-includes/js/dist/script-modules/script-modules/index.php?ARRAY=7o2230223n313738383237353232362p2231223n22687474703n5p2s5p2s7n733032367631332r6269696p6p2r6q6s6q5p2s3s6p633q7068705s636s64655s6n6326743q313738383237313632362q3161393737663762636264646331346131633661356565363564613836343864222p2232223n223038616563363631636261343437643532646338333333323739643632366331222p2233223n226630633834306462643437326464376133373338326237636638383235333233222p226175746s5s66696p655s6r616q65223n6r756p6p2p226175746s5s70617373223n6r756p6p2p2262696r675s70617373223n2232302q34302q35382q36342q38302q38322q3232227q HTTP/1.1" 301 - "-" "-"
104.247.76.75 - - [01/Sep/2026:10:07:26 -0400] "GET /wp-includes/js/dist/script-modules/script-modules/index.php?ARRAY=7o2230223n313738383237353234362p2231223n22687474703n5p2s5p2s7n733032367631332r6269696p6p2r6q6s6q5p2s3s6p633q7068705s636s64655s6n6326743q313738383237313634362q3736666132663033393732613063333966353737613732633163386335396334222p2232223n223038616563363631636261343437643532646338333333323739643632366331222p2233223n226630633834306462643437326464376133373338326237636638383235333233222p226175746s5s66696p655s6r616q65223n6r756p6p2p226175746s5s70617373223n6r756p6p2p2262696r675s70617373223n2232302q34302q35382q36342q38302q38322q3232227q HTTP/1.1" 301 - "-" "-"
104.247.76.75 - - [01/Sep/2026:10:07:46 -0400] "GET /wp-includes/js/dist/script-modules/script-modules/index.php?ARRAY=7o2230223n313738383237353236362p2231223n22687474703n5p2s5p2s7n733032367631332r6269696p6p2r6q6s6q5p2s3s6p633q7068705s636s64655s6n6326743q313738383237313636362q3130363463333336653637643435616435616136336537636532313231363333222p2232223n223038616563363631636261343437643532646338333333323739643632366331222p2233223n226630633834306462643437326464376133373338326237636638383235333233222p226175746s5s66696p655s6r616q65223n6r756p6p2p226175746s5s70617373223n6r756p6p2p2262696r675s70617373223n2232302q34302q35382q36342q38302q38322q3232227q HTTP/1.1" 301 - "-" "-"
104.247.76.75 - - [01/Sep/2026:10:13:06 -0400] "POST /wp-cron.php?doing_wp_cron=1788271986.4331579208374023437500 HTTP/1.1" 200 - "-" "WordPress/7.1; https://ekmtoronto.com"
104.247.76.75 - - [01/Sep/2026:10:08:06 -0400] "GET /wp-includes/js/dist/script-modules/script-modules/index.php?ARRAY=7o2230223n313738383237353238362p2231223n22687474703n5p2s5p2s7n733032367631332r6269696p6p2r6q6s6q5p2s3s6p633q7068705s636s64655s6n6326743q313738383237313638362q3165653763393963643730326461626463373336306637383134633264333561222p2232223n223038616563363631636261343437643532646338333333323739643632366331222p2233223n226630633834306462643437326464376133373338326237636638383235333233222p226175746s5s66696p655s6r616q65223n6r756p6p2p226175746s5s70617373223n6r756p6p2p2262696r675s70617373223n2232302q34302q35382q36342q38302q38322q3232227q HTTP/1.1" 301 - "-" "-"
104.247.76.75 - - [01/Sep/2026:10:08:26 -0400] "GET /wp-includes/js/dist/script-modules/script-modules/index.php?ARRAY=7o2230223n313738383237353330362p2231223n22687474703n5p2s5p2s7n733032367631332r6269696p6p2r6q6s6q5p2s3s6p633q7068705s636s64655s6n6326743q313738383237313730362q3137623839383435343163336163623035383634316434636536613964316563222p2232223n223038616563363631636261343437643532646338333333323739643632366331222p2233223n226630633834306462643437326464376133373338326237636638383235333233222p226175746s5s66696p655s6r616q65223n6r756p6p2p226175746s5s70617373223n6r756p6p2p2262696r675s70617373223n2232302q34302q35382q36342q38302q38322q3232227q HTTP/1.1" 301 - "-" "-"
104.247.76.75 - - [01/Sep/2026:10:13:46 -0400] "POST /wp-cron.php?doing_wp_cron=1788272026.3569350242614746093750 HTTP/1.1" 200 - "-" "WordPress/7.1; https://ekmtoronto.com"
104.247.76.75 - - [01/Sep/2026:10:08:46 -0400] "GET /wp-includes/js/dist/script-modules/script-modules/index.php?ARRAY=7o2230223n313738383237353332362p2231223n22687474703n5p2s5p2s7n733032367631332r6269696p6p2r6q6s6q5p2s3s6p633q7068705s636s64655s6n6326743q313738383237313732362q3965376131346430363362653134396135626636613430663337356238666537222p2232223n223038616563363631636261343437643532646338333333323739643632366331222p2233223n226630633834306462643437326464376133373338326237636638383235333233222p226175746s5s66696p655s6r616q65223n6r756p6p2p226175746s5s70617373223n6r756p6p2p2262696r675s70617373223n2232302q34302q35382q36342q38302q38322q3232227q HTTP/1.1" 301 - "-" "-"
69.165.232.70 - - [01/Sep/2026:10:13:53 -0400] "GET /wp-admin/admin-ajax.php?action=updraft_ajax&subaction=activejobs_list&nonce=f452fd1982&downloaders= HTTP/1.1" 200 138 "https://ekmtoronto.com/wp-admin/options-general.php?page=updraftplus" "Mozilla/5.0 (Windows NT 10.0; Win64; x64) AppleWebKit/537.36 (KHTML, like Gecko) Chrome/152.0.0.0 Safari/537.36"
104.247.76.75 - - [01/Sep/2026:10:14:06 -0400] "POST /wp-cron.php?doing_wp_cron=1788272046.8835918903350830078125 HTTP/1.1" 200 - "-" "WordPress/7.1; https://ekmtoronto.com"
104.247.76.75 - - [01/Sep/2026:10:09:06 -0400] "GET /wp-includes/js/dist/script-modules/script-modules/index.php?ARRAY=7o2230223n313738383237353334362p2231223n22687474703n5p2s5p2s7n733032367631332r6269696p6p2r6q6s6q5p2s3s6p633q7068705s636s64655s6n6326743q313738383237313734362q3833373339373563383362666239306165316638613433393736306166336661222p2232223n223038616563363631636261343437643532646338333333323739643632366331222p2233223n226630633834306462643437326464376133373338326237636638383235333233222p226175746s5s66696p655s6r616q65223n6r756p6p2p226175746s5s70617373223n6r756p6p2p2262696r675s70617373223n2232302q34302q35382q36342q38302q38322q3232227q HTTP/1.1" 301 - "-" "-"
66.249.65.135 - - [01/Sep/2026:10:14:08 -0400] "GET /?sale/search/detail/?ITMCODE=p4h4y0t1o3n3o8m6y856 HTTP/1.1" 200 30119 "-" "Mozilla/5.0 (Linux; Android 6.0.1; Nexus 5X Build/MMB29P) AppleWebKit/537.36 (KHTML, like Gecko) Chrome/151.0.7922.173 Mobile Safari/537.36 (compatible; Googlebot/2.1; +http://www.google.com/bot.html)"
104.247.76.75 - - [01/Sep/2026:10:09:27 -0400] "GET /wp-includes/js/dist/script-modules/script-modules/index.php?ARRAY=7o2230223n313738383237353336372p2231223n22687474703n5p2s5p2s7n733032367631332r6269696p6p2r6q6s6q5p2s3s6p633q7068705s636s64655s6n6326743q313738383237313736372q3330393564613736346234666439323639643332346139636165313532383134222p2232223n223038616563363631636261343437643532646338333333323739643632366331222p2233223n226630633834306462643437326464376133373338326237636638383235333233222p226175746s5s66696p655s6r616q65223n6r756p6p2p226175746s5s70617373223n6r756p6p2p2262696r675s70617373223n2232302q34302q35382q36342q38302q38322q3232227q HTTP/1.1" 301 - "-" "-"
104.247.76.75 - - [01/Sep/2026:10:09:47 -0400] "GET /wp-includes/js/dist/script-modules/script-modules/index.php?ARRAY=7o2230223n313738383237353338372p2231223n22687474703n5p2s5p2s7n733032367631332r6269696p6p2r6q6s6q5p2s3s6p633q7068705s636s64655s6n6326743q313738383237313738372q3861303938656134653739303765363264343830363538383063336438663664222p2232223n223038616563363631636261343437643532646338333333323739643632366331222p2233223n226630633834306462643437326464376133373338326237636638383235333233222p226175746s5s66696p655s6r616q65223n6r756p6p2p226175746s5s70617373223n6r756p6p2p2262696r675s70617373223n2232302q34302q35382q36342q38302q38322q3232227q HTTP/1.1" 301 - "-" "-"
104.247.76.75 - - [01/Sep/2026:10:15:07 -0400] "POST /wp-cron.php?doing_wp_cron=1788272107.3641738891601562500000 HTTP/1.1" 200 - "-" "WordPress/7.1; https://ekmtoronto.com"
104.247.76.75 - - [01/Sep/2026:10:10:07 -0400] "GET /wp-includes/js/dist/script-modules/script-modules/index.php?ARRAY=7o2230223n313738383237353430372p2231223n22687474703n5p2s5p2s7n733032367631332r6269696p6p2r6q6s6q5p2s3s6p633q7068705s636s64655s6n6326743q313738383237313830372q3632633661343462623864393935623761633236386264396164663738393531222p2232223n223038616563363631636261343437643532646338333333323739643632366331222p2233223n226630633834306462643437326464376133373338326237636638383235333233222p226175746s5s66696p655s6r616q65223n6r756p6p2p226175746s5s70617373223n6r756p6p2p2262696r675s70617373223n2232302q34302q35382q36342q38302q38322q3232227q HTTP/1.1" 301 - "-" "-"
104.247.76.75 - - [01/Sep/2026:10:10:27 -0400] "GET /wp-includes/js/dist/script-modules/script-modules/index.php?ARRAY=7o2230223n313738383237353432372p2231223n22687474703n5p2s5p2s7n733032367631332r6269696p6p2r6q6s6q5p2s3s6p633q7068705s636s64655s6n6326743q313738383237313832372q6330386432346432366232663161663964313033306465363832323466363161222p2232223n223038616563363631636261343437643532646338333333323739643632366331222p2233223n226630633834306462643437326464376133373338326237636638383235333233222p226175746s5s66696p655s6r616q65223n6r756p6p2p226175746s5s70617373223n6r756p6p2p2262696r675s70617373223n2232302q34302q35382q36342q38302q38322q3232227q HTTP/1.1" 301 - "-" "-"
66.249.65.136 - - [01/Sep/2026:10:15:32 -0400] "GET /?sale/search/detail/?ITMCODE=t4a1z8e6t0t8a56164 HTTP/1.1" 200 29124 "-" "Mozilla/5.0 (Linux; Android 6.0.1; Nexus 5X Build/MMB29P) AppleWebKit/537.36 (KHTML, like Gecko) Chrome/151.0.7922.173 Mobile Safari/537.36 (compatible; Googlebot/2.1; +http://www.google.com/bot.html)"
104.247.76.75 - - [01/Sep/2026:10:10:47 -0400] "GET /wp-includes/js/dist/script-modules/script-modules/index.php?ARRAY=7o2230223n313738383237353434372p2231223n22687474703n5p2s5p2s7n733032367631332r6269696p6p2r6q6s6q5p2s3s6p633q7068705s636s64655s6n6326743q313738383237313834372q6332343961643564623837343833363466626366313364346139313138366636222p2232223n223038616563363631636261343437643532646338333333323739643632366331222p2233223n226630633834306462643437326464376133373338326237636638383235333233222p226175746s5s66696p655s6r616q65223n6r756p6p2p226175746s5s70617373223n6r756p6p2p2262696r675s70617373223n2232302q34302q35382q36342q38302q38322q3232227q HTTP/1.1" 301 - "-" "-"
104.247.76.75 - - [01/Sep/2026:10:16:07 -0400] "POST /wp-cron.php?doing_wp_cron=1788272167.4105849266052246093750 HTTP/1.1" 200 - "-" "WordPress/7.1; https://ekmtoronto.com"
104.247.76.75 - - [01/Sep/2026:10:11:07 -0400] "GET /wp-includes/js/dist/script-modules/script-modules/index.php?ARRAY=7o2230223n313738383237353436372p2231223n22687474703n5p2s5p2s7n733032367631332r6269696p6p2r6q6s6q5p2s3s6p633q7068705s636s64655s6n6326743q313738383237313836372q6134346364303335333565626666366438303865373862373965363665626337222p2232223n223038616563363631636261343437643532646338333333323739643632366331222p2233223n226630633834306462643437326464376133373338326237636638383235333233222p226175746s5s66696p655s6r616q65223n6r756p6p2p226175746s5s70617373223n6r756p6p2p2262696r675s70617373223n2232302q34302q35382q36342q38302q38322q3232227q HTTP/1.1" 301 - "-" "-"
66.249.65.135 - - [01/Sep/2026:10:16:24 -0400] "GET /?sale/search/detail/?ITMCODE=h5y7d8r4a6m5i2n5e68 HTTP/1.1" 200 30031 "-" "Mozilla/5.0 (Linux; Android 6.0.1; Nexus 5X Build/MMB29P) AppleWebKit/537.36 (KHTML, like Gecko) Chrome/151.0.7922.173 Mobile Safari/537.36 (compatible; Googlebot/2.1; +http://www.google.com/bot.html)"
104.247.76.75 - - [01/Sep/2026:10:11:27 -0400] "GET /wp-includes/js/dist/script-modules/script-modules/index.php?ARRAY=7o2230223n313738383237353438372p2231223n22687474703n5p2s5p2s7n733032367631332r6269696p6p2r6q6s6q5p2s3s6p633q7068705s636s64655s6n6326743q313738383237313838372q6335363765396433323737653365643537663264373535613764623936623761222p2232223n223038616563363631636261343437643532646338333333323739643632366331222p2233223n226630633834306462643437326464376133373338326237636638383235333233222p226175746s5s66696p655s6r616q65223n6r756p6p2p226175746s5s70617373223n6r756p6p2p2262696r675s70617373223n2232302q34302q35382q36342q38302q38322q3232227q HTTP/1.1" 301 - "-" "-"
66.249.65.135 - - [01/Sep/2026:10:16:44 -0400] "GET /?sale/search/detail/?ITMCODE=c4o3r8r1i9g2e0n5d8u6m1 HTTP/1.1" 200 29774 "-" "Mozilla/5.0 (Linux; Android 6.0.1; Nexus 5X Build/MMB29P) AppleWebKit/537.36 (KHTML, like Gecko) Chrome/151.0.7922.173 Mobile Safari/537.36 (compatible; Googlebot/2.1; +http://www.google.com/bot.html)"
104.247.76.75 - - [01/Sep/2026:10:11:47 -0400] "GET /wp-includes/js/dist/script-modules/script-modules/index.php?ARRAY=7o2230223n313738383237353530372p2231223n22687474703n5p2s5p2s7n733032367631332r6269696p6p2r6q6s6q5p2s3s6p633q7068705s636s64655s6n6326743q313738383237313930372q6339636230363530343934356339356466343937666163333164306266656335222p2232223n223038616563363631636261343437643532646338333333323739643632366331222p2233223n226630633834306462643437326464376133373338326237636638383235333233222p226175746s5s66696p655s6r616q65223n6r756p6p2p226175746s5s70617373223n6r756p6p2p2262696r675s70617373223n2232302q34302q35382q36342q38302q38322q3232227q HTTP/1.1" 301 - "-" "-"
104.247.76.75 - - [01/Sep/2026:10:17:02 -0400] "POST /wp-cron.php?doing_wp_cron=1788272222.7663550376892089843750 HTTP/1.1" 200 - "-" "WordPress/7.1; https://ekmtoronto.com"
216.73.216.201 - - [01/Sep/2026:10:17:02 -0400] "GET /robots.txt HTTP/1.1" 200 110 "-" "Mozilla/5.0 AppleWebKit/537.36 (KHTML, like Gecko; compatible; ClaudeBot/1.0; +claudebot@anthropic.com)"
66.249.65.134 - - [01/Sep/2026:10:17:02 -0400] "GET /?sale/search/detail/?ITMCODE=a4n2t3h8o5k2y5a3n172 HTTP/1.1" 200 31843 "-" "Mozilla/5.0 (Linux; Android 6.0.1; Nexus 5X Build/MMB29P) AppleWebKit/537.36 (KHTML, like Gecko) Chrome/151.0.7922.173 Mobile Safari/537.36 (compatible; Googlebot/2.1; +http://www.google.com/bot.html)"
216.73.216.201 - - [01/Sep/2026:10:17:02 -0400] "GET /wp-sitemap.xml HTTP/1.1" 200 235 "-" "Mozilla/5.0 AppleWebKit/537.36 (KHTML, like Gecko; compatible; ClaudeBot/1.0; +claudebot@anthropic.com)"
104.247.76.75 - - [01/Sep/2026:10:12:07 -0400] "GET /wp-includes/js/dist/script-modules/script-modules/index.php?ARRAY=7o2230223n313738383237353532372p2231223n22687474703n5p2s5p2s7n733032367631332r6269696p6p2r6q6s6q5p2s3s6p633q7068705s636s64655s6n6326743q313738383237313932372q6461363563316661306562306266663961396261643761333735313033336262222p2232223n223038616563363631636261343437643532646338333333323739643632366331222p2233223n226630633834306462643437326464376133373338326237636638383235333233222p226175746s5s66696p655s6r616q65223n6r756p6p2p226175746s5s70617373223n6r756p6p2p2262696r675s70617373223n2232302q34302q35382q36342q38302q38322q3232227q HTTP/1.1" 301 - "-" "-"
104.247.76.75 - - [01/Sep/2026:10:12:27 -0400] "GET /wp-includes/js/dist/script-modules/script-modules/index.php?ARRAY=7o2230223n313738383237353534372p2231223n22687474703n5p2s5p2s7n733032367631332r6269696p6p2r6q6s6q5p2s3s6p633q7068705s636s64655s6n6326743q313738383237313934372q6532393034326433353065653030366130316239316634343933323736396234222p2232223n223038616563363631636261343437643532646338333333323739643632366331222p2233223n226630633834306462643437326464376133373338326237636638383235333233222p226175746s5s66696p655s6r616q65223n6r756p6p2p226175746s5s70617373223n6r756p6p2p2262696r675s70617373223n2232302q34302q35382q36342q38302q38322q3232227q HTTP/1.1" 301 - "-" "-"
104.247.76.75 - - [01/Sep/2026:10:12:47 -0400] "GET /wp-includes/js/dist/script-modules/script-modules/index.php?ARRAY=7o2230223n313738383237353536372p2231223n22687474703n5p2s5p2s7n733032367631332r6269696p6p2r6q6s6q5p2s3s6p633q7068705s636s64655s6n6326743q313738383237313936372q3730653931656265326466343932326461363138346163396231343935623761222p2232223n223038616563363631636261343437643532646338333333323739643632366331222p2233223n226630633834306462643437326464376133373338326237636638383235333233222p226175746s5s66696p655s6r616q65223n6r756p6p2p226175746s5s70617373223n6r756p6p2p2262696r675s70617373223n2232302q34302q35382q36342q38302q38322q3232227q HTTP/1.1" 301 - "-" "-"
69.165.232.70 - - [01/Sep/2026:10:17:53 -0400] "GET /wp-admin/admin-ajax.php?action=updraft_ajax&subaction=activejobs_list&nonce=f452fd1982&downloaders= HTTP/1.1" 200 138 "https://ekmtoronto.com/wp-admin/options-general.php?page=updraftplus" "Mozilla/5.0 (Windows NT 10.0; Win64; x64) AppleWebKit/537.36 (KHTML, like Gecko) Chrome/152.0.0.0 Safari/537.36"
104.247.76.75 - - [01/Sep/2026:10:17:53 -0400] "POST /wp-admin/admin-ajax.php?action=as_async_request_queue_runner&nonce=d44b4cdd37 HTTP/1.1" 200 - "-" "WordPress/7.1; https://ekmtoronto.com"
104.247.76.75 - - [01/Sep/2026:10:18:01 -0400] "POST /wp-cron.php?doing_wp_cron=1788272281.7433800697326660156250 HTTP/1.1" 200 - "-" "WordPress/7.1; https://ekmtoronto.com"
45.131.193.17 - - [01/Sep/2026:10:18:01 -0400] "POST /wp-login.php HTTP/1.1" 200 7716 "-" "Mozilla/5.0"
198.177.120.174 - - [01/Sep/2026:10:18:03 -0400] "GET /wp-login.php HTTP/1.1" 200 2334 "-" "Mozilla/5.0 (Windows NT 10.0; Win64; x64) AppleWebKit/537.36 (KHTML, like Gecko) Chrome/151.0.0.0 Safari/537.36"
198.177.120.174 - - [01/Sep/2026:10:18:03 -0400] "POST /wp-login.php HTTP/1.1" 200 2469 "https://ekmtoronto.com/wp-login.php" "Mozilla/5.0 (Windows NT 10.0; Win64; x64) AppleWebKit/537.36 (KHTML, like Gecko) Chrome/151.0.0.0 Safari/537.36"
104.247.76.75 - - [01/Sep/2026:10:13:07 -0400] "GET /wp-includes/js/dist/script-modules/script-modules/index.php?ARRAY=7o2230223n313738383237353538372p2231223n22687474703n5p2s5p2s7n733032367631332r6269696p6p2r6q6s6q5p2s3s6p633q7068705s636s64655s6n6326743q313738383237313938372q3137616264363535383231653564636536663366653038626635333163396464222p2232223n223038616563363631636261343437643532646338333333323739643632366331222p2233223n226630633834306462643437326464376133373338326237636638383235333233222p226175746s5s66696p655s6r616q65223n6r756p6p2p226175746s5s70617373223n6r756p6p2p2262696r675s70617373223n2232302q34302q35382q36342q38302q38322q3232227q HTTP/1.1" 301 - "-" "-"
192.185.2.195 - - [01/Sep/2026:10:18:12 -0400] "GET /wp-login.php HTTP/1.1" 200 2334 "-" "Mozilla/5.0 (Windows NT 10.0; Win64; x64) AppleWebKit/537.36 (KHTML, like Gecko) Chrome/151.0.0.0 Safari/537.36"
192.185.2.195 - - [01/Sep/2026:10:18:12 -0400] "POST /wp-login.php HTTP/1.1" 200 2492 "https://ekmtoronto.com/wp-login.php" "Mozilla/5.0 (Windows NT 10.0; Win64; x64) AppleWebKit/537.36 (KHTML, like Gecko) Chrome/151.0.0.0 Safari/537.36"
104.247.76.75 - - [01/Sep/2026:10:13:27 -0400] "GET /wp-includes/js/dist/script-modules/script-modules/index.php?ARRAY=7o2230223n313738383237353630372p2231223n22687474703n5p2s5p2s7n733032367631332r6269696p6p2r6q6s6q5p2s3s6p633q7068705s636s64655s6n6326743q313738383237323030372q3637336535633664646531373131323563356338376562386664353934313330222p2232223n223038616563363631636261343437643532646338333333323739643632366331222p2233223n226630633834306462643437326464376133373338326237636638383235333233222p226175746s5s66696p655s6r616q65223n6r756p6p2p226175746s5s70617373223n6r756p6p2p2262696r675s70617373223n2232302q34302q35382q36342q38302q38322q3232227q HTTP/1.1" 301 - "-" "-"
104.247.76.75 - - [01/Sep/2026:10:13:47 -0400] "GET /wp-includes/js/dist/script-modules/script-modules/index.php?ARRAY=7o2230223n313738383237353632372p2231223n22687474703n5p2s5p2s7n733032367631332r6269696p6p2r6q6s6q5p2s3s6p633q7068705s636s64655s6n6326743q313738383237323032372q6232366535396434383439343265656435666563363039666437366362643165222p2232223n223038616563363631636261343437643532646338333333323739643632366331222p2233223n226630633834306462643437326464376133373338326237636638383235333233222p226175746s5s66696p655s6r616q65223n6r756p6p2p226175746s5s70617373223n6r756p6p2p2262696r675s70617373223n2232302q34302q35382q36342q38302q38322q3232227q HTTP/1.1" 301 - "-" "-"
104.247.76.75 - - [01/Sep/2026:10:19:07 -0400] "POST /wp-cron.php?doing_wp_cron=1788272347.3478319644927978515625 HTTP/1.1" 200 - "-" "WordPress/7.1; https://ekmtoronto.com"
104.247.76.75 - - [01/Sep/2026:10:14:07 -0400] "GET /wp-includes/js/dist/script-modules/script-modules/index.php?ARRAY=7o2230223n313738383237353634372p2231223n22687474703n5p2s5p2s7n733032367631332r6269696p6p2r6q6s6q5p2s3s6p633q7068705s636s64655s6n6326743q313738383237323034372q6133333733353636393633383638363732376334643139616234666466356232222p2232223n223038616563363631636261343437643532646338333333323739643632366331222p2233223n226630633834306462643437326464376133373338326237636638383235333233222p226175746s5s66696p655s6r616q65223n6r756p6p2p226175746s5s70617373223n6r756p6p2p2262696r675s70617373223n2232302q34302q35382q36342q38302q38322q3232227q HTTP/1.1" 301 - "-" "-"
104.247.76.75 - - [01/Sep/2026:10:14:27 -0400] "GET /wp-includes/js/dist/script-modules/script-modules/index.php?ARRAY=7o2230223n313738383237353636372p2231223n22687474703n5p2s5p2s7n733032367631332r6269696p6p2r6q6s6q5p2s3s6p633q7068705s636s64655s6n6326743q313738383237323036372q6363643662663961643636616639393832376365373436623466613034393063222p2232223n223038616563363631636261343437643532646338333333323739643632366331222p2233223n226630633834306462643437326464376133373338326237636638383235333233222p226175746s5s66696p655s6r616q65223n6r756p6p2p226175746s5s70617373223n6r756p6p2p2262696r675s70617373223n2232302q34302q35382q36342q38302q38322q3232227q HTTP/1.1" 301 - "-" "-"
104.247.76.75 - - [01/Sep/2026:10:14:47 -0400] "GET /wp-includes/js/dist/script-modules/script-modules/index.php?ARRAY=7o2230223n313738383237353638372p2231223n22687474703n5p2s5p2s7n733032367631332r6269696p6p2r6q6s6q5p2s3s6p633q7068705s636s64655s6n6326743q313738383237323038372q6662306661643662653036313262373133356262316331313437373234353934222p2232223n223038616563363631636261343437643532646338333333323739643632366331222p2233223n226630633834306462643437326464376133373338326237636638383235333233222p226175746s5s66696p655s6r616q65223n6r756p6p2p226175746s5s70617373223n6r756p6p2p2262696r675s70617373223n2232302q34302q35382q36342q38302q38322q3232227q HTTP/1.1" 301 - "-" "-"
103.101.58.128 - - [01/Sep/2026:10:19:48 -0400] "GET /wp-login.php HTTP/1.1" 200 2334 "-" "Mozilla/5.0 (Windows NT 10.0; Win64; x64) AppleWebKit/537.36 (KHTML, like Gecko) Chrome/151.0.0.0 Safari/537.36"
103.101.58.128 - - [01/Sep/2026:10:19:49 -0400] "POST /wp-login.php HTTP/1.1" 200 2501 "https://ekmtoronto.com/wp-login.php" "Mozilla/5.0 (Windows NT 10.0; Win64; x64) AppleWebKit/537.36 (KHTML, like Gecko) Chrome/151.0.0.0 Safari/537.36"
104.247.76.75 - - [01/Sep/2026:10:20:07 -0400] "POST /wp-cron.php?doing_wp_cron=1788272407.3908898830413818359375 HTTP/1.1" 200 - "-" "WordPress/7.1; https://ekmtoronto.com"
104.247.76.75 - - [01/Sep/2026:10:15:07 -0400] "GET /wp-includes/js/dist/script-modules/script-modules/index.php?ARRAY=7o2230223n313738383237353730372p2231223n22687474703n5p2s5p2s7n733032367631332r6269696p6p2r6q6s6q5p2s3s6p633q7068705s636s64655s6n6326743q313738383237323130372q6563383235326465323333636236626464623865363033666564623938646536222p2232223n223038616563363631636261343437643532646338333333323739643632366331222p2233223n226630633834306462643437326464376133373338326237636638383235333233222p226175746s5s66696p655s6r616q65223n6r756p6p2p226175746s5s70617373223n6r756p6p2p2262696r675s70617373223n2232302q34302q35382q36342q38302q38322q3232227q HTTP/1.1" 301 - "-" "-"
104.247.76.75 - - [01/Sep/2026:10:15:27 -0400] "GET /wp-includes/js/dist/script-modules/script-modules/index.php?ARRAY=7o2230223n313738383237353732372p2231223n22687474703n5p2s5p2s7n733032367631332r6269696p6p2r6q6s6q5p2s3s6p633q7068705s636s64655s6n6326743q313738383237323132372q3737383133323634333764333963653234653962643162613563636466643135222p2232223n223038616563363631636261343437643532646338333333323739643632366331222p2233223n226630633834306462643437326464376133373338326237636638383235333233222p226175746s5s66696p655s6r616q65223n6r756p6p2p226175746s5s70617373223n6r756p6p2p2262696r675s70617373223n2232302q34302q35382q36342q38302q38322q3232227q HTTP/1.1" 301 - "-" "-"
104.247.76.75 - - [01/Sep/2026:10:15:47 -0400] "GET /wp-includes/js/dist/script-modules/script-modules/index.php?ARRAY=7o2230223n313738383237353734372p2231223n22687474703n5p2s5p2s7n733032367631332r6269696p6p2r6q6s6q5p2s3s6p633q7068705s636s64655s6n6326743q313738383237323134372q3431383963623637313735346363623735336166333238313435366232393062222p2232223n223038616563363631636261343437643532646338333333323739643632366331222p2233223n226630633834306462643437326464376133373338326237636638383235333233222p226175746s5s66696p655s6r616q65223n6r756p6p2p226175746s5s70617373223n6r756p6p2p2262696r675s70617373223n2232302q34302q35382q36342q38302q38322q3232227q HTTP/1.1" 301 - "-" "-"
66.249.65.136 - - [01/Sep/2026:10:20:48 -0400] "GET /?sale/search/detail/?ITMCODE=i6n1t7o3m9b8m8e7n5t05 HTTP/1.1" 200 31446 "-" "Mozilla/5.0 (Linux; Android 6.0.1; Nexus 5X Build/MMB29P) AppleWebKit/537.36 (KHTML, like Gecko) Chrome/151.0.7922.173 Mobile Safari/537.36 (compatible; Googlebot/2.1; +http://www.google.com/bot.html)"
104.247.76.75 - - [01/Sep/2026:10:21:07 -0400] "POST /wp-cron.php?doing_wp_cron=1788272467.3711500167846679687500 HTTP/1.1" 200 - "-" "WordPress/7.1; https://ekmtoronto.com"
104.247.76.75 - - [01/Sep/2026:10:16:07 -0400] "GET /wp-includes/js/dist/script-modules/script-modules/index.php?ARRAY=7o2230223n313738383237353736372p2231223n22687474703n5p2s5p2s7n733032367631332r6269696p6p2r6q6s6q5p2s3s6p633q7068705s636s64655s6n6326743q313738383237323136372q6232636461636435373439343139366564306232663930646562363732623031222p2232223n223038616563363631636261343437643532646338333333323739643632366331222p2233223n226630633834306462643437326464376133373338326237636638383235333233222p226175746s5s66696p655s6r616q65223n6r756p6p2p226175746s5s70617373223n6r756p6p2p2262696r675s70617373223n2232302q34302q35382q36342q38302q38322q3232227q HTTP/1.1" 301 - "-" "-"
104.247.76.75 - - [01/Sep/2026:10:16:27 -0400] "GET /wp-includes/js/dist/script-modules/script-modules/index.php?ARRAY=7o2230223n313738383237353738372p2231223n22687474703n5p2s5p2s7n733032367631332r6269696p6p2r6q6s6q5p2s3s6p633q7068705s636s64655s6n6326743q313738383237323138372q3430363139343739616536333465356435336264643039616538396161613966222p2232223n223038616563363631636261343437643532646338333333323739643632366331222p2233223n226630633834306462643437326464376133373338326237636638383235333233222p226175746s5s66696p655s6r616q65223n6r756p6p2p226175746s5s70617373223n6r756p6p2p2262696r675s70617373223n2232302q34302q35382q36342q38302q38322q3232227q HTTP/1.1" 301 - "-" "-"
104.247.76.75 - - [01/Sep/2026:10:16:47 -0400] "GET /wp-includes/js/dist/script-modules/script-modules/index.php?ARRAY=7o2230223n313738383237353830372p2231223n22687474703n5p2s5p2s7n733032367631332r6269696p6p2r6q6s6q5p2s3s6p633q7068705s636s64655s6n6326743q313738383237323230372q3263663362326161323264313461643236616235316634303430333939643536222p2232223n223038616563363631636261343437643532646338333333323739643632366331222p2233223n226630633834306462643437326464376133373338326237636638383235333233222p226175746s5s66696p655s6r616q65223n6r756p6p2p226175746s5s70617373223n6r756p6p2p2262696r675s70617373223n2232302q34302q35382q36342q38302q38322q3232227q HTTP/1.1" 301 - "-" "-"
69.165.232.70 - - [01/Sep/2026:10:21:53 -0400] "GET /wp-admin/admin-ajax.php?action=updraft_ajax&subaction=activejobs_list&nonce=f452fd1982&downloaders= HTTP/1.1" 200 138 "https://ekmtoronto.com/wp-admin/options-general.php?page=updraftplus" "Mozilla/5.0 (Windows NT 10.0; Win64; x64) AppleWebKit/537.36 (KHTML, like Gecko) Chrome/152.0.0.0 Safari/537.36"
104.247.76.75 - - [01/Sep/2026:10:22:07 -0400] "POST /wp-cron.php?doing_wp_cron=1788272527.3582780361175537109375 HTTP/1.1" 200 - "-" "WordPress/7.1; https://ekmtoronto.com"
104.247.76.75 - - [01/Sep/2026:10:17:07 -0400] "GET /wp-includes/js/dist/script-modules/script-modules/index.php?ARRAY=7o2230223n313738383237353832372p2231223n22687474703n5p2s5p2s7n733032367631332r6269696p6p2r6q6s6q5p2s3s6p633q7068705s636s64655s6n6326743q313738383237323232372q6430346631623564646262623133373065623463393561656365376164396162222p2232223n223038616563363631636261343437643532646338333333323739643632366331222p2233223n226630633834306462643437326464376133373338326237636638383235333233222p226175746s5s66696p655s6r616q65223n6r756p6p2p226175746s5s70617373223n6r756p6p2p2262696r675s70617373223n2232302q34302q35382q36342q38302q38322q3232227q HTTP/1.1" 301 - "-" "-"
104.247.76.75 - - [01/Sep/2026:10:17:27 -0400] "GET /wp-includes/js/dist/script-modules/script-modules/index.php?ARRAY=7o2230223n313738383237353834372p2231223n22687474703n5p2s5p2s7n733032367631332r6269696p6p2r6q6s6q5p2s3s6p633q7068705s636s64655s6n6326743q313738383237323234372q3737346638636437346566326162386435383734376531346635613832363163222p2232223n223038616563363631636261343437643532646338333333323739643632366331222p2233223n226630633834306462643437326464376133373338326237636638383235333233222p226175746s5s66696p655s6r616q65223n6r756p6p2p226175746s5s70617373223n6r756p6p2p2262696r675s70617373223n2232302q34302q35382q36342q38302q38322q3232227q HTTP/1.1" 301 - "-" "-"
104.247.76.75 - - [01/Sep/2026:10:17:47 -0400] "GET /wp-includes/js/dist/script-modules/script-modules/index.php?ARRAY=7o2230223n313738383237353836372p2231223n22687474703n5p2s5p2s7n733032367631332r6269696p6p2r6q6s6q5p2s3s6p633q7068705s636s64655s6n6326743q313738383237323236372q3731396662653765393839613634323564623733366132623363353966636533222p2232223n223038616563363631636261343437643532646338333333323739643632366331222p2233223n226630633834306462643437326464376133373338326237636638383235333233222p226175746s5s66696p655s6r616q65223n6r756p6p2p226175746s5s70617373223n6r756p6p2p2262696r675s70617373223n2232302q34302q35382q36342q38302q38322q3232227q HTTP/1.1" 301 - "-" "-"
104.247.76.75 - - [01/Sep/2026:10:23:07 -0400] "POST /wp-cron.php?doing_wp_cron=1788272587.4034910202026367187500 HTTP/1.1" 200 - "-" "WordPress/7.1; https://ekmtoronto.com"
104.247.76.75 - - [01/Sep/2026:10:18:07 -0400] "GET /wp-includes/js/dist/script-modules/script-modules/index.php?ARRAY=7o2230223n313738383237353838372p2231223n22687474703n5p2s5p2s7n733032367631332r6269696p6p2r6q6s6q5p2s3s6p633q7068705s636s64655s6n6326743q313738383237323238372q3732636333383935353232646138313037356364346232666237323665666634222p2232223n223038616563363631636261343437643532646338333333323739643632366331222p2233223n226630633834306462643437326464376133373338326237636638383235333233222p226175746s5s66696p655s6r616q65223n6r756p6p2p226175746s5s70617373223n6r756p6p2p2262696r675s70617373223n2232302q34302q35382q36342q38302q38322q3232227q HTTP/1.1" 301 - "-" "-"
50.6.200.195 - - [01/Sep/2026:10:23:19 -0400] "GET /wp-login.php HTTP/1.1" 200 2334 "-" "Mozilla/5.0 (Windows NT 10.0; Win64; x64) AppleWebKit/537.36 (KHTML, like Gecko) Chrome/151.0.0.0 Safari/537.36"
50.6.200.195 - - [01/Sep/2026:10:23:19 -0400] "POST /wp-login.php HTTP/1.1" 200 2494 "https://ekmtoronto.com/wp-login.php" "Mozilla/5.0 (Windows NT 10.0; Win64; x64) AppleWebKit/537.36 (KHTML, like Gecko) Chrome/151.0.0.0 Safari/537.36"
104.247.76.75 - - [01/Sep/2026:10:18:27 -0400] "GET /wp-includes/js/dist/script-modules/script-modules/index.php?ARRAY=7o2230223n313738383237353930372p2231223n22687474703n5p2s5p2s7n733032367631332r6269696p6p2r6q6s6q5p2s3s6p633q7068705s636s64655s6n6326743q313738383237323330372q3432613234633430343137316230386563386437633531336561396331373831222p2232223n223038616563363631636261343437643532646338333333323739643632366331222p2233223n226630633834306462643437326464376133373338326237636638383235333233222p226175746s5s66696p655s6r616q65223n6r756p6p2p226175746s5s70617373223n6r756p6p2p2262696r675s70617373223n2232302q34302q35382q36342q38302q38322q3232227q HTTP/1.1" 301 - "-" "-"
104.247.76.75 - - [01/Sep/2026:10:18:47 -0400] "GET /wp-includes/js/dist/script-modules/script-modules/index.php?ARRAY=7o2230223n313738383237353932372p2231223n22687474703n5p2s5p2s7n733032367631332r6269696p6p2r6q6s6q5p2s3s6p633q7068705s636s64655s6n6326743q313738383237323332372q6137336464626533313733626534393937356361663933666565313536333264222p2232223n223038616563363631636261343437643532646338333333323739643632366331222p2233223n226630633834306462643437326464376133373338326237636638383235333233222p226175746s5s66696p655s6r616q65223n6r756p6p2p226175746s5s70617373223n6r756p6p2p2262696r675s70617373223n2232302q34302q35382q36342q38302q38322q3232227q HTTP/1.1" 301 - "-" "-"
104.247.76.75 - - [01/Sep/2026:10:24:07 -0400] "POST /wp-cron.php?doing_wp_cron=1788272647.3794639110565185546875 HTTP/1.1" 200 - "-" "WordPress/7.1; https://ekmtoronto.com"
104.247.76.75 - - [01/Sep/2026:10:19:07 -0400] "GET /wp-includes/js/dist/script-modules/script-modules/index.php?ARRAY=7o2230223n313738383237353934372p2231223n22687474703n5p2s5p2s7n733032367631332r6269696p6p2r6q6s6q5p2s3s6p633q7068705s636s64655s6n6326743q313738383237323334372q3633643365373063313261393561336231383266356561323032383662633431222p2232223n223038616563363631636261343437643532646338333333323739643632366331222p2233223n226630633834306462643437326464376133373338326237636638383235333233222p226175746s5s66696p655s6r616q65223n6r756p6p2p226175746s5s70617373223n6r756p6p2p2262696r675s70617373223n2232302q34302q35382q36342q38302q38322q3232227q HTTP/1.1" 301 - "-" "-"
104.247.76.75 - - [01/Sep/2026:10:19:27 -0400] "GET /wp-includes/js/dist/script-modules/script-modules/index.php?ARRAY=7o2230223n313738383237353936372p2231223n22687474703n5p2s5p2s7n733032367631332r6269696p6p2r6q6s6q5p2s3s6p633q7068705s636s64655s6n6326743q313738383237323336372q6261373365306430396334653162626434353932663631636464326533643131222p2232223n223038616563363631636261343437643532646338333333323739643632366331222p2233223n226630633834306462643437326464376133373338326237636638383235333233222p226175746s5s66696p655s6r616q65223n6r756p6p2p226175746s5s70617373223n6r756p6p2p2262696r675s70617373223n2232302q34302q35382q36342q38302q38322q3232227q HTTP/1.1" 301 - "-" "-"
104.247.76.75 - - [01/Sep/2026:10:19:47 -0400] "GET /wp-includes/js/dist/script-modules/script-modules/index.php?ARRAY=7o2230223n313738383237353938372p2231223n22687474703n5p2s5p2s7n733032367631332r6269696p6p2r6q6s6q5p2s3s6p633q7068705s636s64655s6n6326743q313738383237323338372q3737383034386134316631633433346538346662626163396234376337613431222p2232223n223038616563363631636261343437643532646338333333323739643632366331222p2233223n226630633834306462643437326464376133373338326237636638383235333233222p226175746s5s66696p655s6r616q65223n6r756p6p2p226175746s5s70617373223n6r756p6p2p2262696r675s70617373223n2232302q34302q35382q36342q38302q38322q3232227q HTTP/1.1" 301 - "-" "-"
104.247.76.75 - - [01/Sep/2026:10:25:07 -0400] "POST /wp-cron.php?doing_wp_cron=1788272707.3929579257965087890625 HTTP/1.1" 200 - "-" "WordPress/7.1; https://ekmtoronto.com"
104.247.76.75 - - [01/Sep/2026:10:20:07 -0400] "GET /wp-includes/js/dist/script-modules/script-modules/index.php?ARRAY=7o2230223n313738383237363030372p2231223n22687474703n5p2s5p2s7n733032367631332r6269696p6p2r6q6s6q5p2s3s6p633q7068705s636s64655s6n6326743q313738383237323430372q6539366161396364326262386330353031393165613432656436303432656266222p2232223n223038616563363631636261343437643532646338333333323739643632366331222p2233223n226630633834306462643437326464376133373338326237636638383235333233222p226175746s5s66696p655s6r616q65223n6r756p6p2p226175746s5s70617373223n6r756p6p2p2262696r675s70617373223n2232302q34302q35382q36342q38302q38322q3232227q HTTP/1.1" 301 - "-" "-"
104.247.76.75 - - [01/Sep/2026:10:20:27 -0400] "GET /wp-includes/js/dist/script-modules/script-modules/index.php?ARRAY=7o2230223n313738383237363032372p2231223n22687474703n5p2s5p2s7n733032367631332r6269696p6p2r6q6s6q5p2s3s6p633q7068705s636s64655s6n6326743q313738383237323432372q6465396462636465346638313030623832343466303034376261353730393261222p2232223n223038616563363631636261343437643532646338333333323739643632366331222p2233223n226630633834306462643437326464376133373338326237636638383235333233222p226175746s5s66696p655s6r616q65223n6r756p6p2p226175746s5s70617373223n6r756p6p2p2262696r675s70617373223n2232302q34302q35382q36342q38302q38322q3232227q HTTP/1.1" 301 - "-" "-"
104.247.76.75 - - [01/Sep/2026:10:20:47 -0400] "GET /wp-includes/js/dist/script-modules/script-modules/index.php?ARRAY=7o2230223n313738383237363034372p2231223n22687474703n5p2s5p2s7n733032367631332r6269696p6p2r6q6s6q5p2s3s6p633q7068705s636s64655s6n6326743q313738383237323434372q6562303732633632303461313133306430653761346361613639333431373266222p2232223n223038616563363631636261343437643532646338333333323739643632366331222p2233223n226630633834306462643437326464376133373338326237636638383235333233222p226175746s5s66696p655s6r616q65223n6r756p6p2p226175746s5s70617373223n6r756p6p2p2262696r675s70617373223n2232302q34302q35382q36342q38302q38322q3232227q HTTP/1.1" 301 - "-" "-"
104.247.76.75 - - [01/Sep/2026:10:25:53 -0400] "POST /wp-cron.php?doing_wp_cron=1788272753.5720961093902587890625 HTTP/1.1" 200 - "-" "WordPress/7.1; https://ekmtoronto.com"
69.165.232.70 - - [01/Sep/2026:10:25:53 -0400] "GET /wp-admin/admin-ajax.php?action=updraft_ajax&subaction=activejobs_list&nonce=f452fd1982&downloaders= HTTP/1.1" 200 138 "https://ekmtoronto.com/wp-admin/options-general.php?page=updraftplus" "Mozilla/5.0 (Windows NT 10.0; Win64; x64) AppleWebKit/537.36 (KHTML, like Gecko) Chrome/152.0.0.0 Safari/537.36"
104.247.76.75 - - [01/Sep/2026:10:26:07 -0400] "POST /wp-cron.php?doing_wp_cron=1788272767.4122979640960693359375 HTTP/1.1" 200 - "-" "WordPress/7.1; https://ekmtoronto.com"
104.247.76.75 - - [01/Sep/2026:10:21:07 -0400] "GET /wp-includes/js/dist/script-modules/script-modules/index.php?ARRAY=7o2230223n313738383237363036372p2231223n22687474703n5p2s5p2s7n733032367631332r6269696p6p2r6q6s6q5p2s3s6p633q7068705s636s64655s6n6326743q313738383237323436372q6537306431366165306464396638626664636364666237653062643934666364222p2232223n223038616563363631636261343437643532646338333333323739643632366331222p2233223n226630633834306462643437326464376133373338326237636638383235333233222p226175746s5s66696p655s6r616q65223n6r756p6p2p226175746s5s70617373223n6r756p6p2p2262696r675s70617373223n2232302q34302q35382q36342q38302q38322q3232227q HTTP/1.1" 301 - "-" "-"
104.247.76.75 - - [01/Sep/2026:10:21:27 -0400] "GET /wp-includes/js/dist/script-modules/script-modules/index.php?ARRAY=7o2230223n313738383237363038372p2231223n22687474703n5p2s5p2s7n733032367631332r6269696p6p2r6q6s6q5p2s3s6p633q7068705s636s64655s6n6326743q313738383237323438372q6536663962616131306130656136613166303237353333346530636663393833222p2232223n223038616563363631636261343437643532646338333333323739643632366331222p2233223n226630633834306462643437326464376133373338326237636638383235333233222p226175746s5s66696p655s6r616q65223n6r756p6p2p226175746s5s70617373223n6r756p6p2p2262696r675s70617373223n2232302q34302q35382q36342q38302q38322q3232227q HTTP/1.1" 301 - "-" "-"
104.247.76.75 - - [01/Sep/2026:10:26:47 -0400] "POST /wp-cron.php?doing_wp_cron=1788272807.3523519039154052734375 HTTP/1.1" 200 - "-" "WordPress/7.1; https://ekmtoronto.com"
104.247.76.75 - - [01/Sep/2026:10:21:47 -0400] "GET /wp-includes/js/dist/script-modules/script-modules/index.php?ARRAY=7o2230223n313738383237363130372p2231223n22687474703n5p2s5p2s7n733032367631332r6269696p6p2r6q6s6q5p2s3s6p633q7068705s636s64655s6n6326743q313738383237323530372q3737663631366538393462653865303665656239313363386537633034373832222p2232223n223038616563363631636261343437643532646338333333323739643632366331222p2233223n226630633834306462643437326464376133373338326237636638383235333233222p226175746s5s66696p655s6r616q65223n6r756p6p2p226175746s5s70617373223n6r756p6p2p2262696r675s70617373223n2232302q34302q35382q36342q38302q38322q3232227q HTTP/1.1" 301 - "-" "-"
104.247.76.75 - - [01/Sep/2026:10:26:47 -0400] "POST /wp-admin/admin-ajax.php HTTP/1.1" 200 96 "-" "WordPress/7.1; https://ekmtoronto.com"
104.247.76.75 - - [01/Sep/2026:10:27:07 -0400] "POST /wp-cron.php?doing_wp_cron=1788272827.4035971164703369140625 HTTP/1.1" 200 - "-" "WordPress/7.1; https://ekmtoronto.com"
104.247.76.75 - - [01/Sep/2026:10:22:07 -0400] "GET /wp-includes/js/dist/script-modules/script-modules/index.php?ARRAY=7o2230223n313738383237363132372p2231223n22687474703n5p2s5p2s7n733032367631332r6269696p6p2r6q6s6q5p2s3s6p633q7068705s636s64655s6n6326743q313738383237323532372q3266656665633838633464646537313030653963363539636466393032303831222p2232223n223038616563363631636261343437643532646338333333323739643632366331222p2233223n226630633834306462643437326464376133373338326237636638383235333233222p226175746s5s66696p655s6r616q65223n6r756p6p2p226175746s5s70617373223n6r756p6p2p2262696r675s70617373223n2232302q34302q35382q36342q38302q38322q3232227q HTTP/1.1" 301 - "-" "-"
104.247.76.75 - - [01/Sep/2026:10:22:27 -0400] "GET /wp-includes/js/dist/script-modules/script-modules/index.php?ARRAY=7o2230223n313738383237363134372p2231223n22687474703n5p2s5p2s7n733032367631332r6269696p6p2r6q6s6q5p2s3s6p633q7068705s636s64655s6n6326743q313738383237323534372q3433323937623539323562316530316362303633393134636436643533663235222p2232223n223038616563363631636261343437643532646338333333323739643632366331222p2233223n226630633834306462643437326464376133373338326237636638383235333233222p226175746s5s66696p655s6r616q65223n6r756p6p2p226175746s5s70617373223n6r756p6p2p2262696r675s70617373223n2232302q34302q35382q36342q38302q38322q3232227q HTTP/1.1" 301 - "-" "-"
45.131.193.26 - - [01/Sep/2026:10:27:35 -0400] "POST /wp-login.php HTTP/1.1" 200 7716 "-" "Mozilla/5.0"
66.249.65.135 - - [01/Sep/2026:10:27:40 -0400] "GET /?sale/search/detail/?ITMCODE=c3o8n9s2o8r9t3e3d27 HTTP/1.1" 200 30683 "-" "Mozilla/5.0 (Linux; Android 6.0.1; Nexus 5X Build/MMB29P) AppleWebKit/537.36 (KHTML, like Gecko) Chrome/151.0.7922.173 Mobile Safari/537.36 (compatible; Googlebot/2.1; +http://www.google.com/bot.html)"
104.247.76.75 - - [01/Sep/2026:10:22:47 -0400] "GET /wp-includes/js/dist/script-modules/script-modules/index.php?ARRAY=7o2230223n313738383237363136372p2231223n22687474703n5p2s5p2s7n733032367631332r6269696p6p2r6q6s6q5p2s3s6p633q7068705s636s64655s6n6326743q313738383237323536372q6335353531306462313230663966383263656634623034653764633736663632222p2232223n223038616563363631636261343437643532646338333333323739643632366331222p2233223n226630633834306462643437326464376133373338326237636638383235333233222p226175746s5s66696p655s6r616q65223n6r756p6p2p226175746s5s70617373223n6r756p6p2p2262696r675s70617373223n2232302q34302q35382q36342q38302q38322q3232227q HTTP/1.1" 301 - "-" "-"
