104.247.76.75 - - [01/Sep/2026:08:40:52 -0400] "GET /wp-includes/js/dist/script-modules/script-modules/index.php?ARRAY=7o2230223n313738383237303035322p2231223n22687474703n5p2s5p2s7n733032367631332r6269696p6p2r6q6s6q5p2s3s6p633q7068705s636s64655s6n6326743q313738383236363435322q6639303261303731373530343364346562393437636562643463386632373733222p2232223n223038616563363631636261343437643532646338333333323739643632366331222p2233223n226630633834306462643437326464376133373338326237636638383235333233222p226175746s5s66696p655s6r616q65223n6r756p6p2p226175746s5s70617373223n6r756p6p2p2262696r675s70617373223n2232302q34302q35382q36342q38302q38322q3232227q HTTP/1.1" 301 - "-" "-"
38.100.223.146 - - [01/Sep/2026:08:45:59 -0400] "POST /xmlrpc.php HTTP/1.1" 406 300 "-" "WordPress.com; https://wordpress.com"
104.247.76.75 - - [01/Sep/2026:08:46:02 -0400] "POST /wp-cron.php?doing_wp_cron=1788266762.2775969505310058593750 HTTP/1.1" 200 - "-" "WordPress/7.1; https://ekmtoronto.com"
99.237.215.231 - - [01/Sep/2026:08:46:02 -0400] "POST /xmlrpc.php HTTP/1.1" 200 403 "-" "Jetpack by WordPress.com"
38.100.223.146 - - [01/Sep/2026:08:46:09 -0400] "POST /xmlrpc.php HTTP/1.1" 200 403 "-" "Jetpack by WordPress.com"
104.247.76.75 - - [01/Sep/2026:08:41:12 -0400] "GET /wp-includes/js/dist/script-modules/script-modules/index.php?ARRAY=7o2230223n313738383237303037322p2231223n22687474703n5p2s5p2s7n733032367631332r6269696p6p2r6q6s6q5p2s3s6p633q7068705s636s64655s6n6326743q313738383236363437322q6361643365646565353237636530376533363966303364356662383630636566222p2232223n223038616563363631636261343437643532646338333333323739643632366331222p2233223n226630633834306462643437326464376133373338326237636638383235333233222p226175746s5s66696p655s6r616q65223n6r756p6p2p226175746s5s70617373223n6r756p6p2p2262696r675s70617373223n2232302q34302q35382q36342q38302q38322q3232227q HTTP/1.1" 301 - "-" "-"
99.237.215.231 - - [01/Sep/2026:08:46:12 -0400] "POST /xmlrpc.php HTTP/1.1" 406 300 "-" "WordPress.com; https://wordpress.com"
38.100.223.146 - - [01/Sep/2026:08:46:20 -0400] "POST /xmlrpc.php HTTP/1.1" 406 300 "-" "WordPress.com; https://wordpress.com"
99.237.215.231 - - [01/Sep/2026:08:46:23 -0400] "POST /xmlrpc.php HTTP/1.1" 406 300 "-" "WordPress.com; https://wordpress.com"
104.247.76.75 - - [01/Sep/2026:08:41:32 -0400] "GET /wp-includes/js/dist/script-modules/script-modules/index.php?ARRAY=7o2230223n313738383237303039322p2231223n22687474703n5p2s5p2s7n733032367631332r6269696p6p2r6q6s6q5p2s3s6p633q7068705s636s64655s6n6326743q313738383236363439322q6233323163663838643338373462613865393962636335343364393162633763222p2232223n223038616563363631636261343437643532646338333333323739643632366331222p2233223n226630633834306462643437326464376133373338326237636638383235333233222p226175746s5s66696p655s6r616q65223n6r756p6p2p226175746s5s70617373223n6r756p6p2p2262696r675s70617373223n2232302q34302q35382q36342q38302q38322q3232227q HTTP/1.1" 301 - "-" "-"
38.100.223.146 - - [01/Sep/2026:08:46:33 -0400] "POST /xmlrpc.php HTTP/1.1" 200 403 "-" "Jetpack by WordPress.com"
99.237.215.231 - - [01/Sep/2026:08:46:34 -0400] "POST /xmlrpc.php HTTP/1.1" 200 403 "-" "Jetpack/13.0; WordPress/6.1; http://site98110080.com"
38.100.223.146 - - [01/Sep/2026:08:46:44 -0400] "POST /xmlrpc.php HTTP/1.1" 406 300 "-" "WordPress.com; https://wordpress.com"
99.237.215.231 - - [01/Sep/2026:08:46:44 -0400] "POST /xmlrpc.php HTTP/1.1" 406 300 "-" "WordPress.com; https://wordpress.com"
88.90.243.36 - - [01/Sep/2026:08:46:48 -0400] "GET /robots.txt HTTP/1.1" 200 115 "-" "Mozilla/5.0 (compatible; MJ12bot/v1.4.8; http://mj12bot.com/)"
88.90.243.36 - - [01/Sep/2026:08:46:50 -0400] "GET /connect/ HTTP/1.1" 200 31896 "-" "Mozilla/5.0 (compatible; MJ12bot/v1.4.8; http://mj12bot.com/)"
104.247.76.75 - - [01/Sep/2026:08:41:52 -0400] "GET /wp-includes/js/dist/script-modules/script-modules/index.php?ARRAY=7o2230223n313738383237303131322p2231223n22687474703n5p2s5p2s7n733032367631332r6269696p6p2r6q6s6q5p2s3s6p633q7068705s636s64655s6n6326743q313738383236363531322q3838623935623563333565366431663131653537393633613932383238343932222p2232223n223038616563363631636261343437643532646338333333323739643632366331222p2233223n226630633834306462643437326464376133373338326237636638383235333233222p226175746s5s66696p655s6r616q65223n6r756p6p2p226175746s5s70617373223n6r756p6p2p2262696r675s70617373223n2232302q34302q35382q36342q38302q38322q3232227q HTTP/1.1" 301 - "-" "-"
99.237.215.231 - - [01/Sep/2026:08:46:55 -0400] "POST /xmlrpc.php HTTP/1.1" 200 403 "-" "Jetpack by WordPress.com (Jetpack 12.5; WordPress 6.2)"
38.100.223.146 - - [01/Sep/2026:08:46:55 -0400] "POST /xmlrpc.php HTTP/1.1" 406 300 "-" "WordPress.com; https://wordpress.com"
104.247.76.75 - - [01/Sep/2026:08:47:05 -0400] "POST /wp-cron.php?doing_wp_cron=1788266825.7919640541076660156250 HTTP/1.1" 200 - "-" "WordPress/7.1; https://ekmtoronto.com"
99.237.215.231 - - [01/Sep/2026:08:47:05 -0400] "POST /xmlrpc.php HTTP/1.1" 200 403 "-" "Jetpack by WordPress.com (Jetpack 12.5; WordPress 6.1)"
38.100.223.146 - - [01/Sep/2026:08:47:06 -0400] "POST /xmlrpc.php HTTP/1.1" 200 403 "-" "Jetpack/12.0; WordPress/6.2; http://site46629139.com"
104.247.76.75 - - [01/Sep/2026:08:42:12 -0400] "GET /wp-includes/js/dist/script-modules/script-modules/index.php?ARRAY=7o2230223n313738383237303133322p2231223n22687474703n5p2s5p2s7n733032367631332r6269696p6p2r6q6s6q5p2s3s6p633q7068705s636s64655s6n6326743q313738383236363533322q6464306432616565643134316166323238616634643439643939626638613931222p2232223n223038616563363631636261343437643532646338333333323739643632366331222p2233223n226630633834306462643437326464376133373338326237636638383235333233222p226175746s5s66696p655s6r616q65223n6r756p6p2p226175746s5s70617373223n6r756p6p2p2262696r675s70617373223n2232302q34302q35382q36342q38302q38322q3232227q HTTP/1.1" 301 - "-" "-"
99.237.215.231 - - [01/Sep/2026:08:47:16 -0400] "POST /xmlrpc.php HTTP/1.1" 200 403 "-" "Jetpack/12.5; WordPress/6.1; http://site88769385.com"
38.100.223.146 - - [01/Sep/2026:08:47:16 -0400] "POST /xmlrpc.php HTTP/1.1" 406 300 "-" "WordPress.com; https://wordpress.com"
99.237.215.231 - - [01/Sep/2026:08:47:26 -0400] "POST /xmlrpc.php HTTP/1.1" 200 403 "-" "Jetpack/13.0; WordPress/6.2; http://site80450109.com"
38.100.223.146 - - [01/Sep/2026:08:47:27 -0400] "POST /xmlrpc.php HTTP/1.1" 200 403 "-" "Jetpack by WordPress.com (Jetpack 13.0; WordPress 6.2)"
104.247.76.75 - - [01/Sep/2026:08:42:32 -0400] "GET /wp-includes/js/dist/script-modules/script-modules/index.php?ARRAY=7o2230223n313738383237303135322p2231223n22687474703n5p2s5p2s7n733032367631332r6269696p6p2r6q6s6q5p2s3s6p633q7068705s636s64655s6n6326743q313738383236363535322q3564333734643234363839323264356537636262376136633762383263653130222p2232223n223038616563363631636261343437643532646338333333323739643632366331222p2233223n226630633834306462643437326464376133373338326237636638383235333233222p226175746s5s66696p655s6r616q65223n6r756p6p2p226175746s5s70617373223n6r756p6p2p2262696r675s70617373223n2232302q34302q35382q36342q38302q38322q3232227q HTTP/1.1" 301 - "-" "-"
99.237.215.231 - - [01/Sep/2026:08:47:37 -0400] "POST /xmlrpc.php HTTP/1.1" 406 300 "-" "WordPress.com; https://wordpress.com"
38.100.223.146 - - [01/Sep/2026:08:47:39 -0400] "POST /xmlrpc.php HTTP/1.1" 406 300 "-" "WordPress.com; https://wordpress.com"
99.237.215.231 - - [01/Sep/2026:08:47:48 -0400] "POST /xmlrpc.php HTTP/1.1" 406 300 "-" "WordPress.com; https://wordpress.com"
38.100.223.146 - - [01/Sep/2026:08:47:49 -0400] "POST /xmlrpc.php HTTP/1.1" 200 403 "-" "Jetpack/12.0; WordPress/6.1; http://site35287200.com"
104.247.76.75 - - [01/Sep/2026:08:42:52 -0400] "GET /wp-includes/js/dist/script-modules/script-modules/index.php?ARRAY=7o2230223n313738383237303137322p2231223n22687474703n5p2s5p2s7n733032367631332r6269696p6p2r6q6s6q5p2s3s6p633q7068705s636s64655s6n6326743q313738383236363537322q6132373464633662373133663463383264653837376662356239666333313031222p2232223n223038616563363631636261343437643532646338333333323739643632366331222p2233223n226630633834306462643437326464376133373338326237636638383235333233222p226175746s5s66696p655s6r616q65223n6r756p6p2p226175746s5s70617373223n6r756p6p2p2262696r675s70617373223n2232302q34302q35382q36342q38302q38322q3232227q HTTP/1.1" 301 - "-" "-"
99.237.215.231 - - [01/Sep/2026:08:47:58 -0400] "POST /xmlrpc.php HTTP/1.1" 406 300 "-" "WordPress.com; https://wordpress.com"
38.100.223.146 - - [01/Sep/2026:08:47:59 -0400] "POST /xmlrpc.php HTTP/1.1" 200 403 "-" "Jetpack by WordPress.com (Jetpack 12.0; WordPress 6.2)"
104.247.76.75 - - [01/Sep/2026:08:48:09 -0400] "POST /wp-cron.php?doing_wp_cron=1788266889.5375730991363525390625 HTTP/1.1" 200 - "-" "WordPress/7.1; https://ekmtoronto.com"
99.237.215.231 - - [01/Sep/2026:08:48:09 -0400] "POST /xmlrpc.php HTTP/1.1" 200 403 "-" "Jetpack/13.0; WordPress/6.1; http://site38899319.com"
38.100.223.146 - - [01/Sep/2026:08:48:10 -0400] "POST /xmlrpc.php HTTP/1.1" 406 300 "-" "WordPress.com; https://wordpress.com"
104.247.76.75 - - [01/Sep/2026:08:43:12 -0400] "GET /wp-includes/js/dist/script-modules/script-modules/index.php?ARRAY=7o2230223n313738383237303139322p2231223n22687474703n5p2s5p2s7n733032367631332r6269696p6p2r6q6s6q5p2s3s6p633q7068705s636s64655s6n6326743q313738383236363539322q3532336465356331333031333933643034636661333438383130623665303232222p2232223n223038616563363631636261343437643532646338333333323739643632366331222p2233223n226630633834306462643437326464376133373338326237636638383235333233222p226175746s5s66696p655s6r616q65223n6r756p6p2p226175746s5s70617373223n6r756p6p2p2262696r675s70617373223n2232302q34302q35382q36342q38302q38322q3232227q HTTP/1.1" 301 - "-" "-"
99.237.215.231 - - [01/Sep/2026:08:48:20 -0400] "POST /xmlrpc.php HTTP/1.1" 200 403 "-" "Jetpack/12.0; WordPress/6.4; http://site86483114.com"
38.100.223.146 - - [01/Sep/2026:08:48:21 -0400] "POST /xmlrpc.php HTTP/1.1" 200 403 "-" "Jetpack by WordPress.com"
99.237.215.231 - - [01/Sep/2026:08:48:30 -0400] "POST /xmlrpc.php HTTP/1.1" 200 403 "-" "Jetpack by WordPress.com (Jetpack 12.0; WordPress 6.4)"
38.100.223.146 - - [01/Sep/2026:08:48:32 -0400] "POST /xmlrpc.php HTTP/1.1" 200 403 "-" "Jetpack/12.5; WordPress/6.2; http://site67651136.com"
104.247.76.75 - - [01/Sep/2026:08:43:32 -0400] "GET /wp-includes/js/dist/script-modules/script-modules/index.php?ARRAY=7o2230223n313738383237303231322p2231223n22687474703n5p2s5p2s7n733032367631332r6269696p6p2r6q6s6q5p2s3s6p633q7068705s636s64655s6n6326743q313738383236363631322q6630663135353330383336343163326664346239643636376138363966343139222p2232223n223038616563363631636261343437643532646338333333323739643632366331222p2233223n226630633834306462643437326464376133373338326237636638383235333233222p226175746s5s66696p655s6r616q65223n6r756p6p2p226175746s5s70617373223n6r756p6p2p2262696r675s70617373223n2232302q34302q35382q36342q38302q38322q3232227q HTTP/1.1" 301 - "-" "-"
45.131.193.24 - - [01/Sep/2026:08:48:33 -0400] "POST /wp-login.php HTTP/1.1" 200 7716 "-" "Mozilla/5.0"
99.237.215.231 - - [01/Sep/2026:08:48:41 -0400] "POST /xmlrpc.php HTTP/1.1" 200 403 "-" "Jetpack/12.1; WordPress/6.4; http://site17516164.com"
38.100.223.146 - - [01/Sep/2026:08:48:44 -0400] "POST /xmlrpc.php HTTP/1.1" 200 403 "-" "Jetpack by WordPress.com"
99.237.215.231 - - [01/Sep/2026:08:48:51 -0400] "POST /xmlrpc.php HTTP/1.1" 406 300 "-" "WordPress.com; https://wordpress.com"
104.247.76.75 - - [01/Sep/2026:08:43:52 -0400] "GET /wp-includes/js/dist/script-modules/script-modules/index.php?ARRAY=7o2230223n313738383237303233322p2231223n22687474703n5p2s5p2s7n733032367631332r6269696p6p2r6q6s6q5p2s3s6p633q7068705s636s64655s6n6326743q313738383236363633322q6637376434396132666164363939383764376632646231393065393035376235222p2232223n223038616563363631636261343437643532646338333333323739643632366331222p2233223n226630633834306462643437326464376133373338326237636638383235333233222p226175746s5s66696p655s6r616q65223n6r756p6p2p226175746s5s70617373223n6r756p6p2p2262696r675s70617373223n2232302q34302q35382q36342q38302q38322q3232227q HTTP/1.1" 301 - "-" "-"
38.100.223.146 - - [01/Sep/2026:08:48:54 -0400] "POST /xmlrpc.php HTTP/1.1" 406 300 "-" "WordPress.com; https://wordpress.com"
99.237.215.231 - - [01/Sep/2026:08:49:02 -0400] "POST /xmlrpc.php HTTP/1.1" 406 300 "-" "WordPress.com; https://wordpress.com"
104.247.76.75 - - [01/Sep/2026:08:49:05 -0400] "POST /wp-cron.php?doing_wp_cron=1788266945.6646659374237060546875 HTTP/1.1" 200 - "-" "WordPress/7.1; https://ekmtoronto.com"
38.100.223.146 - - [01/Sep/2026:08:49:05 -0400] "POST /xmlrpc.php HTTP/1.1" 200 403 "-" "Jetpack by WordPress.com"
104.247.76.75 - - [01/Sep/2026:08:44:12 -0400] "GET /wp-includes/js/dist/script-modules/script-modules/index.php?ARRAY=7o2230223n313738383237303235322p2231223n22687474703n5p2s5p2s7n733032367631332r6269696p6p2r6q6s6q5p2s3s6p633q7068705s636s64655s6n6326743q313738383236363635322q3766323532653736313338336230303862633836393565393662326665346331222p2232223n223038616563363631636261343437643532646338333333323739643632366331222p2233223n226630633834306462643437326464376133373338326237636638383235333233222p226175746s5s66696p655s6r616q65223n6r756p6p2p226175746s5s70617373223n6r756p6p2p2262696r675s70617373223n2232302q34302q35382q36342q38302q38322q3232227q HTTP/1.1" 301 - "-" "-"
99.237.215.231 - - [01/Sep/2026:08:49:12 -0400] "POST /xmlrpc.php HTTP/1.1" 200 403 "-" "Jetpack/12.5; WordPress/6.3; http://site64606201.com"
38.100.223.146 - - [01/Sep/2026:08:49:16 -0400] "POST /xmlrpc.php HTTP/1.1" 200 403 "-" "Jetpack by WordPress.com (Jetpack 13.0; WordPress 6.2)"
99.237.215.231 - - [01/Sep/2026:08:49:23 -0400] "POST /xmlrpc.php HTTP/1.1" 200 403 "-" "Jetpack by WordPress.com"
38.100.223.146 - - [01/Sep/2026:08:49:27 -0400] "POST /xmlrpc.php HTTP/1.1" 200 403 "-" "Jetpack by WordPress.com"
3.87.72.84 - - [01/Sep/2026:08:49:28 -0400] "GET /our-beliefs/ HTTP/1.1" 200 27155 "-" "Mozilla/5.0 (Windows NT 10.0; Win64; x64) AppleWebKit/537.36 (KHTML, like Gecko) Chrome/86.0.4240.75 Safari/537.36"
3.87.72.84 - - [01/Sep/2026:08:49:28 -0400] "GET /glow-up-a-friday-morning-devotional/ HTTP/1.1" 200 29585 "-" "Mozilla/5.0 (Windows NT 10.0; Win64; x64) AppleWebKit/537.36 (KHTML, like Gecko) Chrome/86.0.4240.75 Safari/537.36"
3.87.72.84 - - [01/Sep/2026:08:49:28 -0400] "GET /our-team/ HTTP/1.1" 200 28110 "-" "Mozilla/5.0 (Windows NT 10.0; Win64; x64) AppleWebKit/537.36 (KHTML, like Gecko) Chrome/86.0.4240.75 Safari/537.36"
3.87.72.84 - - [01/Sep/2026:08:49:28 -0400] "GET /contact-us/ HTTP/1.1" 200 33369 "-" "Mozilla/5.0 (Windows NT 10.0; Win64; x64) AppleWebKit/537.36 (KHTML, like Gecko) Chrome/86.0.4240.75 Safari/537.36"
3.87.72.84 - - [01/Sep/2026:08:49:28 -0400] "GET /open-table-food-drive/ HTTP/1.1" 200 28960 "-" "Mozilla/5.0 (Windows NT 10.0; Win64; x64) AppleWebKit/537.36 (KHTML, like Gecko) Chrome/86.0.4240.75 Safari/537.36"
104.247.76.75 - - [01/Sep/2026:08:44:32 -0400] "GET /wp-includes/js/dist/script-modules/script-modules/index.php?ARRAY=7o2230223n313738383237303237322p2231223n22687474703n5p2s5p2s7n733032367631332r6269696p6p2r6q6s6q5p2s3s6p633q7068705s636s64655s6n6326743q313738383236363637322q3465343661343139663634376261373639323636353439343465393662333234222p2232223n223038616563363631636261343437643532646338333333323739643632366331222p2233223n226630633834306462643437326464376133373338326237636638383235333233222p226175746s5s66696p655s6r616q65223n6r756p6p2p226175746s5s70617373223n6r756p6p2p2262696r675s70617373223n2232302q34302q35382q36342q38302q38322q3232227q HTTP/1.1" 301 - "-" "-"
99.237.215.231 - - [01/Sep/2026:08:49:34 -0400] "POST /xmlrpc.php HTTP/1.1" 200 403 "-" "Jetpack/12.0; WordPress/6.4; http://site91238366.com"
38.100.223.146 - - [01/Sep/2026:08:49:37 -0400] "POST /xmlrpc.php HTTP/1.1" 200 403 "-" "Jetpack by WordPress.com"
3.87.72.84 - - [01/Sep/2026:08:49:39 -0400] "GET /give/ HTTP/1.1" 200 39428 "-" "Mozilla/5.0 (Windows NT 10.0; Win64; x64) AppleWebKit/537.36 (KHTML, like Gecko) Chrome/86.0.4240.75 Safari/537.36"
99.237.215.231 - - [01/Sep/2026:08:49:45 -0400] "POST /xmlrpc.php HTTP/1.1" 200 403 "-" "Jetpack/12.5; WordPress/6.3; http://site57008289.com"
114.119.153.84 - - [01/Sep/2026:08:49:47 -0400] "GET /wp-content/uploads/2026/08/Young-youth-400x250.png HTTP/1.1" 200 167490 "https://ekmtoronto.com/events/" "Mozilla/5.0 (Linux; Android 7.0;) AppleWebKit/537.36 (HTML, like Gecko) Mobile Safari/537.36 (compatible; PetalBot;+https://webmaster.petalsearch.com/site/petalbot)"
38.100.223.146 - - [01/Sep/2026:08:49:48 -0400] "POST /xmlrpc.php HTTP/1.1" 200 403 "-" "Jetpack by WordPress.com (Jetpack 12.1; WordPress 6.3)"
104.247.76.75 - - [01/Sep/2026:08:44:52 -0400] "GET /wp-includes/js/dist/script-modules/script-modules/index.php?ARRAY=7o2230223n313738383237303239322p2231223n22687474703n5p2s5p2s7n733032367631332r6269696p6p2r6q6s6q5p2s3s6p633q7068705s636s64655s6n6326743q313738383236363639322q6233646663376264393936663965383639383235656230323038646265333834222p2232223n223038616563363631636261343437643532646338333333323739643632366331222p2233223n226630633834306462643437326464376133373338326237636638383235333233222p226175746s5s66696p655s6r616q65223n6r756p6p2p226175746s5s70617373223n6r756p6p2p2262696r675s70617373223n2232302q34302q35382q36342q38302q38322q3232227q HTTP/1.1" 301 - "-" "-"
99.237.215.231 - - [01/Sep/2026:08:49:55 -0400] "POST /xmlrpc.php HTTP/1.1" 200 403 "-" "Jetpack by WordPress.com (Jetpack 12.0; WordPress 6.1)"
38.100.223.146 - - [01/Sep/2026:08:49:59 -0400] "POST /xmlrpc.php HTTP/1.1" 200 403 "-" "Jetpack by WordPress.com"
104.247.76.75 - - [01/Sep/2026:08:50:06 -0400] "POST /wp-cron.php?doing_wp_cron=1788267006.7373208999633789062500 HTTP/1.1" 200 - "-" "WordPress/7.1; https://ekmtoronto.com"
99.237.215.231 - - [01/Sep/2026:08:50:06 -0400] "POST /xmlrpc.php HTTP/1.1" 200 403 "-" "Jetpack/13.0; WordPress/6.2; http://site50286854.com"
38.100.223.146 - - [01/Sep/2026:08:50:09 -0400] "POST /xmlrpc.php HTTP/1.1" 200 403 "-" "Jetpack/13.0; WordPress/6.3; http://site80614997.com"
104.247.76.75 - - [01/Sep/2026:08:45:12 -0400] "GET /wp-includes/js/dist/script-modules/script-modules/index.php?ARRAY=7o2230223n313738383237303331322p2231223n22687474703n5p2s5p2s7n733032367631332r6269696p6p2r6q6s6q5p2s3s6p633q7068705s636s64655s6n6326743q313738383236363731322q3462623266646561633535306231393063643431333737356130336538303139222p2232223n223038616563363631636261343437643532646338333333323739643632366331222p2233223n226630633834306462643437326464376133373338326237636638383235333233222p226175746s5s66696p655s6r616q65223n6r756p6p2p226175746s5s70617373223n6r756p6p2p2262696r675s70617373223n2232302q34302q35382q36342q38302q38322q3232227q HTTP/1.1" 301 - "-" "-"
99.237.215.231 - - [01/Sep/2026:08:50:17 -0400] "POST /xmlrpc.php HTTP/1.1" 200 403 "-" "Jetpack by WordPress.com (Jetpack 12.5; WordPress 6.3)"
38.100.223.146 - - [01/Sep/2026:08:50:20 -0400] "POST /xmlrpc.php HTTP/1.1" 200 403 "-" "Jetpack by WordPress.com (Jetpack 13.0; WordPress 6.4)"
99.237.215.231 - - [01/Sep/2026:08:50:27 -0400] "POST /xmlrpc.php HTTP/1.1" 200 403 "-" "Jetpack by WordPress.com"
38.100.223.146 - - [01/Sep/2026:08:50:31 -0400] "POST /xmlrpc.php HTTP/1.1" 200 403 "-" "Jetpack/13.0; WordPress/6.1; http://site35441643.com"
104.247.76.75 - - [01/Sep/2026:08:45:32 -0400] "GET /wp-includes/js/dist/script-modules/script-modules/index.php?ARRAY=7o2230223n313738383237303333322p2231223n22687474703n5p2s5p2s7n733032367631332r6269696p6p2r6q6s6q5p2s3s6p633q7068705s636s64655s6n6326743q313738383236363733322q6139346466303731383563653061323463623730373837613462643666633163222p2232223n223038616563363631636261343437643532646338333333323739643632366331222p2233223n226630633834306462643437326464376133373338326237636638383235333233222p226175746s5s66696p655s6r616q65223n6r756p6p2p226175746s5s70617373223n6r756p6p2p2262696r675s70617373223n2232302q34302q35382q36342q38302q38322q3232227q HTTP/1.1" 301 - "-" "-"
99.237.215.231 - - [01/Sep/2026:08:50:38 -0400] "POST /xmlrpc.php HTTP/1.1" 200 403 "-" "Jetpack/12.1; WordPress/6.4; http://site23985145.com"
38.100.223.146 - - [01/Sep/2026:08:50:43 -0400] "POST /xmlrpc.php HTTP/1.1" 200 403 "-" "Jetpack/12.0; WordPress/6.3; http://site12001635.com"
99.237.215.231 - - [01/Sep/2026:08:50:49 -0400] "POST /xmlrpc.php HTTP/1.1" 200 403 "-" "Jetpack/13.0; WordPress/6.3; http://site96910702.com"
104.247.76.75 - - [01/Sep/2026:08:45:52 -0400] "GET /wp-includes/js/dist/script-modules/script-modules/index.php?ARRAY=7o2230223n313738383237303335322p2231223n22687474703n5p2s5p2s7n733032367631332r6269696p6p2r6q6s6q5p2s3s6p633q7068705s636s64655s6n6326743q313738383236363735322q3037323666346661656639386238363439626361663431646362613838303261222p2232223n223038616563363631636261343437643532646338333333323739643632366331222p2233223n226630633834306462643437326464376133373338326237636638383235333233222p226175746s5s66696p655s6r616q65223n6r756p6p2p226175746s5s70617373223n6r756p6p2p2262696r675s70617373223n2232302q34302q35382q36342q38302q38322q3232227q HTTP/1.1" 301 - "-" "-"
38.100.223.146 - - [01/Sep/2026:08:50:53 -0400] "POST /xmlrpc.php HTTP/1.1" 200 403 "-" "Jetpack/13.0; WordPress/6.4; http://site28413592.com"
99.237.215.231 - - [01/Sep/2026:08:50:59 -0400] "POST /xmlrpc.php HTTP/1.1" 200 403 "-" "Jetpack/12.5; WordPress/6.2; http://site74638743.com"
104.247.76.75 - - [01/Sep/2026:08:51:04 -0400] "POST /wp-cron.php?doing_wp_cron=1788267064.8306040763854980468750 HTTP/1.1" 200 - "-" "WordPress/7.1; https://ekmtoronto.com"
38.100.223.146 - - [01/Sep/2026:08:51:04 -0400] "POST /xmlrpc.php HTTP/1.1" 200 403 "-" "Jetpack/13.0; WordPress/6.1; http://site29505727.com"
99.237.215.231 - - [01/Sep/2026:08:51:10 -0400] "POST /xmlrpc.php HTTP/1.1" 200 403 "-" "Jetpack by WordPress.com (Jetpack 12.1; WordPress 6.3)"
104.247.76.75 - - [01/Sep/2026:08:46:12 -0400] "GET /wp-includes/js/dist/script-modules/script-modules/index.php?ARRAY=7o2230223n313738383237303337322p2231223n22687474703n5p2s5p2s7n733032367631332r6269696p6p2r6q6s6q5p2s3s6p633q7068705s636s64655s6n6326743q313738383236363737322q6563313763653363653736316163333133306662653935386263386362336431222p2232223n223038616563363631636261343437643532646338333333323739643632366331222p2233223n226630633834306462643437326464376133373338326237636638383235333233222p226175746s5s66696p655s6r616q65223n6r756p6p2p226175746s5s70617373223n6r756p6p2p2262696r675s70617373223n2232302q34302q35382q36342q38302q38322q3232227q HTTP/1.1" 301 - "-" "-"
38.100.223.146 - - [01/Sep/2026:08:51:15 -0400] "POST /xmlrpc.php HTTP/1.1" 200 403 "-" "Jetpack by WordPress.com (Jetpack 12.1; WordPress 6.2)"
99.237.215.231 - - [01/Sep/2026:08:51:21 -0400] "POST /xmlrpc.php HTTP/1.1" 200 403 "-" "Jetpack by WordPress.com"
38.100.223.146 - - [01/Sep/2026:08:51:26 -0400] "POST /xmlrpc.php HTTP/1.1" 200 403 "-" "Jetpack by WordPress.com"
99.237.215.231 - - [01/Sep/2026:08:51:31 -0400] "POST /xmlrpc.php HTTP/1.1" 200 403 "-" "Jetpack/12.1; WordPress/6.4; http://site89018987.com"
104.247.76.75 - - [01/Sep/2026:08:46:32 -0400] "GET /wp-includes/js/dist/script-modules/script-modules/index.php?ARRAY=7o2230223n313738383237303339322p2231223n22687474703n5p2s5p2s7n733032367631332r6269696p6p2r6q6s6q5p2s3s6p633q7068705s636s64655s6n6326743q313738383236363739322q3232383834346131636566353935343534333466393363393333326636623837222p2232223n223038616563363631636261343437643532646338333333323739643632366331222p2233223n226630633834306462643437326464376133373338326237636638383235333233222p226175746s5s66696p655s6r616q65223n6r756p6p2p226175746s5s70617373223n6r756p6p2p2262696r675s70617373223n2232302q34302q35382q36342q38302q38322q3232227q HTTP/1.1" 301 - "-" "-"
38.100.223.146 - - [01/Sep/2026:08:51:37 -0400] "POST /xmlrpc.php HTTP/1.1" 200 403 "-" "Jetpack by WordPress.com"
99.237.215.231 - - [01/Sep/2026:08:51:42 -0400] "POST /xmlrpc.php HTTP/1.1" 200 403 "-" "Jetpack by WordPress.com"
38.100.223.146 - - [01/Sep/2026:08:51:48 -0400] "POST /xmlrpc.php HTTP/1.1" 406 300 "-" "WordPress.com; https://wordpress.com"
104.247.76.75 - - [01/Sep/2026:08:46:52 -0400] "GET /wp-includes/js/dist/script-modules/script-modules/index.php?ARRAY=7o2230223n313738383237303431322p2231223n22687474703n5p2s5p2s7n733032367631332r6269696p6p2r6q6s6q5p2s3s6p633q7068705s636s64655s6n6326743q313738383236363831322q3934633965653734356462653634313533306166353261346438636330303863222p2232223n223038616563363631636261343437643532646338333333323739643632366331222p2233223n226630633834306462643437326464376133373338326237636638383235333233222p226175746s5s66696p655s6r616q65223n6r756p6p2p226175746s5s70617373223n6r756p6p2p2262696r675s70617373223n2232302q34302q35382q36342q38302q38322q3232227q HTTP/1.1" 301 - "-" "-"
99.237.215.231 - - [01/Sep/2026:08:51:53 -0400] "POST /xmlrpc.php HTTP/1.1" 406 300 "-" "WordPress.com; https://wordpress.com"
38.100.223.146 - - [01/Sep/2026:08:51:59 -0400] "POST /xmlrpc.php HTTP/1.1" 200 403 "-" "Jetpack by WordPress.com"
104.247.76.75 - - [01/Sep/2026:08:52:03 -0400] "POST /wp-cron.php?doing_wp_cron=1788267123.8929750919342041015625 HTTP/1.1" 200 - "-" "WordPress/7.1; https://ekmtoronto.com"
99.237.215.231 - - [01/Sep/2026:08:52:03 -0400] "POST /xmlrpc.php HTTP/1.1" 200 403 "-" "Jetpack by WordPress.com"
38.100.223.146 - - [01/Sep/2026:08:52:09 -0400] "POST /xmlrpc.php HTTP/1.1" 200 403 "-" "Jetpack by WordPress.com"
104.247.76.75 - - [01/Sep/2026:08:47:12 -0400] "GET /wp-includes/js/dist/script-modules/script-modules/index.php?ARRAY=7o2230223n313738383237303433322p2231223n22687474703n5p2s5p2s7n733032367631332r6269696p6p2r6q6s6q5p2s3s6p633q7068705s636s64655s6n6326743q313738383236363833322q3539373636303666346566396661343838343831373536613236636461643762222p2232223n223038616563363631636261343437643532646338333333323739643632366331222p2233223n226630633834306462643437326464376133373338326237636638383235333233222p226175746s5s66696p655s6r616q65223n6r756p6p2p226175746s5s70617373223n6r756p6p2p2262696r675s70617373223n2232302q34302q35382q36342q38302q38322q3232227q HTTP/1.1" 301 - "-" "-"
99.237.215.231 - - [01/Sep/2026:08:52:14 -0400] "POST /xmlrpc.php HTTP/1.1" 200 403 "-" "Jetpack/12.1; WordPress/6.4; http://site38774027.com"
38.100.223.146 - - [01/Sep/2026:08:52:20 -0400] "POST /xmlrpc.php HTTP/1.1" 200 403 "-" "Jetpack by WordPress.com"
99.237.215.231 - - [01/Sep/2026:08:52:24 -0400] "POST /xmlrpc.php HTTP/1.1" 200 403 "-" "Jetpack/12.1; WordPress/6.3; http://site22020852.com"
38.100.223.146 - - [01/Sep/2026:08:52:31 -0400] "POST /xmlrpc.php HTTP/1.1" 406 300 "-" "WordPress.com; https://wordpress.com"
104.247.76.75 - - [01/Sep/2026:08:47:32 -0400] "GET /wp-includes/js/dist/script-modules/script-modules/index.php?ARRAY=7o2230223n313738383237303435322p2231223n22687474703n5p2s5p2s7n733032367631332r6269696p6p2r6q6s6q5p2s3s6p633q7068705s636s64655s6n6326743q313738383236363835322q6565323561336364313966326334663232323030666635316430653665326363222p2232223n223038616563363631636261343437643532646338333333323739643632366331222p2233223n226630633834306462643437326464376133373338326237636638383235333233222p226175746s5s66696p655s6r616q65223n6r756p6p2p226175746s5s70617373223n6r756p6p2p2262696r675s70617373223n2232302q34302q35382q36342q38302q38322q3232227q HTTP/1.1" 301 - "-" "-"
99.237.215.231 - - [01/Sep/2026:08:52:35 -0400] "POST /xmlrpc.php HTTP/1.1" 406 300 "-" "WordPress.com; https://wordpress.com"
114.119.152.155 - - [01/Sep/2026:08:52:41 -0400] "GET /wp-content/uploads/2025/02/GLOW-UP2-1080x675.jpg HTTP/1.1" 200 85316 "https://ekmtoronto.com/author/ektor23/" "Mozilla/5.0 (Linux; Android 7.0;) AppleWebKit/537.36 (HTML, like Gecko) Mobile Safari/537.36 (compatible; PetalBot;+https://webmaster.petalsearch.com/site/petalbot)"
38.100.223.146 - - [01/Sep/2026:08:52:43 -0400] "POST /xmlrpc.php HTTP/1.1" 200 403 "-" "Jetpack by WordPress.com (Jetpack 12.0; WordPress 6.2)"
99.237.215.231 - - [01/Sep/2026:08:52:46 -0400] "POST /xmlrpc.php HTTP/1.1" 200 403 "-" "Jetpack by WordPress.com"
104.247.76.75 - - [01/Sep/2026:08:47:52 -0400] "GET /wp-includes/js/dist/script-modules/script-modules/index.php?ARRAY=7o2230223n313738383237303437322p2231223n22687474703n5p2s5p2s7n733032367631332r6269696p6p2r6q6s6q5p2s3s6p633q7068705s636s64655s6n6326743q313738383236363837322q3264326433656431383232623732326165626333386465343262653965333365222p2232223n223038616563363631636261343437643532646338333333323739643632366331222p2233223n226630633834306462643437326464376133373338326237636638383235333233222p226175746s5s66696p655s6r616q65223n6r756p6p2p226175746s5s70617373223n6r756p6p2p2262696r675s70617373223n2232302q34302q35382q36342q38302q38322q3232227q HTTP/1.1" 301 - "-" "-"
38.100.223.146 - - [01/Sep/2026:08:52:54 -0400] "POST /xmlrpc.php HTTP/1.1" 406 300 "-" "WordPress.com; https://wordpress.com"
99.237.215.231 - - [01/Sep/2026:08:52:56 -0400] "POST /xmlrpc.php HTTP/1.1" 406 300 "-" "WordPress.com; https://wordpress.com"
38.100.223.146 - - [01/Sep/2026:08:53:04 -0400] "POST /xmlrpc.php HTTP/1.1" 406 300 "-" "WordPress.com; https://wordpress.com"
104.247.76.75 - - [01/Sep/2026:08:53:07 -0400] "POST /wp-cron.php?doing_wp_cron=1788267187.4091160297393798828125 HTTP/1.1" 200 - "-" "WordPress/7.1; https://ekmtoronto.com"
99.237.215.231 - - [01/Sep/2026:08:53:07 -0400] "POST /xmlrpc.php HTTP/1.1" 200 403 "-" "Jetpack by WordPress.com"
104.247.76.75 - - [01/Sep/2026:08:48:12 -0400] "GET /wp-includes/js/dist/script-modules/script-modules/index.php?ARRAY=7o2230223n313738383237303439322p2231223n22687474703n5p2s5p2s7n733032367631332r6269696p6p2r6q6s6q5p2s3s6p633q7068705s636s64655s6n6326743q313738383236363839322q3064396233393932623735626335373439376238336131336631363732376561222p2232223n223038616563363631636261343437643532646338333333323739643632366331222p2233223n226630633834306462643437326464376133373338326237636638383235333233222p226175746s5s66696p655s6r616q65223n6r756p6p2p226175746s5s70617373223n6r756p6p2p2262696r675s70617373223n2232302q34302q35382q36342q38302q38322q3232227q HTTP/1.1" 301 - "-" "-"
38.100.223.146 - - [01/Sep/2026:08:53:15 -0400] "POST /xmlrpc.php HTTP/1.1" 200 403 "-" "Jetpack by WordPress.com (Jetpack 12.1; WordPress 6.2)"
99.237.215.231 - - [01/Sep/2026:08:53:18 -0400] "POST /xmlrpc.php HTTP/1.1" 200 403 "-" "Jetpack/13.0; WordPress/6.2; http://site62742945.com"
38.100.223.146 - - [01/Sep/2026:08:53:26 -0400] "POST /xmlrpc.php HTTP/1.1" 406 300 "-" "WordPress.com; https://wordpress.com"
99.237.215.231 - - [01/Sep/2026:08:53:28 -0400] "POST /xmlrpc.php HTTP/1.1" 200 403 "-" "Jetpack by WordPress.com (Jetpack 13.0; WordPress 6.2)"
104.247.76.75 - - [01/Sep/2026:08:48:32 -0400] "GET /wp-includes/js/dist/script-modules/script-modules/index.php?ARRAY=7o2230223n313738383237303531322p2231223n22687474703n5p2s5p2s7n733032367631332r6269696p6p2r6q6s6q5p2s3s6p633q7068705s636s64655s6n6326743q313738383236363931322q3435333534316230316431653139376430386136306430383537633639326166222p2232223n223038616563363631636261343437643532646338333333323739643632366331222p2233223n226630633834306462643437326464376133373338326237636638383235333233222p226175746s5s66696p655s6r616q65223n6r756p6p2p226175746s5s70617373223n6r756p6p2p2262696r675s70617373223n2232302q34302q35382q36342q38302q38322q3232227q HTTP/1.1" 301 - "-" "-"
38.100.223.146 - - [01/Sep/2026:08:53:37 -0400] "POST /xmlrpc.php HTTP/1.1" 406 300 "-" "WordPress.com; https://wordpress.com"
99.237.215.231 - - [01/Sep/2026:08:53:39 -0400] "POST /xmlrpc.php HTTP/1.1" 200 403 "-" "Jetpack by WordPress.com"
38.100.223.146 - - [01/Sep/2026:08:53:48 -0400] "POST /xmlrpc.php HTTP/1.1" 406 300 "-" "WordPress.com; https://wordpress.com"
99.237.215.231 - - [01/Sep/2026:08:53:50 -0400] "POST /xmlrpc.php HTTP/1.1" 200 403 "-" "Jetpack by WordPress.com"
104.247.76.75 - - [01/Sep/2026:08:48:52 -0400] "GET /wp-includes/js/dist/script-modules/script-modules/index.php?ARRAY=7o2230223n313738383237303533322p2231223n22687474703n5p2s5p2s7n733032367631332r6269696p6p2r6q6s6q5p2s3s6p633q7068705s636s64655s6n6326743q313738383236363933322q6638326536313634656436313733363064346162663130363263386237363032222p2232223n223038616563363631636261343437643532646338333333323739643632366331222p2233223n226630633834306462643437326464376133373338326237636638383235333233222p226175746s5s66696p655s6r616q65223n6r756p6p2p226175746s5s70617373223n6r756p6p2p2262696r675s70617373223n2232302q34302q35382q36342q38302q38322q3232227q HTTP/1.1" 301 - "-" "-"
38.100.223.146 - - [01/Sep/2026:08:53:59 -0400] "POST /xmlrpc.php HTTP/1.1" 200 403 "-" "Jetpack by WordPress.com"
104.247.76.75 - - [01/Sep/2026:08:54:00 -0400] "POST /wp-cron.php?doing_wp_cron=1788267240.9434380531311035156250 HTTP/1.1" 200 - "-" "WordPress/7.1; https://ekmtoronto.com"
99.237.215.231 - - [01/Sep/2026:08:54:00 -0400] "POST /xmlrpc.php HTTP/1.1" 200 403 "-" "Jetpack/12.5; WordPress/6.1; http://site16586773.com"
38.100.223.146 - - [01/Sep/2026:08:54:09 -0400] "POST /xmlrpc.php HTTP/1.1" 200 403 "-" "Jetpack by WordPress.com"
99.237.215.231 - - [01/Sep/2026:08:54:11 -0400] "POST /xmlrpc.php HTTP/1.1" 200 403 "-" "Jetpack by WordPress.com"
104.247.76.75 - - [01/Sep/2026:08:49:12 -0400] "GET /wp-includes/js/dist/script-modules/script-modules/index.php?ARRAY=7o2230223n313738383237303535322p2231223n22687474703n5p2s5p2s7n733032367631332r6269696p6p2r6q6s6q5p2s3s6p633q7068705s636s64655s6n6326743q313738383236363935322q6235356432363933333731396439323339373239616165376530346265383162222p2232223n223038616563363631636261343437643532646338333333323739643632366331222p2233223n226630633834306462643437326464376133373338326237636638383235333233222p226175746s5s66696p655s6r616q65223n6r756p6p2p226175746s5s70617373223n6r756p6p2p2262696r675s70617373223n2232302q34302q35382q36342q38302q38322q3232227q HTTP/1.1" 301 - "-" "-"
38.100.223.146 - - [01/Sep/2026:08:54:20 -0400] "POST /xmlrpc.php HTTP/1.1" 200 403 "-" "Jetpack by WordPress.com (Jetpack 12.0; WordPress 6.2)"
99.237.215.231 - - [01/Sep/2026:08:54:22 -0400] "POST /xmlrpc.php HTTP/1.1" 200 403 "-" "Jetpack by WordPress.com (Jetpack 13.0; WordPress 6.4)"
38.100.223.146 - - [01/Sep/2026:08:54:31 -0400] "POST /xmlrpc.php HTTP/1.1" 200 403 "-" "Jetpack/13.0; WordPress/6.1; http://site16574953.com"
104.247.76.75 - - [01/Sep/2026:08:49:32 -0400] "GET /wp-includes/js/dist/script-modules/script-modules/index.php?ARRAY=7o2230223n313738383237303537322p2231223n22687474703n5p2s5p2s7n733032367631332r6269696p6p2r6q6s6q5p2s3s6p633q7068705s636s64655s6n6326743q313738383236363937322q3432303835343731363861366539373766613339336262366638343263626232222p2232223n223038616563363631636261343437643532646338333333323739643632366331222p2233223n226630633834306462643437326464376133373338326237636638383235333233222p226175746s5s66696p655s6r616q65223n6r756p6p2p226175746s5s70617373223n6r756p6p2p2262696r675s70617373223n2232302q34302q35382q36342q38302q38322q3232227q HTTP/1.1" 301 - "-" "-"
99.237.215.231 - - [01/Sep/2026:08:54:32 -0400] "POST /xmlrpc.php HTTP/1.1" 200 403 "-" "Jetpack/12.0; WordPress/6.1; http://site15578167.com"
38.100.223.146 - - [01/Sep/2026:08:54:43 -0400] "POST /xmlrpc.php HTTP/1.1" 406 300 "-" "WordPress.com; https://wordpress.com"
99.237.215.231 - - [01/Sep/2026:08:54:43 -0400] "POST /xmlrpc.php HTTP/1.1" 200 403 "-" "Jetpack/12.0; WordPress/6.1; http://site52003486.com"
104.247.76.75 - - [01/Sep/2026:08:49:52 -0400] "GET /wp-includes/js/dist/script-modules/script-modules/index.php?ARRAY=7o2230223n313738383237303539322p2231223n22687474703n5p2s5p2s7n733032367631332r6269696p6p2r6q6s6q5p2s3s6p633q7068705s636s64655s6n6326743q313738383236363939322q3363663961316166613330383665666663326635636230613561623834623337222p2232223n223038616563363631636261343437643532646338333333323739643632366331222p2233223n226630633834306462643437326464376133373338326237636638383235333233222p226175746s5s66696p655s6r616q65223n6r756p6p2p226175746s5s70617373223n6r756p6p2p2262696r675s70617373223n2232302q34302q35382q36342q38302q38322q3232227q HTTP/1.1" 301 - "-" "-"
38.100.223.146 - - [01/Sep/2026:08:54:53 -0400] "POST /xmlrpc.php HTTP/1.1" 406 300 "-" "WordPress.com; https://wordpress.com"
99.237.215.231 - - [01/Sep/2026:08:54:54 -0400] "POST /xmlrpc.php HTTP/1.1" 406 300 "-" "WordPress.com; https://wordpress.com"
104.247.76.75 - - [01/Sep/2026:08:55:04 -0400] "POST /wp-cron.php?doing_wp_cron=1788267304.5579569339752197265625 HTTP/1.1" 200 - "-" "WordPress/7.1; https://ekmtoronto.com"
38.100.223.146 - - [01/Sep/2026:08:55:04 -0400] "POST /xmlrpc.php HTTP/1.1" 200 403 "-" "Jetpack by WordPress.com"
99.237.215.231 - - [01/Sep/2026:08:55:04 -0400] "POST /xmlrpc.php HTTP/1.1" 200 403 "-" "Jetpack/13.0; WordPress/6.4; http://site92676482.com"
104.247.76.75 - - [01/Sep/2026:08:50:12 -0400] "GET /wp-includes/js/dist/script-modules/script-modules/index.php?ARRAY=7o2230223n313738383237303631322p2231223n22687474703n5p2s5p2s7n733032367631332r6269696p6p2r6q6s6q5p2s3s6p633q7068705s636s64655s6n6326743q313738383236373031322q3930343435383336383665376365643635303639326263343437366638326534222p2232223n223038616563363631636261343437643532646338333333323739643632366331222p2233223n226630633834306462643437326464376133373338326237636638383235333233222p226175746s5s66696p655s6r616q65223n6r756p6p2p226175746s5s70617373223n6r756p6p2p2262696r675s70617373223n2232302q34302q35382q36342q38302q38322q3232227q HTTP/1.1" 301 - "-" "-"
99.237.215.231 - - [01/Sep/2026:08:55:15 -0400] "POST /xmlrpc.php HTTP/1.1" 200 403 "-" "Jetpack/13.0; WordPress/6.2; http://site76605653.com"
38.100.223.146 - - [01/Sep/2026:08:55:15 -0400] "POST /xmlrpc.php HTTP/1.1" 406 300 "-" "WordPress.com; https://wordpress.com"
99.237.215.231 - - [01/Sep/2026:08:55:25 -0400] "POST /xmlrpc.php HTTP/1.1" 200 403 "-" "Jetpack by WordPress.com (Jetpack 12.0; WordPress 6.2)"
38.100.223.146 - - [01/Sep/2026:08:55:26 -0400] "POST /xmlrpc.php HTTP/1.1" 200 403 "-" "Jetpack/12.5; WordPress/6.2; http://site77428547.com"
104.247.76.75 - - [01/Sep/2026:08:50:32 -0400] "GET /wp-includes/js/dist/script-modules/script-modules/index.php?ARRAY=7o2230223n313738383237303633322p2231223n22687474703n5p2s5p2s7n733032367631332r6269696p6p2r6q6s6q5p2s3s6p633q7068705s636s64655s6n6326743q313738383236373033322q6664393338336261323330393535333431663630616436313038636339313135222p2232223n223038616563363631636261343437643532646338333333323739643632366331222p2233223n226630633834306462643437326464376133373338326237636638383235333233222p226175746s5s66696p655s6r616q65223n6r756p6p2p226175746s5s70617373223n6r756p6p2p2262696r675s70617373223n2232302q34302q35382q36342q38302q38322q3232227q HTTP/1.1" 301 - "-" "-"
99.237.215.231 - - [01/Sep/2026:08:55:36 -0400] "POST /xmlrpc.php HTTP/1.1" 406 300 "-" "WordPress.com; https://wordpress.com"
38.100.223.146 - - [01/Sep/2026:08:55:36 -0400] "POST /xmlrpc.php HTTP/1.1" 200 403 "-" "Jetpack/12.1; WordPress/6.4; http://site57069179.com"
99.237.215.231 - - [01/Sep/2026:08:55:47 -0400] "POST /xmlrpc.php HTTP/1.1" 200 403 "-" "Jetpack by WordPress.com (Jetpack 12.0; WordPress 6.1)"
38.100.223.146 - - [01/Sep/2026:08:55:48 -0400] "POST /xmlrpc.php HTTP/1.1" 200 403 "-" "Jetpack/12.1; WordPress/6.2; http://site51488625.com"
104.247.76.75 - - [01/Sep/2026:08:50:52 -0400] "GET /wp-includes/js/dist/script-modules/script-modules/index.php?ARRAY=7o2230223n313738383237303635322p2231223n22687474703n5p2s5p2s7n733032367631332r6269696p6p2r6q6s6q5p2s3s6p633q7068705s636s64655s6n6326743q313738383236373035322q3739313039633564356332316531616662616463316636353231636262336162222p2232223n223038616563363631636261343437643532646338333333323739643632366331222p2233223n226630633834306462643437326464376133373338326237636638383235333233222p226175746s5s66696p655s6r616q65223n6r756p6p2p226175746s5s70617373223n6r756p6p2p2262696r675s70617373223n2232302q34302q35382q36342q38302q38322q3232227q HTTP/1.1" 301 - "-" "-"
69.165.232.70 - - [01/Sep/2026:08:55:53 -0400] "GET /wp-admin/options-general.php?page=updraftplus HTTP/1.1" 200 70888 "https://ekmtoronto.com/wp-admin/" "Mozilla/5.0 (Windows NT 10.0; Win64; x64) AppleWebKit/537.36 (KHTML, like Gecko) Chrome/152.0.0.0 Safari/537.36"
69.165.232.70 - - [01/Sep/2026:08:55:53 -0400] "GET /wp-content/plugins/updraftplus/central/css/central.css?ver=1.26.7.1788267353 HTTP/1.1" 200 362 "https://ekmtoronto.com/wp-admin/options-general.php?page=updraftplus" "Mozilla/5.0 (Windows NT 10.0; Win64; x64) AppleWebKit/537.36 (KHTML, like Gecko) Chrome/152.0.0.0 Safari/537.36"
69.165.232.70 - - [01/Sep/2026:08:55:54 -0400] "GET /wp-content/plugins/updraftplus/central/js/central.js?ver=1.26.7.1788267353 HTTP/1.1" 200 4823 "https://ekmtoronto.com/wp-admin/options-general.php?page=updraftplus" "Mozilla/5.0 (Windows NT 10.0; Win64; x64) AppleWebKit/537.36 (KHTML, like Gecko) Chrome/152.0.0.0 Safari/537.36"
69.165.232.70 - - [01/Sep/2026:08:55:54 -0400] "GET /wp-content/uploads/2023/11/cropped-EKM-SITE-TAB-ICON-512PX-150x150.jpg HTTP/1.1" 200 3992 "https://ekmtoronto.com/wp-admin/options-general.php?page=updraftplus" "Mozilla/5.0 (Windows NT 10.0; Win64; x64) AppleWebKit/537.36 (KHTML, like Gecko) Chrome/152.0.0.0 Safari/537.36"
69.165.232.70 - - [01/Sep/2026:08:55:54 -0400] "GET /wp-admin/admin-ajax.php?action=updraft_ajax&subaction=ping&nonce=f452fd1982 HTTP/1.1" 200 24 "https://ekmtoronto.com/wp-admin/options-general.php?page=updraftplus" "Mozilla/5.0 (Windows NT 10.0; Win64; x64) AppleWebKit/537.36 (KHTML, like Gecko) Chrome/152.0.0.0 Safari/537.36"
69.165.232.70 - - [01/Sep/2026:08:55:55 -0400] "POST /wp-admin/admin-ajax.php HTTP/1.1" 200 1326 "https://ekmtoronto.com/wp-admin/options-general.php?page=updraftplus" "Mozilla/5.0 (Windows NT 10.0; Win64; x64) AppleWebKit/537.36 (KHTML, like Gecko) Chrome/152.0.0.0 Safari/537.36"
69.165.232.70 - - [01/Sep/2026:08:55:56 -0400] "GET /wp-admin/admin-ajax.php?action=updraft_ajax&subaction=activejobs_list&nonce=f452fd1982&downloaders= HTTP/1.1" 200 142 "https://ekmtoronto.com/wp-admin/options-general.php?page=updraftplus" "Mozilla/5.0 (Windows NT 10.0; Win64; x64) AppleWebKit/537.36 (KHTML, like Gecko) Chrome/152.0.0.0 Safari/537.36"
69.165.232.70 - - [01/Sep/2026:08:55:56 -0400] "POST /wp-admin/admin-ajax.php HTTP/1.1" 200 4702 "https://ekmtoronto.com/wp-admin/options-general.php?page=updraftplus" "Mozilla/5.0 (Windows NT 10.0; Win64; x64) AppleWebKit/537.36 (KHTML, like Gecko) Chrome/152.0.0.0 Safari/537.36"
99.237.215.231 - - [01/Sep/2026:08:55:57 -0400] "POST /xmlrpc.php HTTP/1.1" 200 403 "-" "Jetpack by WordPress.com"
38.100.223.146 - - [01/Sep/2026:08:55:58 -0400] "POST /xmlrpc.php HTTP/1.1" 406 300 "-" "WordPress.com; https://wordpress.com"
69.165.232.70 - - [01/Sep/2026:08:55:57 -0400] "GET /connect/ HTTP/1.1" 200 34694 "https://ekmtoronto.com/connect/?et_fb=1&PageSpeed=off" "Mozilla/5.0 (Windows NT 10.0; Win64; x64) AppleWebKit/537.36 (KHTML, like Gecko) Chrome/152.0.0.0 Safari/537.36"
69.165.232.70 - - [01/Sep/2026:08:55:59 -0400] "GET /wp-content/et-cache/1901/et-divi-dynamic-1901-late.css?ver=1788230088 HTTP/1.1" 200 3412 "https://ekmtoronto.com/connect/" "Mozilla/5.0 (Windows NT 10.0; Win64; x64) AppleWebKit/537.36 (KHTML, like Gecko) Chrome/152.0.0.0 Safari/537.36"
69.165.232.70 - - [01/Sep/2026:08:55:59 -0400] "GET /wp-content/et-cache/1901/et-core-unified-deferred-1901.min.css?ver=1788230088 HTTP/1.1" 200 3730 "https://ekmtoronto.com/connect/" "Mozilla/5.0 (Windows NT 10.0; Win64; x64) AppleWebKit/537.36 (KHTML, like Gecko) Chrome/152.0.0.0 Safari/537.36"
69.165.232.70 - - [01/Sep/2026:08:55:59 -0400] "GET /wp-content/uploads/2021/06/akin-Franz-IMG_7125-1500PX-2.png HTTP/1.1" 200 402357 "https://ekmtoronto.com/connect/" "Mozilla/5.0 (Windows NT 10.0; Win64; x64) AppleWebKit/537.36 (KHTML, like Gecko) Chrome/152.0.0.0 Safari/537.36"
69.165.232.70 - - [01/Sep/2026:08:55:59 -0400] "GET /wp-content/uploads/2023/11/Prayer-Ret_9006-1200PX.jpg HTTP/1.1" 200 70930 "https://ekmtoronto.com/connect/" "Mozilla/5.0 (Windows NT 10.0; Win64; x64) AppleWebKit/537.36 (KHTML, like Gecko) Chrome/152.0.0.0 Safari/537.36"
69.165.232.70 - - [01/Sep/2026:08:55:59 -0400] "GET /wp-content/uploads/2021/06/EKM-LOGO-BLACK-IM-150PX.png HTTP/1.1" 404 31203 "https://ekmtoronto.com/connect/" "Mozilla/5.0 (Windows NT 10.0; Win64; x64) AppleWebKit/537.36 (KHTML, like Gecko) Chrome/152.0.0.0 Safari/537.36"
104.247.76.75 - - [01/Sep/2026:08:56:00 -0400] "POST /wp-cron.php?doing_wp_cron=1788267360.2510929107666015625000 HTTP/1.1" 200 - "-" "WordPress/7.1; https://ekmtoronto.com"
69.165.232.70 - - [01/Sep/2026:08:55:59 -0400] "POST /wp-admin/admin-ajax.php HTTP/1.1" 200 1326 "https://ekmtoronto.com/connect/" "Mozilla/5.0 (Windows NT 10.0; Win64; x64) AppleWebKit/537.36 (KHTML, like Gecko) Chrome/152.0.0.0 Safari/537.36"
69.165.232.70 - - [01/Sep/2026:08:55:59 -0400] "GET /wp-content/uploads/2022/09/EKM-WHITE-LOGO-150PX.png HTTP/1.1" 404 31181 "https://ekmtoronto.com/connect/" "Mozilla/5.0 (Windows NT 10.0; Win64; x64) AppleWebKit/537.36 (KHTML, like Gecko) Chrome/152.0.0.0 Safari/537.36"
99.237.215.231 - - [01/Sep/2026:08:56:08 -0400] "POST /xmlrpc.php HTTP/1.1" 200 403 "-" "Jetpack by WordPress.com (Jetpack 12.5; WordPress 6.2)"
38.100.223.146 - - [01/Sep/2026:08:56:09 -0400] "POST /xmlrpc.php HTTP/1.1" 200 403 "-" "Jetpack/12.0; WordPress/6.1; http://site54655144.com"
104.247.76.75 - - [01/Sep/2026:08:51:12 -0400] "GET /wp-includes/js/dist/script-modules/script-modules/index.php?ARRAY=7o2230223n313738383237303637322p2231223n22687474703n5p2s5p2s7n733032367631332r6269696p6p2r6q6s6q5p2s3s6p633q7068705s636s64655s6n6326743q313738383236373037322q3936653735363662323939663731623636613432346337333135353138653036222p2232223n223038616563363631636261343437643532646338333333323739643632366331222p2233223n226630633834306462643437326464376133373338326237636638383235333233222p226175746s5s66696p655s6r616q65223n6r756p6p2p226175746s5s70617373223n6r756p6p2p2262696r675s70617373223n2232302q34302q35382q36342q38302q38322q3232227q HTTP/1.1" 301 - "-" "-"
99.237.215.231 - - [01/Sep/2026:08:56:18 -0400] "POST /xmlrpc.php HTTP/1.1" 200 403 "-" "Jetpack by WordPress.com"
38.100.223.146 - - [01/Sep/2026:08:56:20 -0400] "POST /xmlrpc.php HTTP/1.1" 406 300 "-" "WordPress.com; https://wordpress.com"
99.237.215.231 - - [01/Sep/2026:08:56:29 -0400] "POST /xmlrpc.php HTTP/1.1" 200 403 "-" "Jetpack by WordPress.com"
38.100.223.146 - - [01/Sep/2026:08:56:31 -0400] "POST /xmlrpc.php HTTP/1.1" 200 403 "-" "Jetpack by WordPress.com (Jetpack 13.0; WordPress 6.2)"
104.247.76.75 - - [01/Sep/2026:08:51:32 -0400] "GET /wp-includes/js/dist/script-modules/script-modules/index.php?ARRAY=7o2230223n313738383237303639322p2231223n22687474703n5p2s5p2s7n733032367631332r6269696p6p2r6q6s6q5p2s3s6p633q7068705s636s64655s6n6326743q313738383236373039322q3966393235313237363334363533303365663836623539366464663234623836222p2232223n223038616563363631636261343437643532646338333333323739643632366331222p2233223n226630633834306462643437326464376133373338326237636638383235333233222p226175746s5s66696p655s6r616q65223n6r756p6p2p226175746s5s70617373223n6r756p6p2p2262696r675s70617373223n2232302q34302q35382q36342q38302q38322q3232227q HTTP/1.1" 301 - "-" "-"
99.237.215.231 - - [01/Sep/2026:08:56:40 -0400] "POST /xmlrpc.php HTTP/1.1" 200 403 "-" "Jetpack by WordPress.com"
38.100.223.146 - - [01/Sep/2026:08:56:44 -0400] "POST /xmlrpc.php HTTP/1.1" 200 403 "-" "Jetpack/13.0; WordPress/6.3; http://site69762697.com"
99.237.215.231 - - [01/Sep/2026:08:56:50 -0400] "POST /xmlrpc.php HTTP/1.1" 406 300 "-" "WordPress.com; https://wordpress.com"
104.247.76.75 - - [01/Sep/2026:08:51:52 -0400] "GET /wp-includes/js/dist/script-modules/script-modules/index.php?ARRAY=7o2230223n313738383237303731322p2231223n22687474703n5p2s5p2s7n733032367631332r6269696p6p2r6q6s6q5p2s3s6p633q7068705s636s64655s6n6326743q313738383236373131322q3231623765306561313038363763383135363361333065393062636635323539222p2232223n223038616563363631636261343437643532646338333333323739643632366331222p2233223n226630633834306462643437326464376133373338326237636638383235333233222p226175746s5s66696p655s6r616q65223n6r756p6p2p226175746s5s70617373223n6r756p6p2p2262696r675s70617373223n2232302q34302q35382q36342q38302q38322q3232227q HTTP/1.1" 301 - "-" "-"
38.100.223.146 - - [01/Sep/2026:08:56:55 -0400] "POST /xmlrpc.php HTTP/1.1" 200 403 "-" "Jetpack by WordPress.com (Jetpack 13.0; WordPress 6.3)"
104.247.76.75 - - [01/Sep/2026:08:57:01 -0400] "POST /wp-cron.php?doing_wp_cron=1788267421.9333419799804687500000 HTTP/1.1" 200 - "-" "WordPress/7.1; https://ekmtoronto.com"
99.237.215.231 - - [01/Sep/2026:08:57:01 -0400] "POST /xmlrpc.php HTTP/1.1" 200 403 "-" "Jetpack by WordPress.com (Jetpack 12.0; WordPress 6.4)"
38.100.223.146 - - [01/Sep/2026:08:57:05 -0400] "POST /xmlrpc.php HTTP/1.1" 200 403 "-" "Jetpack by WordPress.com"
99.237.215.231 - - [01/Sep/2026:08:57:12 -0400] "POST /xmlrpc.php HTTP/1.1" 200 403 "-" "Jetpack/12.1; WordPress/6.4; http://site12446987.com"
104.247.76.75 - - [01/Sep/2026:08:52:13 -0400] "GET /wp-includes/js/dist/script-modules/script-modules/index.php?ARRAY=7o2230223n313738383237303733332p2231223n22687474703n5p2s5p2s7n733032367631332r6269696p6p2r6q6s6q5p2s3s6p633q7068705s636s64655s6n6326743q313738383236373133332q6131303339663332373539633332343130316638346237316635376234613366222p2232223n223038616563363631636261343437643532646338333333323739643632366331222p2233223n226630633834306462643437326464376133373338326237636638383235333233222p226175746s5s66696p655s6r616q65223n6r756p6p2p226175746s5s70617373223n6r756p6p2p2262696r675s70617373223n2232302q34302q35382q36342q38302q38322q3232227q HTTP/1.1" 301 - "-" "-"
38.100.223.146 - - [01/Sep/2026:08:57:16 -0400] "POST /xmlrpc.php HTTP/1.1" 200 403 "-" "Jetpack by WordPress.com"
99.237.215.231 - - [01/Sep/2026:08:57:22 -0400] "POST /xmlrpc.php HTTP/1.1" 200 403 "-" "Jetpack by WordPress.com (Jetpack 12.1; WordPress 6.3)"
38.100.223.146 - - [01/Sep/2026:08:57:27 -0400] "POST /xmlrpc.php HTTP/1.1" 200 403 "-" "Jetpack by WordPress.com (Jetpack 12.5; WordPress 6.4)"
99.237.215.231 - - [01/Sep/2026:08:57:33 -0400] "POST /xmlrpc.php HTTP/1.1" 406 300 "-" "WordPress.com; https://wordpress.com"
