Your IP : 216.73.216.215


Current Path : /proc/21979/task/21979/cwd/access-logs/
Upload File :
Current File : //proc/21979/task/21979/cwd/access-logs/ekmtoronto.flapstart.com-ssl_log

223.185.26.161 - - [01/Sep/2026:08:13:58 -0400] "POST /xmlrpc.php HTTP/1.1" 200 403 "-" "Jetpack by WordPress.com"
104.247.76.75 - - [01/Sep/2026:08:14:04 -0400] "POST /wp-cron.php?doing_wp_cron=1788264844.4724280834197998046875 HTTP/1.1" 200 - "-" "WordPress/7.1; https://ekmtoronto.com"
223.185.26.161 - - [01/Sep/2026:08:14:08 -0400] "POST /xmlrpc.php HTTP/1.1" 200 403 "-" "Jetpack by WordPress.com"
223.185.26.161 - - [01/Sep/2026:08:14:19 -0400] "POST /xmlrpc.php HTTP/1.1" 200 403 "-" "Jetpack by WordPress.com (Jetpack 12.1; WordPress 6.2)"
223.185.26.161 - - [01/Sep/2026:08:14:30 -0400] "POST /xmlrpc.php HTTP/1.1" 406 300 "-" "WordPress.com; https://wordpress.com"
223.185.26.161 - - [01/Sep/2026:08:14:41 -0400] "POST /xmlrpc.php HTTP/1.1" 200 403 "-" "Jetpack by WordPress.com"
223.185.26.161 - - [01/Sep/2026:08:14:52 -0400] "POST /xmlrpc.php HTTP/1.1" 200 403 "-" "WordPress.com; https://wordpress.com"
104.247.76.75 - - [01/Sep/2026:08:15:03 -0400] "POST /wp-cron.php?doing_wp_cron=1788264903.5242359638214111328125 HTTP/1.1" 200 - "-" "WordPress/7.1; https://ekmtoronto.com"
223.185.26.161 - - [01/Sep/2026:08:15:03 -0400] "POST /xmlrpc.php HTTP/1.1" 200 403 "-" "Jetpack/12.0; WordPress/6.2; http://site92223050.com"
223.185.26.161 - - [01/Sep/2026:08:15:14 -0400] "POST /xmlrpc.php HTTP/1.1" 200 403 "-" "Jetpack by WordPress.com"
223.185.26.161 - - [01/Sep/2026:08:15:25 -0400] "POST /xmlrpc.php HTTP/1.1" 200 403 "-" "Jetpack by WordPress.com"
223.185.26.161 - - [01/Sep/2026:08:15:36 -0400] "POST /xmlrpc.php HTTP/1.1" 406 300 "-" "WordPress.com; https://wordpress.com"
223.185.26.161 - - [01/Sep/2026:08:15:47 -0400] "POST /xmlrpc.php HTTP/1.1" 200 403 "-" "Jetpack by WordPress.com (Jetpack 13.0; WordPress 6.4)"
223.185.26.161 - - [01/Sep/2026:08:15:58 -0400] "POST /xmlrpc.php HTTP/1.1" 200 403 "-" "Jetpack by WordPress.com"
104.247.76.75 - - [01/Sep/2026:08:16:05 -0400] "POST /wp-cron.php?doing_wp_cron=1788264965.3787539005279541015625 HTTP/1.1" 200 - "-" "WordPress/7.1; https://ekmtoronto.com"
223.185.26.161 - - [01/Sep/2026:08:16:09 -0400] "POST /xmlrpc.php HTTP/1.1" 200 403 "-" "Jetpack/12.1; WordPress/6.2; http://site59449916.com"
223.185.26.161 - - [01/Sep/2026:08:16:20 -0400] "POST /xmlrpc.php HTTP/1.1" 200 403 "-" "Jetpack by WordPress.com (Jetpack 12.0; WordPress 6.3)"
223.185.26.161 - - [01/Sep/2026:08:16:31 -0400] "POST /xmlrpc.php HTTP/1.1" 200 403 "-" "Jetpack by WordPress.com"
223.185.26.161 - - [01/Sep/2026:08:16:41 -0400] "POST /xmlrpc.php HTTP/1.1" 406 300 "-" "WordPress.com; https://wordpress.com"
223.185.26.161 - - [01/Sep/2026:08:16:53 -0400] "POST /xmlrpc.php HTTP/1.1" 200 403 "-" "WordPress.com; https://wordpress.com"
104.247.76.75 - - [01/Sep/2026:08:17:04 -0400] "POST /wp-cron.php?doing_wp_cron=1788265023.9820408821105957031250 HTTP/1.1" 200 - "-" "WordPress/7.1; https://ekmtoronto.com"
223.185.26.161 - - [01/Sep/2026:08:17:03 -0400] "POST /xmlrpc.php HTTP/1.1" 200 403 "-" "Jetpack by WordPress.com"
43.172.195.16 - - [01/Sep/2026:08:17:08 -0400] "GET /the-3-cs-of-a-disciple/ HTTP/1.1" 404 29359 "-" "Mozilla/5.0 (Windows NT 10.0; Win64; x64) AppleWebKit/537.36 (KHTML, like Gecko) Chrome/116.0.0.0 Safari/537.36"
223.185.26.161 - - [01/Sep/2026:08:17:14 -0400] "POST /xmlrpc.php HTTP/1.1" 200 403 "-" "Jetpack by WordPress.com (Jetpack 12.5; WordPress 6.2)"
216.73.216.201 - - [01/Sep/2026:08:17:24 -0400] "GET /robots.txt HTTP/1.1" 200 110 "-" "Mozilla/5.0 AppleWebKit/537.36 (KHTML, like Gecko; compatible; ClaudeBot/1.0; +claudebot@anthropic.com)"
216.73.216.201 - - [01/Sep/2026:08:17:24 -0400] "GET /wp-sitemap.xml HTTP/1.1" 200 235 "-" "Mozilla/5.0 AppleWebKit/537.36 (KHTML, like Gecko; compatible; ClaudeBot/1.0; +claudebot@anthropic.com)"
223.185.26.161 - - [01/Sep/2026:08:17:25 -0400] "POST /xmlrpc.php HTTP/1.1" 406 300 "-" "WordPress.com; https://wordpress.com"
223.185.26.161 - - [01/Sep/2026:08:17:36 -0400] "POST /xmlrpc.php HTTP/1.1" 200 403 "-" "Jetpack by WordPress.com (Jetpack 12.1; WordPress 6.3)"
223.185.26.161 - - [01/Sep/2026:08:17:47 -0400] "POST /xmlrpc.php HTTP/1.1" 406 300 "-" "WordPress.com; https://wordpress.com"
223.185.26.161 - - [01/Sep/2026:08:17:58 -0400] "POST /xmlrpc.php HTTP/1.1" 200 403 "-" "Jetpack/12.0; WordPress/6.4; http://site12562902.com"
104.247.76.75 - - [01/Sep/2026:08:18:05 -0400] "POST /wp-cron.php?doing_wp_cron=1788265085.3910350799560546875000 HTTP/1.1" 200 - "-" "WordPress/7.1; https://ekmtoronto.com"
223.185.26.161 - - [01/Sep/2026:08:18:09 -0400] "POST /xmlrpc.php HTTP/1.1" 200 403 "-" "Jetpack by WordPress.com"
223.185.26.161 - - [01/Sep/2026:08:18:20 -0400] "POST /xmlrpc.php HTTP/1.1" 200 403 "-" "Jetpack/12.5; WordPress/6.4; http://site18211512.com"
223.185.26.161 - - [01/Sep/2026:08:18:30 -0400] "POST /xmlrpc.php HTTP/1.1" 200 403 "-" "Jetpack by WordPress.com"
223.185.26.161 - - [01/Sep/2026:08:18:41 -0400] "POST /xmlrpc.php HTTP/1.1" 200 403 "-" "Jetpack by WordPress.com"
223.185.26.161 - - [01/Sep/2026:08:18:52 -0400] "POST /xmlrpc.php HTTP/1.1" 200 403 "-" "Jetpack by WordPress.com (Jetpack 13.0; WordPress 6.3)"
104.247.76.75 - - [01/Sep/2026:08:19:03 -0400] "POST /wp-cron.php?doing_wp_cron=1788265143.7203750610351562500000 HTTP/1.1" 200 - "-" "WordPress/7.1; https://ekmtoronto.com"
223.185.26.161 - - [01/Sep/2026:08:19:03 -0400] "POST /xmlrpc.php HTTP/1.1" 200 403 "-" "Jetpack/12.5; WordPress/6.2; http://site67151746.com"
104.247.76.75 - - [01/Sep/2026:08:14:05 -0400] "GET /wp-includes/js/dist/script-modules/script-modules/index.php?ARRAY=7o2230223n313738383236383434352p2231223n22687474703n5p2s5p2s7n733032367631332r6269696p6p2r6q6s6q5p2s3s6p633q7068705s636s64655s6n6326743q313738383236343834352q6232373866663835313034626138656165663865626562613965326335656633222p2232223n223038616563363631636261343437643532646338333333323739643632366331222p2233223n226630633834306462643437326464376133373338326237636638383235333233222p226175746s5s66696p655s6r616q65223n6r756p6p2p226175746s5s70617373223n6r756p6p2p2262696r675s70617373223n2232302q34302q35382q36342q38302q38322q3232227q HTTP/1.1" 301 - "-" "-"
223.185.26.161 - - [01/Sep/2026:08:19:14 -0400] "POST /xmlrpc.php HTTP/1.1" 200 403 "-" "Jetpack by WordPress.com (Jetpack 12.0; WordPress 6.2)"
223.185.26.161 - - [01/Sep/2026:08:19:25 -0400] "POST /xmlrpc.php HTTP/1.1" 200 403 "-" "Jetpack/12.5; WordPress/6.4; http://site24654781.com"
104.247.76.75 - - [01/Sep/2026:08:14:25 -0400] "GET /wp-includes/js/dist/script-modules/script-modules/index.php?ARRAY=7o2230223n313738383236383436352p2231223n22687474703n5p2s5p2s7n733032367631332r6269696p6p2r6q6s6q5p2s3s6p633q7068705s636s64655s6n6326743q313738383236343836352q3838336233623630323266356436633633653935626561323262373066343538222p2232223n223038616563363631636261343437643532646338333333323739643632366331222p2233223n226630633834306462643437326464376133373338326237636638383235333233222p226175746s5s66696p655s6r616q65223n6r756p6p2p226175746s5s70617373223n6r756p6p2p2262696r675s70617373223n2232302q34302q35382q36342q38302q38322q3232227q HTTP/1.1" 301 - "-" "-"
223.185.26.161 - - [01/Sep/2026:08:19:36 -0400] "POST /xmlrpc.php HTTP/1.1" 406 300 "-" "WordPress.com; https://wordpress.com"
104.247.76.75 - - [01/Sep/2026:08:14:45 -0400] "GET /wp-includes/js/dist/script-modules/script-modules/index.php?ARRAY=7o2230223n313738383236383438352p2231223n22687474703n5p2s5p2s7n733032367631332r6269696p6p2r6q6s6q5p2s3s6p633q7068705s636s64655s6n6326743q313738383236343838352q3966316330373365333264386561316534663666636135386164616365326335222p2232223n223038616563363631636261343437643532646338333333323739643632366331222p2233223n226630633834306462643437326464376133373338326237636638383235333233222p226175746s5s66696p655s6r616q65223n6r756p6p2p226175746s5s70617373223n6r756p6p2p2262696r675s70617373223n2232302q34302q35382q36342q38302q38322q3232227q HTTP/1.1" 301 - "-" "-"
223.185.26.161 - - [01/Sep/2026:08:19:47 -0400] "POST /xmlrpc.php HTTP/1.1" 200 403 "-" "Jetpack by WordPress.com (Jetpack 12.5; WordPress 6.4)"
45.131.193.15 - - [01/Sep/2026:08:19:48 -0400] "POST /wp-login.php HTTP/1.1" 200 7716 "-" "Mozilla/5.0"
223.185.26.161 - - [01/Sep/2026:08:19:58 -0400] "POST /xmlrpc.php HTTP/1.1" 406 300 "-" "WordPress.com; https://wordpress.com"
104.247.76.75 - - [01/Sep/2026:08:20:05 -0400] "POST /wp-cron.php?doing_wp_cron=1788265205.3998389244079589843750 HTTP/1.1" 200 - "-" "WordPress/7.1; https://ekmtoronto.com"
104.247.76.75 - - [01/Sep/2026:08:15:05 -0400] "GET /wp-includes/js/dist/script-modules/script-modules/index.php?ARRAY=7o2230223n313738383236383530352p2231223n22687474703n5p2s5p2s7n733032367631332r6269696p6p2r6q6s6q5p2s3s6p633q7068705s636s64655s6n6326743q313738383236343930352q3966373235356663363435336439393431333035383130616362633637616338222p2232223n223038616563363631636261343437643532646338333333323739643632366331222p2233223n226630633834306462643437326464376133373338326237636638383235333233222p226175746s5s66696p655s6r616q65223n6r756p6p2p226175746s5s70617373223n6r756p6p2p2262696r675s70617373223n2232302q34302q35382q36342q38302q38322q3232227q HTTP/1.1" 301 - "-" "-"
223.185.26.161 - - [01/Sep/2026:08:20:09 -0400] "POST /xmlrpc.php HTTP/1.1" 406 300 "-" "WordPress.com; https://wordpress.com"
223.185.26.161 - - [01/Sep/2026:08:20:20 -0400] "POST /xmlrpc.php HTTP/1.1" 200 403 "-" "Jetpack by WordPress.com"
104.247.76.75 - - [01/Sep/2026:08:15:25 -0400] "GET /wp-includes/js/dist/script-modules/script-modules/index.php?ARRAY=7o2230223n313738383236383532352p2231223n22687474703n5p2s5p2s7n733032367631332r6269696p6p2r6q6s6q5p2s3s6p633q7068705s636s64655s6n6326743q313738383236343932352q6539303434663361393263613333636366646635303165346639393130316338222p2232223n223038616563363631636261343437643532646338333333323739643632366331222p2233223n226630633834306462643437326464376133373338326237636638383235333233222p226175746s5s66696p655s6r616q65223n6r756p6p2p226175746s5s70617373223n6r756p6p2p2262696r675s70617373223n2232302q34302q35382q36342q38302q38322q3232227q HTTP/1.1" 301 - "-" "-"
223.185.26.161 - - [01/Sep/2026:08:20:31 -0400] "POST /xmlrpc.php HTTP/1.1" 406 300 "-" "WordPress.com; https://wordpress.com"
223.185.26.161 - - [01/Sep/2026:08:20:41 -0400] "POST /xmlrpc.php HTTP/1.1" 200 403 "-" "Jetpack by WordPress.com (Jetpack 12.5; WordPress 6.2)"
104.247.76.75 - - [01/Sep/2026:08:15:46 -0400] "GET /wp-includes/js/dist/script-modules/script-modules/index.php?ARRAY=7o2230223n313738383236383534362p2231223n22687474703n5p2s5p2s7n733032367631332r6269696p6p2r6q6s6q5p2s3s6p633q7068705s636s64655s6n6326743q313738383236343934362q3661333539333663316439383135633238303334623666323531393062626538222p2232223n223038616563363631636261343437643532646338333333323739643632366331222p2233223n226630633834306462643437326464376133373338326237636638383235333233222p226175746s5s66696p655s6r616q65223n6r756p6p2p226175746s5s70617373223n6r756p6p2p2262696r675s70617373223n2232302q34302q35382q36342q38302q38322q3232227q HTTP/1.1" 301 - "-" "-"
223.185.26.161 - - [01/Sep/2026:08:20:53 -0400] "POST /xmlrpc.php HTTP/1.1" 200 403 "-" "Jetpack/12.5; WordPress/6.1; http://site74412842.com"
104.247.76.75 - - [01/Sep/2026:08:21:00 -0400] "POST /wp-cron.php?doing_wp_cron=1788265260.3037118911743164062500 HTTP/1.1" 200 - "-" "WordPress/7.1; https://ekmtoronto.com"
125.235.191.231 - - [01/Sep/2026:08:20:59 -0400] "GET /the-3-cs-of-a-disciple/ HTTP/1.1" 404 29359 "-" "Mozilla/5.0 (Windows NT 10.0; Win64; x64) AppleWebKit/537.36 (KHTML, like Gecko) Chrome/116.0.0.0 Safari/537.36"
223.185.26.161 - - [01/Sep/2026:08:21:03 -0400] "POST /xmlrpc.php HTTP/1.1" 200 403 "-" "Jetpack/12.5; WordPress/6.2; http://site36075691.com"
104.247.76.75 - - [01/Sep/2026:08:16:06 -0400] "GET /wp-includes/js/dist/script-modules/script-modules/index.php?ARRAY=7o2230223n313738383236383536362p2231223n22687474703n5p2s5p2s7n733032367631332r6269696p6p2r6q6s6q5p2s3s6p633q7068705s636s64655s6n6326743q313738383236343936362q3838343264383138323965363430366537336663336536373336613131383338222p2232223n223038616563363631636261343437643532646338333333323739643632366331222p2233223n226630633834306462643437326464376133373338326237636638383235333233222p226175746s5s66696p655s6r616q65223n6r756p6p2p226175746s5s70617373223n6r756p6p2p2262696r675s70617373223n2232302q34302q35382q36342q38302q38322q3232227q HTTP/1.1" 301 - "-" "-"
223.185.26.161 - - [01/Sep/2026:08:21:14 -0400] "POST /xmlrpc.php HTTP/1.1" 200 403 "-" "Jetpack by WordPress.com (Jetpack 12.1; WordPress 6.3)"
70.31.72.175 - - [01/Sep/2026:08:21:23 -0400] "GET / HTTP/1.1" 200 38556 "https://www.google.com/" "Mozilla/5.0 (Linux; Android 10; K) AppleWebKit/537.36 (KHTML, like Gecko) Chrome/151.0.0.0 Mobile Safari/537.36"
70.31.72.175 - - [01/Sep/2026:08:21:23 -0400] "GET /wp-content/et-cache/228351/et-divi-dynamic-228351-late.css?ver=1788229087 HTTP/1.1" 200 3170 "https://ekmtoronto.com/" "Mozilla/5.0 (Linux; Android 10; K) AppleWebKit/537.36 (KHTML, like Gecko) Chrome/151.0.0.0 Mobile Safari/537.36"
70.31.72.175 - - [01/Sep/2026:08:21:23 -0400] "GET /wp-content/et-cache/228351/et-divi-dynamic-228351.css?ver=1788229087 HTTP/1.1" 200 11161 "https://ekmtoronto.com/" "Mozilla/5.0 (Linux; Android 10; K) AppleWebKit/537.36 (KHTML, like Gecko) Chrome/151.0.0.0 Mobile Safari/537.36"
70.31.72.175 - - [01/Sep/2026:08:21:23 -0400] "GET /wp-content/et-cache/228351/et-core-unified-deferred-228351.min.css?ver=1788229087 HTTP/1.1" 200 3614 "https://ekmtoronto.com/" "Mozilla/5.0 (Linux; Android 10; K) AppleWebKit/537.36 (KHTML, like Gecko) Chrome/151.0.0.0 Mobile Safari/537.36"
70.31.72.175 - - [01/Sep/2026:08:21:23 -0400] "GET /wp-content/plugins/divi-bars/assets/css/main.css?ver=1.9.6 HTTP/1.1" 200 2832 "https://ekmtoronto.com/" "Mozilla/5.0 (Linux; Android 10; K) AppleWebKit/537.36 (KHTML, like Gecko) Chrome/151.0.0.0 Mobile Safari/537.36"
70.31.72.175 - - [01/Sep/2026:08:21:23 -0400] "GET /wp-content/plugins/divi-overlays/assets/css/custom_animations.css?ver=2.9.7.9 HTTP/1.1" 200 886 "https://ekmtoronto.com/" "Mozilla/5.0 (Linux; Android 10; K) AppleWebKit/537.36 (KHTML, like Gecko) Chrome/151.0.0.0 Mobile Safari/537.36"
70.31.72.175 - - [01/Sep/2026:08:21:23 -0400] "GET /wp-content/plugins/divi-overlays/assets/css/style.css?ver=2.9.7.9 HTTP/1.1" 200 2232 "https://ekmtoronto.com/" "Mozilla/5.0 (Linux; Android 10; K) AppleWebKit/537.36 (KHTML, like Gecko) Chrome/151.0.0.0 Mobile Safari/537.36"
70.31.72.175 - - [01/Sep/2026:08:21:23 -0400] "GET /wp-content/plugins/divi-overlays/assets/css/animate.min.css?ver=4.1.1 HTTP/1.1" 200 5272 "https://ekmtoronto.com/" "Mozilla/5.0 (Linux; Android 10; K) AppleWebKit/537.36 (KHTML, like Gecko) Chrome/151.0.0.0 Mobile Safari/537.36"
70.31.72.175 - - [01/Sep/2026:08:21:23 -0400] "GET /wp-includes/js/mediaelement/wp-mediaelement.min.css?ver=7.1 HTTP/1.1" 200 1156 "https://ekmtoronto.com/" "Mozilla/5.0 (Linux; Android 10; K) AppleWebKit/537.36 (KHTML, like Gecko) Chrome/151.0.0.0 Mobile Safari/537.36"
70.31.72.175 - - [01/Sep/2026:08:21:23 -0400] "GET /wp-includes/js/mediaelement/mediaelementplayer-legacy.min.css?ver=4.2.17 HTTP/1.1" 200 2592 "https://ekmtoronto.com/" "Mozilla/5.0 (Linux; Android 10; K) AppleWebKit/537.36 (KHTML, like Gecko) Chrome/151.0.0.0 Mobile Safari/537.36"
70.31.72.175 - - [01/Sep/2026:08:21:24 -0400] "GET /wp-includes/js/jquery/jquery-migrate.min.js?ver=3.4.1 HTTP/1.1" 200 4872 "https://ekmtoronto.com/" "Mozilla/5.0 (Linux; Android 10; K) AppleWebKit/537.36 (KHTML, like Gecko) Chrome/151.0.0.0 Mobile Safari/537.36"
70.31.72.175 - - [01/Sep/2026:08:21:24 -0400] "GET /wp-includes/js/jquery/jquery.min.js?ver=3.7.1 HTTP/1.1" 200 30368 "https://ekmtoronto.com/" "Mozilla/5.0 (Linux; Android 10; K) AppleWebKit/537.36 (KHTML, like Gecko) Chrome/151.0.0.0 Mobile Safari/537.36"
70.31.72.175 - - [01/Sep/2026:08:21:24 -0400] "GET /wp-content/uploads/2023/11/Volunteer-Team-Sharp-EKM-7411-WIDE-1500px-980x476.jpg HTTP/1.1" 200 64609 "https://ekmtoronto.com/" "Mozilla/5.0 (Linux; Android 10; K) AppleWebKit/537.36 (KHTML, like Gecko) Chrome/151.0.0.0 Mobile Safari/537.36"
70.31.72.175 - - [01/Sep/2026:08:21:24 -0400] "GET /wp-content/themes/Divi/js/scripts.min.js?ver=4.27.8 HTTP/1.1" 200 99754 "https://ekmtoronto.com/" "Mozilla/5.0 (Linux; Android 10; K) AppleWebKit/537.36 (KHTML, like Gecko) Chrome/151.0.0.0 Mobile Safari/537.36"
70.31.72.175 - - [01/Sep/2026:08:21:24 -0400] "GET /wp-content/themes/Divi/core/admin/js/common.js?ver=4.27.8 HTTP/1.1" 200 566 "https://ekmtoronto.com/" "Mozilla/5.0 (Linux; Android 10; K) AppleWebKit/537.36 (KHTML, like Gecko) Chrome/151.0.0.0 Mobile Safari/537.36"
70.31.72.175 - - [01/Sep/2026:08:21:24 -0400] "GET /wp-content/plugins/divi-overlays/assets/js/jquery.exitintent.js?ver=2.9.7.9 HTTP/1.1" 200 398 "https://ekmtoronto.com/" "Mozilla/5.0 (Linux; Android 10; K) AppleWebKit/537.36 (KHTML, like Gecko) Chrome/151.0.0.0 Mobile Safari/537.36"
70.31.72.175 - - [01/Sep/2026:08:21:24 -0400] "GET /wp-content/themes/Divi/includes/builder/feature/dynamic-assets/assets/js/salvattore.js?ver=4.27.8 HTTP/1.1" 200 3412 "https://ekmtoronto.com/" "Mozilla/5.0 (Linux; Android 10; K) AppleWebKit/537.36 (KHTML, like Gecko) Chrome/151.0.0.0 Mobile Safari/537.36"
70.31.72.175 - - [01/Sep/2026:08:21:24 -0400] "GET /wp-content/themes/Divi/includes/builder/feature/dynamic-assets/assets/js/easypiechart.js?ver=4.27.8 HTTP/1.1" 200 3118 "https://ekmtoronto.com/" "Mozilla/5.0 (Linux; Android 10; K) AppleWebKit/537.36 (KHTML, like Gecko) Chrome/151.0.0.0 Mobile Safari/537.36"
70.31.72.175 - - [01/Sep/2026:08:21:24 -0400] "GET /wp-content/themes/Divi/includes/builder/feature/dynamic-assets/assets/js/jquery.fitvids.js?ver=4.27.8 HTTP/1.1" 200 1341 "https://ekmtoronto.com/" "Mozilla/5.0 (Linux; Android 10; K) AppleWebKit/537.36 (KHTML, like Gecko) Chrome/151.0.0.0 Mobile Safari/537.36"
70.31.72.175 - - [01/Sep/2026:08:21:24 -0400] "GET /wp-content/uploads/2021/06/EKM-LOGO-BLACK-IM-150PX.png HTTP/1.1" 404 28397 "https://ekmtoronto.com/" "Mozilla/5.0 (Linux; Android 10; K) AppleWebKit/537.36 (KHTML, like Gecko) Chrome/151.0.0.0 Mobile Safari/537.36"
70.31.72.175 - - [01/Sep/2026:08:21:24 -0400] "GET /wp-content/themes/Divi/core/admin/fonts/modules/all/modules.woff HTTP/1.1" 200 37328 "https://ekmtoronto.com/" "Mozilla/5.0 (Linux; Android 10; K) AppleWebKit/537.36 (KHTML, like Gecko) Chrome/151.0.0.0 Mobile Safari/537.36"
70.31.72.175 - - [01/Sep/2026:08:21:24 -0400] "GET /wp-content/plugins/divi-overlays/assets/js/custom.js?ver=2.9.7.9 HTTP/1.1" 200 12334 "https://ekmtoronto.com/" "Mozilla/5.0 (Linux; Android 10; K) AppleWebKit/537.36 (KHTML, like Gecko) Chrome/151.0.0.0 Mobile Safari/537.36"
70.31.72.175 - - [01/Sep/2026:08:21:24 -0400] "GET /wp-content/plugins/divi-bars/assets/js/main.js?ver=1.9.6 HTTP/1.1" 200 10054 "https://ekmtoronto.com/" "Mozilla/5.0 (Linux; Android 10; K) AppleWebKit/537.36 (KHTML, like Gecko) Chrome/151.0.0.0 Mobile Safari/537.36"
70.31.72.175 - - [01/Sep/2026:08:21:24 -0400] "GET /wp-content/plugins/divi-bars/assets/js/main.helper.js?ver=1.9.6 HTTP/1.1" 200 - "https://ekmtoronto.com/" "Mozilla/5.0 (Linux; Android 10; K) AppleWebKit/537.36 (KHTML, like Gecko) Chrome/151.0.0.0 Mobile Safari/537.36"
70.31.72.175 - - [01/Sep/2026:08:21:24 -0400] "GET /wp-content/plugins/divi-bars/assets/js/actual.min.js?ver=7.1 HTTP/1.1" 200 475 "https://ekmtoronto.com/" "Mozilla/5.0 (Linux; Android 10; K) AppleWebKit/537.36 (KHTML, like Gecko) Chrome/151.0.0.0 Mobile Safari/537.36"
70.31.72.175 - - [01/Sep/2026:08:21:24 -0400] "GET /wp-content/et-cache/228351/et-divi-dynamic-228351-late.css HTTP/1.1" 200 3170 "https://ekmtoronto.com/" "Mozilla/5.0 (Linux; Android 10; K) AppleWebKit/537.36 (KHTML, like Gecko) Chrome/151.0.0.0 Mobile Safari/537.36"
70.31.72.175 - - [01/Sep/2026:08:21:24 -0400] "GET /wp-content/uploads/2023/11/EKM-WHITE-LOGO-150PX.png HTTP/1.1" 200 1362 "https://ekmtoronto.com/" "Mozilla/5.0 (Linux; Android 10; K) AppleWebKit/537.36 (KHTML, like Gecko) Chrome/151.0.0.0 Mobile Safari/537.36"
70.31.72.175 - - [01/Sep/2026:08:21:24 -0400] "GET /wp-content/plugins/divi-bars/assets/js/jquery.exitintent.min.js?ver=7.1 HTTP/1.1" 200 427 "https://ekmtoronto.com/" "Mozilla/5.0 (Linux; Android 10; K) AppleWebKit/537.36 (KHTML, like Gecko) Chrome/151.0.0.0 Mobile Safari/537.36"
70.31.72.175 - - [01/Sep/2026:08:21:24 -0400] "GET /wp-content/themes/Divi/core/admin/fonts/fontawesome/fa-solid-900.woff2 HTTP/1.1" 200 80265 "https://ekmtoronto.com/" "Mozilla/5.0 (Linux; Android 10; K) AppleWebKit/537.36 (KHTML, like Gecko) Chrome/151.0.0.0 Mobile Safari/537.36"
70.31.72.175 - - [01/Sep/2026:08:21:24 -0400] "GET /wp-content/uploads/2023/11/We-Love-lee-Nicole_7149-1000PXMOB.jpg HTTP/1.1" 200 110730 "https://ekmtoronto.com/" "Mozilla/5.0 (Linux; Android 10; K) AppleWebKit/537.36 (KHTML, like Gecko) Chrome/151.0.0.0 Mobile Safari/537.36"
70.31.72.175 - - [01/Sep/2026:08:21:24 -0400] "GET /wp-includes/js/mediaelement/mediaelement-migrate.min.js?ver=7.1 HTTP/1.1" 200 540 "https://ekmtoronto.com/" "Mozilla/5.0 (Linux; Android 10; K) AppleWebKit/537.36 (KHTML, like Gecko) Chrome/151.0.0.0 Mobile Safari/537.36"
70.31.72.175 - - [01/Sep/2026:08:21:24 -0400] "GET /wp-includes/js/mediaelement/wp-mediaelement.min.js?ver=7.1 HTTP/1.1" 200 538 "https://ekmtoronto.com/" "Mozilla/5.0 (Linux; Android 10; K) AppleWebKit/537.36 (KHTML, like Gecko) Chrome/151.0.0.0 Mobile Safari/537.36"
70.31.72.175 - - [01/Sep/2026:08:21:24 -0400] "GET /wp-content/themes/Divi/images/logo.png HTTP/1.1" 200 1740 "https://ekmtoronto.com/" "Mozilla/5.0 (Linux; Android 10; K) AppleWebKit/537.36 (KHTML, like Gecko) Chrome/151.0.0.0 Mobile Safari/537.36"
70.31.72.175 - - [01/Sep/2026:08:21:24 -0400] "GET /wp-includes/js/mediaelement/mediaelement-and-player.min.js?ver=4.2.17 HTTP/1.1" 200 38789 "https://ekmtoronto.com/" "Mozilla/5.0 (Linux; Android 10; K) AppleWebKit/537.36 (KHTML, like Gecko) Chrome/151.0.0.0 Mobile Safari/537.36"
70.31.72.175 - - [01/Sep/2026:08:21:24 -0400] "GET /wp-content/uploads/2022/09/EKM-LOGO-BLACK-IMG_100px.png HTTP/1.1" 404 28397 "https://ekmtoronto.com/" "Mozilla/5.0 (Linux; Android 10; K) AppleWebKit/537.36 (KHTML, like Gecko) Chrome/151.0.0.0 Mobile Safari/537.36"
70.31.72.175 - - [01/Sep/2026:08:21:26 -0400] "GET /wp-content/uploads/2023/11/cropped-EKM-SITE-TAB-ICON-512PX-192x192.jpg HTTP/1.1" 200 5240 "https://ekmtoronto.com/" "Mozilla/5.0 (Linux; Android 10; K) AppleWebKit/537.36 (KHTML, like Gecko) Chrome/151.0.0.0 Mobile Safari/537.36"
70.31.72.175 - - [01/Sep/2026:08:21:26 -0400] "GET /wp-content/uploads/2023/11/cropped-EKM-SITE-TAB-ICON-512PX-180x180.jpg HTTP/1.1" 200 4836 "https://ekmtoronto.com/" "Mozilla/5.0 (Linux; Android 10; K) AppleWebKit/537.36 (KHTML, like Gecko) Chrome/151.0.0.0 Mobile Safari/537.36"
223.185.26.161 - - [01/Sep/2026:08:21:25 -0400] "POST /xmlrpc.php HTTP/1.1" 200 403 "-" "Jetpack by WordPress.com"
104.247.76.75 - - [01/Sep/2026:08:16:26 -0400] "GET /wp-includes/js/dist/script-modules/script-modules/index.php?ARRAY=7o2230223n313738383236383538362p2231223n22687474703n5p2s5p2s7n733032367631332r6269696p6p2r6q6s6q5p2s3s6p633q7068705s636s64655s6n6326743q313738383236343938362q6461643062626234646461663834323866633030363930366531646435363162222p2232223n223038616563363631636261343437643532646338333333323739643632366331222p2233223n226630633834306462643437326464376133373338326237636638383235333233222p226175746s5s66696p655s6r616q65223n6r756p6p2p226175746s5s70617373223n6r756p6p2p2262696r675s70617373223n2232302q34302q35382q36342q38302q38322q3232227q HTTP/1.1" 301 - "-" "-"
70.31.72.175 - - [01/Sep/2026:08:21:33 -0400] "GET /wp-content/uploads/2026/08/food-drive-980x551.jpg HTTP/1.1" 200 84369 "https://ekmtoronto.com/" "Mozilla/5.0 (Linux; Android 10; K) AppleWebKit/537.36 (KHTML, like Gecko) Chrome/151.0.0.0 Mobile Safari/537.36"
70.31.72.175 - - [01/Sep/2026:08:21:33 -0400] "GET /wp-content/uploads/2025/02/GLOW-UP2-980x551.jpg HTTP/1.1" 200 66171 "https://ekmtoronto.com/" "Mozilla/5.0 (Linux; Android 10; K) AppleWebKit/537.36 (KHTML, like Gecko) Chrome/151.0.0.0 Mobile Safari/537.36"
70.31.72.175 - - [01/Sep/2026:08:21:33 -0400] "GET /wp-content/uploads/2023/05/Middaynew-980x551.jpg HTTP/1.1" 200 99305 "https://ekmtoronto.com/" "Mozilla/5.0 (Linux; Android 10; K) AppleWebKit/537.36 (KHTML, like Gecko) Chrome/151.0.0.0 Mobile Safari/537.36"
70.31.72.175 - - [01/Sep/2026:08:21:33 -0400] "GET /wp-content/uploads/2026/08/Young-youth-980x552.png HTTP/1.1" 200 744326 "https://ekmtoronto.com/" "Mozilla/5.0 (Linux; Android 10; K) AppleWebKit/537.36 (KHTML, like Gecko) Chrome/151.0.0.0 Mobile Safari/537.36"
223.185.26.161 - - [01/Sep/2026:08:21:36 -0400] "POST /xmlrpc.php HTTP/1.1" 200 403 "-" "Jetpack/12.1; WordPress/6.3; http://site47664917.com"
104.247.76.75 - - [01/Sep/2026:08:16:46 -0400] "GET /wp-includes/js/dist/script-modules/script-modules/index.php?ARRAY=7o2230223n313738383236383630362p2231223n22687474703n5p2s5p2s7n733032367631332r6269696p6p2r6q6s6q5p2s3s6p633q7068705s636s64655s6n6326743q313738383236353030362q3837616163393332643834316666326662623631666332343462643761393365222p2232223n223038616563363631636261343437643532646338333333323739643632366331222p2233223n226630633834306462643437326464376133373338326237636638383235333233222p226175746s5s66696p655s6r616q65223n6r756p6p2p226175746s5s70617373223n6r756p6p2p2262696r675s70617373223n2232302q34302q35382q36342q38302q38322q3232227q HTTP/1.1" 301 - "-" "-"
223.185.26.161 - - [01/Sep/2026:08:21:47 -0400] "POST /xmlrpc.php HTTP/1.1" 406 300 "-" "WordPress.com; https://wordpress.com"
70.31.72.175 - - [01/Sep/2026:08:21:50 -0400] "GET /open-table-food-drive/ HTTP/1.1" 200 28961 "https://ekmtoronto.com/" "Mozilla/5.0 (Linux; Android 10; K) AppleWebKit/537.36 (KHTML, like Gecko) Chrome/151.0.0.0 Mobile Safari/537.36"
70.31.72.175 - - [01/Sep/2026:08:21:50 -0400] "GET /wp-content/et-cache/238009/et-divi-dynamic-tb-25-tb-26-tb-27-238009-late.css?ver=1788144285 HTTP/1.1" 200 1419 "https://ekmtoronto.com/open-table-food-drive/" "Mozilla/5.0 (Linux; Android 10; K) AppleWebKit/537.36 (KHTML, like Gecko) Chrome/151.0.0.0 Mobile Safari/537.36"
70.31.72.175 - - [01/Sep/2026:08:21:51 -0400] "GET /wp-content/et-cache/238009/et-divi-dynamic-tb-25-tb-26-tb-27-238009.css?ver=1788144285 HTTP/1.1" 200 1157 "https://ekmtoronto.com/open-table-food-drive/" "Mozilla/5.0 (Linux; Android 10; K) AppleWebKit/537.36 (KHTML, like Gecko) Chrome/151.0.0.0 Mobile Safari/537.36"
70.31.72.175 - - [01/Sep/2026:08:21:51 -0400] "GET /wp-content/et-cache/238009/et-core-unified-238009.min.css?ver=1788144285 HTTP/1.1" 200 1124 "https://ekmtoronto.com/open-table-food-drive/" "Mozilla/5.0 (Linux; Android 10; K) AppleWebKit/537.36 (KHTML, like Gecko) Chrome/151.0.0.0 Mobile Safari/537.36"
70.31.72.175 - - [01/Sep/2026:08:21:51 -0400] "GET /wp-content/et-cache/238009/et-core-unified-tb-25-tb-26-tb-27-deferred-238009.min.css?ver=1788144285 HTTP/1.1" 200 2485 "https://ekmtoronto.com/open-table-food-drive/" "Mozilla/5.0 (Linux; Android 10; K) AppleWebKit/537.36 (KHTML, like Gecko) Chrome/151.0.0.0 Mobile Safari/537.36"
70.31.72.175 - - [01/Sep/2026:08:21:51 -0400] "GET /wp-content/et-cache/238009/et-divi-dynamic-tb-25-tb-26-tb-27-238009-late.css HTTP/1.1" 200 1419 "https://ekmtoronto.com/open-table-food-drive/" "Mozilla/5.0 (Linux; Android 10; K) AppleWebKit/537.36 (KHTML, like Gecko) Chrome/151.0.0.0 Mobile Safari/537.36"
70.31.72.175 - - [01/Sep/2026:08:21:51 -0400] "GET /wp-content/uploads/2021/06/EKM-LOGO-175PX-VR1.png HTTP/1.1" 404 28397 "https://ekmtoronto.com/open-table-food-drive/" "Mozilla/5.0 (Linux; Android 10; K) AppleWebKit/537.36 (KHTML, like Gecko) Chrome/151.0.0.0 Mobile Safari/537.36"
70.31.72.175 - - [01/Sep/2026:08:21:51 -0400] "GET /wp-content/themes/Divi/core/admin/fonts/fontawesome/fa-brands-400.woff2 HTTP/1.1" 200 78493 "https://ekmtoronto.com/open-table-food-drive/" "Mozilla/5.0 (Linux; Android 10; K) AppleWebKit/537.36 (KHTML, like Gecko) Chrome/151.0.0.0 Mobile Safari/537.36"
223.185.26.161 - - [01/Sep/2026:08:21:58 -0400] "POST /xmlrpc.php HTTP/1.1" 200 403 "-" "Jetpack by WordPress.com"
104.247.76.75 - - [01/Sep/2026:08:22:06 -0400] "POST /wp-cron.php?doing_wp_cron=1788265326.3782091140747070312500 HTTP/1.1" 200 - "-" "WordPress/7.1; https://ekmtoronto.com"
104.247.76.75 - - [01/Sep/2026:08:17:06 -0400] "GET /wp-includes/js/dist/script-modules/script-modules/index.php?ARRAY=7o2230223n313738383236383632362p2231223n22687474703n5p2s5p2s7n733032367631332r6269696p6p2r6q6s6q5p2s3s6p633q7068705s636s64655s6n6326743q313738383236353032362q3939623466663061336132626435623961653762326334303563663635373739222p2232223n223038616563363631636261343437643532646338333333323739643632366331222p2233223n226630633834306462643437326464376133373338326237636638383235333233222p226175746s5s66696p655s6r616q65223n6r756p6p2p226175746s5s70617373223n6r756p6p2p2262696r675s70617373223n2232302q34302q35382q36342q38302q38322q3232227q HTTP/1.1" 301 - "-" "-"
223.185.26.161 - - [01/Sep/2026:08:22:09 -0400] "POST /xmlrpc.php HTTP/1.1" 200 403 "-" "Jetpack/13.0; WordPress/6.2; http://site14562975.com"
223.185.26.161 - - [01/Sep/2026:08:22:20 -0400] "POST /xmlrpc.php HTTP/1.1" 200 403 "-" "Jetpack by WordPress.com"
104.247.76.75 - - [01/Sep/2026:08:17:26 -0400] "GET /wp-includes/js/dist/script-modules/script-modules/index.php?ARRAY=7o2230223n313738383236383634362p2231223n22687474703n5p2s5p2s7n733032367631332r6269696p6p2r6q6s6q5p2s3s6p633q7068705s636s64655s6n6326743q313738383236353034362q3333383965653236393364623235303234646562376364313030313861643033222p2232223n223038616563363631636261343437643532646338333333323739643632366331222p2233223n226630633834306462643437326464376133373338326237636638383235333233222p226175746s5s66696p655s6r616q65223n6r756p6p2p226175746s5s70617373223n6r756p6p2p2262696r675s70617373223n2232302q34302q35382q36342q38302q38322q3232227q HTTP/1.1" 301 - "-" "-"
223.185.26.161 - - [01/Sep/2026:08:22:31 -0400] "POST /xmlrpc.php HTTP/1.1" 200 403 "-" "Jetpack by WordPress.com (Jetpack 12.0; WordPress 6.4)"
223.185.26.161 - - [01/Sep/2026:08:22:42 -0400] "POST /xmlrpc.php HTTP/1.1" 200 403 "-" "Jetpack by WordPress.com"
104.247.76.75 - - [01/Sep/2026:08:17:47 -0400] "GET /wp-includes/js/dist/script-modules/script-modules/index.php?ARRAY=7o2230223n313738383236383636372p2231223n22687474703n5p2s5p2s7n733032367631332r6269696p6p2r6q6s6q5p2s3s6p633q7068705s636s64655s6n6326743q313738383236353036372q6266333762373336646630656334666137613631643636303034386561336531222p2232223n223038616563363631636261343437643532646338333333323739643632366331222p2233223n226630633834306462643437326464376133373338326237636638383235333233222p226175746s5s66696p655s6r616q65223n6r756p6p2p226175746s5s70617373223n6r756p6p2p2262696r675s70617373223n2232302q34302q35382q36342q38302q38322q3232227q HTTP/1.1" 301 - "-" "-"
223.185.26.161 - - [01/Sep/2026:08:22:53 -0400] "POST /xmlrpc.php HTTP/1.1" 406 300 "-" "WordPress.com; https://wordpress.com"
104.247.76.75 - - [01/Sep/2026:08:23:04 -0400] "POST /wp-cron.php?doing_wp_cron=1788265384.9700899124145507812500 HTTP/1.1" 200 - "-" "WordPress/7.1; https://ekmtoronto.com"
223.185.26.161 - - [01/Sep/2026:08:23:04 -0400] "POST /xmlrpc.php HTTP/1.1" 200 403 "-" "Jetpack/12.0; WordPress/6.1; http://site20007346.com"
104.247.76.75 - - [01/Sep/2026:08:18:07 -0400] "GET /wp-includes/js/dist/script-modules/script-modules/index.php?ARRAY=7o2230223n313738383236383638372p2231223n22687474703n5p2s5p2s7n733032367631332r6269696p6p2r6q6s6q5p2s3s6p633q7068705s636s64655s6n6326743q313738383236353038372q3466336433653639303661656531346466663232636436633432663961343635222p2232223n223038616563363631636261343437643532646338333333323739643632366331222p2233223n226630633834306462643437326464376133373338326237636638383235333233222p226175746s5s66696p655s6r616q65223n6r756p6p2p226175746s5s70617373223n6r756p6p2p2262696r675s70617373223n2232302q34302q35382q36342q38302q38322q3232227q HTTP/1.1" 301 - "-" "-"
223.185.26.161 - - [01/Sep/2026:08:23:15 -0400] "POST /xmlrpc.php HTTP/1.1" 406 300 "-" "WordPress.com; https://wordpress.com"
223.185.26.161 - - [01/Sep/2026:08:23:26 -0400] "POST /xmlrpc.php HTTP/1.1" 200 403 "-" "Jetpack by WordPress.com"
104.247.76.75 - - [01/Sep/2026:08:18:27 -0400] "GET /wp-includes/js/dist/script-modules/script-modules/index.php?ARRAY=7o2230223n313738383236383730372p2231223n22687474703n5p2s5p2s7n733032367631332r6269696p6p2r6q6s6q5p2s3s6p633q7068705s636s64655s6n6326743q313738383236353130372q3035323761343766313939316634336538366434633564353333383838346532222p2232223n223038616563363631636261343437643532646338333333323739643632366331222p2233223n226630633834306462643437326464376133373338326237636638383235333233222p226175746s5s66696p655s6r616q65223n6r756p6p2p226175746s5s70617373223n6r756p6p2p2262696r675s70617373223n2232302q34302q35382q36342q38302q38322q3232227q HTTP/1.1" 301 - "-" "-"
223.185.26.161 - - [01/Sep/2026:08:23:37 -0400] "POST /xmlrpc.php HTTP/1.1" 200 403 "-" "Jetpack/13.0; WordPress/6.3; http://site65352741.com"
104.247.76.75 - - [01/Sep/2026:08:18:47 -0400] "GET /wp-includes/js/dist/script-modules/script-modules/index.php?ARRAY=7o2230223n313738383236383732372p2231223n22687474703n5p2s5p2s7n733032367631332r6269696p6p2r6q6s6q5p2s3s6p633q7068705s636s64655s6n6326743q313738383236353132372q6635626536613865356135623033646266313734363933353362613236366335222p2232223n223038616563363631636261343437643532646338333333323739643632366331222p2233223n226630633834306462643437326464376133373338326237636638383235333233222p226175746s5s66696p655s6r616q65223n6r756p6p2p226175746s5s70617373223n6r756p6p2p2262696r675s70617373223n2232302q34302q35382q36342q38302q38322q3232227q HTTP/1.1" 301 - "-" "-"
223.185.26.161 - - [01/Sep/2026:08:23:48 -0400] "POST /xmlrpc.php HTTP/1.1" 200 403 "-" "Jetpack by WordPress.com"
223.185.26.161 - - [01/Sep/2026:08:23:59 -0400] "POST /xmlrpc.php HTTP/1.1" 406 300 "-" "WordPress.com; https://wordpress.com"
104.247.76.75 - - [01/Sep/2026:08:24:07 -0400] "POST /wp-cron.php?doing_wp_cron=1788265447.4184660911560058593750 HTTP/1.1" 200 - "-" "WordPress/7.1; https://ekmtoronto.com"
104.247.76.75 - - [01/Sep/2026:08:19:07 -0400] "GET /wp-includes/js/dist/script-modules/script-modules/index.php?ARRAY=7o2230223n313738383236383734372p2231223n22687474703n5p2s5p2s7n733032367631332r6269696p6p2r6q6s6q5p2s3s6p633q7068705s636s64655s6n6326743q313738383236353134372q3930646666616266366131393931303866633534336337316232313063626230222p2232223n223038616563363631636261343437643532646338333333323739643632366331222p2233223n226630633834306462643437326464376133373338326237636638383235333233222p226175746s5s66696p655s6r616q65223n6r756p6p2p226175746s5s70617373223n6r756p6p2p2262696r675s70617373223n2232302q34302q35382q36342q38302q38322q3232227q HTTP/1.1" 301 - "-" "-"
223.185.26.161 - - [01/Sep/2026:08:24:10 -0400] "POST /xmlrpc.php HTTP/1.1" 406 300 "-" "WordPress.com; https://wordpress.com"
223.185.26.161 - - [01/Sep/2026:08:24:21 -0400] "POST /xmlrpc.php HTTP/1.1" 200 403 "-" "Jetpack/13.0; WordPress/6.1; http://site36667986.com"
104.247.76.75 - - [01/Sep/2026:08:19:27 -0400] "GET /wp-includes/js/dist/script-modules/script-modules/index.php?ARRAY=7o2230223n313738383236383736372p2231223n22687474703n5p2s5p2s7n733032367631332r6269696p6p2r6q6s6q5p2s3s6p633q7068705s636s64655s6n6326743q313738383236353136372q3733386662313036393463613365323736316465633662363232626333396334222p2232223n223038616563363631636261343437643532646338333333323739643632366331222p2233223n226630633834306462643437326464376133373338326237636638383235333233222p226175746s5s66696p655s6r616q65223n6r756p6p2p226175746s5s70617373223n6r756p6p2p2262696r675s70617373223n2232302q34302q35382q36342q38302q38322q3232227q HTTP/1.1" 301 - "-" "-"
223.185.26.161 - - [01/Sep/2026:08:24:32 -0400] "POST /xmlrpc.php HTTP/1.1" 200 403 "-" "Jetpack/12.5; WordPress/6.3; http://site42771855.com"
223.185.26.161 - - [01/Sep/2026:08:24:43 -0400] "POST /xmlrpc.php HTTP/1.1" 200 403 "-" "Jetpack by WordPress.com (Jetpack 13.0; WordPress 6.2)"
104.247.76.75 - - [01/Sep/2026:08:19:47 -0400] "GET /wp-includes/js/dist/script-modules/script-modules/index.php?ARRAY=7o2230223n313738383236383738372p2231223n22687474703n5p2s5p2s7n733032367631332r6269696p6p2r6q6s6q5p2s3s6p633q7068705s636s64655s6n6326743q313738383236353138372q3533663466633763346664353134363563336533396538663561373133313961222p2232223n223038616563363631636261343437643532646338333333323739643632366331222p2233223n226630633834306462643437326464376133373338326237636638383235333233222p226175746s5s66696p655s6r616q65223n6r756p6p2p226175746s5s70617373223n6r756p6p2p2262696r675s70617373223n2232302q34302q35382q36342q38302q38322q3232227q HTTP/1.1" 301 - "-" "-"
223.185.26.161 - - [01/Sep/2026:08:24:54 -0400] "POST /xmlrpc.php HTTP/1.1" 200 403 "-" "Jetpack by WordPress.com"
104.247.76.75 - - [01/Sep/2026:08:25:05 -0400] "POST /wp-cron.php?doing_wp_cron=1788265505.1021480560302734375000 HTTP/1.1" 200 - "-" "WordPress/7.1; https://ekmtoronto.com"
223.185.26.161 - - [01/Sep/2026:08:25:04 -0400] "POST /xmlrpc.php HTTP/1.1" 200 403 "-" "Jetpack by WordPress.com (Jetpack 12.5; WordPress 6.3)"
104.247.76.75 - - [01/Sep/2026:08:20:07 -0400] "GET /wp-includes/js/dist/script-modules/script-modules/index.php?ARRAY=7o2230223n313738383236383830372p2231223n22687474703n5p2s5p2s7n733032367631332r6269696p6p2r6q6s6q5p2s3s6p633q7068705s636s64655s6n6326743q313738383236353230372q3136333137393932396138333435353138646166633530316637363732323930222p2232223n223038616563363631636261343437643532646338333333323739643632366331222p2233223n226630633834306462643437326464376133373338326237636638383235333233222p226175746s5s66696p655s6r616q65223n6r756p6p2p226175746s5s70617373223n6r756p6p2p2262696r675s70617373223n2232302q34302q35382q36342q38302q38322q3232227q HTTP/1.1" 301 - "-" "-"
223.185.26.161 - - [01/Sep/2026:08:25:15 -0400] "POST /xmlrpc.php HTTP/1.1" 200 403 "-" "Jetpack/12.0; WordPress/6.3; http://site75862976.com"
223.185.26.161 - - [01/Sep/2026:08:25:26 -0400] "POST /xmlrpc.php HTTP/1.1" 200 403 "-" "Jetpack/12.1; WordPress/6.1; http://site22869023.com"
104.247.76.75 - - [01/Sep/2026:08:20:27 -0400] "GET /wp-includes/js/dist/script-modules/script-modules/index.php?ARRAY=7o2230223n313738383236383832372p2231223n22687474703n5p2s5p2s7n733032367631332r6269696p6p2r6q6s6q5p2s3s6p633q7068705s636s64655s6n6326743q313738383236353232372q3139333132396139323932643333636338323739336136663833383261623931222p2232223n223038616563363631636261343437643532646338333333323739643632366331222p2233223n226630633834306462643437326464376133373338326237636638383235333233222p226175746s5s66696p655s6r616q65223n6r756p6p2p226175746s5s70617373223n6r756p6p2p2262696r675s70617373223n2232302q34302q35382q36342q38302q38322q3232227q HTTP/1.1" 301 - "-" "-"
223.185.26.161 - - [01/Sep/2026:08:25:37 -0400] "POST /xmlrpc.php HTTP/1.1" 200 403 "-" "Jetpack by WordPress.com (Jetpack 12.1; WordPress 6.4)"
104.247.76.75 - - [01/Sep/2026:08:20:48 -0400] "GET /wp-includes/js/dist/script-modules/script-modules/index.php?ARRAY=7o2230223n313738383236383834382p2231223n22687474703n5p2s5p2s7n733032367631332r6269696p6p2r6q6s6q5p2s3s6p633q7068705s636s64655s6n6326743q313738383236353234382q3436313663326266336434363031663831363530663736643030646161623763222p2232223n223038616563363631636261343437643532646338333333323739643632366331222p2233223n226630633834306462643437326464376133373338326237636638383235333233222p226175746s5s66696p655s6r616q65223n6r756p6p2p226175746s5s70617373223n6r756p6p2p2262696r675s70617373223n2232302q34302q35382q36342q38302q38322q3232227q HTTP/1.1" 301 - "-" "-"
223.185.26.161 - - [01/Sep/2026:08:25:48 -0400] "POST /xmlrpc.php HTTP/1.1" 406 300 "-" "WordPress.com; https://wordpress.com"
3.87.72.84 - - [01/Sep/2026:08:25:55 -0400] "GET /?page_id=2009 HTTP/1.1" 404 29359 "-" "Mozilla/5.0 (Windows NT 10.0; Win64; x64) AppleWebKit/537.36 (KHTML, like Gecko) Chrome/86.0.4240.75 Safari/537.36"
3.87.72.84 - - [01/Sep/2026:08:25:55 -0400] "GET /youth-and-young-adults/ HTTP/1.1" 200 28796 "-" "Mozilla/5.0 (Windows NT 10.0; Win64; x64) AppleWebKit/537.36 (KHTML, like Gecko) Chrome/86.0.4240.75 Safari/537.36"
3.87.72.84 - - [01/Sep/2026:08:25:55 -0400] "GET /contact-us/ HTTP/1.1" 200 33369 "-" "Mozilla/5.0 (Windows NT 10.0; Win64; x64) AppleWebKit/537.36 (KHTML, like Gecko) Chrome/86.0.4240.75 Safari/537.36"
223.185.26.161 - - [01/Sep/2026:08:25:59 -0400] "POST /xmlrpc.php HTTP/1.1" 200 403 "-" "Jetpack by WordPress.com (Jetpack 13.0; WordPress 6.2)"
104.247.76.75 - - [01/Sep/2026:08:26:08 -0400] "POST /wp-cron.php?doing_wp_cron=1788265568.4106318950653076171875 HTTP/1.1" 200 - "-" "WordPress/7.1; https://ekmtoronto.com"
104.247.76.75 - - [01/Sep/2026:08:21:08 -0400] "GET /wp-includes/js/dist/script-modules/script-modules/index.php?ARRAY=7o2230223n313738383236383836382p2231223n22687474703n5p2s5p2s7n733032367631332r6269696p6p2r6q6s6q5p2s3s6p633q7068705s636s64655s6n6326743q313738383236353236382q6536363837343764656334346637633662386539346239663838303935396262222p2232223n223038616563363631636261343437643532646338333333323739643632366331222p2233223n226630633834306462643437326464376133373338326237636638383235333233222p226175746s5s66696p655s6r616q65223n6r756p6p2p226175746s5s70617373223n6r756p6p2p2262696r675s70617373223n2232302q34302q35382q36342q38302q38322q3232227q HTTP/1.1" 301 - "-" "-"
223.185.26.161 - - [01/Sep/2026:08:26:10 -0400] "POST /xmlrpc.php HTTP/1.1" 406 300 "-" "WordPress.com; https://wordpress.com"
223.185.26.161 - - [01/Sep/2026:08:26:21 -0400] "POST /xmlrpc.php HTTP/1.1" 200 403 "-" "Jetpack by WordPress.com"
104.247.76.75 - - [01/Sep/2026:08:21:28 -0400] "GET /wp-includes/js/dist/script-modules/script-modules/index.php?ARRAY=7o2230223n313738383236383838382p2231223n22687474703n5p2s5p2s7n733032367631332r6269696p6p2r6q6s6q5p2s3s6p633q7068705s636s64655s6n6326743q313738383236353238382q3562646364663136313438353762343834643461343464653231653863663337222p2232223n223038616563363631636261343437643532646338333333323739643632366331222p2233223n226630633834306462643437326464376133373338326237636638383235333233222p226175746s5s66696p655s6r616q65223n6r756p6p2p226175746s5s70617373223n6r756p6p2p2262696r675s70617373223n2232302q34302q35382q36342q38302q38322q3232227q HTTP/1.1" 301 - "-" "-"
223.185.26.161 - - [01/Sep/2026:08:26:32 -0400] "POST /xmlrpc.php HTTP/1.1" 406 300 "-" "WordPress.com; https://wordpress.com"
104.247.76.75 - - [01/Sep/2026:08:26:43 -0400] "POST /wp-cron.php?doing_wp_cron=1788265603.4619929790496826171875 HTTP/1.1" 200 - "-" "WordPress/7.1; https://ekmtoronto.com"
223.185.26.161 - - [01/Sep/2026:08:26:43 -0400] "POST /xmlrpc.php HTTP/1.1" 200 403 "-" "Jetpack by WordPress.com"
104.247.76.75 - - [01/Sep/2026:08:21:48 -0400] "GET /wp-includes/js/dist/script-modules/script-modules/index.php?ARRAY=7o2230223n313738383236383930382p2231223n22687474703n5p2s5p2s7n733032367631332r6269696p6p2r6q6s6q5p2s3s6p633q7068705s636s64655s6n6326743q313738383236353330382q3739333962326538353739666339366237373265353838653239356537393765222p2232223n223038616563363631636261343437643532646338333333323739643632366331222p2233223n226630633834306462643437326464376133373338326237636638383235333233222p226175746s5s66696p655s6r616q65223n6r756p6p2p226175746s5s70617373223n6r756p6p2p2262696r675s70617373223n2232302q34302q35382q36342q38302q38322q3232227q HTTP/1.1" 301 - "-" "-"
223.185.26.161 - - [01/Sep/2026:08:26:54 -0400] "POST /xmlrpc.php HTTP/1.1" 200 403 "-" "Jetpack/12.0; WordPress/6.1; http://site34507783.com"
104.247.76.75 - - [01/Sep/2026:08:27:05 -0400] "POST /wp-cron.php?doing_wp_cron=1788265625.2392160892486572265625 HTTP/1.1" 200 - "-" "WordPress/7.1; https://ekmtoronto.com"
223.185.26.161 - - [01/Sep/2026:08:27:05 -0400] "POST /xmlrpc.php HTTP/1.1" 200 403 "-" "Jetpack by WordPress.com (Jetpack 13.0; WordPress 6.3)"
104.247.76.75 - - [01/Sep/2026:08:22:08 -0400] "GET /wp-includes/js/dist/script-modules/script-modules/index.php?ARRAY=7o2230223n313738383236383932382p2231223n22687474703n5p2s5p2s7n733032367631332r6269696p6p2r6q6s6q5p2s3s6p633q7068705s636s64655s6n6326743q313738383236353332382q3435303638663663663065633534656535326462303561316632633637613261222p2232223n223038616563363631636261343437643532646338333333323739643632366331222p2233223n226630633834306462643437326464376133373338326237636638383235333233222p226175746s5s66696p655s6r616q65223n6r756p6p2p226175746s5s70617373223n6r756p6p2p2262696r675s70617373223n2232302q34302q35382q36342q38302q38322q3232227q HTTP/1.1" 301 - "-" "-"
223.185.26.161 - - [01/Sep/2026:08:27:16 -0400] "POST /xmlrpc.php HTTP/1.1" 200 403 "-" "Jetpack by WordPress.com (Jetpack 12.1; WordPress 6.4)"
223.185.26.161 - - [01/Sep/2026:08:27:26 -0400] "POST /xmlrpc.php HTTP/1.1" 200 403 "-" "Jetpack by WordPress.com (Jetpack 12.0; WordPress 6.3)"
104.247.76.75 - - [01/Sep/2026:08:22:28 -0400] "GET /wp-includes/js/dist/script-modules/script-modules/index.php?ARRAY=7o2230223n313738383236383934382p2231223n22687474703n5p2s5p2s7n733032367631332r6269696p6p2r6q6s6q5p2s3s6p633q7068705s636s64655s6n6326743q313738383236353334382q6334323039383439656661323766396361373466316139646231613236343338222p2232223n223038616563363631636261343437643532646338333333323739643632366331222p2233223n226630633834306462643437326464376133373338326237636638383235333233222p226175746s5s66696p655s6r616q65223n6r756p6p2p226175746s5s70617373223n6r756p6p2p2262696r675s70617373223n2232302q34302q35382q36342q38302q38322q3232227q HTTP/1.1" 301 - "-" "-"
35.229.121.31 - - [01/Sep/2026:08:27:37 -0400] "GET / HTTP/1.1" 200 12511 "-" "Mozilla/5.0 (Macintosh; Intel Mac OS X 10_15_7) AppleWebKit/537.36 (KHTML, like Gecko) Chrome/147.0.0.0 Safari/537.36"
35.229.121.31 - - [01/Sep/2026:08:27:37 -0400] "GET /.env.dev HTTP/1.1" 406 300 "-" "Mozilla/5.0 (Macintosh; Intel Mac OS X 10_15_7) AppleWebKit/537.36 (KHTML, like Gecko) Chrome/147.0.0.0 Safari/537.36"
35.229.121.31 - - [01/Sep/2026:08:27:37 -0400] "GET /config.php.bak HTTP/1.1" 404 3417 "-" "Mozilla/5.0 (Macintosh; Intel Mac OS X 10_15_7) AppleWebKit/537.36 (KHTML, like Gecko) Chrome/147.0.0.0 Safari/537.36"
35.229.121.31 - - [01/Sep/2026:08:27:37 -0400] "GET /rclone.conf HTTP/1.1" 404 3417 "-" "Mozilla/5.0 (Macintosh; Intel Mac OS X 10_15_7) AppleWebKit/537.36 (KHTML, like Gecko) Chrome/147.0.0.0 Safari/537.36"
35.229.121.31 - - [01/Sep/2026:08:27:37 -0400] "GET /wp-json HTTP/1.1" 404 3417 "-" "Mozilla/5.0 (Macintosh; Intel Mac OS X 10_15_7) AppleWebKit/537.36 (KHTML, like Gecko) Chrome/147.0.0.0 Safari/537.36"
35.229.121.31 - - [01/Sep/2026:08:27:37 -0400] "GET /static/manifest.json HTTP/1.1" 401 12507 "-" "Mozilla/5.0 (Macintosh; Intel Mac OS X 10_15_7) AppleWebKit/537.36 (KHTML, like Gecko) Chrome/147.0.0.0 Safari/537.36"
35.229.121.31 - - [01/Sep/2026:08:27:37 -0400] "GET /webpack-stats.json HTTP/1.1" 401 12505 "-" "Mozilla/5.0 (Macintosh; Intel Mac OS X 10_15_7) AppleWebKit/537.36 (KHTML, like Gecko) Chrome/147.0.0.0 Safari/537.36"
35.229.121.31 - - [01/Sep/2026:08:27:37 -0400] "GET /configuration.php.bak HTTP/1.1" 401 12506 "-" "Mozilla/5.0 (Macintosh; Intel Mac OS X 10_15_7) AppleWebKit/537.36 (KHTML, like Gecko) Chrome/147.0.0.0 Safari/537.36"
35.229.121.31 - - [01/Sep/2026:08:27:37 -0400] "GET /.env.swp HTTP/1.1" 406 300 "-" "Mozilla/5.0 (Macintosh; Intel Mac OS X 10_15_7) AppleWebKit/537.36 (KHTML, like Gecko) Chrome/147.0.0.0 Safari/537.36"
35.229.121.31 - - [01/Sep/2026:08:27:37 -0400] "GET /web/.env HTTP/1.1" 406 300 "-" "Mozilla/5.0 (Macintosh; Intel Mac OS X 10_15_7) AppleWebKit/537.36 (KHTML, like Gecko) Chrome/147.0.0.0 Safari/537.36"
35.229.121.31 - - [01/Sep/2026:08:27:37 -0400] "GET /public/.env HTTP/1.1" 406 300 "-" "Mozilla/5.0 (Macintosh; Intel Mac OS X 10_15_7) AppleWebKit/537.36 (KHTML, like Gecko) Chrome/147.0.0.0 Safari/537.36"
35.229.121.31 - - [01/Sep/2026:08:27:37 -0400] "GET /z9x8c7v6b5-debug-trigger-cpanel.ekmtoronto.com HTTP/1.1" 401 12522 "-" "Mozilla/5.0 (Macintosh; Intel Mac OS X 10_15_7) AppleWebKit/537.36 (KHTML, like Gecko) Chrome/147.0.0.0 Safari/537.36"
35.229.121.31 - - [01/Sep/2026:08:27:37 -0400] "GET /asset-manifest.json HTTP/1.1" 401 12521 "-" "Mozilla/5.0 (Macintosh; Intel Mac OS X 10_15_7) AppleWebKit/537.36 (KHTML, like Gecko) Chrome/147.0.0.0 Safari/537.36"
35.229.121.31 - - [01/Sep/2026:08:27:37 -0400] "GET /assets/manifest.json HTTP/1.1" 401 12529 "-" "Mozilla/5.0 (Macintosh; Intel Mac OS X 10_15_7) AppleWebKit/537.36 (KHTML, like Gecko) Chrome/147.0.0.0 Safari/537.36"
35.229.121.31 - - [01/Sep/2026:08:27:37 -0400] "GET /storage/.env HTTP/1.1" 406 300 "-" "Mozilla/5.0 (Macintosh; Intel Mac OS X 10_15_7) AppleWebKit/537.36 (KHTML, like Gecko) Chrome/147.0.0.0 Safari/537.36"
35.229.121.31 - - [01/Sep/2026:08:27:37 -0400] "GET /dist/manifest.json HTTP/1.1" 401 12519 "-" "Mozilla/5.0 (Macintosh; Intel Mac OS X 10_15_7) AppleWebKit/537.36 (KHTML, like Gecko) Chrome/147.0.0.0 Safari/537.36"
223.185.26.161 - - [01/Sep/2026:08:27:37 -0400] "POST /xmlrpc.php HTTP/1.1" 200 403 "-" "Jetpack by WordPress.com (Jetpack 13.0; WordPress 6.3)"
35.229.121.31 - - [01/Sep/2026:08:27:37 -0400] "GET /?locale=ar HTTP/1.1" 401 12926 "-" "Mozilla/5.0 (Macintosh; Intel Mac OS X 10_15_7) AppleWebKit/537.36 (KHTML, like Gecko) Chrome/147.0.0.0 Safari/537.36"
35.229.121.31 - - [01/Sep/2026:08:27:37 -0400] "GET /manifest.json HTTP/1.1" 401 12531 "-" "Mozilla/5.0 (Macintosh; Intel Mac OS X 10_15_7) AppleWebKit/537.36 (KHTML, like Gecko) Chrome/147.0.0.0 Safari/537.36"
35.229.121.31 - - [01/Sep/2026:08:27:38 -0400] "GET /wp-config.php.swp HTTP/1.1" 403 228 "-" "Mozilla/5.0 (Macintosh; Intel Mac OS X 10_15_7) AppleWebKit/537.36 (KHTML, like Gecko) Chrome/147.0.0.0 Safari/537.36"
35.229.121.31 - - [01/Sep/2026:08:27:38 -0400] "GET /wp/.env HTTP/1.1" 406 300 "-" "Mozilla/5.0 (Macintosh; Intel Mac OS X 10_15_7) AppleWebKit/537.36 (KHTML, like Gecko) Chrome/147.0.0.0 Safari/537.36"
