179.43.146.218 - - [31/Aug/2026:21:11:08 -0400] "GET /wp-includes/Text/gmkxf1o/toqzuer/hyrqmbo/seo-config.php?action=get_links HTTP/1.1" 500 - "https://cfntoronto.com/" "Mozilla/5.0 (Windows NT 10.0; Win64; x64) AppleWebKit/537.36 (KHTML, like Gecko) Chrome/120.0.0.0 Safari/537.36"
52.167.144.193 - - [31/Aug/2026:21:11:22 -0400] "GET /attonce/t1s1c7h6i2e2g3o3804 HTTP/1.1" 200 33 "-" "Mozilla/5.0 AppleWebKit/537.36 (KHTML, like Gecko; compatible; bingbot/2.0; +http://www.bing.com/bingbot.htm) Chrome/116.0.1938.76 Safari/537.36"
40.77.167.46 - - [31/Aug/2026:21:11:26 -0400] "GET /divisor/g1y2n9a0e0c7i7a7n59 HTTP/1.1" 200 33 "-" "Mozilla/5.0 AppleWebKit/537.36 (KHTML, like Gecko; compatible; bingbot/2.0; +http://www.bing.com/bingbot.htm) Chrome/116.0.1938.76 Safari/537.36"
40.77.167.132 - - [31/Aug/2026:21:11:26 -0400] "GET /?v=t3e6e5t9h3i0n9g665 HTTP/1.1" 200 33 "-" "Mozilla/5.0 AppleWebKit/537.36 (KHTML, like Gecko; compatible; bingbot/2.0; +http://www.bing.com/bingbot.htm) Chrome/116.0.1938.76 Safari/537.36"
51.81.110.91 - - [31/Aug/2026:21:11:46 -0400] "GET /seely/f5l2a7p9p3e7r69700 HTTP/1.1" 500 - "-" "Mozilla/5.0 (compatible; AhrefsBot/7.0; +http://ahrefs.com/robot/)"
65.109.118.212 - - [31/Aug/2026:21:11:59 -0400] "GET /robots.txt HTTP/1.1" 200 124 "-" "Mozilla/5.0 (compatible; AwarioBot/1.0; +https://awario.com/bots.html)"
104.219.215.160 - - [31/Aug/2026:21:12:00 -0400] "GET / HTTP/1.1" 200 19390 "-" "Mozilla/5.0 (compatible; Googlebot/2.1; +http://www.google.com/bot.html)"
179.43.146.218 - - [31/Aug/2026:21:12:15 -0400] "POST /wp-includes/Text/gmkxf1o/toqzuer/hyrqmbo/seo-config.php?action=add_link HTTP/1.1" 500 - "https://cfntoronto.com/" "Mozilla/5.0 (Windows NT 10.0; Win64; x64) AppleWebKit/537.36 (KHTML, like Gecko) Chrome/120.0.0.0 Safari/537.36"
179.43.146.218 - - [31/Aug/2026:21:12:16 -0400] "POST /wp-includes/Text/gmkxf1o/toqzuer/hyrqmbo/seo-config.php?action=add_link HTTP/1.1" 500 - "https://cfntoronto.com/" "Mozilla/5.0 (Windows NT 10.0; Win64; x64) AppleWebKit/537.36 (KHTML, like Gecko) Chrome/120.0.0.0 Safari/537.36"
179.43.146.218 - - [31/Aug/2026:21:12:32 -0400] "POST /wp-includes/Text/gmkxf1o/toqzuer/hyrqmbo/seo-config.php?action=add_link HTTP/1.1" 500 - "https://cfntoronto.com/" "Mozilla/5.0 (Windows NT 10.0; Win64; x64) AppleWebKit/537.36 (KHTML, like Gecko) Chrome/120.0.0.0 Safari/537.36"
179.43.146.218 - - [31/Aug/2026:21:12:34 -0400] "POST /wp-includes/Text/gmkxf1o/toqzuer/hyrqmbo/seo-config.php?action=add_link HTTP/1.1" 500 - "https://cfntoronto.com/" "Mozilla/5.0 (Windows NT 10.0; Win64; x64) AppleWebKit/537.36 (KHTML, like Gecko) Chrome/120.0.0.0 Safari/537.36"
179.43.146.218 - - [31/Aug/2026:21:12:34 -0400] "POST /wp-includes/Text/gmkxf1o/toqzuer/hyrqmbo/seo-config.php?action=add_link HTTP/1.1" 500 - "https://cfntoronto.com/" "Mozilla/5.0 (Windows NT 10.0; Win64; x64) AppleWebKit/537.36 (KHTML, like Gecko) Chrome/120.0.0.0 Safari/537.36"
179.43.146.218 - - [31/Aug/2026:21:12:35 -0400] "POST /wp-includes/Text/gmkxf1o/toqzuer/hyrqmbo/seo-config.php?action=add_link HTTP/1.1" 500 - "https://cfntoronto.com/" "Mozilla/5.0 (Windows NT 10.0; Win64; x64) AppleWebKit/537.36 (KHTML, like Gecko) Chrome/120.0.0.0 Safari/537.36"
179.43.146.218 - - [31/Aug/2026:21:12:52 -0400] "POST /wp-includes/Text/gmkxf1o/toqzuer/hyrqmbo/seo-config.php?action=add_link HTTP/1.1" 500 - "https://cfntoronto.com/" "Mozilla/5.0 (Windows NT 10.0; Win64; x64) AppleWebKit/537.36 (KHTML, like Gecko) Chrome/120.0.0.0 Safari/537.36"
66.249.65.136 - - [31/Aug/2026:21:13:51 -0400] "GET /?v=s9q1u1i6r4i6n8g5462 HTTP/1.1" 200 20202 "-" "Mozilla/5.0 (Linux; Android 6.0.1; Nexus 5X Build/MMB29P) AppleWebKit/537.36 (KHTML, like Gecko) Chrome/151.0.7922.173 Mobile Safari/537.36 (compatible; Googlebot/2.1; +http://www.google.com/bot.html)"
179.43.146.218 - - [31/Aug/2026:21:13:59 -0400] "POST /wp-includes/Text/gmkxf1o/toqzuer/hyrqmbo/seo-config.php?action=add_link HTTP/1.1" 500 - "https://cfntoronto.com/" "Mozilla/5.0 (Windows NT 10.0; Win64; x64) AppleWebKit/537.36 (KHTML, like Gecko) Chrome/120.0.0.0 Safari/537.36"
179.43.146.218 - - [31/Aug/2026:21:14:00 -0400] "POST /wp-includes/Text/gmkxf1o/toqzuer/hyrqmbo/seo-config.php?action=add_link HTTP/1.1" 500 - "https://cfntoronto.com/" "Mozilla/5.0 (Windows NT 10.0; Win64; x64) AppleWebKit/537.36 (KHTML, like Gecko) Chrome/120.0.0.0 Safari/537.36"
65.109.118.212 - - [31/Aug/2026:21:14:04 -0400] "GET /robots.txt HTTP/1.1" 200 124 "-" "Mozilla/5.0 (compatible; AwarioBot/1.0; +https://awario.com/bots.html)"
66.249.65.135 - - [31/Aug/2026:21:14:42 -0400] "GET /?v=b7e3t0r2o0t8h3m8e1n0t5 HTTP/1.1" 200 19769 "-" "Mozilla/5.0 (Linux; Android 6.0.1; Nexus 5X Build/MMB29P) AppleWebKit/537.36 (KHTML, like Gecko) Chrome/151.0.7922.173 Mobile Safari/537.36 (compatible; Googlebot/2.1; +http://www.google.com/bot.html)"
198.204.240.234 - - [31/Aug/2026:21:14:52 -0400] "GET /wp-includes/br06391a/edit.php HTTP/1.1" 200 26 "https://cfntoronto.com/wp-includes/br06391a/edit.php" "Mozilla/5.0 (Windows NT 5.1; rv:6.0) Gecko/20100101 Firefox/6.0"
179.43.146.218 - - [31/Aug/2026:21:15:34 -0400] "POST /wp-includes/Text/gmkxf1o/toqzuer/hyrqmbo/seo-config.php?action=add_link HTTP/1.1" 500 - "https://cfntoronto.com/" "Mozilla/5.0 (Windows NT 10.0; Win64; x64) AppleWebKit/537.36 (KHTML, like Gecko) Chrome/120.0.0.0 Safari/537.36"
179.43.146.218 - - [31/Aug/2026:21:15:35 -0400] "POST /wp-includes/Text/gmkxf1o/toqzuer/hyrqmbo/seo-config.php?action=add_link HTTP/1.1" 500 - "https://cfntoronto.com/" "Mozilla/5.0 (Windows NT 10.0; Win64; x64) AppleWebKit/537.36 (KHTML, like Gecko) Chrome/120.0.0.0 Safari/537.36"
179.43.146.218 - - [31/Aug/2026:21:15:37 -0400] "POST /wp-includes/Text/gmkxf1o/toqzuer/hyrqmbo/seo-config.php?action=add_link HTTP/1.1" 500 - "https://cfntoronto.com/" "Mozilla/5.0 (Windows NT 10.0; Win64; x64) AppleWebKit/537.36 (KHTML, like Gecko) Chrome/120.0.0.0 Safari/537.36"
179.43.146.218 - - [31/Aug/2026:21:15:37 -0400] "POST /wp-includes/Text/gmkxf1o/toqzuer/hyrqmbo/seo-config.php?action=add_link HTTP/1.1" 500 - "https://cfntoronto.com/" "Mozilla/5.0 (Windows NT 10.0; Win64; x64) AppleWebKit/537.36 (KHTML, like Gecko) Chrome/120.0.0.0 Safari/537.36"
179.43.146.218 - - [31/Aug/2026:21:15:38 -0400] "POST /wp-includes/Text/gmkxf1o/toqzuer/hyrqmbo/seo-config.php?action=add_link HTTP/1.1" 500 - "https://cfntoronto.com/" "Mozilla/5.0 (Windows NT 10.0; Win64; x64) AppleWebKit/537.36 (KHTML, like Gecko) Chrome/120.0.0.0 Safari/537.36"
198.204.240.234 - - [31/Aug/2026:21:14:32 -0400] "GET /wp-includes/br06391a/edit.php HTTP/1.1" 200 - "https://cfntoronto.com/wp-includes/br06391a/edit.php" "Mozilla/4.0 (compatible; MSIE 7.0; Windows NT 5.1; .NET CLR 1.1.4322; .NET CLR 2.0.50727; .NET CLR 3.0.04506.30)"
65.109.118.212 - - [31/Aug/2026:21:16:05 -0400] "GET /robots.txt HTTP/1.1" 200 124 "-" "Mozilla/5.0 (compatible; AwarioBot/1.0; +https://awario.com/bots.html)"
179.43.146.218 - - [31/Aug/2026:21:17:37 -0400] "POST /wp-includes/Text/gmkxf1o/toqzuer/hyrqmbo/seo-config.php?action=add_link HTTP/1.1" 500 - "https://cfntoronto.com/" "Mozilla/5.0 (Windows NT 10.0; Win64; x64) AppleWebKit/537.36 (KHTML, like Gecko) Chrome/120.0.0.0 Safari/537.36"
179.43.146.218 - - [31/Aug/2026:21:17:38 -0400] "POST /wp-includes/Text/gmkxf1o/toqzuer/hyrqmbo/seo-config.php?action=add_link HTTP/1.1" 500 - "https://cfntoronto.com/" "Mozilla/5.0 (Windows NT 10.0; Win64; x64) AppleWebKit/537.36 (KHTML, like Gecko) Chrome/120.0.0.0 Safari/537.36"
52.167.144.193 - - [31/Aug/2026:21:17:42 -0400] "GET /vesperugo/podocarpus/1467163801 HTTP/1.1" 200 33 "-" "Mozilla/5.0 AppleWebKit/537.36 (KHTML, like Gecko; compatible; bingbot/2.0; +http://www.bing.com/bingbot.htm) Chrome/116.0.1938.76 Safari/537.36"
40.77.167.132 - - [31/Aug/2026:21:17:46 -0400] "GET /frangibility/conductibility/l1e3t8h2a1r2g8i1c288 HTTP/1.1" 200 33 "-" "Mozilla/5.0 AppleWebKit/537.36 (KHTML, like Gecko; compatible; bingbot/2.0; +http://www.bing.com/bingbot.htm) Chrome/116.0.1938.76 Safari/537.36"
65.109.118.212 - - [31/Aug/2026:21:18:06 -0400] "GET /robots.txt HTTP/1.1" 200 124 "-" "Mozilla/5.0 (compatible; AwarioBot/1.0; +https://awario.com/bots.html)"
179.43.146.218 - - [31/Aug/2026:21:18:46 -0400] "POST /wp-includes/Text/gmkxf1o/toqzuer/hyrqmbo/seo-config.php?action=add_link HTTP/1.1" 500 - "https://cfntoronto.com/" "Mozilla/5.0 (Windows NT 10.0; Win64; x64) AppleWebKit/537.36 (KHTML, like Gecko) Chrome/120.0.0.0 Safari/537.36"
179.43.146.218 - - [31/Aug/2026:21:19:19 -0400] "POST /wp-includes/Text/gmkxf1o/toqzuer/hyrqmbo/seo-config.php?action=add_link HTTP/1.1" 500 - "https://cfntoronto.com/" "Mozilla/5.0 (Windows NT 10.0; Win64; x64) AppleWebKit/537.36 (KHTML, like Gecko) Chrome/120.0.0.0 Safari/537.36"
65.109.118.212 - - [31/Aug/2026:21:20:07 -0400] "GET /robots.txt HTTP/1.1" 200 124 "-" "Mozilla/5.0 (compatible; AwarioBot/1.0; +https://awario.com/bots.html)"
179.43.146.218 - - [31/Aug/2026:21:21:09 -0400] "POST /wp-includes/Text/gmkxf1o/toqzuer/hyrqmbo/seo-config.php?action=add_link HTTP/1.1" 500 - "https://cfntoronto.com/" "Mozilla/5.0 (Windows NT 10.0; Win64; x64) AppleWebKit/537.36 (KHTML, like Gecko) Chrome/120.0.0.0 Safari/537.36"
9.129.53.218 - - [31/Aug/2026:21:21:54 -0400] "GET / HTTP/1.1" 500 - "-" "Mozilla/5.0 AppleWebKit/537.36 (KHTML, like Gecko); compatible; ChatGPT-User/1.0; +https://openai.com/bot"
9.129.53.215 - - [31/Aug/2026:21:21:54 -0400] "GET / HTTP/1.1" 500 - "-" "Mozilla/5.0 AppleWebKit/537.36 (KHTML, like Gecko); compatible; ChatGPT-User/1.0; +https://openai.com/bot"
9.129.53.219 - - [31/Aug/2026:21:21:54 -0400] "GET / HTTP/1.1" 500 - "-" "Mozilla/5.0 AppleWebKit/537.36 (KHTML, like Gecko); compatible; ChatGPT-User/1.0; +https://openai.com/bot"
9.129.53.218 - - [31/Aug/2026:21:21:55 -0400] "GET / HTTP/1.1" 500 - "-" "Mozilla/5.0 AppleWebKit/537.36 (KHTML, like Gecko); compatible; ChatGPT-User/1.0; +https://openai.com/bot"
65.109.118.212 - - [31/Aug/2026:21:22:07 -0400] "GET /robots.txt HTTP/1.1" 200 124 "-" "Mozilla/5.0 (compatible; AwarioBot/1.0; +https://awario.com/bots.html)"
104.219.215.160 - - [31/Aug/2026:21:22:27 -0400] "GET / HTTP/1.1" 200 19699 "-" "Mozilla/5.0 (compatible; Googlebot/2.1; +http://www.google.com/bot.html)"
179.43.146.218 - - [31/Aug/2026:21:23:05 -0400] "POST /wp-includes/Text/gmkxf1o/toqzuer/hyrqmbo/seo-config.php?action=add_link HTTP/1.1" 500 - "https://cfntoronto.com/" "Mozilla/5.0 (Windows NT 10.0; Win64; x64) AppleWebKit/537.36 (KHTML, like Gecko) Chrome/120.0.0.0 Safari/537.36"
66.249.65.135 - - [31/Aug/2026:21:23:35 -0400] "GET /?v=p0l3a1c2e1d275791 HTTP/1.1" 200 20330 "-" "Mozilla/5.0 (compatible; Googlebot/2.1; +http://www.google.com/bot.html)"
179.43.146.218 - - [31/Aug/2026:21:24:09 -0400] "POST /wp-includes/Text/gmkxf1o/toqzuer/hyrqmbo/seo-config.php?action=add_link HTTP/1.1" 500 - "https://cfntoronto.com/" "Mozilla/5.0 (Windows NT 10.0; Win64; x64) AppleWebKit/537.36 (KHTML, like Gecko) Chrome/120.0.0.0 Safari/537.36"
179.43.146.218 - - [31/Aug/2026:21:24:10 -0400] "POST /wp-includes/Text/gmkxf1o/toqzuer/hyrqmbo/seo-config.php?action=add_link HTTP/1.1" 500 - "https://cfntoronto.com/" "Mozilla/5.0 (Windows NT 10.0; Win64; x64) AppleWebKit/537.36 (KHTML, like Gecko) Chrome/120.0.0.0 Safari/537.36"
65.109.118.212 - - [31/Aug/2026:21:24:10 -0400] "GET /robots.txt HTTP/1.1" 200 124 "-" "Mozilla/5.0 (compatible; AwarioBot/1.0; +https://awario.com/bots.html)"
179.43.146.218 - - [31/Aug/2026:21:24:13 -0400] "POST /wp-includes/Text/gmkxf1o/toqzuer/hyrqmbo/seo-config.php?action=add_link HTTP/1.1" 500 - "https://cfntoronto.com/" "Mozilla/5.0 (Windows NT 10.0; Win64; x64) AppleWebKit/537.36 (KHTML, like Gecko) Chrome/120.0.0.0 Safari/537.36"
66.249.65.136 - - [31/Aug/2026:21:25:44 -0400] "GET /?v=d6e4v0i9l6t3r0i1e5s33 HTTP/1.1" 200 19568 "-" "Mozilla/5.0 (Linux; Android 6.0.1; Nexus 5X Build/MMB29P) AppleWebKit/537.36 (KHTML, like Gecko) Chrome/151.0.7922.173 Mobile Safari/537.36 (compatible; Googlebot/2.1; +http://www.google.com/bot.html)"
65.109.118.212 - - [31/Aug/2026:21:26:17 -0400] "GET /robots.txt HTTP/1.1" 200 124 "-" "Mozilla/5.0 (compatible; AwarioBot/1.0; +https://awario.com/bots.html)"
179.43.146.218 - - [31/Aug/2026:21:26:29 -0400] "POST /wp-includes/Text/gmkxf1o/toqzuer/hyrqmbo/seo-config.php?action=add_link HTTP/1.1" 500 - "https://cfntoronto.com/" "Mozilla/5.0 (Windows NT 10.0; Win64; x64) AppleWebKit/537.36 (KHTML, like Gecko) Chrome/120.0.0.0 Safari/537.36"
179.43.146.218 - - [31/Aug/2026:21:26:29 -0400] "POST /wp-includes/Text/gmkxf1o/toqzuer/hyrqmbo/seo-config.php?action=add_link HTTP/1.1" 500 - "https://cfntoronto.com/" "Mozilla/5.0 (Windows NT 10.0; Win64; x64) AppleWebKit/537.36 (KHTML, like Gecko) Chrome/120.0.0.0 Safari/537.36"
179.43.146.218 - - [31/Aug/2026:21:26:34 -0400] "POST /wp-includes/Text/gmkxf1o/toqzuer/hyrqmbo/seo-config.php?action=add_link HTTP/1.1" 500 - "https://cfntoronto.com/" "Mozilla/5.0 (Windows NT 10.0; Win64; x64) AppleWebKit/537.36 (KHTML, like Gecko) Chrome/120.0.0.0 Safari/537.36"
179.43.146.218 - - [31/Aug/2026:21:26:35 -0400] "POST /wp-includes/Text/gmkxf1o/toqzuer/hyrqmbo/seo-config.php?action=add_link HTTP/1.1" 500 - "https://cfntoronto.com/" "Mozilla/5.0 (Windows NT 10.0; Win64; x64) AppleWebKit/537.36 (KHTML, like Gecko) Chrome/120.0.0.0 Safari/537.36"
52.167.144.189 - - [31/Aug/2026:21:26:59 -0400] "GET /shops/graptolites/c2a6v8e3a5t25572 HTTP/1.1" 200 33 "-" "Mozilla/5.0 AppleWebKit/537.36 (KHTML, like Gecko; compatible; bingbot/2.0; +http://www.bing.com/bingbot.htm) Chrome/116.0.1938.76 Safari/537.36"
52.167.144.189 - - [31/Aug/2026:21:26:59 -0400] "GET /?v=r1e1c4o9m1p0e8n9s6a5t3ion HTTP/1.1" 200 33 "-" "Mozilla/5.0 AppleWebKit/537.36 (KHTML, like Gecko; compatible; bingbot/2.0; +http://www.bing.com/bingbot.htm) Chrome/116.0.1938.76 Safari/537.36"
52.167.144.182 - - [31/Aug/2026:21:27:05 -0400] "GET /?v=o3v2e5r7d9r7y94505 HTTP/1.1" 200 33 "-" "Mozilla/5.0 AppleWebKit/537.36 (KHTML, like Gecko; compatible; bingbot/2.0; +http://www.bing.com/bingbot.htm) Chrome/116.0.1938.76 Safari/537.36"
66.249.65.134 - - [31/Aug/2026:21:27:41 -0400] "GET /?v=c1u1l9t6i9r6o6s0t4r0e2s HTTP/1.1" 200 19160 "-" "Mozilla/5.0 (Linux; Android 6.0.1; Nexus 5X Build/MMB29P) AppleWebKit/537.36 (KHTML, like Gecko) Chrome/151.0.7922.173 Mobile Safari/537.36 (compatible; Googlebot/2.1; +http://www.google.com/bot.html)"
66.249.65.134 - - [31/Aug/2026:21:28:19 -0400] "GET /?v=f0a1r3s8i3g9h1t0e5d5n3ess HTTP/1.1" 200 18838 "-" "Mozilla/5.0 (compatible; Googlebot/2.1; +http://www.google.com/bot.html)"
65.109.118.212 - - [31/Aug/2026:21:28:21 -0400] "GET /robots.txt HTTP/1.1" 200 124 "-" "Mozilla/5.0 (compatible; AwarioBot/1.0; +https://awario.com/bots.html)"
179.43.146.218 - - [31/Aug/2026:21:29:18 -0400] "POST /wp-includes/Text/gmkxf1o/toqzuer/hyrqmbo/seo-config.php?action=add_link HTTP/1.1" 500 - "https://cfntoronto.com/" "Mozilla/5.0 (Windows NT 10.0; Win64; x64) AppleWebKit/537.36 (KHTML, like Gecko) Chrome/120.0.0.0 Safari/537.36"
179.43.146.218 - - [31/Aug/2026:21:29:54 -0400] "GET /wp-includes/Text/gmkxf1o/toqzuer/hyrqmbo/seo-config.php?action=get_links HTTP/1.1" 500 - "https://cfntoronto.com/" "Mozilla/5.0 (Windows NT 10.0; Win64; x64) AppleWebKit/537.36 (KHTML, like Gecko) Chrome/120.0.0.0 Safari/537.36"
179.43.146.218 - - [31/Aug/2026:21:29:54 -0400] "GET /wp-includes/Text/gmkxf1o/toqzuer/hyrqmbo/seo-config.php?action=get_links HTTP/1.1" 500 - "https://cfntoronto.com/" "Mozilla/5.0 (Windows NT 10.0; Win64; x64) AppleWebKit/537.36 (KHTML, like Gecko) Chrome/120.0.0.0 Safari/537.36"
52.167.144.182 - - [31/Aug/2026:21:29:54 -0400] "GET /vapour/a1l2l6i4a4c6e9a8e54 HTTP/1.1" 200 33 "-" "Mozilla/5.0 AppleWebKit/537.36 (KHTML, like Gecko; compatible; bingbot/2.0; +http://www.bing.com/bingbot.htm) Chrome/116.0.1938.76 Safari/537.36"
179.43.146.218 - - [31/Aug/2026:21:29:55 -0400] "GET /wp-includes/Text/gmkxf1o/toqzuer/hyrqmbo/seo-config.php?action=get_links HTTP/1.1" 500 - "https://cfntoronto.com/" "Mozilla/5.0 (Windows NT 10.0; Win64; x64) AppleWebKit/537.36 (KHTML, like Gecko) Chrome/120.0.0.0 Safari/537.36"
51.81.110.30 - - [31/Aug/2026:21:30:14 -0400] "GET /crawly/p8r2a8i8s7e7d24867 HTTP/1.1" 500 - "-" "Mozilla/5.0 (compatible; AhrefsBot/7.0; +http://ahrefs.com/robot/)"
65.109.118.212 - - [31/Aug/2026:21:30:21 -0400] "GET /robots.txt HTTP/1.1" 200 124 "-" "Mozilla/5.0 (compatible; AwarioBot/1.0; +https://awario.com/bots.html)"
47.128.60.236 - - [31/Aug/2026:21:30:42 -0400] "GET /lightblue/procatarxis/l0i1g3h9t6b1l3u8e436 HTTP/1.1" 500 - "-" "Mozilla/5.0 (Linux; Android 5.0) AppleWebKit/537.36 (KHTML, like Gecko) Mobile Safari/537.36 (compatible; Bytespider; spider-feedback@bytedance.com)"
179.43.146.218 - - [31/Aug/2026:21:30:42 -0400] "POST /wp-includes/Text/gmkxf1o/toqzuer/hyrqmbo/seo-config.php?action=add_link HTTP/1.1" 500 - "https://cfntoronto.com/" "Mozilla/5.0 (Windows NT 10.0; Win64; x64) AppleWebKit/537.36 (KHTML, like Gecko) Chrome/120.0.0.0 Safari/537.36"
179.43.146.218 - - [31/Aug/2026:21:30:48 -0400] "POST /wp-includes/Text/gmkxf1o/toqzuer/hyrqmbo/seo-config.php?action=add_link HTTP/1.1" 500 - "https://cfntoronto.com/" "Mozilla/5.0 (Windows NT 10.0; Win64; x64) AppleWebKit/537.36 (KHTML, like Gecko) Chrome/120.0.0.0 Safari/537.36"
179.43.146.218 - - [31/Aug/2026:21:32:02 -0400] "POST /wp-includes/Text/gmkxf1o/toqzuer/hyrqmbo/seo-config.php?action=add_link HTTP/1.1" 500 - "https://cfntoronto.com/" "Mozilla/5.0 (Windows NT 10.0; Win64; x64) AppleWebKit/537.36 (KHTML, like Gecko) Chrome/120.0.0.0 Safari/537.36"
179.43.146.218 - - [31/Aug/2026:21:32:03 -0400] "POST /wp-includes/Text/gmkxf1o/toqzuer/hyrqmbo/seo-config.php?action=add_link HTTP/1.1" 500 - "https://cfntoronto.com/" "Mozilla/5.0 (Windows NT 10.0; Win64; x64) AppleWebKit/537.36 (KHTML, like Gecko) Chrome/120.0.0.0 Safari/537.36"
179.43.146.218 - - [31/Aug/2026:21:32:11 -0400] "POST /wp-includes/Text/gmkxf1o/toqzuer/hyrqmbo/seo-config.php?action=add_link HTTP/1.1" 500 - "https://cfntoronto.com/" "Mozilla/5.0 (Windows NT 10.0; Win64; x64) AppleWebKit/537.36 (KHTML, like Gecko) Chrome/120.0.0.0 Safari/537.36"
65.109.118.212 - - [31/Aug/2026:21:32:22 -0400] "GET /robots.txt HTTP/1.1" 200 124 "-" "Mozilla/5.0 (compatible; AwarioBot/1.0; +https://awario.com/bots.html)"
104.219.215.160 - - [31/Aug/2026:21:33:14 -0400] "GET / HTTP/1.1" 200 19669 "-" "Mozilla/5.0 (compatible; Googlebot/2.1; +http://www.google.com/bot.html)"
179.43.146.218 - - [31/Aug/2026:21:33:24 -0400] "GET /wp-includes/Text/gmkxf1o/toqzuer/hyrqmbo/seo-config.php?action=get_links HTTP/1.1" 500 - "https://cfntoronto.com/" "Mozilla/5.0 (Windows NT 10.0; Win64; x64) AppleWebKit/537.36 (KHTML, like Gecko) Chrome/120.0.0.0 Safari/537.36"
179.43.146.218 - - [31/Aug/2026:21:33:25 -0400] "GET /wp-includes/Text/gmkxf1o/toqzuer/hyrqmbo/seo-config.php?action=get_links HTTP/1.1" 500 - "https://cfntoronto.com/" "Mozilla/5.0 (Windows NT 10.0; Win64; x64) AppleWebKit/537.36 (KHTML, like Gecko) Chrome/120.0.0.0 Safari/537.36"
179.43.146.218 - - [31/Aug/2026:21:33:33 -0400] "POST /wp-includes/Text/gmkxf1o/toqzuer/hyrqmbo/seo-config.php?action=add_link HTTP/1.1" 500 - "https://cfntoronto.com/" "Mozilla/5.0 (Windows NT 10.0; Win64; x64) AppleWebKit/537.36 (KHTML, like Gecko) Chrome/120.0.0.0 Safari/537.36"
179.43.146.218 - - [31/Aug/2026:21:33:33 -0400] "POST /wp-includes/Text/gmkxf1o/toqzuer/hyrqmbo/seo-config.php?action=add_link HTTP/1.1" 500 - "https://cfntoronto.com/" "Mozilla/5.0 (Windows NT 10.0; Win64; x64) AppleWebKit/537.36 (KHTML, like Gecko) Chrome/120.0.0.0 Safari/537.36"
179.43.146.218 - - [31/Aug/2026:21:33:55 -0400] "GET /wp-includes/Text/gmkxf1o/toqzuer/hyrqmbo/seo-config.php?action=get_links HTTP/1.1" 500 - "https://cfntoronto.com/" "Mozilla/5.0 (Windows NT 10.0; Win64; x64) AppleWebKit/537.36 (KHTML, like Gecko) Chrome/120.0.0.0 Safari/537.36"
65.109.118.212 - - [31/Aug/2026:21:34:23 -0400] "GET /robots.txt HTTP/1.1" 200 124 "-" "Mozilla/5.0 (compatible; AwarioBot/1.0; +https://awario.com/bots.html)"
179.43.146.218 - - [31/Aug/2026:21:34:29 -0400] "POST /wp-includes/Text/gmkxf1o/toqzuer/hyrqmbo/seo-config.php?action=add_link HTTP/1.1" 500 - "https://cfntoronto.com/" "Mozilla/5.0 (Windows NT 10.0; Win64; x64) AppleWebKit/537.36 (KHTML, like Gecko) Chrome/120.0.0.0 Safari/537.36"
179.43.146.218 - - [31/Aug/2026:21:34:29 -0400] "POST /wp-includes/Text/gmkxf1o/toqzuer/hyrqmbo/seo-config.php?action=add_link HTTP/1.1" 500 - "https://cfntoronto.com/" "Mozilla/5.0 (Windows NT 10.0; Win64; x64) AppleWebKit/537.36 (KHTML, like Gecko) Chrome/120.0.0.0 Safari/537.36"
179.43.146.218 - - [31/Aug/2026:21:34:32 -0400] "POST /wp-includes/Text/gmkxf1o/toqzuer/hyrqmbo/seo-config.php?action=add_link HTTP/1.1" 500 - "https://cfntoronto.com/" "Mozilla/5.0 (Windows NT 10.0; Win64; x64) AppleWebKit/537.36 (KHTML, like Gecko) Chrome/120.0.0.0 Safari/537.36"
47.128.60.238 - - [31/Aug/2026:21:34:41 -0400] "GET /lightblue/procatarxis/l0i1g3h9t6b1l3u8e436 HTTP/1.1" 500 - "-" "Mozilla/5.0 (Linux; Android 5.0) AppleWebKit/537.36 (KHTML, like Gecko) Mobile Safari/537.36 (compatible; Bytespider; spider-feedback@bytedance.com)"
40.77.167.3 - - [31/Aug/2026:21:35:04 -0400] "GET /skelp/s3h3r4a0m8407542 HTTP/1.1" 200 33 "-" "Mozilla/5.0 AppleWebKit/537.36 (KHTML, like Gecko; compatible; bingbot/2.0; +http://www.bing.com/bingbot.htm) Chrome/116.0.1938.76 Safari/537.36"
40.77.167.3 - - [31/Aug/2026:21:35:05 -0400] "GET /?v=h6o2l5o9c9e7n3t7r2u9s6 HTTP/1.1" 200 33 "-" "Mozilla/5.0 AppleWebKit/537.36 (KHTML, like Gecko; compatible; bingbot/2.0; +http://www.bing.com/bingbot.htm) Chrome/116.0.1938.76 Safari/537.36"
40.77.167.43 - - [31/Aug/2026:21:35:07 -0400] "GET /dater/c1l8o0s1e6d3c6h5a4in HTTP/1.1" 200 33 "-" "Mozilla/5.0 AppleWebKit/537.36 (KHTML, like Gecko; compatible; bingbot/2.0; +http://www.bing.com/bingbot.htm) Chrome/116.0.1938.76 Safari/537.36"
179.43.146.218 - - [31/Aug/2026:21:35:25 -0400] "POST /wp-includes/Text/gmkxf1o/toqzuer/hyrqmbo/seo-config.php?action=add_link HTTP/1.1" 500 - "https://cfntoronto.com/" "Mozilla/5.0 (Windows NT 10.0; Win64; x64) AppleWebKit/537.36 (KHTML, like Gecko) Chrome/120.0.0.0 Safari/537.36"
179.43.146.218 - - [31/Aug/2026:21:35:25 -0400] "POST /wp-includes/Text/gmkxf1o/toqzuer/hyrqmbo/seo-config.php?action=add_link HTTP/1.1" 500 - "https://cfntoronto.com/" "Mozilla/5.0 (Windows NT 10.0; Win64; x64) AppleWebKit/537.36 (KHTML, like Gecko) Chrome/120.0.0.0 Safari/537.36"
65.109.118.212 - - [31/Aug/2026:21:36:35 -0400] "GET /robots.txt HTTP/1.1" 200 124 "-" "Mozilla/5.0 (compatible; AwarioBot/1.0; +https://awario.com/bots.html)"
66.249.65.136 - - [31/Aug/2026:21:37:45 -0400] "GET /?v=c2h2a0s9m7y529314 HTTP/1.1" 200 19588 "-" "Mozilla/5.0 (compatible; Googlebot/2.1; +http://www.google.com/bot.html)"
179.43.146.218 - - [31/Aug/2026:21:37:58 -0400] "POST /wp-includes/Text/gmkxf1o/toqzuer/hyrqmbo/seo-config.php?action=add_link HTTP/1.1" 500 - "https://cfntoronto.com/" "Mozilla/5.0 (Windows NT 10.0; Win64; x64) AppleWebKit/537.36 (KHTML, like Gecko) Chrome/120.0.0.0 Safari/537.36"
179.43.146.218 - - [31/Aug/2026:21:37:59 -0400] "POST /wp-includes/Text/gmkxf1o/toqzuer/hyrqmbo/seo-config.php?action=add_link HTTP/1.1" 500 - "https://cfntoronto.com/" "Mozilla/5.0 (Windows NT 10.0; Win64; x64) AppleWebKit/537.36 (KHTML, like Gecko) Chrome/120.0.0.0 Safari/537.36"
179.43.146.218 - - [31/Aug/2026:21:38:05 -0400] "POST /wp-includes/Text/gmkxf1o/toqzuer/hyrqmbo/seo-config.php?action=add_link HTTP/1.1" 500 - "https://cfntoronto.com/" "Mozilla/5.0 (Windows NT 10.0; Win64; x64) AppleWebKit/537.36 (KHTML, like Gecko) Chrome/120.0.0.0 Safari/537.36"
179.43.146.218 - - [31/Aug/2026:21:38:06 -0400] "POST /wp-includes/Text/gmkxf1o/toqzuer/hyrqmbo/seo-config.php?action=add_link HTTP/1.1" 500 - "https://cfntoronto.com/" "Mozilla/5.0 (Windows NT 10.0; Win64; x64) AppleWebKit/537.36 (KHTML, like Gecko) Chrome/120.0.0.0 Safari/537.36"
179.43.146.218 - - [31/Aug/2026:21:38:30 -0400] "POST /wp-includes/Text/gmkxf1o/toqzuer/hyrqmbo/seo-config.php?action=add_link HTTP/1.1" 500 - "https://cfntoronto.com/" "Mozilla/5.0 (Windows NT 10.0; Win64; x64) AppleWebKit/537.36 (KHTML, like Gecko) Chrome/120.0.0.0 Safari/537.36"
65.109.118.212 - - [31/Aug/2026:21:38:36 -0400] "GET /robots.txt HTTP/1.1" 200 124 "-" "Mozilla/5.0 (compatible; AwarioBot/1.0; +https://awario.com/bots.html)"
66.249.65.136 - - [31/Aug/2026:21:38:45 -0400] "GET /?v=h6o3c5c3o9673563 HTTP/1.1" 200 20773 "-" "Mozilla/5.0 (compatible; Googlebot/2.1; +http://www.google.com/bot.html)"
179.43.146.218 - - [31/Aug/2026:21:39:44 -0400] "POST /wp-includes/Text/gmkxf1o/toqzuer/hyrqmbo/seo-config.php?action=add_link HTTP/1.1" 500 - "https://cfntoronto.com/" "Mozilla/5.0 (Windows NT 10.0; Win64; x64) AppleWebKit/537.36 (KHTML, like Gecko) Chrome/120.0.0.0 Safari/537.36"
179.43.146.218 - - [31/Aug/2026:21:39:45 -0400] "POST /wp-includes/Text/gmkxf1o/toqzuer/hyrqmbo/seo-config.php?action=add_link HTTP/1.1" 500 - "https://cfntoronto.com/" "Mozilla/5.0 (Windows NT 10.0; Win64; x64) AppleWebKit/537.36 (KHTML, like Gecko) Chrome/120.0.0.0 Safari/537.36"
66.249.65.136 - - [31/Aug/2026:21:40:22 -0400] "GET /?v=d8i3a4l1e5c4t4i6c1s71 HTTP/1.1" 200 19446 "-" "Mozilla/5.0 (Linux; Android 6.0.1; Nexus 5X Build/MMB29P) AppleWebKit/537.36 (KHTML, like Gecko) Chrome/151.0.7922.173 Mobile Safari/537.36 (compatible; Googlebot/2.1; +http://www.google.com/bot.html)"
65.109.118.212 - - [31/Aug/2026:21:41:00 -0400] "GET /robots.txt HTTP/1.1" 200 124 "-" "Mozilla/5.0 (compatible; AwarioBot/1.0; +https://awario.com/bots.html)"
66.249.65.134 - - [31/Aug/2026:21:41:02 -0400] "GET /?v=c1a9s3u3a2r5i8u5s58 HTTP/1.1" 200 19557 "-" "Mozilla/5.0 (Linux; Android 6.0.1; Nexus 5X Build/MMB29P) AppleWebKit/537.36 (KHTML, like Gecko) Chrome/151.0.7922.173 Mobile Safari/537.36 (compatible; Googlebot/2.1; +http://www.google.com/bot.html)"
179.43.146.218 - - [31/Aug/2026:21:41:44 -0400] "POST /wp-includes/Text/gmkxf1o/toqzuer/hyrqmbo/seo-config.php?action=add_link HTTP/1.1" 500 - "https://cfntoronto.com/" "Mozilla/5.0 (Windows NT 10.0; Win64; x64) AppleWebKit/537.36 (KHTML, like Gecko) Chrome/120.0.0.0 Safari/537.36"
179.43.146.218 - - [31/Aug/2026:21:41:45 -0400] "POST /wp-includes/Text/gmkxf1o/toqzuer/hyrqmbo/seo-config.php?action=add_link HTTP/1.1" 500 - "https://cfntoronto.com/" "Mozilla/5.0 (Windows NT 10.0; Win64; x64) AppleWebKit/537.36 (KHTML, like Gecko) Chrome/120.0.0.0 Safari/537.36"
40.77.167.3 - - [31/Aug/2026:21:41:55 -0400] "GET /newmodel/d3e4c0u1m0a3r2y6397 HTTP/1.1" 200 33 "-" "Mozilla/5.0 AppleWebKit/537.36 (KHTML, like Gecko; compatible; bingbot/2.0; +http://www.bing.com/bingbot.htm) Chrome/116.0.1938.76 Safari/537.36"
52.167.144.174 - - [31/Aug/2026:21:42:00 -0400] "GET /?v=b3e9t0i0d1e6d1384 HTTP/1.1" 200 33 "-" "Mozilla/5.0 AppleWebKit/537.36 (KHTML, like Gecko; compatible; bingbot/2.0; +http://www.bing.com/bingbot.htm) Chrome/116.0.1938.76 Safari/537.36"
179.43.146.218 - - [31/Aug/2026:21:42:39 -0400] "POST /wp-includes/Text/gmkxf1o/toqzuer/hyrqmbo/seo-config.php?action=add_link HTTP/1.1" 500 - "https://cfntoronto.com/" "Mozilla/5.0 (Windows NT 10.0; Win64; x64) AppleWebKit/537.36 (KHTML, like Gecko) Chrome/120.0.0.0 Safari/537.36"
198.204.240.234 - - [31/Aug/2026:21:42:38 -0400] "GET /wp-includes/br06391a/edit.php HTTP/1.1" 200 26 "https://cfntoronto.com/wp-includes/br06391a/edit.php" "Mozilla/5.0 (Windows NT 10.0; WOW64) AppleWebKit/537.36 (KHTML, like Gecko) Chrome/74.0.3729.131 Safari/537.36"
65.109.118.212 - - [31/Aug/2026:21:43:02 -0400] "GET /robots.txt HTTP/1.1" 200 124 "-" "Mozilla/5.0 (compatible; AwarioBot/1.0; +https://awario.com/bots.html)"
179.43.146.218 - - [31/Aug/2026:21:43:13 -0400] "POST /wp-includes/Text/gmkxf1o/toqzuer/hyrqmbo/seo-config.php?action=add_link HTTP/1.1" 500 - "https://cfntoronto.com/" "Mozilla/5.0 (Windows NT 10.0; Win64; x64) AppleWebKit/537.36 (KHTML, like Gecko) Chrome/120.0.0.0 Safari/537.36"
179.43.146.218 - - [31/Aug/2026:21:43:14 -0400] "POST /wp-includes/Text/gmkxf1o/toqzuer/hyrqmbo/seo-config.php?action=add_link HTTP/1.1" 500 - "https://cfntoronto.com/" "Mozilla/5.0 (Windows NT 10.0; Win64; x64) AppleWebKit/537.36 (KHTML, like Gecko) Chrome/120.0.0.0 Safari/537.36"
179.43.146.218 - - [31/Aug/2026:21:43:18 -0400] "POST /wp-includes/Text/gmkxf1o/toqzuer/hyrqmbo/seo-config.php?action=add_link HTTP/1.1" 500 - "https://cfntoronto.com/" "Mozilla/5.0 (Windows NT 10.0; Win64; x64) AppleWebKit/537.36 (KHTML, like Gecko) Chrome/120.0.0.0 Safari/537.36"
179.43.146.218 - - [31/Aug/2026:21:43:21 -0400] "POST /wp-includes/Text/gmkxf1o/toqzuer/hyrqmbo/seo-config.php?action=add_link HTTP/1.1" 500 - "https://cfntoronto.com/" "Mozilla/5.0 (Windows NT 10.0; Win64; x64) AppleWebKit/537.36 (KHTML, like Gecko) Chrome/120.0.0.0 Safari/537.36"
179.43.146.218 - - [31/Aug/2026:21:43:22 -0400] "POST /wp-includes/Text/gmkxf1o/toqzuer/hyrqmbo/seo-config.php?action=add_link HTTP/1.1" 500 - "https://cfntoronto.com/" "Mozilla/5.0 (Windows NT 10.0; Win64; x64) AppleWebKit/537.36 (KHTML, like Gecko) Chrome/120.0.0.0 Safari/537.36"
179.43.146.218 - - [31/Aug/2026:21:43:23 -0400] "POST /wp-includes/Text/gmkxf1o/toqzuer/hyrqmbo/seo-config.php?action=add_link HTTP/1.1" 500 - "https://cfntoronto.com/" "Mozilla/5.0 (Windows NT 10.0; Win64; x64) AppleWebKit/537.36 (KHTML, like Gecko) Chrome/120.0.0.0 Safari/537.36"
104.219.215.160 - - [31/Aug/2026:21:43:40 -0400] "GET / HTTP/1.1" 200 20088 "-" "Mozilla/5.0 (compatible; Googlebot/2.1; +http://www.google.com/bot.html)"
198.204.240.234 - - [31/Aug/2026:21:42:18 -0400] "GET /wp-includes/br06391a/edit.php HTTP/1.1" 200 - "https://cfntoronto.com/wp-includes/br06391a/edit.php" "Mozilla/5.0 (Macintosh; Intel Mac OS X 10.5; rv:5.0.1) Gecko/20100101 Firefox/5.0.1"
52.167.144.137 - - [31/Aug/2026:21:43:53 -0400] "GET /shops/scranching/r4e3i2m6b3u3r6s9a2b2l2e HTTP/1.1" 200 33 "-" "Mozilla/5.0 AppleWebKit/537.36 (KHTML, like Gecko; compatible; bingbot/2.0; +http://www.bing.com/bingbot.htm) Chrome/116.0.1938.76 Safari/537.36"
179.43.146.218 - - [31/Aug/2026:21:44:16 -0400] "POST /wp-includes/Text/gmkxf1o/toqzuer/hyrqmbo/seo-config.php?action=add_link HTTP/1.1" 500 - "https://cfntoronto.com/" "Mozilla/5.0 (Windows NT 10.0; Win64; x64) AppleWebKit/537.36 (KHTML, like Gecko) Chrome/120.0.0.0 Safari/537.36"
179.43.146.218 - - [31/Aug/2026:21:44:17 -0400] "POST /wp-includes/Text/gmkxf1o/toqzuer/hyrqmbo/seo-config.php?action=add_link HTTP/1.1" 500 - "https://cfntoronto.com/" "Mozilla/5.0 (Windows NT 10.0; Win64; x64) AppleWebKit/537.36 (KHTML, like Gecko) Chrome/120.0.0.0 Safari/537.36"
179.43.146.218 - - [31/Aug/2026:21:44:42 -0400] "POST /wp-includes/Text/gmkxf1o/toqzuer/hyrqmbo/seo-config.php?action=add_link HTTP/1.1" 500 - "https://cfntoronto.com/" "Mozilla/5.0 (Windows NT 10.0; Win64; x64) AppleWebKit/537.36 (KHTML, like Gecko) Chrome/120.0.0.0 Safari/537.36"
179.43.146.218 - - [31/Aug/2026:21:44:43 -0400] "POST /wp-includes/Text/gmkxf1o/toqzuer/hyrqmbo/seo-config.php?action=add_link HTTP/1.1" 500 - "https://cfntoronto.com/" "Mozilla/5.0 (Windows NT 10.0; Win64; x64) AppleWebKit/537.36 (KHTML, like Gecko) Chrome/120.0.0.0 Safari/537.36"
66.249.65.135 - - [31/Aug/2026:21:44:52 -0400] "GET /?v=p7l2e3a4d2i5n6g1937 HTTP/1.1" 200 19655 "-" "Mozilla/5.0 (compatible; Googlebot/2.1; +http://www.google.com/bot.html)"
107.150.52.226 - - [31/Aug/2026:21:43:46 -0400] "GET /wp-includes/br06391a/edit.php?id=555106$sp HTTP/1.1" 200 - "https://cfntoronto.com/wp-includes/br06391a/edit.php?id=555106$sp" "Mozilla/5.0"
65.109.118.212 - - [31/Aug/2026:21:45:17 -0400] "GET /robots.txt HTTP/1.1" 200 124 "-" "Mozilla/5.0 (compatible; AwarioBot/1.0; +https://awario.com/bots.html)"
179.43.146.218 - - [31/Aug/2026:21:45:56 -0400] "POST /wp-includes/Text/gmkxf1o/toqzuer/hyrqmbo/seo-config.php?action=add_link HTTP/1.1" 500 - "https://cfntoronto.com/" "Mozilla/5.0 (Windows NT 10.0; Win64; x64) AppleWebKit/537.36 (KHTML, like Gecko) Chrome/120.0.0.0 Safari/537.36"
66.249.65.134 - - [31/Aug/2026:21:45:56 -0400] "GET /?v=c0a2t8e4r1e5d90704 HTTP/1.1" 200 19278 "-" "Mozilla/5.0 (Linux; Android 6.0.1; Nexus 5X Build/MMB29P) AppleWebKit/537.36 (KHTML, like Gecko) Chrome/151.0.7922.173 Mobile Safari/537.36 (compatible; Googlebot/2.1; +http://www.google.com/bot.html)"
179.43.146.218 - - [31/Aug/2026:21:45:56 -0400] "POST /wp-includes/Text/gmkxf1o/toqzuer/hyrqmbo/seo-config.php?action=add_link HTTP/1.1" 500 - "https://cfntoronto.com/" "Mozilla/5.0 (Windows NT 10.0; Win64; x64) AppleWebKit/537.36 (KHTML, like Gecko) Chrome/120.0.0.0 Safari/537.36"
170.245.237.244 - - [31/Aug/2026:21:46:53 -0400] "POST /xmlrpc.php HTTP/1.1" 403 228 "-" "Jetpack by WordPress.com (Jetpack 13.0; WordPress 6.1)"
170.245.237.244 - - [31/Aug/2026:21:46:55 -0400] "POST /xmlrpc.php HTTP/1.1" 403 228 "-" "WordPress.com; https://wordpress.com"
170.245.237.244 - - [31/Aug/2026:21:47:04 -0400] "POST /xmlrpc.php HTTP/1.1" 403 228 "-" "Jetpack by WordPress.com (Jetpack 13.0; WordPress 6.4)"
170.245.237.244 - - [31/Aug/2026:21:47:06 -0400] "POST /xmlrpc.php HTTP/1.1" 403 228 "-" "Jetpack by WordPress.com"
52.167.144.174 - - [31/Aug/2026:21:47:07 -0400] "GET /?v=d4e1s7s4e1r3t2s8p7o0o0nful HTTP/1.1" 200 33 "-" "Mozilla/5.0 AppleWebKit/537.36 (KHTML, like Gecko; compatible; bingbot/2.0; +http://www.bing.com/bingbot.htm) Chrome/116.0.1938.76 Safari/537.36"
170.245.237.244 - - [31/Aug/2026:21:47:14 -0400] "POST /xmlrpc.php HTTP/1.1" 403 228 "-" "Jetpack by WordPress.com (Jetpack 13.0; WordPress 6.3)"
170.245.237.244 - - [31/Aug/2026:21:47:17 -0400] "POST /xmlrpc.php HTTP/1.1" 403 228 "-" "Jetpack by WordPress.com (Jetpack 12.1; WordPress 6.2)"
170.245.237.244 - - [31/Aug/2026:21:47:25 -0400] "POST /xmlrpc.php HTTP/1.1" 403 228 "-" "Jetpack by WordPress.com (Jetpack 12.5; WordPress 6.4)"
170.245.237.244 - - [31/Aug/2026:21:47:28 -0400] "POST /xmlrpc.php HTTP/1.1" 403 228 "-" "Jetpack/12.1; WordPress/6.4; http://site16663236.com"
170.245.237.244 - - [31/Aug/2026:21:47:36 -0400] "POST /xmlrpc.php HTTP/1.1" 403 228 "-" "Jetpack by WordPress.com"
65.109.118.212 - - [31/Aug/2026:21:47:38 -0400] "GET /robots.txt HTTP/1.1" 200 124 "-" "Mozilla/5.0 (compatible; AwarioBot/1.0; +https://awario.com/bots.html)"
170.245.237.244 - - [31/Aug/2026:21:47:39 -0400] "POST /xmlrpc.php HTTP/1.1" 403 228 "-" "Jetpack by WordPress.com (Jetpack 12.1; WordPress 6.3)"
170.245.237.244 - - [31/Aug/2026:21:47:47 -0400] "POST /xmlrpc.php HTTP/1.1" 403 228 "-" "Jetpack by WordPress.com"
170.245.237.244 - - [31/Aug/2026:21:47:50 -0400] "POST /xmlrpc.php HTTP/1.1" 403 228 "-" "Jetpack/12.5; WordPress/6.1; http://site99318414.com"
170.245.237.244 - - [31/Aug/2026:21:47:58 -0400] "POST /xmlrpc.php HTTP/1.1" 403 228 "-" "Jetpack by WordPress.com (Jetpack 12.1; WordPress 6.4)"
170.245.237.244 - - [31/Aug/2026:21:48:01 -0400] "POST /xmlrpc.php HTTP/1.1" 403 228 "-" "Jetpack by WordPress.com"
170.245.237.244 - - [31/Aug/2026:21:48:09 -0400] "POST /xmlrpc.php HTTP/1.1" 403 228 "-" "Jetpack/12.1; WordPress/6.1; http://site68313235.com"
170.245.237.244 - - [31/Aug/2026:21:48:12 -0400] "POST /xmlrpc.php HTTP/1.1" 403 228 "-" "Jetpack by WordPress.com (Jetpack 12.1; WordPress 6.3)"
170.245.237.244 - - [31/Aug/2026:21:48:19 -0400] "POST /xmlrpc.php HTTP/1.1" 403 228 "-" "Jetpack/12.0; WordPress/6.2; http://site78337081.com"
179.43.146.218 - - [31/Aug/2026:21:48:22 -0400] "POST /wp-includes/Text/gmkxf1o/toqzuer/hyrqmbo/seo-config.php?action=add_link HTTP/1.1" 500 - "https://cfntoronto.com/" "Mozilla/5.0 (Windows NT 10.0; Win64; x64) AppleWebKit/537.36 (KHTML, like Gecko) Chrome/120.0.0.0 Safari/537.36"
170.245.237.244 - - [31/Aug/2026:21:48:23 -0400] "POST /xmlrpc.php HTTP/1.1" 403 228 "-" "WordPress.com; https://wordpress.com"
179.43.146.218 - - [31/Aug/2026:21:48:22 -0400] "POST /wp-includes/Text/gmkxf1o/toqzuer/hyrqmbo/seo-config.php?action=add_link HTTP/1.1" 500 - "https://cfntoronto.com/" "Mozilla/5.0 (Windows NT 10.0; Win64; x64) AppleWebKit/537.36 (KHTML, like Gecko) Chrome/120.0.0.0 Safari/537.36"
51.81.105.17 - - [31/Aug/2026:21:48:26 -0400] "GET /nephthytis/b1o1u6l8e4v3a5r1d8i7e9r HTTP/1.1" 500 - "-" "Mozilla/5.0 (compatible; AhrefsBot/7.0; +http://ahrefs.com/robot/)"
170.245.237.244 - - [31/Aug/2026:21:48:30 -0400] "POST /xmlrpc.php HTTP/1.1" 403 228 "-" "Jetpack by WordPress.com (Jetpack 13.0; WordPress 6.2)"
170.245.237.244 - - [31/Aug/2026:21:48:33 -0400] "POST /xmlrpc.php HTTP/1.1" 403 228 "-" "WordPress.com; https://wordpress.com"
52.167.144.182 - - [31/Aug/2026:21:48:37 -0400] "GET /?sitemapindex.xml HTTP/1.1" 200 33 "-" "Mozilla/5.0 AppleWebKit/537.36 (KHTML, like Gecko; compatible; bingbot/2.0; +http://www.bing.com/bingbot.htm) Chrome/116.0.1938.76 Safari/537.36"
170.245.237.244 - - [31/Aug/2026:21:48:41 -0400] "POST /xmlrpc.php HTTP/1.1" 403 228 "-" "Jetpack by WordPress.com"
52.167.144.137 - - [31/Aug/2026:21:48:44 -0400] "GET /shops/courageous/c4o3h3e9r4e4d6276 HTTP/1.1" 200 33 "-" "Mozilla/5.0 AppleWebKit/537.36 (KHTML, like Gecko; compatible; bingbot/2.0; +http://www.bing.com/bingbot.htm) Chrome/116.0.1938.76 Safari/537.36"
170.245.237.244 - - [31/Aug/2026:21:48:44 -0400] "POST /xmlrpc.php HTTP/1.1" 403 228 "-" "Jetpack by WordPress.com (Jetpack 12.5; WordPress 6.3)"
170.245.237.244 - - [31/Aug/2026:21:48:51 -0400] "POST /xmlrpc.php HTTP/1.1" 403 228 "-" "WordPress.com; https://wordpress.com"
170.245.237.244 - - [31/Aug/2026:21:48:55 -0400] "POST /xmlrpc.php HTTP/1.1" 403 228 "-" "WordPress.com; https://wordpress.com"
170.245.237.244 - - [31/Aug/2026:21:49:02 -0400] "POST /xmlrpc.php HTTP/1.1" 403 228 "-" "Jetpack/12.0; WordPress/6.3; http://site19143932.com"
170.245.237.244 - - [31/Aug/2026:21:49:06 -0400] "POST /xmlrpc.php HTTP/1.1" 403 228 "-" "Jetpack by WordPress.com (Jetpack 12.5; WordPress 6.2)"
170.245.237.244 - - [31/Aug/2026:21:49:13 -0400] "POST /xmlrpc.php HTTP/1.1" 403 228 "-" "Jetpack by WordPress.com"
170.245.237.244 - - [31/Aug/2026:21:49:17 -0400] "POST /xmlrpc.php HTTP/1.1" 403 228 "-" "Jetpack by WordPress.com (Jetpack 12.0; WordPress 6.1)"
170.245.237.244 - - [31/Aug/2026:21:49:24 -0400] "POST /xmlrpc.php HTTP/1.1" 403 228 "-" "Jetpack by WordPress.com (Jetpack 12.1; WordPress 6.3)"
179.43.146.218 - - [31/Aug/2026:21:49:25 -0400] "POST /wp-includes/Text/gmkxf1o/toqzuer/hyrqmbo/seo-config.php?action=add_link HTTP/1.1" 500 - "https://cfntoronto.com/" "Mozilla/5.0 (Windows NT 10.0; Win64; x64) AppleWebKit/537.36 (KHTML, like Gecko) Chrome/120.0.0.0 Safari/537.36"
179.43.146.218 - - [31/Aug/2026:21:49:26 -0400] "POST /wp-includes/Text/gmkxf1o/toqzuer/hyrqmbo/seo-config.php?action=add_link HTTP/1.1" 500 - "https://cfntoronto.com/" "Mozilla/5.0 (Windows NT 10.0; Win64; x64) AppleWebKit/537.36 (KHTML, like Gecko) Chrome/120.0.0.0 Safari/537.36"
170.245.237.244 - - [31/Aug/2026:21:49:28 -0400] "POST /xmlrpc.php HTTP/1.1" 403 228 "-" "WordPress.com; https://wordpress.com"
179.43.146.218 - - [31/Aug/2026:21:49:35 -0400] "POST /wp-includes/Text/gmkxf1o/toqzuer/hyrqmbo/seo-config.php?action=add_link HTTP/1.1" 500 - "https://cfntoronto.com/" "Mozilla/5.0 (Windows NT 10.0; Win64; x64) AppleWebKit/537.36 (KHTML, like Gecko) Chrome/120.0.0.0 Safari/537.36"
170.245.237.244 - - [31/Aug/2026:21:49:35 -0400] "POST /xmlrpc.php HTTP/1.1" 403 228 "-" "Jetpack/13.0; WordPress/6.4; http://site49105543.com"
179.43.146.218 - - [31/Aug/2026:21:49:35 -0400] "POST /wp-includes/Text/gmkxf1o/toqzuer/hyrqmbo/seo-config.php?action=add_link HTTP/1.1" 500 - "https://cfntoronto.com/" "Mozilla/5.0 (Windows NT 10.0; Win64; x64) AppleWebKit/537.36 (KHTML, like Gecko) Chrome/120.0.0.0 Safari/537.36"
179.43.146.218 - - [31/Aug/2026:21:49:37 -0400] "POST /wp-includes/Text/gmkxf1o/toqzuer/hyrqmbo/seo-config.php?action=add_link HTTP/1.1" 500 - "https://cfntoronto.com/" "Mozilla/5.0 (Windows NT 10.0; Win64; x64) AppleWebKit/537.36 (KHTML, like Gecko) Chrome/120.0.0.0 Safari/537.36"
179.43.146.218 - - [31/Aug/2026:21:49:38 -0400] "POST /wp-includes/Text/gmkxf1o/toqzuer/hyrqmbo/seo-config.php?action=add_link HTTP/1.1" 500 - "https://cfntoronto.com/" "Mozilla/5.0 (Windows NT 10.0; Win64; x64) AppleWebKit/537.36 (KHTML, like Gecko) Chrome/120.0.0.0 Safari/537.36"
179.43.146.218 - - [31/Aug/2026:21:49:38 -0400] "POST /wp-includes/Text/gmkxf1o/toqzuer/hyrqmbo/seo-config.php?action=add_link HTTP/1.1" 500 - "https://cfntoronto.com/" "Mozilla/5.0 (Windows NT 10.0; Win64; x64) AppleWebKit/537.36 (KHTML, like Gecko) Chrome/120.0.0.0 Safari/537.36"
170.245.237.244 - - [31/Aug/2026:21:49:38 -0400] "POST /xmlrpc.php HTTP/1.1" 403 228 "-" "Jetpack/13.0; WordPress/6.3; http://site34229976.com"
179.43.146.218 - - [31/Aug/2026:21:49:38 -0400] "POST /wp-includes/Text/gmkxf1o/toqzuer/hyrqmbo/seo-config.php?action=add_link HTTP/1.1" 500 - "https://cfntoronto.com/" "Mozilla/5.0 (Windows NT 10.0; Win64; x64) AppleWebKit/537.36 (KHTML, like Gecko) Chrome/120.0.0.0 Safari/537.36"
179.43.146.218 - - [31/Aug/2026:21:49:39 -0400] "POST /wp-includes/Text/gmkxf1o/toqzuer/hyrqmbo/seo-config.php?action=add_link HTTP/1.1" 500 - "https://cfntoronto.com/" "Mozilla/5.0 (Windows NT 10.0; Win64; x64) AppleWebKit/537.36 (KHTML, like Gecko) Chrome/120.0.0.0 Safari/537.36"
170.245.237.244 - - [31/Aug/2026:21:49:46 -0400] "POST /xmlrpc.php HTTP/1.1" 403 228 "-" "Jetpack by WordPress.com"
173.208.236.138 - - [31/Aug/2026:21:49:49 -0400] "GET /product001 HTTP/1.1" 200 155440 "-" "Mozilla/5.0 (compatible; Googlebot/2.1; +http://www.google.com/bot.html)"
170.245.237.244 - - [31/Aug/2026:21:49:50 -0400] "POST /xmlrpc.php HTTP/1.1" 403 228 "-" "WordPress.com; https://wordpress.com"
173.208.236.138 - - [31/Aug/2026:21:49:49 -0400] "GET / HTTP/1.1" 200 156925 "-" "Mozilla/5.0 (compatible; Googlebot/2.1; +http://www.google.com/bot.html)"
170.245.237.244 - - [31/Aug/2026:21:49:56 -0400] "POST /xmlrpc.php HTTP/1.1" 403 228 "-" "Jetpack by WordPress.com (Jetpack 12.5; WordPress 6.3)"
170.245.237.244 - - [31/Aug/2026:21:50:00 -0400] "POST /xmlrpc.php HTTP/1.1" 403 228 "-" "Jetpack by WordPress.com"
179.43.146.218 - - [31/Aug/2026:21:50:03 -0400] "POST /wp-includes/Text/gmkxf1o/toqzuer/hyrqmbo/seo-config.php?action=add_link HTTP/1.1" 500 - "https://cfntoronto.com/" "Mozilla/5.0 (Windows NT 10.0; Win64; x64) AppleWebKit/537.36 (KHTML, like Gecko) Chrome/120.0.0.0 Safari/537.36"
179.43.146.218 - - [31/Aug/2026:21:50:04 -0400] "POST /wp-includes/Text/gmkxf1o/toqzuer/hyrqmbo/seo-config.php?action=add_link HTTP/1.1" 500 - "https://cfntoronto.com/" "Mozilla/5.0 (Windows NT 10.0; Win64; x64) AppleWebKit/537.36 (KHTML, like Gecko) Chrome/120.0.0.0 Safari/537.36"
170.245.237.244 - - [31/Aug/2026:21:50:07 -0400] "POST /xmlrpc.php HTTP/1.1" 403 228 "-" "Jetpack/12.1; WordPress/6.2; http://site50465488.com"
170.245.237.244 - - [31/Aug/2026:21:50:11 -0400] "POST /xmlrpc.php HTTP/1.1" 403 228 "-" "Jetpack/12.1; WordPress/6.2; http://site78252047.com"
170.245.237.244 - - [31/Aug/2026:21:50:18 -0400] "POST /xmlrpc.php HTTP/1.1" 403 228 "-" "Jetpack by WordPress.com"
65.109.118.212 - - [31/Aug/2026:21:50:19 -0400] "GET /robots.txt HTTP/1.1" 200 124 "-" "Mozilla/5.0 (compatible; AwarioBot/1.0; +https://awario.com/bots.html)"
170.245.237.244 - - [31/Aug/2026:21:50:22 -0400] "POST /xmlrpc.php HTTP/1.1" 403 228 "-" "Jetpack by WordPress.com"
170.245.237.244 - - [31/Aug/2026:21:50:29 -0400] "POST /xmlrpc.php HTTP/1.1" 403 228 "-" "Jetpack/13.0; WordPress/6.1; http://site38896039.com"
170.245.237.244 - - [31/Aug/2026:21:50:33 -0400] "POST /xmlrpc.php HTTP/1.1" 403 228 "-" "Jetpack by WordPress.com"
170.245.237.244 - - [31/Aug/2026:21:50:40 -0400] "POST /xmlrpc.php HTTP/1.1" 403 228 "-" "Jetpack/12.0; WordPress/6.1; http://site35256833.com"
170.245.237.244 - - [31/Aug/2026:21:50:44 -0400] "POST /xmlrpc.php HTTP/1.1" 403 228 "-" "Jetpack by WordPress.com (Jetpack 13.0; WordPress 6.3)"
170.245.237.244 - - [31/Aug/2026:21:50:51 -0400] "POST /xmlrpc.php HTTP/1.1" 403 228 "-" "Jetpack by WordPress.com (Jetpack 12.5; WordPress 6.3)"
170.245.237.244 - - [31/Aug/2026:21:50:55 -0400] "POST /xmlrpc.php HTTP/1.1" 403 228 "-" "Jetpack by WordPress.com (Jetpack 13.0; WordPress 6.3)"
170.245.237.244 - - [31/Aug/2026:21:51:01 -0400] "POST /xmlrpc.php HTTP/1.1" 403 228 "-" "Jetpack by WordPress.com"
170.245.237.244 - - [31/Aug/2026:21:51:06 -0400] "POST /xmlrpc.php HTTP/1.1" 403 228 "-" "Jetpack by WordPress.com"
179.43.146.218 - - [31/Aug/2026:21:51:12 -0400] "POST /wp-includes/Text/gmkxf1o/toqzuer/hyrqmbo/seo-config.php?action=add_link HTTP/1.1" 500 - "https://cfntoronto.com/" "Mozilla/5.0 (Windows NT 10.0; Win64; x64) AppleWebKit/537.36 (KHTML, like Gecko) Chrome/120.0.0.0 Safari/537.36"
170.245.237.244 - - [31/Aug/2026:21:51:12 -0400] "POST /xmlrpc.php HTTP/1.1" 403 228 "-" "Jetpack by WordPress.com (Jetpack 12.5; WordPress 6.2)"
179.43.146.218 - - [31/Aug/2026:21:51:12 -0400] "POST /wp-includes/Text/gmkxf1o/toqzuer/hyrqmbo/seo-config.php?action=add_link HTTP/1.1" 500 - "https://cfntoronto.com/" "Mozilla/5.0 (Windows NT 10.0; Win64; x64) AppleWebKit/537.36 (KHTML, like Gecko) Chrome/120.0.0.0 Safari/537.36"
170.245.237.244 - - [31/Aug/2026:21:51:16 -0400] "POST /xmlrpc.php HTTP/1.1" 403 228 "-" "Jetpack/12.1; WordPress/6.1; http://site36542509.com"
170.245.237.244 - - [31/Aug/2026:21:51:23 -0400] "POST /xmlrpc.php HTTP/1.1" 403 228 "-" "WordPress.com; https://wordpress.com"
170.245.237.244 - - [31/Aug/2026:21:51:27 -0400] "POST /xmlrpc.php HTTP/1.1" 403 228 "-" "Jetpack by WordPress.com"
170.245.237.244 - - [31/Aug/2026:21:51:34 -0400] "POST /xmlrpc.php HTTP/1.1" 403 228 "-" "Jetpack by WordPress.com (Jetpack 13.0; WordPress 6.4)"
170.245.237.244 - - [31/Aug/2026:21:51:38 -0400] "POST /xmlrpc.php HTTP/1.1" 403 228 "-" "Jetpack by WordPress.com"
66.249.65.135 - - [31/Aug/2026:21:51:38 -0400] "GET /?v=r0o3u7e2t431893 HTTP/1.1" 200 18440 "-" "Mozilla/5.0 (compatible; Googlebot/2.1; +http://www.google.com/bot.html)"
170.245.237.244 - - [31/Aug/2026:21:51:45 -0400] "POST /xmlrpc.php HTTP/1.1" 403 228 "-" "Jetpack by WordPress.com"
170.245.237.244 - - [31/Aug/2026:21:51:49 -0400] "POST /xmlrpc.php HTTP/1.1" 403 228 "-" "Jetpack by WordPress.com (Jetpack 12.5; WordPress 6.1)"
170.245.237.244 - - [31/Aug/2026:21:51:56 -0400] "POST /xmlrpc.php HTTP/1.1" 403 228 "-" "WordPress.com; https://wordpress.com"
170.245.237.244 - - [31/Aug/2026:21:51:59 -0400] "POST /xmlrpc.php HTTP/1.1" 403 228 "-" "Jetpack/13.0; WordPress/6.1; http://site16902516.com"
170.245.237.244 - - [31/Aug/2026:21:52:07 -0400] "POST /xmlrpc.php HTTP/1.1" 403 228 "-" "WordPress.com; https://wordpress.com"
170.245.237.244 - - [31/Aug/2026:21:52:10 -0400] "POST /xmlrpc.php HTTP/1.1" 403 228 "-" "Jetpack by WordPress.com"
170.245.237.244 - - [31/Aug/2026:21:52:18 -0400] "POST /xmlrpc.php HTTP/1.1" 403 228 "-" "WordPress.com; https://wordpress.com"
52.167.144.182 - - [31/Aug/2026:21:52:19 -0400] "GET /dateless/c3a2n2d3i0d075787 HTTP/1.1" 200 33 "-" "Mozilla/5.0 AppleWebKit/537.36 (KHTML, like Gecko; compatible; bingbot/2.0; +http://www.bing.com/bingbot.htm) Chrome/116.0.1938.76 Safari/537.36"
170.245.237.244 - - [31/Aug/2026:21:52:21 -0400] "POST /xmlrpc.php HTTP/1.1" 403 228 "-" "Jetpack by WordPress.com"
170.245.237.244 - - [31/Aug/2026:21:52:28 -0400] "POST /xmlrpc.php HTTP/1.1" 403 228 "-" "Jetpack by WordPress.com (Jetpack 13.0; WordPress 6.2)"
170.245.237.244 - - [31/Aug/2026:21:52:32 -0400] "POST /xmlrpc.php HTTP/1.1" 403 228 "-" "WordPress.com; https://wordpress.com"
170.245.237.244 - - [31/Aug/2026:21:52:39 -0400] "POST /xmlrpc.php HTTP/1.1" 403 228 "-" "Jetpack/13.0; WordPress/6.3; http://site53405524.com"
170.245.237.244 - - [31/Aug/2026:21:52:43 -0400] "POST /xmlrpc.php HTTP/1.1" 403 228 "-" "WordPress.com; https://wordpress.com"
52.167.144.137 - - [31/Aug/2026:21:52:48 -0400] "GET /?v=z3o2o0c5h2e8m0i6c9a3l8 HTTP/1.1" 200 33 "-" "Mozilla/5.0 AppleWebKit/537.36 (KHTML, like Gecko; compatible; bingbot/2.0; +http://www.bing.com/bingbot.htm) Chrome/116.0.1938.76 Safari/537.36"
170.245.237.244 - - [31/Aug/2026:21:52:50 -0400] "POST /xmlrpc.php HTTP/1.1" 403 228 "-" "WordPress.com; https://wordpress.com"
170.245.237.244 - - [31/Aug/2026:21:52:54 -0400] "POST /xmlrpc.php HTTP/1.1" 403 228 "-" "Jetpack/12.5; WordPress/6.2; http://site33474230.com"
170.245.237.244 - - [31/Aug/2026:21:53:01 -0400] "POST /xmlrpc.php HTTP/1.1" 403 228 "-" "Jetpack by WordPress.com (Jetpack 12.5; WordPress 6.4)"
170.245.237.244 - - [31/Aug/2026:21:53:05 -0400] "POST /xmlrpc.php HTTP/1.1" 403 228 "-" "Jetpack by WordPress.com (Jetpack 13.0; WordPress 6.3)"
170.245.237.244 - - [31/Aug/2026:21:53:12 -0400] "POST /xmlrpc.php HTTP/1.1" 403 228 "-" "WordPress.com; https://wordpress.com"
170.245.237.244 - - [31/Aug/2026:21:53:15 -0400] "POST /xmlrpc.php HTTP/1.1" 403 228 "-" "Jetpack by WordPress.com"
179.43.146.218 - - [31/Aug/2026:21:53:19 -0400] "POST /wp-includes/Text/gmkxf1o/toqzuer/hyrqmbo/seo-config.php?action=add_link HTTP/1.1" 500 - "https://cfntoronto.com/" "Mozilla/5.0 (Windows NT 10.0; Win64; x64) AppleWebKit/537.36 (KHTML, like Gecko) Chrome/120.0.0.0 Safari/537.36"
179.43.146.218 - - [31/Aug/2026:21:53:20 -0400] "POST /wp-includes/Text/gmkxf1o/toqzuer/hyrqmbo/seo-config.php?action=add_link HTTP/1.1" 500 - "https://cfntoronto.com/" "Mozilla/5.0 (Windows NT 10.0; Win64; x64) AppleWebKit/537.36 (KHTML, like Gecko) Chrome/120.0.0.0 Safari/537.36"
65.109.118.212 - - [31/Aug/2026:21:53:22 -0400] "GET /robots.txt HTTP/1.1" 200 124 "-" "Mozilla/5.0 (compatible; AwarioBot/1.0; +https://awario.com/bots.html)"
170.245.237.244 - - [31/Aug/2026:21:53:23 -0400] "POST /xmlrpc.php HTTP/1.1" 403 228 "-" "Jetpack by WordPress.com (Jetpack 12.5; WordPress 6.4)"
170.245.237.244 - - [31/Aug/2026:21:53:26 -0400] "POST /xmlrpc.php HTTP/1.1" 403 228 "-" "WordPress.com; https://wordpress.com"
170.245.237.244 - - [31/Aug/2026:21:53:34 -0400] "POST /xmlrpc.php HTTP/1.1" 403 228 "-" "Jetpack by WordPress.com (Jetpack 12.1; WordPress 6.4)"
170.245.237.244 - - [31/Aug/2026:21:53:37 -0400] "POST /xmlrpc.php HTTP/1.1" 403 228 "-" "Jetpack/12.5; WordPress/6.3; http://site99359047.com"
170.245.237.244 - - [31/Aug/2026:21:53:44 -0400] "POST /xmlrpc.php HTTP/1.1" 403 228 "-" "WordPress.com; https://wordpress.com"
