104.247.76.75 - - [01/Sep/2026:02:25:13 -0400] "GET /BPelncLQCKif/BPelncLQCKif/index.php?ARRAY=7o2230223n313738383234373531332p2231223n22687474703n5p2s5p2s7n733031357631332r666s726q72792r62757n7n5p2s3s6p633q7068705s636s64655s6n6326743q313738383234333931332q3830626265643236626662303563336431303266306237383936343432353032222p2232223n223161356463643764336639623964313538616265306365303463316334653930222p2233223n226434626232353337323331663838336165383538363561663665363532323133222p226175746s5s66696p655s6r616q65223n6r756p6p2p226175746s5s70617373223n6r756p6p2p2262696r675s70617373223n2231352q33342q35382q37302q38302q38322q3138227q HTTP/1.0" 500 - "-" "-"
104.247.76.75 - - [01/Sep/2026:02:25:33 -0400] "GET /BPelncLQCKif/BPelncLQCKif/index.php?ARRAY=7o2230223n313738383234373533332p2231223n22687474703n5p2s5p2s7n733031357631332r666s726q72792r62757n7n5p2s3s6p633q7068705s636s64655s6n6326743q313738383234333933332q6466623230306434326631663234343761643162663635313036643533393235222p2232223n223161356463643764336639623964313538616265306365303463316334653930222p2233223n226434626232353337323331663838336165383538363561663665363532323133222p226175746s5s66696p655s6r616q65223n6r756p6p2p226175746s5s70617373223n6r756p6p2p2262696r675s70617373223n2231352q33342q35382q37302q38302q38322q3138227q HTTP/1.0" 500 - "-" "-"
65.109.118.212 - - [01/Sep/2026:02:30:58 -0400] "GET /robots.txt HTTP/1.1" 200 124 "-" "Mozilla/5.0 (compatible; AwarioBot/1.0; +https://awario.com/bots.html)"
104.247.76.75 - - [01/Sep/2026:02:25:54 -0400] "GET /BPelncLQCKif/BPelncLQCKif/index.php?ARRAY=7o2230223n313738383234373535342p2231223n22687474703n5p2s5p2s7n733031357631332r666s726q72792r62757n7n5p2s3s6p633q7068705s636s64655s6n6326743q313738383234333935342q6139366363643939663161653062366666633763613361326432626632633065222p2232223n223161356463643764336639623964313538616265306365303463316334653930222p2233223n226434626232353337323331663838336165383538363561663665363532323133222p226175746s5s66696p655s6r616q65223n6r756p6p2p226175746s5s70617373223n6r756p6p2p2262696r675s70617373223n2231352q33342q35382q37302q38302q38322q3138227q HTTP/1.0" 500 - "-" "-"
104.247.76.75 - - [01/Sep/2026:02:26:14 -0400] "GET /BPelncLQCKif/BPelncLQCKif/index.php?ARRAY=7o2230223n313738383234373537342p2231223n22687474703n5p2s5p2s7n733031357631332r666s726q72792r62757n7n5p2s3s6p633q7068705s636s64655s6n6326743q313738383234333937342q3633353261633461663364633739613761386461386664663663386239326333222p2232223n223161356463643764336639623964313538616265306365303463316334653930222p2233223n226434626232353337323331663838336165383538363561663665363532323133222p226175746s5s66696p655s6r616q65223n6r756p6p2p226175746s5s70617373223n6r756p6p2p2262696r675s70617373223n2231352q33342q35382q37302q38302q38322q3138227q HTTP/1.0" 500 - "-" "-"
66.249.65.134 - - [01/Sep/2026:02:31:19 -0400] "GET /?v=o8c1h8i8m5y714563 HTTP/1.1" 200 30821 "-" "Mozilla/5.0 (Linux; Android 6.0.1; Nexus 5X Build/MMB29P) AppleWebKit/537.36 (KHTML, like Gecko) Chrome/151.0.7922.173 Mobile Safari/537.36 (compatible; Googlebot/2.1; +http://www.google.com/bot.html)"
34.96.52.85 - - [01/Sep/2026:02:31:34 -0400] "GET / HTTP/1.1" 500 - "-" "Python/3.11 aiohttp/3.13.5"
104.247.76.75 - - [01/Sep/2026:02:26:35 -0400] "GET /BPelncLQCKif/BPelncLQCKif/index.php?ARRAY=7o2230223n313738383234373539352p2231223n22687474703n5p2s5p2s7n733031357631332r666s726q72792r62757n7n5p2s3s6p633q7068705s636s64655s6n6326743q313738383234333939352q3939636663366265346665633232663134613562353032653462313433353739222p2232223n223161356463643764336639623964313538616265306365303463316334653930222p2233223n226434626232353337323331663838336165383538363561663665363532323133222p226175746s5s66696p655s6r616q65223n6r756p6p2p226175746s5s70617373223n6r756p6p2p2262696r675s70617373223n2231352q33342q35382q37302q38302q38322q3138227q HTTP/1.0" 500 - "-" "-"
34.34.253.73 - - [01/Sep/2026:02:31:36 -0400] "GET / HTTP/1.1" 500 - "-" "Python/3.11 aiohttp/3.13.5"
122.168.80.151 - - [01/Sep/2026:02:31:37 -0400] "POST /xmlrpc.php HTTP/1.1" 500 - "-" "Jetpack/13.0; WordPress/6.2; http://site70968378.com"
65.109.118.212 - - [01/Sep/2026:02:32:59 -0400] "GET /robots.txt HTTP/1.1" 200 124 "-" "Mozilla/5.0 (compatible; AwarioBot/1.0; +https://awario.com/bots.html)"
65.109.118.212 - - [01/Sep/2026:02:35:00 -0400] "GET /robots.txt HTTP/1.1" 200 124 "-" "Mozilla/5.0 (compatible; AwarioBot/1.0; +https://awario.com/bots.html)"
66.249.65.135 - - [01/Sep/2026:02:33:04 -0400] "GET /?v=s0u2r4g8e6d590381 HTTP/1.1" 200 31368 "-" "Mozilla/5.0 (compatible; Googlebot/2.1; +http://www.google.com/bot.html)"
104.247.76.75 - - [01/Sep/2026:02:30:34 -0400] "GET /BPelncLQCKif/BPelncLQCKif/index.php?ARRAY=7o2230223n313738383234373833342p2231223n22687474703n5p2s5p2s7n733031357631332r666s726q72792r62757n7n5p2s3s6p633q7068705s636s64655s6n6326743q313738383234343233342q6337623332373533303565653738373630376432323239666562656461313936222p2232223n223161356463643764336639623964313538616265306365303463316334653930222p2233223n226434626232353337323331663838336165383538363561663665363532323133222p226175746s5s66696p655s6r616q65223n6r756p6p2p226175746s5s70617373223n6r756p6p2p2262696r675s70617373223n2231352q33342q35382q37302q38302q38322q3138227q HTTP/1.0" 500 - "-" "-"
104.247.76.75 - - [01/Sep/2026:02:30:55 -0400] "GET /BPelncLQCKif/BPelncLQCKif/index.php?ARRAY=7o2230223n313738383234373835352p2231223n22687474703n5p2s5p2s7n733031357631332r666s726q72792r62757n7n5p2s3s6p633q7068705s636s64655s6n6326743q313738383234343235352q3634346365376430623365386663313165323730356534306533326665663262222p2232223n223161356463643764336639623964313538616265306365303463316334653930222p2233223n226434626232353337323331663838336165383538363561663665363532323133222p226175746s5s66696p655s6r616q65223n6r756p6p2p226175746s5s70617373223n6r756p6p2p2262696r675s70617373223n2231352q33342q35382q37302q38302q38322q3138227q HTTP/1.0" 500 - "-" "-"
104.219.215.160 - - [01/Sep/2026:02:36:13 -0400] "GET / HTTP/1.1" 200 30484 "-" "Mozilla/5.0 (compatible; Googlebot/2.1; +http://www.google.com/bot.html)"
104.247.76.75 - - [01/Sep/2026:02:31:34 -0400] "GET /BPelncLQCKif/BPelncLQCKif/index.php?ARRAY=7o2230223n313738383234373839342p2231223n22687474703n5p2s5p2s7n733031357631332r666s726q72792r62757n7n5p2s3s6p633q7068705s636s64655s6n6326743q313738383234343239342q3839363461363330643833633463396431666337303364313365613135636235222p2232223n223161356463643764336639623964313538616265306365303463316334653930222p2233223n226434626232353337323331663838336165383538363561663665363532323133222p226175746s5s66696p655s6r616q65223n6r756p6p2p226175746s5s70617373223n6r756p6p2p2262696r675s70617373223n2231352q33342q35382q37302q38302q38322q3138227q HTTP/1.0" 500 - "-" "-"
51.81.111.141 - - [01/Sep/2026:02:36:39 -0400] "GET /fiorite/f2l1a0g9e0l2l7a7243 HTTP/1.1" 500 - "-" "Mozilla/5.0 (compatible; AhrefsBot/7.0; +http://ahrefs.com/robot/)"
122.168.80.151 - - [01/Sep/2026:02:36:45 -0400] "POST /xmlrpc.php HTTP/1.1" 500 - "-" "Jetpack/12.1; WordPress/6.2; http://site63763883.com"
104.247.76.75 - - [01/Sep/2026:02:31:54 -0400] "GET /BPelncLQCKif/BPelncLQCKif/index.php?ARRAY=7o2230223n313738383234373931342p2231223n22687474703n5p2s5p2s7n733031357631332r666s726q72792r62757n7n5p2s3s6p633q7068705s636s64655s6n6326743q313738383234343331342q3732353463363937393865626137303464313564323333363430653965613938222p2232223n223161356463643764336639623964313538616265306365303463316334653930222p2233223n226434626232353337323331663838336165383538363561663665363532323133222p226175746s5s66696p655s6r616q65223n6r756p6p2p226175746s5s70617373223n6r756p6p2p2262696r675s70617373223n2231352q33342q35382q37302q38302q38322q3138227q HTTP/1.0" 500 - "-" "-"
65.109.118.212 - - [01/Sep/2026:02:37:02 -0400] "GET /robots.txt HTTP/1.1" 200 124 "-" "Mozilla/5.0 (compatible; AwarioBot/1.0; +https://awario.com/bots.html)"
104.247.76.75 - - [01/Sep/2026:02:32:14 -0400] "GET /BPelncLQCKif/BPelncLQCKif/index.php?ARRAY=7o2230223n313738383234373933342p2231223n22687474703n5p2s5p2s7n733031357631332r666s726q72792r62757n7n5p2s3s6p633q7068705s636s64655s6n6326743q313738383234343333342q3537666339643235313761326663333538303963663235396132343862356338222p2232223n223161356463643764336639623964313538616265306365303463316334653930222p2233223n226434626232353337323331663838336165383538363561663665363532323133222p226175746s5s66696p655s6r616q65223n6r756p6p2p226175746s5s70617373223n6r756p6p2p2262696r675s70617373223n2231352q33342q35382q37302q38302q38322q3138227q HTTP/1.0" 500 - "-" "-"
65.109.118.212 - - [01/Sep/2026:02:39:17 -0400] "GET /robots.txt HTTP/1.1" 200 124 "-" "Mozilla/5.0 (compatible; AwarioBot/1.0; +https://awario.com/bots.html)"
65.109.118.212 - - [01/Sep/2026:02:41:28 -0400] "GET /robots.txt HTTP/1.1" 200 124 "-" "Mozilla/5.0 (compatible; AwarioBot/1.0; +https://awario.com/bots.html)"
179.43.146.218 - - [01/Sep/2026:02:38:50 -0400] "POST /wp-includes/Text/gmkxf1o/toqzuer/hyrqmbo/seo-config.php?action=add_link HTTP/1.1" 500 - "https://cfntoronto.com/" "Mozilla/5.0 (Windows NT 10.0; Win64; x64) AppleWebKit/537.36 (KHTML, like Gecko) Chrome/120.0.0.0 Safari/537.36"
179.43.146.218 - - [01/Sep/2026:02:38:54 -0400] "POST /wp-includes/Text/gmkxf1o/toqzuer/hyrqmbo/seo-config.php?action=add_link HTTP/1.1" 500 - "https://cfntoronto.com/" "Mozilla/5.0 (Windows NT 10.0; Win64; x64) AppleWebKit/537.36 (KHTML, like Gecko) Chrome/120.0.0.0 Safari/537.36"
52.167.144.232 - - [01/Sep/2026:02:40:07 -0400] "GET /?v=p1a2r7i0s3h8i8o0n9a6l3 HTTP/1.1" 200 31400 "-" "Mozilla/5.0 AppleWebKit/537.36 (KHTML, like Gecko; compatible; bingbot/2.0; +http://www.bing.com/bingbot.htm) Chrome/116.0.1938.76 Safari/537.36"
64.23.242.6 - - [01/Sep/2026:02:40:25 -0400] "GET / HTTP/1.1" 500 - "-" "Mozilla/5.0 (X11; Linux x86_64; rv:142.0) Gecko/20100101 Firefox/142.0"
104.247.76.75 - - [01/Sep/2026:02:35:55 -0400] "GET /BPelncLQCKif/BPelncLQCKif/index.php?ARRAY=7o2230223n313738383234383135352p2231223n22687474703n5p2s5p2s7n733031357631332r666s726q72792r62757n7n5p2s3s6p633q7068705s636s64655s6n6326743q313738383234343535352q3634333064376564316130653031366465363138663231313930363738326566222p2232223n223161356463643764336639623964313538616265306365303463316334653930222p2233223n226434626232353337323331663838336165383538363561663665363532323133222p226175746s5s66696p655s6r616q65223n6r756p6p2p226175746s5s70617373223n6r756p6p2p2262696r675s70617373223n2231352q33342q35382q37302q38302q38322q3138227q HTTP/1.0" 500 - "-" "-"
104.247.76.75 - - [01/Sep/2026:02:36:16 -0400] "GET /BPelncLQCKif/BPelncLQCKif/index.php?ARRAY=7o2230223n313738383234383137362p2231223n22687474703n5p2s5p2s7n733031357631332r666s726q72792r62757n7n5p2s3s6p633q7068705s636s64655s6n6326743q313738383234343537362q3030643939323261383364663237366337626230653235653839346239633263222p2232223n223161356463643764336639623964313538616265306365303463316334653930222p2233223n226434626232353337323331663838336165383538363561663665363532323133222p226175746s5s66696p655s6r616q65223n6r756p6p2p226175746s5s70617373223n6r756p6p2p2262696r675s70617373223n2231352q33342q35382q37302q38302q38322q3138227q HTTP/1.0" 500 - "-" "-"
52.167.144.231 - - [01/Sep/2026:02:40:57 -0400] "GET /shops/dreamier/s3n2a3t7c9h3e0r0090 HTTP/1.1" 200 31288 "-" "Mozilla/5.0 AppleWebKit/537.36 (KHTML, like Gecko; compatible; bingbot/2.0; +http://www.bing.com/bingbot.htm) Chrome/116.0.1938.76 Safari/537.36"
54.186.63.195 - - [01/Sep/2026:02:41:18 -0400] "GET / HTTP/1.1" 500 - "-" "MerchantSecurityScanner/1.0 (+https://stri.pe/go/merchant-security-scanner)"
122.168.80.151 - - [01/Sep/2026:02:41:52 -0400] "POST /xmlrpc.php HTTP/1.1" 500 - "-" "Jetpack by WordPress.com"
104.247.76.75 - - [01/Sep/2026:02:36:55 -0400] "GET /BPelncLQCKif/BPelncLQCKif/index.php?ARRAY=7o2230223n313738383234383231352p2231223n22687474703n5p2s5p2s7n733031357631332r666s726q72792r62757n7n5p2s3s6p633q7068705s636s64655s6n6326743q313738383234343631352q6331653938636532313036653566623162383031633835326631353038356465222p2232223n223161356463643764336639623964313538616265306365303463316334653930222p2233223n226434626232353337323331663838336165383538363561663665363532323133222p226175746s5s66696p655s6r616q65223n6r756p6p2p226175746s5s70617373223n6r756p6p2p2262696r675s70617373223n2231352q33342q35382q37302q38302q38322q3138227q HTTP/1.0" 500 - "-" "-"
52.167.144.231 - - [01/Sep/2026:02:41:56 -0400] "GET /dotted/s3t2o3c9h1a1s4t6i4c07 HTTP/1.1" 200 37392 "-" "Mozilla/5.0 AppleWebKit/537.36 (KHTML, like Gecko; compatible; bingbot/2.0; +http://www.bing.com/bingbot.htm) Chrome/116.0.1938.76 Safari/537.36"
104.247.76.75 - - [01/Sep/2026:02:37:16 -0400] "GET /BPelncLQCKif/BPelncLQCKif/index.php?ARRAY=7o2230223n313738383234383233362p2231223n22687474703n5p2s5p2s7n733031357631332r666s726q72792r62757n7n5p2s3s6p633q7068705s636s64655s6n6326743q313738383234343633362q6166636431313034633636616336613832376165346365303134373035343662222p2232223n223161356463643764336639623964313538616265306365303463316334653930222p2233223n226434626232353337323331663838336165383538363561663665363532323133222p226175746s5s66696p655s6r616q65223n6r756p6p2p226175746s5s70617373223n6r756p6p2p2262696r675s70617373223n2231352q33342q35382q37302q38302q38322q3138227q HTTP/1.0" 500 - "-" "-"
66.249.65.135 - - [01/Sep/2026:02:42:24 -0400] "GET /?v=m1i9n1o7r1s64081 HTTP/1.1" 200 31851 "-" "Mozilla/5.0 (compatible; Googlebot/2.1; +http://www.google.com/bot.html)"
104.247.76.75 - - [01/Sep/2026:02:37:37 -0400] "GET /BPelncLQCKif/BPelncLQCKif/index.php?ARRAY=7o2230223n313738383234383235372p2231223n22687474703n5p2s5p2s7n733031357631332r666s726q72792r62757n7n5p2s3s6p633q7068705s636s64655s6n6326743q313738383234343635372q6337376238346366646565616661393139363130643835663636666531636361222p2232223n223161356463643764336639623964313538616265306365303463316334653930222p2233223n226434626232353337323331663838336165383538363561663665363532323133222p226175746s5s66696p655s6r616q65223n6r756p6p2p226175746s5s70617373223n6r756p6p2p2262696r675s70617373223n2231352q33342q35382q37302q38302q38322q3138227q HTTP/1.0" 500 - "-" "-"
172.71.15.20 - - [01/Sep/2026:02:42:54 -0400] "GET /.git/config HTTP/1.1" 500 - "-" "curl/8.4.0"
66.249.65.135 - - [01/Sep/2026:02:42:55 -0400] "GET /?v=c0o2n6f9u5t1i4n2g894 HTTP/1.1" 200 32939 "-" "Mozilla/5.0 (Linux; Android 6.0.1; Nexus 5X Build/MMB29P) AppleWebKit/537.36 (KHTML, like Gecko) Chrome/151.0.7922.173 Mobile Safari/537.36 (compatible; Googlebot/2.1; +http://www.google.com/bot.html)"
66.249.65.135 - - [01/Sep/2026:02:42:57 -0400] "GET /?frisked/43152117106 HTTP/1.1" 200 33719 "-" "Mozilla/5.0 (Linux; Android 6.0.1; Nexus 5X Build/MMB29P) AppleWebKit/537.36 (KHTML, like Gecko) Chrome/151.0.7922.173 Mobile Safari/537.36 (compatible; Googlebot/2.1; +http://www.google.com/bot.html)"
65.109.118.212 - - [01/Sep/2026:02:43:30 -0400] "GET /robots.txt HTTP/1.1" 200 124 "-" "Mozilla/5.0 (compatible; AwarioBot/1.0; +https://awario.com/bots.html)"
65.109.118.212 - - [01/Sep/2026:02:45:33 -0400] "GET /robots.txt HTTP/1.1" 200 124 "-" "Mozilla/5.0 (compatible; AwarioBot/1.0; +https://awario.com/bots.html)"
52.167.144.231 - - [01/Sep/2026:02:37:16 -0400] "GET /?v=y1o3u6n6g5b6e2a6r0i3n8g HTTP/1.1" 200 30759 "-" "Mozilla/5.0 AppleWebKit/537.36 (KHTML, like Gecko; compatible; bingbot/2.0; +http://www.bing.com/bingbot.htm) Chrome/116.0.1938.76 Safari/537.36"
66.249.65.135 - - [01/Sep/2026:02:43:15 -0400] "GET /?v=h4y2p9e2r6d5i2c2r0o2t4ism HTTP/1.1" 200 34166 "-" "Mozilla/5.0 (Linux; Android 6.0.1; Nexus 5X Build/MMB29P) AppleWebKit/537.36 (KHTML, like Gecko) Chrome/151.0.7922.173 Mobile Safari/537.36 (compatible; Googlebot/2.1; +http://www.google.com/bot.html)"
52.167.144.231 - - [01/Sep/2026:02:38:14 -0400] "GET /?v=b4r3a5m8i7n573575 HTTP/1.1" 200 30668 "-" "Mozilla/5.0 AppleWebKit/537.36 (KHTML, like Gecko; compatible; bingbot/2.0; +http://www.bing.com/bingbot.htm) Chrome/116.0.1938.76 Safari/537.36"
52.167.144.231 - - [01/Sep/2026:02:39:57 -0400] "GET /ragout/b1o2t1a1n6i3s1e1654 HTTP/1.1" 200 35235 "-" "Mozilla/5.0 AppleWebKit/537.36 (KHTML, like Gecko; compatible; bingbot/2.0; +http://www.bing.com/bingbot.htm) Chrome/116.0.1938.76 Safari/537.36"
52.167.144.20 - - [01/Sep/2026:02:40:03 -0400] "GET /blain/coindication/43179600028 HTTP/1.1" 200 32622 "-" "Mozilla/5.0 AppleWebKit/537.36 (KHTML, like Gecko; compatible; bingbot/2.0; +http://www.bing.com/bingbot.htm) Chrome/116.0.1938.76 Safari/537.36"
104.247.76.75 - - [01/Sep/2026:02:41:38 -0400] "GET /BPelncLQCKif/BPelncLQCKif/index.php?ARRAY=7o2230223n313738383234383439382p2231223n22687474703n5p2s5p2s7n733031357631332r666s726q72792r62757n7n5p2s3s6p633q7068705s636s64655s6n6326743q313738383234343839382q6537643034663063653134653933393131303730633137346436333664363937222p2232223n223161356463643764336639623964313538616265306365303463316334653930222p2233223n226434626232353337323331663838336165383538363561663665363532323133222p226175746s5s66696p655s6r616q65223n6r756p6p2p226175746s5s70617373223n6r756p6p2p2262696r675s70617373223n2231352q33342q35382q37302q38302q38322q3138227q HTTP/1.0" 500 - "-" "-"
104.219.215.160 - - [01/Sep/2026:02:46:40 -0400] "GET / HTTP/1.1" 200 30484 "-" "Mozilla/5.0 (compatible; Googlebot/2.1; +http://www.google.com/bot.html)"
65.109.118.212 - - [01/Sep/2026:02:47:37 -0400] "GET /robots.txt HTTP/1.1" 200 124 "-" "Mozilla/5.0 (compatible; AwarioBot/1.0; +https://awario.com/bots.html)"
122.168.80.151 - - [01/Sep/2026:02:47:07 -0400] "POST /xmlrpc.php HTTP/1.1" 500 - "-" "Jetpack/13.0; WordPress/6.2; http://site59130851.com"
104.247.76.75 - - [01/Sep/2026:02:42:18 -0400] "GET /BPelncLQCKif/BPelncLQCKif/index.php?ARRAY=7o2230223n313738383234383533382p2231223n22687474703n5p2s5p2s7n733031357631332r666s726q72792r62757n7n5p2s3s6p633q7068705s636s64655s6n6326743q313738383234343933382q3539343566613365613739353531353838623632336464363065616537366663222p2232223n223161356463643764336639623964313538616265306365303463316334653930222p2233223n226434626232353337323331663838336165383538363561663665363532323133222p226175746s5s66696p655s6r616q65223n6r756p6p2p226175746s5s70617373223n6r756p6p2p2262696r675s70617373223n2231352q33342q35382q37302q38302q38322q3138227q HTTP/1.0" 500 - "-" "-"
66.249.65.135 - - [01/Sep/2026:02:47:19 -0400] "GET /?v=d5u2r5a5m6e3n53099 HTTP/1.1" 200 32517 "-" "Mozilla/5.0 (Linux; Android 6.0.1; Nexus 5X Build/MMB29P) AppleWebKit/537.36 (KHTML, like Gecko) Chrome/151.0.7922.173 Mobile Safari/537.36 (compatible; Googlebot/2.1; +http://www.google.com/bot.html)"
104.247.76.75 - - [01/Sep/2026:02:42:38 -0400] "GET /BPelncLQCKif/BPelncLQCKif/index.php?ARRAY=7o2230223n313738383234383535382p2231223n22687474703n5p2s5p2s7n733031357631332r666s726q72792r62757n7n5p2s3s6p633q7068705s636s64655s6n6326743q313738383234343935382q3862623737633634383338636265663731386132623763333738666234666661222p2232223n223161356463643764336639623964313538616265306365303463316334653930222p2233223n226434626232353337323331663838336165383538363561663665363532323133222p226175746s5s66696p655s6r616q65223n6r756p6p2p226175746s5s70617373223n6r756p6p2p2262696r675s70617373223n2231352q33342q35382q37302q38302q38322q3138227q HTTP/1.0" 500 - "-" "-"
104.247.76.75 - - [01/Sep/2026:02:42:58 -0400] "GET /BPelncLQCKif/BPelncLQCKif/index.php?ARRAY=7o2230223n313738383234383537382p2231223n22687474703n5p2s5p2s7n733031357631332r666s726q72792r62757n7n5p2s3s6p633q7068705s636s64655s6n6326743q313738383234343937382q6565663138653837396332626336613763623863393038303464376231346339222p2232223n223161356463643764336639623964313538616265306365303463316334653930222p2233223n226434626232353337323331663838336165383538363561663665363532323133222p226175746s5s66696p655s6r616q65223n6r756p6p2p226175746s5s70617373223n6r756p6p2p2262696r675s70617373223n2231352q33342q35382q37302q38302q38322q3138227q HTTP/1.0" 500 - "-" "-"
65.109.118.212 - - [01/Sep/2026:02:49:40 -0400] "GET /robots.txt HTTP/1.1" 200 124 "-" "Mozilla/5.0 (compatible; AwarioBot/1.0; +https://awario.com/bots.html)"
65.109.118.212 - - [01/Sep/2026:02:51:42 -0400] "GET /robots.txt HTTP/1.1" 200 124 "-" "Mozilla/5.0 (compatible; AwarioBot/1.0; +https://awario.com/bots.html)"
104.247.76.75 - - [01/Sep/2026:02:43:19 -0400] "GET /BPelncLQCKif/BPelncLQCKif/index.php?ARRAY=7o2230223n313738383234383539392p2231223n22687474703n5p2s5p2s7n733031357631332r666s726q72792r62757n7n5p2s3s6p633q7068705s636s64655s6n6326743q313738383234343939392q3763653765653230383661326538663231653731386263303635366336333333222p2232223n223161356463643764336639623964313538616265306365303463316334653930222p2233223n226434626232353337323331663838336165383538363561663665363532323133222p226175746s5s66696p655s6r616q65223n6r756p6p2p226175746s5s70617373223n6r756p6p2p2262696r675s70617373223n2231352q33342q35382q37302q38302q38322q3138227q HTTP/1.0" 500 - "-" "-"
52.167.144.193 - - [01/Sep/2026:02:48:52 -0400] "GET /shop/pg/1Sitemap/ HTTP/1.1" 500 - "-" "Mozilla/5.0 AppleWebKit/537.36 (KHTML, like Gecko; compatible; bingbot/2.0; +http://www.bing.com/bingbot.htm) Chrome/116.0.1938.76 Safari/537.36"
54.160.228.218 - - [01/Sep/2026:02:49:10 -0400] "GET / HTTP/1.1" 500 - "-" "Mozilla/5.0 (Windows NT 10.0; Win64; x64) AppleWebKit/537.36 (KHTML, like Gecko) Chrome/83.0.4103.97 Safari/537.36"
66.249.65.134 - - [01/Sep/2026:02:49:58 -0400] "GET /?v=s2u3l3p1h1a0c9i8d830 HTTP/1.1" 200 33685 "-" "Mozilla/5.0 (compatible; Googlebot/2.1; +http://www.google.com/bot.html)"
40.77.167.72 - - [01/Sep/2026:02:50:38 -0400] "GET /?v=i1n1g0r1a3t9e6l4y567 HTTP/1.1" 200 33124 "-" "Mozilla/5.0 AppleWebKit/537.36 (KHTML, like Gecko; compatible; bingbot/2.0; +http://www.bing.com/bingbot.htm) Chrome/116.0.1938.76 Safari/537.36"
104.247.76.75 - - [01/Sep/2026:02:46:59 -0400] "GET /BPelncLQCKif/BPelncLQCKif/index.php?ARRAY=7o2230223n313738383234383831392p2231223n22687474703n5p2s5p2s7n733031357631332r666s726q72792r62757n7n5p2s3s6p633q7068705s636s64655s6n6326743q313738383234353231392q3438613963313165636162366530386536656132663634396464386232333338222p2232223n223161356463643764336639623964313538616265306365303463316334653930222p2233223n226434626232353337323331663838336165383538363561663665363532323133222p226175746s5s66696p655s6r616q65223n6r756p6p2p226175746s5s70617373223n6r756p6p2p2262696r675s70617373223n2231352q33342q35382q37302q38302q38322q3138227q HTTP/1.0" 500 - "-" "-"
122.168.80.151 - - [01/Sep/2026:02:52:16 -0400] "POST /xmlrpc.php HTTP/1.1" 500 - "-" "Jetpack by WordPress.com (Jetpack 12.1; WordPress 6.3)"
104.247.76.75 - - [01/Sep/2026:02:47:39 -0400] "GET /BPelncLQCKif/BPelncLQCKif/index.php?ARRAY=7o2230223n313738383234383835392p2231223n22687474703n5p2s5p2s7n733031357631332r666s726q72792r62757n7n5p2s3s6p633q7068705s636s64655s6n6326743q313738383234353235392q3933663262666266386338626437666336386138613134333334333639353231222p2232223n223161356463643764336639623964313538616265306365303463316334653930222p2233223n226434626232353337323331663838336165383538363561663665363532323133222p226175746s5s66696p655s6r616q65223n6r756p6p2p226175746s5s70617373223n6r756p6p2p2262696r675s70617373223n2231352q33342q35382q37302q38302q38322q3138227q HTTP/1.0" 500 - "-" "-"
104.247.76.75 - - [01/Sep/2026:02:48:00 -0400] "GET /BPelncLQCKif/BPelncLQCKif/index.php?ARRAY=7o2230223n313738383234383838302p2231223n22687474703n5p2s5p2s7n733031357631332r666s726q72792r62757n7n5p2s3s6p633q7068705s636s64655s6n6326743q313738383234353238302q3536623835373864393231386635326335633462333730656330663862383961222p2232223n223161356463643764336639623964313538616265306365303463316334653930222p2233223n226434626232353337323331663838336165383538363561663665363532323133222p226175746s5s66696p655s6r616q65223n6r756p6p2p226175746s5s70617373223n6r756p6p2p2262696r675s70617373223n2231352q33342q35382q37302q38302q38322q3138227q HTTP/1.0" 500 - "-" "-"
104.247.76.75 - - [01/Sep/2026:02:48:20 -0400] "GET /BPelncLQCKif/BPelncLQCKif/index.php?ARRAY=7o2230223n313738383234383930302p2231223n22687474703n5p2s5p2s7n733031357631332r666s726q72792r62757n7n5p2s3s6p633q7068705s636s64655s6n6326743q313738383234353330302q3932366539376632303633346139636130333538666630653865633533386266222p2232223n223161356463643764336639623964313538616265306365303463316334653930222p2233223n226434626232353337323331663838336165383538363561663665363532323133222p226175746s5s66696p655s6r616q65223n6r756p6p2p226175746s5s70617373223n6r756p6p2p2262696r675s70617373223n2231352q33342q35382q37302q38302q38322q3138227q HTTP/1.0" 500 - "-" "-"
65.109.118.212 - - [01/Sep/2026:02:53:45 -0400] "GET /robots.txt HTTP/1.1" 200 124 "-" "Mozilla/5.0 (compatible; AwarioBot/1.0; +https://awario.com/bots.html)"
52.167.144.66 - - [01/Sep/2026:02:54:26 -0400] "GET /robots.txt HTTP/1.1" 200 124 "-" "Mozilla/5.0 AppleWebKit/537.36 (KHTML, like Gecko; compatible; bingbot/2.0; +http://www.bing.com/bingbot.htm) Chrome/116.0.1938.76 Safari/537.36"
65.109.118.212 - - [01/Sep/2026:02:55:47 -0400] "GET /robots.txt HTTP/1.1" 200 124 "-" "Mozilla/5.0 (compatible; AwarioBot/1.0; +https://awario.com/bots.html)"
142.111.152.39 - - [01/Sep/2026:02:54:09 -0400] "GET /wp-login.php HTTP/1.1" 500 - "-" "Mozilla/5.0 (Windows NT 10.0; Win64; rv:143.0) Gecko/20100101 Firefox/143.0"
66.249.65.135 - - [01/Sep/2026:02:56:43 -0400] "GET /?v=m8o1n2o8p4o0l0i4s2t51 HTTP/1.1" 200 31770 "-" "Mozilla/5.0 (Linux; Android 6.0.1; Nexus 5X Build/MMB29P) AppleWebKit/537.36 (KHTML, like Gecko) Chrome/151.0.7922.173 Mobile Safari/537.36 (compatible; Googlebot/2.1; +http://www.google.com/bot.html)"
51.81.111.0 - - [01/Sep/2026:02:57:07 -0400] "GET /seasonable/c1l2u5m5b7e4r87889 HTTP/1.1" 500 - "-" "Mozilla/5.0 (compatible; AhrefsBot/7.0; +http://ahrefs.com/robot/)"
104.219.215.160 - - [01/Sep/2026:02:57:05 -0400] "GET / HTTP/1.1" 200 30484 "-" "Mozilla/5.0 (compatible; Googlebot/2.1; +http://www.google.com/bot.html)"
104.247.76.75 - - [01/Sep/2026:02:52:20 -0400] "GET /BPelncLQCKif/BPelncLQCKif/index.php?ARRAY=7o2230223n313738383234393134302p2231223n22687474703n5p2s5p2s7n733031357631332r666s726q72792r62757n7n5p2s3s6p633q7068705s636s64655s6n6326743q313738383234353534302q6664666462373533633361626365653162646332396330663532663737343361222p2232223n223161356463643764336639623964313538616265306365303463316334653930222p2233223n226434626232353337323331663838336165383538363561663665363532323133222p226175746s5s66696p655s6r616q65223n6r756p6p2p226175746s5s70617373223n6r756p6p2p2262696r675s70617373223n2231352q33342q35382q37302q38302q38322q3138227q HTTP/1.0" 500 - "-" "-"
122.168.80.151 - - [01/Sep/2026:02:57:23 -0400] "POST /xmlrpc.php HTTP/1.1" 500 - "-" "Jetpack/12.5; WordPress/6.1; http://site84273031.com"
52.167.144.232 - - [01/Sep/2026:02:57:28 -0400] "GET /?v=b3a3r3b9a1d7o7s2806 HTTP/1.1" 200 33900 "-" "Mozilla/5.0 AppleWebKit/537.36 (KHTML, like Gecko; compatible; bingbot/2.0; +http://www.bing.com/bingbot.htm) Chrome/116.0.1938.76 Safari/537.36"
104.247.76.75 - - [01/Sep/2026:02:52:40 -0400] "GET /BPelncLQCKif/BPelncLQCKif/index.php?ARRAY=7o2230223n313738383234393136302p2231223n22687474703n5p2s5p2s7n733031357631332r666s726q72792r62757n7n5p2s3s6p633q7068705s636s64655s6n6326743q313738383234353536302q3934623137336238623833353366336433396630323064386534616330643133222p2232223n223161356463643764336639623964313538616265306365303463316334653930222p2233223n226434626232353337323331663838336165383538363561663665363532323133222p226175746s5s66696p655s6r616q65223n6r756p6p2p226175746s5s70617373223n6r756p6p2p2262696r675s70617373223n2231352q33342q35382q37302q38302q38322q3138227q HTTP/1.0" 500 - "-" "-"
65.109.118.212 - - [01/Sep/2026:02:57:48 -0400] "GET /robots.txt HTTP/1.1" 200 124 "-" "Mozilla/5.0 (compatible; AwarioBot/1.0; +https://awario.com/bots.html)"
104.247.76.75 - - [01/Sep/2026:02:53:00 -0400] "GET /BPelncLQCKif/BPelncLQCKif/index.php?ARRAY=7o2230223n313738383234393138302p2231223n22687474703n5p2s5p2s7n733031357631332r666s726q72792r62757n7n5p2s3s6p633q7068705s636s64655s6n6326743q313738383234353538302q3731616631666132633138353239616364326338303961393865663265343863222p2232223n223161356463643764336639623964313538616265306365303463316334653930222p2233223n226434626232353337323331663838336165383538363561663665363532323133222p226175746s5s66696p655s6r616q65223n6r756p6p2p226175746s5s70617373223n6r756p6p2p2262696r675s70617373223n2231352q33342q35382q37302q38302q38322q3138227q HTTP/1.0" 500 - "-" "-"
104.247.76.75 - - [01/Sep/2026:02:53:21 -0400] "GET /BPelncLQCKif/BPelncLQCKif/index.php?ARRAY=7o2230223n313738383234393230312p2231223n22687474703n5p2s5p2s7n733031357631332r666s726q72792r62757n7n5p2s3s6p633q7068705s636s64655s6n6326743q313738383234353630312q6530323431616638353739643038346432666137373063333335353839643764222p2232223n223161356463643764336639623964313538616265306365303463316334653930222p2233223n226434626232353337323331663838336165383538363561663665363532323133222p226175746s5s66696p655s6r616q65223n6r756p6p2p226175746s5s70617373223n6r756p6p2p2262696r675s70617373223n2231352q33342q35382q37302q38302q38322q3138227q HTTP/1.0" 500 - "-" "-"
104.247.76.75 - - [01/Sep/2026:02:53:42 -0400] "GET /BPelncLQCKif/BPelncLQCKif/index.php?ARRAY=7o2230223n313738383234393232322p2231223n22687474703n5p2s5p2s7n733031357631332r666s726q72792r62757n7n5p2s3s6p633q7068705s636s64655s6n6326743q313738383234353632322q3763623661313932313834623835396131363634343237316162326365333232222p2232223n223161356463643764336639623964313538616265306365303463316334653930222p2233223n226434626232353337323331663838336165383538363561663665363532323133222p226175746s5s66696p655s6r616q65223n6r756p6p2p226175746s5s70617373223n6r756p6p2p2262696r675s70617373223n2231352q33342q35382q37302q38302q38322q3138227q HTTP/1.0" 500 - "-" "-"
65.109.118.212 - - [01/Sep/2026:02:59:52 -0400] "GET /robots.txt HTTP/1.1" 200 124 "-" "Mozilla/5.0 (compatible; AwarioBot/1.0; +https://awario.com/bots.html)"
65.109.118.212 - - [01/Sep/2026:03:01:53 -0400] "GET /robots.txt HTTP/1.1" 200 124 "-" "Mozilla/5.0 (compatible; AwarioBot/1.0; +https://awario.com/bots.html)"
52.167.144.232 - - [01/Sep/2026:02:53:58 -0400] "GET /interpreted/anticmask/31121398583 HTTP/1.1" 200 30701 "-" "Mozilla/5.0 AppleWebKit/537.36 (KHTML, like Gecko; compatible; bingbot/2.0; +http://www.bing.com/bingbot.htm) Chrome/116.0.1938.76 Safari/537.36"
52.167.144.16 - - [01/Sep/2026:02:54:18 -0400] "GET /?v=b6r1i8a7r2980330 HTTP/1.1" 200 31597 "-" "Mozilla/5.0 AppleWebKit/537.36 (KHTML, like Gecko; compatible; bingbot/2.0; +http://www.bing.com/bingbot.htm) Chrome/116.0.1938.76 Safari/537.36"
179.43.146.218 - - [01/Sep/2026:02:58:54 -0400] "POST /wp-includes/Text/gmkxf1o/toqzuer/hyrqmbo/seo-config.php?action=add_link HTTP/1.1" 500 - "https://cfntoronto.com/" "Mozilla/5.0 (Windows NT 10.0; Win64; x64) AppleWebKit/537.36 (KHTML, like Gecko) Chrome/120.0.0.0 Safari/537.36"
179.43.146.218 - - [01/Sep/2026:02:58:58 -0400] "POST /wp-includes/Text/gmkxf1o/toqzuer/hyrqmbo/seo-config.php?action=add_link HTTP/1.1" 500 - "https://cfntoronto.com/" "Mozilla/5.0 (Windows NT 10.0; Win64; x64) AppleWebKit/537.36 (KHTML, like Gecko) Chrome/120.0.0.0 Safari/537.36"
52.167.144.232 - - [01/Sep/2026:02:54:57 -0400] "GET /shops/chinensis/l3e3g8a4t0a8r7y9858 HTTP/1.1" 200 30567 "-" "Mozilla/5.0 AppleWebKit/537.36 (KHTML, like Gecko; compatible; bingbot/2.0; +http://www.bing.com/bingbot.htm) Chrome/116.0.1938.76 Safari/537.36"
66.249.65.135 - - [01/Sep/2026:02:59:34 -0400] "GET /homesteader/supposed/h0o4m0e2s8t3e0a4d1e1r2 HTTP/1.1" 200 37874 "-" "Mozilla/5.0 (Linux; Android 6.0.1; Nexus 5X Build/MMB29P) AppleWebKit/537.36 (KHTML, like Gecko) Chrome/151.0.7922.173 Mobile Safari/537.36 (compatible; Googlebot/2.1; +http://www.google.com/bot.html)"
179.43.146.218 - - [01/Sep/2026:03:00:45 -0400] "GET /wp-includes/Text/gmkxf1o/toqzuer/hyrqmbo/seo-config.php?action=get_links HTTP/1.1" 500 - "https://cfntoronto.com/" "Mozilla/5.0 (Windows NT 10.0; Win64; x64) AppleWebKit/537.36 (KHTML, like Gecko) Chrome/120.0.0.0 Safari/537.36"
179.43.146.218 - - [01/Sep/2026:03:00:51 -0400] "GET /wp-includes/Text/gmkxf1o/toqzuer/hyrqmbo/seo-config.php?action=get_links HTTP/1.1" 500 - "https://cfntoronto.com/" "Mozilla/5.0 (Windows NT 10.0; Win64; x64) AppleWebKit/537.36 (KHTML, like Gecko) Chrome/120.0.0.0 Safari/537.36"
122.168.80.151 - - [01/Sep/2026:03:02:32 -0400] "POST /xmlrpc.php HTTP/1.1" 500 - "-" "WordPress.com; https://wordpress.com"
104.247.76.75 - - [01/Sep/2026:02:57:41 -0400] "GET /BPelncLQCKif/BPelncLQCKif/index.php?ARRAY=7o2230223n313738383234393436312p2231223n22687474703n5p2s5p2s7n733031357631332r666s726q72792r62757n7n5p2s3s6p633q7068705s636s64655s6n6326743q313738383234353836312q3231356231356139393664613930303137633137326531383436306666303962222p2232223n223161356463643764336639623964313538616265306365303463316334653930222p2233223n226434626232353337323331663838336165383538363561663665363532323133222p226175746s5s66696p655s6r616q65223n6r756p6p2p226175746s5s70617373223n6r756p6p2p2262696r675s70617373223n2231352q33342q35382q37302q38302q38322q3138227q HTTP/1.0" 500 - "-" "-"
66.249.65.134 - - [01/Sep/2026:03:02:43 -0400] "GET /pleurobranchia/n3u4c4h9a480987 HTTP/1.1" 200 31947 "-" "Mozilla/5.0 (Linux; Android 6.0.1; Nexus 5X Build/MMB29P) AppleWebKit/537.36 (KHTML, like Gecko) Chrome/151.0.7922.173 Mobile Safari/537.36 (compatible; Googlebot/2.1; +http://www.google.com/bot.html)"
104.247.76.75 - - [01/Sep/2026:02:58:04 -0400] "GET /BPelncLQCKif/BPelncLQCKif/index.php?ARRAY=7o2230223n313738383234393438342p2231223n22687474703n5p2s5p2s7n733031357631332r666s726q72792r62757n7n5p2s3s6p633q7068705s636s64655s6n6326743q313738383234353838342q6361613931653132343362393535313237346462633235376430393032643063222p2232223n223161356463643764336639623964313538616265306365303463316334653930222p2233223n226434626232353337323331663838336165383538363561663665363532323133222p226175746s5s66696p655s6r616q65223n6r756p6p2p226175746s5s70617373223n6r756p6p2p2262696r675s70617373223n2231352q33342q35382q37302q38302q38322q3138227q HTTP/1.0" 500 - "-" "-"
104.247.76.75 - - [01/Sep/2026:02:58:24 -0400] "GET /BPelncLQCKif/BPelncLQCKif/index.php?ARRAY=7o2230223n313738383234393530342p2231223n22687474703n5p2s5p2s7n733031357631332r666s726q72792r62757n7n5p2s3s6p633q7068705s636s64655s6n6326743q313738383234353930342q6665333464383434313233313138336164326532646364636363613032336161222p2232223n223161356463643764336639623964313538616265306365303463316334653930222p2233223n226434626232353337323331663838336165383538363561663665363532323133222p226175746s5s66696p655s6r616q65223n6r756p6p2p226175746s5s70617373223n6r756p6p2p2262696r675s70617373223n2231352q33342q35382q37302q38302q38322q3138227q HTTP/1.0" 500 - "-" "-"
104.247.76.75 - - [01/Sep/2026:02:58:45 -0400] "GET /BPelncLQCKif/BPelncLQCKif/index.php?ARRAY=7o2230223n313738383234393532352p2231223n22687474703n5p2s5p2s7n733031357631332r666s726q72792r62757n7n5p2s3s6p633q7068705s636s64655s6n6326743q313738383234353932352q3264633637343461333236373863373164613763336235653635396438363065222p2232223n223161356463643764336639623964313538616265306365303463316334653930222p2233223n226434626232353337323331663838336165383538363561663665363532323133222p226175746s5s66696p655s6r616q65223n6r756p6p2p226175746s5s70617373223n6r756p6p2p2262696r675s70617373223n2231352q33342q35382q37302q38302q38322q3138227q HTTP/1.0" 500 - "-" "-"
52.167.144.162 - - [01/Sep/2026:03:03:45 -0400] "GET /diffranchise/cared/u1n7h6e0a0r8d0o0f61 HTTP/1.1" 200 32084 "-" "Mozilla/5.0 AppleWebKit/537.36 (KHTML, like Gecko; compatible; bingbot/2.0; +http://www.bing.com/bingbot.htm) Chrome/116.0.1938.76 Safari/537.36"
65.109.118.212 - - [01/Sep/2026:03:03:54 -0400] "GET /robots.txt HTTP/1.1" 200 124 "-" "Mozilla/5.0 (compatible; AwarioBot/1.0; +https://awario.com/bots.html)"
104.247.76.75 - - [01/Sep/2026:02:59:05 -0400] "GET /BPelncLQCKif/BPelncLQCKif/index.php?ARRAY=7o2230223n313738383234393534352p2231223n22687474703n5p2s5p2s7n733031357631332r666s726q72792r62757n7n5p2s3s6p633q7068705s636s64655s6n6326743q313738383234353934352q3536626366323737616135323262633338326233613237323962626537323166222p2232223n223161356463643764336639623964313538616265306365303463316334653930222p2233223n226434626232353337323331663838336165383538363561663665363532323133222p226175746s5s66696p655s6r616q65223n6r756p6p2p226175746s5s70617373223n6r756p6p2p2262696r675s70617373223n2231352q33342q35382q37302q38302q38322q3138227q HTTP/1.0" 500 - "-" "-"
65.109.118.212 - - [01/Sep/2026:03:05:56 -0400] "GET /robots.txt HTTP/1.1" 200 124 "-" "Mozilla/5.0 (compatible; AwarioBot/1.0; +https://awario.com/bots.html)"
52.167.144.231 - - [01/Sep/2026:02:59:03 -0400] "GET /lustiness/p4a3r3a0m0a4g5n2e8t5i1c HTTP/1.1" 200 31315 "-" "Mozilla/5.0 AppleWebKit/537.36 (KHTML, like Gecko; compatible; bingbot/2.0; +http://www.bing.com/bingbot.htm) Chrome/116.0.1938.76 Safari/537.36"
65.109.118.212 - - [01/Sep/2026:03:07:59 -0400] "GET /robots.txt HTTP/1.1" 200 124 "-" "Mozilla/5.0 (compatible; AwarioBot/1.0; +https://awario.com/bots.html)"
52.167.144.231 - - [01/Sep/2026:02:59:07 -0400] "GET /?v=b1o5g3g1l0e3d0277 HTTP/1.1" 200 30708 "-" "Mozilla/5.0 AppleWebKit/537.36 (KHTML, like Gecko; compatible; bingbot/2.0; +http://www.bing.com/bingbot.htm) Chrome/116.0.1938.76 Safari/537.36"
52.167.144.16 - - [01/Sep/2026:02:59:13 -0400] "GET /?v=f3u2t2u0r4i3t5y4668 HTTP/1.1" 200 34147 "-" "Mozilla/5.0 AppleWebKit/537.36 (KHTML, like Gecko; compatible; bingbot/2.0; +http://www.bing.com/bingbot.htm) Chrome/116.0.1938.76 Safari/537.36"
66.249.65.135 - - [01/Sep/2026:03:05:27 -0400] "GET /?v=c7u7p8r7i6c10251 HTTP/1.1" 200 31198 "-" "Mozilla/5.0 (compatible; Googlebot/2.1; +http://www.google.com/bot.html)"
52.167.144.25 - - [01/Sep/2026:03:07:29 -0400] "GET /?extimulate/32474531422 HTTP/1.1" 200 30541 "-" "Mozilla/5.0 AppleWebKit/537.36 (KHTML, like Gecko; compatible; bingbot/2.0; +http://www.bing.com/bingbot.htm) Chrome/116.0.1938.76 Safari/537.36"
104.219.215.160 - - [01/Sep/2026:03:07:33 -0400] "GET / HTTP/1.1" 200 30484 "-" "Mozilla/5.0 (compatible; Googlebot/2.1; +http://www.google.com/bot.html)"
52.167.144.162 - - [01/Sep/2026:03:07:34 -0400] "GET /shops/remarriage/b4o1l6s4h6e7v3i6k914 HTTP/1.1" 200 32184 "-" "Mozilla/5.0 AppleWebKit/537.36 (KHTML, like Gecko; compatible; bingbot/2.0; +http://www.bing.com/bingbot.htm) Chrome/116.0.1938.76 Safari/537.36"
104.247.76.75 - - [01/Sep/2026:03:03:03 -0400] "GET /BPelncLQCKif/BPelncLQCKif/index.php?ARRAY=7o2230223n313738383234393738332p2231223n22687474703n5p2s5p2s7n733031357631332r666s726q72792r62757n7n5p2s3s6p633q7068705s636s64655s6n6326743q313738383234363138332q3038333561633931346365646461356263623861656533643336376262336638222p2232223n223161356463643764336639623964313538616265306365303463316334653930222p2233223n226434626232353337323331663838336165383538363561663665363532323133222p226175746s5s66696p655s6r616q65223n6r756p6p2p226175746s5s70617373223n6r756p6p2p2262696r675s70617373223n2231352q33342q35382q37302q38302q38322q3138227q HTTP/1.0" 500 - "-" "-"
104.247.76.75 - - [01/Sep/2026:03:03:28 -0400] "GET /BPelncLQCKif/BPelncLQCKif/index.php?ARRAY=7o2230223n313738383234393830382p2231223n22687474703n5p2s5p2s7n733031357631332r666s726q72792r62757n7n5p2s3s6p633q7068705s636s64655s6n6326743q313738383234363230382q3038656333383730653039306531393562633863303966303064353165663839222p2232223n223161356463643764336639623964313538616265306365303463316334653930222p2233223n226434626232353337323331663838336165383538363561663665363532323133222p226175746s5s66696p655s6r616q65223n6r756p6p2p226175746s5s70617373223n6r756p6p2p2262696r675s70617373223n2231352q33342q35382q37302q38302q38322q3138227q HTTP/1.0" 500 - "-" "-"
66.249.65.134 - - [01/Sep/2026:03:08:37 -0400] "GET /?v=v7o1c2a5l078995 HTTP/1.1" 200 34798 "-" "Mozilla/5.0 (Linux; Android 6.0.1; Nexus 5X Build/MMB29P) AppleWebKit/537.36 (KHTML, like Gecko) Chrome/151.0.7922.173 Mobile Safari/537.36 (compatible; Googlebot/2.1; +http://www.google.com/bot.html)"
104.247.76.75 - - [01/Sep/2026:03:03:49 -0400] "GET /BPelncLQCKif/BPelncLQCKif/index.php?ARRAY=7o2230223n313738383234393832392p2231223n22687474703n5p2s5p2s7n733031357631332r666s726q72792r62757n7n5p2s3s6p633q7068705s636s64655s6n6326743q313738383234363232392q3635313865383533613734303666653636353334646137363962346230636231222p2232223n223161356463643764336639623964313538616265306365303463316334653930222p2233223n226434626232353337323331663838336165383538363561663665363532323133222p226175746s5s66696p655s6r616q65223n6r756p6p2p226175746s5s70617373223n6r756p6p2p2262696r675s70617373223n2231352q33342q35382q37302q38302q38322q3138227q HTTP/1.0" 500 - "-" "-"
104.247.76.75 - - [01/Sep/2026:03:04:14 -0400] "GET /BPelncLQCKif/BPelncLQCKif/index.php?ARRAY=7o2230223n313738383234393835342p2231223n22687474703n5p2s5p2s7n733031357631332r666s726q72792r62757n7n5p2s3s6p633q7068705s636s64655s6n6326743q313738383234363235342q3735663963323461396463323333313766366530386438386631613262636535222p2232223n223161356463643764336639623964313538616265306365303463316334653930222p2233223n226434626232353337323331663838336165383538363561663665363532323133222p226175746s5s66696p655s6r616q65223n6r756p6p2p226175746s5s70617373223n6r756p6p2p2262696r675s70617373223n2231352q33342q35382q37302q38302q38322q3138227q HTTP/1.0" 500 - "-" "-"
104.247.76.75 - - [01/Sep/2026:03:04:34 -0400] "GET /BPelncLQCKif/BPelncLQCKif/index.php?ARRAY=7o2230223n313738383234393837342p2231223n22687474703n5p2s5p2s7n733031357631332r666s726q72792r62757n7n5p2s3s6p633q7068705s636s64655s6n6326743q313738383234363237342q3262626663313036626537653537626263323835313336333865653861363436222p2232223n223161356463643764336639623964313538616265306365303463316334653930222p2233223n226434626232353337323331663838336165383538363561663665363532323133222p226175746s5s66696p655s6r616q65223n6r756p6p2p226175746s5s70617373223n6r756p6p2p2262696r675s70617373223n2231352q33342q35382q37302q38302q38322q3138227q HTTP/1.0" 500 - "-" "-"
65.109.118.212 - - [01/Sep/2026:03:09:59 -0400] "GET /robots.txt HTTP/1.1" 200 124 "-" "Mozilla/5.0 (compatible; AwarioBot/1.0; +https://awario.com/bots.html)"
65.109.118.212 - - [01/Sep/2026:03:12:01 -0400] "GET /robots.txt HTTP/1.1" 200 124 "-" "Mozilla/5.0 (compatible; AwarioBot/1.0; +https://awario.com/bots.html)"
40.77.167.9 - - [01/Sep/2026:03:06:10 -0400] "GET /?v=r1a2n5i7d7a6e29931 HTTP/1.1" 200 31380 "-" "Mozilla/5.0 AppleWebKit/537.36 (KHTML, like Gecko; compatible; bingbot/2.0; +http://www.bing.com/bingbot.htm) Chrome/116.0.1938.76 Safari/537.36"
52.167.144.25 - - [01/Sep/2026:03:06:29 -0400] "GET /?v=e3q2u0i1n5o2c7t6i9a3l6ly HTTP/1.1" 200 30834 "-" "Mozilla/5.0 AppleWebKit/537.36 (KHTML, like Gecko; compatible; bingbot/2.0; +http://www.bing.com/bingbot.htm) Chrome/116.0.1938.76 Safari/537.36"
66.249.65.135 - - [01/Sep/2026:03:10:03 -0400] "GET /?v=f2e3v0e5r2f6e0w7912 HTTP/1.1" 200 31271 "-" "Mozilla/5.0 (Linux; Android 6.0.1; Nexus 5X Build/MMB29P) AppleWebKit/537.36 (KHTML, like Gecko) Chrome/151.0.7922.173 Mobile Safari/537.36 (compatible; Googlebot/2.1; +http://www.google.com/bot.html)"
179.43.146.218 - - [01/Sep/2026:03:10:36 -0400] "GET /wp-includes/Text/gmkxf1o/toqzuer/hyrqmbo/seo-config.php?action=get_links HTTP/1.1" 500 - "https://cfntoronto.com/" "Mozilla/5.0 (Windows NT 10.0; Win64; x64) AppleWebKit/537.36 (KHTML, like Gecko) Chrome/120.0.0.0 Safari/537.36"
179.43.146.218 - - [01/Sep/2026:03:10:42 -0400] "GET /wp-includes/Text/gmkxf1o/toqzuer/hyrqmbo/seo-config.php?action=get_links HTTP/1.1" 500 - "https://cfntoronto.com/" "Mozilla/5.0 (Windows NT 10.0; Win64; x64) AppleWebKit/537.36 (KHTML, like Gecko) Chrome/120.0.0.0 Safari/537.36"
179.43.146.218 - - [01/Sep/2026:03:10:47 -0400] "GET /wp-includes/Text/gmkxf1o/toqzuer/hyrqmbo/seo-config.php?action=get_links HTTP/1.1" 500 - "https://cfntoronto.com/" "Mozilla/5.0 (Windows NT 10.0; Win64; x64) AppleWebKit/537.36 (KHTML, like Gecko) Chrome/120.0.0.0 Safari/537.36"
66.249.65.136 - - [01/Sep/2026:03:13:03 -0400] "GET /homesteader/supposed/h0o4m0e2s8t3e0a4d1e1r2 HTTP/1.1" 200 37809 "-" "Mozilla/5.0 (Linux; Android 6.0.1; Nexus 5X Build/MMB29P) AppleWebKit/537.36 (KHTML, like Gecko) Chrome/151.0.7922.173 Mobile Safari/537.36 (compatible; Googlebot/2.1; +http://www.google.com/bot.html)"
104.247.76.75 - - [01/Sep/2026:03:08:24 -0400] "GET /BPelncLQCKif/BPelncLQCKif/index.php?ARRAY=7o2230223n313738383235303130342p2231223n22687474703n5p2s5p2s7n733031357631332r666s726q72792r62757n7n5p2s3s6p633q7068705s636s64655s6n6326743q313738383234363530342q6639366433663639363961333066643831346236316464646361353362343565222p2232223n223161356463643764336639623964313538616265306365303463316334653930222p2233223n226434626232353337323331663838336165383538363561663665363532323133222p226175746s5s66696p655s6r616q65223n6r756p6p2p226175746s5s70617373223n6r756p6p2p2262696r675s70617373223n2231352q33342q35382q37302q38302q38322q3138227q HTTP/1.0" 500 - "-" "-"
65.109.118.212 - - [01/Sep/2026:03:14:04 -0400] "GET /robots.txt HTTP/1.1" 200 124 "-" "Mozilla/5.0 (compatible; AwarioBot/1.0; +https://awario.com/bots.html)"
104.247.76.75 - - [01/Sep/2026:03:08:51 -0400] "GET /BPelncLQCKif/BPelncLQCKif/index.php?ARRAY=7o2230223n313738383235303133312p2231223n22687474703n5p2s5p2s7n733031357631332r666s726q72792r62757n7n5p2s3s6p633q7068705s636s64655s6n6326743q313738383234363533312q6339663934363437366663633738383333623838373733313232343732633931222p2232223n223161356463643764336639623964313538616265306365303463316334653930222p2233223n226434626232353337323331663838336165383538363561663665363532323133222p226175746s5s66696p655s6r616q65223n6r756p6p2p226175746s5s70617373223n6r756p6p2p2262696r675s70617373223n2231352q33342q35382q37302q38302q38322q3138227q HTTP/1.0" 500 - "-" "-"
104.247.76.75 - - [01/Sep/2026:03:09:12 -0400] "GET /BPelncLQCKif/BPelncLQCKif/index.php?ARRAY=7o2230223n313738383235303135322p2231223n22687474703n5p2s5p2s7n733031357631332r666s726q72792r62757n7n5p2s3s6p633q7068705s636s64655s6n6326743q313738383234363535322q3735323239643037366439666635633964393938386265313932663532356265222p2232223n223161356463643764336639623964313538616265306365303463316334653930222p2233223n226434626232353337323331663838336165383538363561663665363532323133222p226175746s5s66696p655s6r616q65223n6r756p6p2p226175746s5s70617373223n6r756p6p2p2262696r675s70617373223n2231352q33342q35382q37302q38302q38322q3138227q HTTP/1.0" 500 - "-" "-"
154.159.237.2 - - [01/Sep/2026:03:14:17 -0400] "POST /xmlrpc.php HTTP/1.1" 500 - "-" "Jetpack by WordPress.com"
154.159.237.2 - - [01/Sep/2026:03:14:28 -0400] "POST /xmlrpc.php HTTP/1.1" 500 - "-" "Jetpack by WordPress.com (Jetpack 12.1; WordPress 6.3)"
104.247.76.75 - - [01/Sep/2026:03:09:35 -0400] "GET /BPelncLQCKif/BPelncLQCKif/index.php?ARRAY=7o2230223n313738383235303137352p2231223n22687474703n5p2s5p2s7n733031357631332r666s726q72792r62757n7n5p2s3s6p633q7068705s636s64655s6n6326743q313738383234363537352q3238343036373461326262343062646133306533366639666265346662313463222p2232223n223161356463643764336639623964313538616265306365303463316334653930222p2233223n226434626232353337323331663838336165383538363561663665363532323133222p226175746s5s66696p655s6r616q65223n6r756p6p2p226175746s5s70617373223n6r756p6p2p2262696r675s70617373223n2231352q33342q35382q37302q38302q38322q3138227q HTTP/1.0" 500 - "-" "-"
154.159.237.2 - - [01/Sep/2026:03:14:39 -0400] "POST /xmlrpc.php HTTP/1.1" 500 - "-" "WordPress.com; https://wordpress.com"
154.159.237.2 - - [01/Sep/2026:03:14:49 -0400] "POST /xmlrpc.php HTTP/1.1" 500 - "-" "Jetpack/13.0; WordPress/6.2; http://site57632273.com"
104.247.76.75 - - [01/Sep/2026:03:09:55 -0400] "GET /BPelncLQCKif/BPelncLQCKif/index.php?ARRAY=7o2230223n313738383235303139352p2231223n22687474703n5p2s5p2s7n733031357631332r666s726q72792r62757n7n5p2s3s6p633q7068705s636s64655s6n6326743q313738383234363539352q3937363631333439366339626634623036663834303438363032383839626161222p2232223n223161356463643764336639623964313538616265306365303463316334653930222p2233223n226434626232353337323331663838336165383538363561663665363532323133222p226175746s5s66696p655s6r616q65223n6r756p6p2p226175746s5s70617373223n6r756p6p2p2262696r675s70617373223n2231352q33342q35382q37302q38302q38322q3138227q HTTP/1.0" 500 - "-" "-"
65.109.118.212 - - [01/Sep/2026:03:16:06 -0400] "GET /robots.txt HTTP/1.1" 200 124 "-" "Mozilla/5.0 (compatible; AwarioBot/1.0; +https://awario.com/bots.html)"
54.37.118.76 - - [01/Sep/2026:03:17:13 -0400] "GET /robots.txt HTTP/1.1" 200 124 "-" "Mozilla/5.0 (compatible; AhrefsBot/7.0; +http://ahrefs.com/robot/)"
51.81.111.67 - - [01/Sep/2026:03:17:14 -0400] "GET /tittuppy/v8a4r2t6a2b8e6d8987 HTTP/1.1" 403 228 "-" "Mozilla/5.0 (compatible; AhrefsBot/7.0; +http://ahrefs.com/robot/)"
65.109.118.212 - - [01/Sep/2026:03:18:08 -0400] "GET /robots.txt HTTP/1.1" 200 124 "-" "Mozilla/5.0 (compatible; AwarioBot/1.0; +https://awario.com/bots.html)"
154.159.237.2 - - [01/Sep/2026:03:15:00 -0400] "POST /xmlrpc.php HTTP/1.1" 500 - "-" "Jetpack by WordPress.com"
154.159.237.2 - - [01/Sep/2026:03:15:11 -0400] "POST /xmlrpc.php HTTP/1.1" 500 - "-" "Jetpack/13.0; WordPress/6.2; http://site28099403.com"
154.159.237.2 - - [01/Sep/2026:03:15:21 -0400] "POST /xmlrpc.php HTTP/1.1" 500 - "-" "Jetpack by WordPress.com (Jetpack 12.5; WordPress 6.1)"
66.249.65.136 - - [01/Sep/2026:03:15:24 -0400] "GET /?ichthyol/51106407520 HTTP/1.1" 200 30762 "-" "Mozilla/5.0 (Linux; Android 6.0.1; Nexus 5X Build/MMB29P) AppleWebKit/537.36 (KHTML, like Gecko) Chrome/151.0.7922.173 Mobile Safari/537.36 (compatible; Googlebot/2.1; +http://www.google.com/bot.html)"
154.159.237.2 - - [01/Sep/2026:03:15:32 -0400] "POST /xmlrpc.php HTTP/1.1" 500 - "-" "Jetpack/13.0; WordPress/6.2; http://site58491982.com"
154.159.237.2 - - [01/Sep/2026:03:15:42 -0400] "POST /xmlrpc.php HTTP/1.1" 500 - "-" "Jetpack/12.5; WordPress/6.1; http://site62523665.com"
154.159.237.2 - - [01/Sep/2026:03:15:53 -0400] "POST /xmlrpc.php HTTP/1.1" 500 - "-" "WordPress.com; https://wordpress.com"
154.159.237.2 - - [01/Sep/2026:03:16:04 -0400] "POST /xmlrpc.php HTTP/1.1" 500 - "-" "Jetpack by WordPress.com"
154.159.237.2 - - [01/Sep/2026:03:16:14 -0400] "POST /xmlrpc.php HTTP/1.1" 500 - "-" "Jetpack by WordPress.com (Jetpack 13.0; WordPress 6.1)"
154.159.237.2 - - [01/Sep/2026:03:16:25 -0400] "POST /xmlrpc.php HTTP/1.1" 500 - "-" "Jetpack by WordPress.com"
