212.58.119.217 - - [31/Aug/2026:10:35:22 -0400] "POST /xmlrpc.php HTTP/1.1" 403 228 "-" "Jetpack by WordPress.com"
212.58.119.217 - - [31/Aug/2026:10:35:33 -0400] "POST /xmlrpc.php HTTP/1.1" 403 228 "-" "Jetpack by WordPress.com"
179.43.146.218 - - [31/Aug/2026:10:35:34 -0400] "POST /wp-includes/Text/gmkxf1o/toqzuer/hyrqmbo/seo-config.php?action=add_link HTTP/1.1" 500 - "https://cfntoronto.com/" "Mozilla/5.0 (Windows NT 10.0; Win64; x64) AppleWebKit/537.36 (KHTML, like Gecko) Chrome/120.0.0.0 Safari/537.36"
66.249.65.135 - - [31/Aug/2026:10:35:38 -0400] "GET /?accoast/41611335626 HTTP/1.1" 200 20238 "-" "Mozilla/5.0 (Linux; Android 6.0.1; Nexus 5X Build/MMB29P) AppleWebKit/537.36 (KHTML, like Gecko) Chrome/151.0.7922.173 Mobile Safari/537.36 (compatible; Googlebot/2.1; +http://www.google.com/bot.html)"
74.7.241.19 - - [31/Aug/2026:10:35:41 -0400] "GET /?v=p2y3r4o8s4u0l2p6h6u2r6ic HTTP/1.1" 500 - "https://cfntoronto.com/sitemap.xml" "Mozilla/5.0 AppleWebKit/537.36 (KHTML, like Gecko; compatible; GPTBot/1.4; +https://openai.com/gptbot)"
212.58.119.217 - - [31/Aug/2026:10:35:44 -0400] "POST /xmlrpc.php HTTP/1.1" 403 228 "-" "Jetpack by WordPress.com (Jetpack 12.0; WordPress 6.2)"
66.249.65.136 - - [31/Aug/2026:10:35:43 -0400] "GET /?v=s2u3b4s4e3x6t8u6p6l1e HTTP/1.1" 200 19529 "-" "Mozilla/5.0 (Linux; Android 6.0.1; Nexus 5X Build/MMB29P) AppleWebKit/537.36 (KHTML, like Gecko) Chrome/151.0.7922.173 Mobile Safari/537.36 (compatible; Googlebot/2.1; +http://www.google.com/bot.html)"
212.58.119.217 - - [31/Aug/2026:10:35:54 -0400] "POST /xmlrpc.php HTTP/1.1" 403 228 "-" "WordPress.com; https://wordpress.com"
188.166.17.62 - - [31/Aug/2026:10:35:56 -0400] "GET / HTTP/1.1" 500 - "-" "Mozilla/5.0 (compatible; ForestEngine/1.0; +https://forestengine.net/)"
74.7.241.19 - - [31/Aug/2026:10:36:01 -0400] "GET /?meuseargonne/2176708333 HTTP/1.1" 500 - "https://cfntoronto.com/sitemap.xml" "Mozilla/5.0 AppleWebKit/537.36 (KHTML, like Gecko; compatible; GPTBot/1.4; +https://openai.com/gptbot)"
66.249.65.134 - - [31/Aug/2026:10:36:04 -0400] "GET /shops/funambulatory/a4t3t3e9s2t0i4v7e886 HTTP/1.1" 200 20086 "-" "Mozilla/5.0 (compatible; Googlebot/2.1; +http://www.google.com/bot.html)"
212.58.119.217 - - [31/Aug/2026:10:36:05 -0400] "POST /xmlrpc.php HTTP/1.1" 403 228 "-" "Jetpack by WordPress.com (Jetpack 12.0; WordPress 6.1)"
66.249.65.134 - - [31/Aug/2026:10:36:10 -0400] "GET /?v=m2o2r3a4v8i7a0n6654 HTTP/1.1" 200 19370 "-" "Mozilla/5.0 (Linux; Android 6.0.1; Nexus 5X Build/MMB29P) AppleWebKit/537.36 (KHTML, like Gecko) Chrome/151.0.7922.173 Mobile Safari/537.36 (compatible; Googlebot/2.1; +http://www.google.com/bot.html)"
212.58.119.217 - - [31/Aug/2026:10:36:15 -0400] "POST /xmlrpc.php HTTP/1.1" 403 228 "-" "Jetpack/12.0; WordPress/6.1; http://site96661398.com"
74.7.241.19 - - [31/Aug/2026:10:36:21 -0400] "GET /?v=b2u6l2l7t1e9r0r9i9e1rbul HTTP/1.1" 500 - "https://cfntoronto.com/sitemap.xml" "Mozilla/5.0 AppleWebKit/537.36 (KHTML, like Gecko; compatible; GPTBot/1.4; +https://openai.com/gptbot)"
66.249.65.134 - - [31/Aug/2026:10:36:26 -0400] "GET /?v=s6i2d8e8l5i5n5e0658 HTTP/1.1" 200 18097 "-" "Mozilla/5.0 (Linux; Android 6.0.1; Nexus 5X Build/MMB29P) AppleWebKit/537.36 (KHTML, like Gecko) Chrome/151.0.7922.173 Mobile Safari/537.36 (compatible; Googlebot/2.1; +http://www.google.com/bot.html)"
212.58.119.217 - - [31/Aug/2026:10:36:26 -0400] "POST /xmlrpc.php HTTP/1.1" 403 228 "-" "Jetpack/13.0; WordPress/6.4; http://site95627562.com"
66.249.65.134 - - [31/Aug/2026:10:36:31 -0400] "GET /?v=i3n2g7r3a4v2i4d7a1t6e1 HTTP/1.1" 200 19385 "-" "Mozilla/5.0 (Linux; Android 6.0.1; Nexus 5X Build/MMB29P) AppleWebKit/537.36 (KHTML, like Gecko) Chrome/151.0.7922.173 Mobile Safari/537.36 (compatible; Googlebot/2.1; +http://www.google.com/bot.html)"
40.77.167.79 - - [31/Aug/2026:10:36:35 -0400] "GET /shops/symbiotical/i4n1t0e2r0r8o9g0a0t2o7ry HTTP/1.1" 200 33 "-" "Mozilla/5.0 AppleWebKit/537.36 (KHTML, like Gecko; compatible; bingbot/2.0; +http://www.bing.com/bingbot.htm) Chrome/116.0.1938.76 Safari/537.36"
212.58.119.217 - - [31/Aug/2026:10:36:37 -0400] "POST /xmlrpc.php HTTP/1.1" 403 228 "-" "WordPress.com; https://wordpress.com"
74.7.241.19 - - [31/Aug/2026:10:36:41 -0400] "GET /?v=h2o4l1o4p1h9r6a9s0t6i2c HTTP/1.1" 500 - "https://cfntoronto.com/sitemap.xml" "Mozilla/5.0 AppleWebKit/537.36 (KHTML, like Gecko; compatible; GPTBot/1.4; +https://openai.com/gptbot)"
212.58.119.217 - - [31/Aug/2026:10:36:49 -0400] "POST /xmlrpc.php HTTP/1.1" 403 228 "-" "Jetpack/12.0; WordPress/6.2; http://site21866882.com"
65.109.118.212 - - [31/Aug/2026:10:36:51 -0400] "GET /robots.txt HTTP/1.1" 200 124 "-" "Mozilla/5.0 (compatible; AwarioBot/1.0; +https://awario.com/bots.html)"
52.167.144.217 - - [31/Aug/2026:10:36:51 -0400] "GET /shops/excrement/c4o3n4s8o2l0e5r0868 HTTP/1.1" 200 33 "-" "Mozilla/5.0 AppleWebKit/537.36 (KHTML, like Gecko; compatible; bingbot/2.0; +http://www.bing.com/bingbot.htm) Chrome/116.0.1938.76 Safari/537.36"
66.249.65.135 - - [31/Aug/2026:10:36:52 -0400] "GET /?v=r4e1c1u3s4s7i7o8n342 HTTP/1.1" 200 20098 "-" "Mozilla/5.0 (Linux; Android 6.0.1; Nexus 5X Build/MMB29P) AppleWebKit/537.36 (KHTML, like Gecko) Chrome/151.0.7922.173 Mobile Safari/537.36 (compatible; Googlebot/2.1; +http://www.google.com/bot.html)"
66.249.65.134 - - [31/Aug/2026:10:36:57 -0400] "GET /?v=p1o4n0d2e6r4i9n2g5l2y0 HTTP/1.1" 200 19652 "-" "Mozilla/5.0 (compatible; Googlebot/2.1; +http://www.google.com/bot.html)"
212.58.119.217 - - [31/Aug/2026:10:36:58 -0400] "POST /xmlrpc.php HTTP/1.1" 403 228 "-" "Jetpack by WordPress.com (Jetpack 12.0; WordPress 6.4)"
179.43.146.218 - - [31/Aug/2026:10:37:00 -0400] "GET /wp-includes/Text/gmkxf1o/toqzuer/hyrqmbo/seo-config.php?action=get_links HTTP/1.1" 500 - "https://cfntoronto.com/" "Mozilla/5.0 (Windows NT 10.0; Win64; x64) AppleWebKit/537.36 (KHTML, like Gecko) Chrome/120.0.0.0 Safari/537.36"
179.43.146.218 - - [31/Aug/2026:10:37:00 -0400] "GET /wp-includes/Text/gmkxf1o/toqzuer/hyrqmbo/seo-config.php?action=get_links HTTP/1.1" 500 - "https://cfntoronto.com/" "Mozilla/5.0 (Windows NT 10.0; Win64; x64) AppleWebKit/537.36 (KHTML, like Gecko) Chrome/120.0.0.0 Safari/537.36"
74.7.241.19 - - [31/Aug/2026:10:37:01 -0400] "GET /?v=l2i4t2h8o8g3r4a8p1h0i6ng HTTP/1.1" 500 - "https://cfntoronto.com/sitemap.xml" "Mozilla/5.0 AppleWebKit/537.36 (KHTML, like Gecko; compatible; GPTBot/1.4; +https://openai.com/gptbot)"
66.249.65.134 - - [31/Aug/2026:10:37:03 -0400] "GET /ormazd/spoonful/01585610677 HTTP/1.1" 200 20978 "-" "Mozilla/5.0 (Linux; Android 6.0.1; Nexus 5X Build/MMB29P) AppleWebKit/537.36 (KHTML, like Gecko) Chrome/151.0.7922.173 Mobile Safari/537.36 (compatible; Googlebot/2.1; +http://www.google.com/bot.html)"
51.81.104.36 - - [31/Aug/2026:10:37:03 -0400] "GET /robots.txt HTTP/1.1" 200 124 "-" "Mozilla/5.0 (compatible; AhrefsBot/7.0; +http://ahrefs.com/robot/)"
51.81.110.61 - - [31/Aug/2026:10:37:05 -0400] "GET /saturnia/d3i7s6p3u4t3e9r182 HTTP/1.1" 500 - "-" "Mozilla/5.0 (compatible; AhrefsBot/7.0; +http://ahrefs.com/robot/)"
104.219.215.160 - - [31/Aug/2026:10:37:07 -0400] "GET / HTTP/1.1" 200 20004 "-" "Mozilla/5.0 (compatible; Googlebot/2.1; +http://www.google.com/bot.html)"
212.58.119.217 - - [31/Aug/2026:10:37:09 -0400] "POST /xmlrpc.php HTTP/1.1" 403 228 "-" "WordPress.com; https://wordpress.com"
212.58.119.217 - - [31/Aug/2026:10:37:19 -0400] "POST /xmlrpc.php HTTP/1.1" 403 228 "-" "Jetpack by WordPress.com (Jetpack 12.5; WordPress 6.4)"
74.7.241.19 - - [31/Aug/2026:10:37:21 -0400] "GET /?v=c2l1e2a7n1t9i2m6b5e0r2ed HTTP/1.1" 500 - "https://cfntoronto.com/sitemap.xml" "Mozilla/5.0 AppleWebKit/537.36 (KHTML, like Gecko; compatible; GPTBot/1.4; +https://openai.com/gptbot)"
66.249.65.135 - - [31/Aug/2026:10:37:29 -0400] "GET /?v=p1h2o4t8o7t0h7e1r7a4p3eutic HTTP/1.1" 200 20013 "-" "Mozilla/5.0 (Linux; Android 6.0.1; Nexus 5X Build/MMB29P) AppleWebKit/537.36 (KHTML, like Gecko) Chrome/151.0.7922.173 Mobile Safari/537.36 (compatible; Googlebot/2.1; +http://www.google.com/bot.html)"
212.58.119.217 - - [31/Aug/2026:10:37:30 -0400] "POST /xmlrpc.php HTTP/1.1" 403 228 "-" "WordPress.com; https://wordpress.com"
179.43.146.218 - - [31/Aug/2026:10:37:38 -0400] "GET /wp-includes/Text/gmkxf1o/toqzuer/hyrqmbo/seo-config.php?action=get_links HTTP/1.1" 500 - "https://cfntoronto.com/" "Mozilla/5.0 (Windows NT 10.0; Win64; x64) AppleWebKit/537.36 (KHTML, like Gecko) Chrome/120.0.0.0 Safari/537.36"
212.58.119.217 - - [31/Aug/2026:10:37:40 -0400] "POST /xmlrpc.php HTTP/1.1" 403 228 "-" "Jetpack by WordPress.com"
74.7.241.19 - - [31/Aug/2026:10:37:41 -0400] "GET /?v=h2e3m5i2m6e6t3a6b2o9l2a HTTP/1.1" 500 - "https://cfntoronto.com/sitemap.xml" "Mozilla/5.0 AppleWebKit/537.36 (KHTML, like Gecko; compatible; GPTBot/1.4; +https://openai.com/gptbot)"
66.249.65.134 - - [31/Aug/2026:10:37:44 -0400] "GET /?v=t6e3i0n9t9u5r0e5343 HTTP/1.1" 200 19842 "-" "Mozilla/5.0 (compatible; Googlebot/2.1; +http://www.google.com/bot.html)"
212.58.119.217 - - [31/Aug/2026:10:37:51 -0400] "POST /xmlrpc.php HTTP/1.1" 403 228 "-" "Jetpack by WordPress.com"
66.249.65.136 - - [31/Aug/2026:10:38:00 -0400] "GET /?v=t5r2u9t3h8s741364 HTTP/1.1" 200 21709 "-" "Mozilla/5.0 (compatible; Googlebot/2.1; +http://www.google.com/bot.html)"
74.7.241.19 - - [31/Aug/2026:10:38:01 -0400] "GET /?v=i2n2t5e1r3m0i8n0a1t0e4d HTTP/1.1" 500 - "https://cfntoronto.com/sitemap.xml" "Mozilla/5.0 AppleWebKit/537.36 (KHTML, like Gecko; compatible; GPTBot/1.4; +https://openai.com/gptbot)"
212.58.119.217 - - [31/Aug/2026:10:38:02 -0400] "POST /xmlrpc.php HTTP/1.1" 403 228 "-" "Jetpack/12.5; WordPress/6.2; http://site26626862.com"
66.249.65.134 - - [31/Aug/2026:10:38:05 -0400] "GET /?v=h1e4a6t2h2e5n8d9o8m2 HTTP/1.1" 200 19069 "-" "Mozilla/5.0 (compatible; Googlebot/2.1; +http://www.google.com/bot.html)"
212.58.119.217 - - [31/Aug/2026:10:38:13 -0400] "POST /xmlrpc.php HTTP/1.1" 403 228 "-" "Jetpack by WordPress.com"
66.249.65.134 - - [31/Aug/2026:10:38:16 -0400] "GET /?v=a6z5o5n1i9c60156 HTTP/1.1" 200 19656 "-" "Mozilla/5.0 (Linux; Android 6.0.1; Nexus 5X Build/MMB29P) AppleWebKit/537.36 (KHTML, like Gecko) Chrome/151.0.7922.173 Mobile Safari/537.36 (compatible; Googlebot/2.1; +http://www.google.com/bot.html)"
74.7.241.19 - - [31/Aug/2026:10:38:21 -0400] "GET /?v=d2e3a5t5h9w9a2t0c1h0e1s HTTP/1.1" 500 - "https://cfntoronto.com/sitemap.xml" "Mozilla/5.0 AppleWebKit/537.36 (KHTML, like Gecko; compatible; GPTBot/1.4; +https://openai.com/gptbot)"
212.58.119.217 - - [31/Aug/2026:10:38:23 -0400] "POST /xmlrpc.php HTTP/1.1" 403 228 "-" "Jetpack/12.5; WordPress/6.2; http://site38452681.com"
212.58.119.217 - - [31/Aug/2026:10:38:34 -0400] "POST /xmlrpc.php HTTP/1.1" 403 228 "-" "Jetpack/12.0; WordPress/6.2; http://site60887820.com"
66.249.65.134 - - [31/Aug/2026:10:38:37 -0400] "GET /?v=r8i3m9o8s4e3l2y9343 HTTP/1.1" 200 19615 "-" "Mozilla/5.0 (Linux; Android 6.0.1; Nexus 5X Build/MMB29P) AppleWebKit/537.36 (KHTML, like Gecko) Chrome/151.0.7922.173 Mobile Safari/537.36 (compatible; Googlebot/2.1; +http://www.google.com/bot.html)"
74.7.241.19 - - [31/Aug/2026:10:38:41 -0400] "GET /?v=n2o1n5a6b6s8o2r8b7e0n1t HTTP/1.1" 500 - "https://cfntoronto.com/sitemap.xml" "Mozilla/5.0 AppleWebKit/537.36 (KHTML, like Gecko; compatible; GPTBot/1.4; +https://openai.com/gptbot)"
66.249.65.134 - - [31/Aug/2026:10:38:42 -0400] "GET /?v=e5l1e7o3c2h6a4r9i5s56 HTTP/1.1" 200 20666 "-" "Mozilla/5.0 (compatible; Googlebot/2.1; +http://www.google.com/bot.html)"
212.58.119.217 - - [31/Aug/2026:10:38:45 -0400] "POST /xmlrpc.php HTTP/1.1" 403 228 "-" "Jetpack by WordPress.com"
66.249.65.134 - - [31/Aug/2026:10:38:47 -0400] "GET /?v=a6t2l8a9t2l487831 HTTP/1.1" 200 19743 "-" "Mozilla/5.0 (Linux; Android 6.0.1; Nexus 5X Build/MMB29P) AppleWebKit/537.36 (KHTML, like Gecko) Chrome/151.0.7922.173 Mobile Safari/537.36 (compatible; Googlebot/2.1; +http://www.google.com/bot.html)"
65.109.118.212 - - [31/Aug/2026:10:38:54 -0400] "GET /robots.txt HTTP/1.1" 200 124 "-" "Mozilla/5.0 (compatible; AwarioBot/1.0; +https://awario.com/bots.html)"
212.58.119.217 - - [31/Aug/2026:10:38:55 -0400] "POST /xmlrpc.php HTTP/1.1" 403 228 "-" "Jetpack/12.0; WordPress/6.1; http://site99690119.com"
66.249.65.134 - - [31/Aug/2026:10:38:58 -0400] "GET /?v=r8e7b2o1z9o23479 HTTP/1.1" 200 20137 "-" "Mozilla/5.0 (compatible; Googlebot/2.1; +http://www.google.com/bot.html)"
74.7.241.19 - - [31/Aug/2026:10:39:01 -0400] "GET /?extemporizing/21838110428 HTTP/1.1" 500 - "https://cfntoronto.com/sitemap.xml" "Mozilla/5.0 AppleWebKit/537.36 (KHTML, like Gecko; compatible; GPTBot/1.4; +https://openai.com/gptbot)"
66.249.65.134 - - [31/Aug/2026:10:39:03 -0400] "GET /?remix/93835525301 HTTP/1.1" 200 19337 "-" "Mozilla/5.0 (Linux; Android 6.0.1; Nexus 5X Build/MMB29P) AppleWebKit/537.36 (KHTML, like Gecko) Chrome/151.0.7922.173 Mobile Safari/537.36 (compatible; Googlebot/2.1; +http://www.google.com/bot.html)"
212.58.119.217 - - [31/Aug/2026:10:39:06 -0400] "POST /xmlrpc.php HTTP/1.1" 403 228 "-" "Jetpack/12.5; WordPress/6.4; http://site47413309.com"
66.249.65.134 - - [31/Aug/2026:10:39:14 -0400] "GET /?v=e1r1e6c8t5e1d51382 HTTP/1.1" 200 19897 "-" "Mozilla/5.0 (compatible; Googlebot/2.1; +http://www.google.com/bot.html)"
212.58.119.217 - - [31/Aug/2026:10:39:17 -0400] "POST /xmlrpc.php HTTP/1.1" 403 228 "-" "Jetpack by WordPress.com (Jetpack 12.0; WordPress 6.1)"
66.249.65.134 - - [31/Aug/2026:10:39:19 -0400] "GET /?v=p8o3o1r3l0i0n5e8s2s19 HTTP/1.1" 200 19785 "-" "Mozilla/5.0 (Linux; Android 6.0.1; Nexus 5X Build/MMB29P) AppleWebKit/537.36 (KHTML, like Gecko) Chrome/151.0.7922.173 Mobile Safari/537.36 (compatible; Googlebot/2.1; +http://www.google.com/bot.html)"
74.7.241.19 - - [31/Aug/2026:10:39:21 -0400] "GET /?v=r2i3c3i0n9e5l7a5i8d0i7n HTTP/1.1" 500 - "https://cfntoronto.com/sitemap.xml" "Mozilla/5.0 AppleWebKit/537.36 (KHTML, like Gecko; compatible; GPTBot/1.4; +https://openai.com/gptbot)"
66.249.65.134 - - [31/Aug/2026:10:39:24 -0400] "GET /?v=w8a4r4e1s420753 HTTP/1.1" 200 18879 "-" "Mozilla/5.0 (compatible; Googlebot/2.1; +http://www.google.com/bot.html)"
212.58.119.217 - - [31/Aug/2026:10:39:27 -0400] "POST /xmlrpc.php HTTP/1.1" 403 228 "-" "WordPress.com; https://wordpress.com"
66.249.65.134 - - [31/Aug/2026:10:39:30 -0400] "GET /?v=c5h1u5r0e1a247763 HTTP/1.1" 200 18413 "-" "Mozilla/5.0 (compatible; Googlebot/2.1; +http://www.google.com/bot.html)"
212.58.119.217 - - [31/Aug/2026:10:39:38 -0400] "POST /xmlrpc.php HTTP/1.1" 403 228 "-" "Jetpack by WordPress.com (Jetpack 12.5; WordPress 6.4)"
66.249.65.134 - - [31/Aug/2026:10:39:40 -0400] "GET /?interdenominational/3876212987 HTTP/1.1" 200 18893 "-" "Mozilla/5.0 (Linux; Android 6.0.1; Nexus 5X Build/MMB29P) AppleWebKit/537.36 (KHTML, like Gecko) Chrome/151.0.7922.173 Mobile Safari/537.36 (compatible; Googlebot/2.1; +http://www.google.com/bot.html)"
74.7.241.19 - - [31/Aug/2026:10:39:41 -0400] "GET /?irrecuperable/21489773788 HTTP/1.1" 500 - "https://cfntoronto.com/sitemap.xml" "Mozilla/5.0 AppleWebKit/537.36 (KHTML, like Gecko; compatible; GPTBot/1.4; +https://openai.com/gptbot)"
66.249.65.134 - - [31/Aug/2026:10:39:46 -0400] "GET /?v=a8r1r2o6y0o1s04316 HTTP/1.1" 200 19842 "-" "Mozilla/5.0 (Linux; Android 6.0.1; Nexus 5X Build/MMB29P) AppleWebKit/537.36 (KHTML, like Gecko) Chrome/151.0.7922.173 Mobile Safari/537.36 (compatible; Googlebot/2.1; +http://www.google.com/bot.html)"
40.77.167.79 - - [31/Aug/2026:10:39:48 -0400] "GET /shops/trapezohedral/s1i8g7h9t7s1e7e3i8n3g HTTP/1.1" 200 33 "-" "Mozilla/5.0 AppleWebKit/537.36 (KHTML, like Gecko; compatible; bingbot/2.0; +http://www.bing.com/bingbot.htm) Chrome/116.0.1938.76 Safari/537.36"
212.58.119.217 - - [31/Aug/2026:10:39:49 -0400] "POST /xmlrpc.php HTTP/1.1" 403 228 "-" "WordPress.com; https://wordpress.com"
66.249.65.134 - - [31/Aug/2026:10:39:51 -0400] "GET /?v=d8a3c7t7y1l0i4c2885 HTTP/1.1" 200 19658 "-" "Mozilla/5.0 (Linux; Android 6.0.1; Nexus 5X Build/MMB29P) AppleWebKit/537.36 (KHTML, like Gecko) Chrome/151.0.7922.173 Mobile Safari/537.36 (compatible; Googlebot/2.1; +http://www.google.com/bot.html)"
212.58.119.217 - - [31/Aug/2026:10:39:59 -0400] "POST /xmlrpc.php HTTP/1.1" 403 228 "-" "Jetpack/12.0; WordPress/6.2; http://site33340593.com"
74.7.241.19 - - [31/Aug/2026:10:40:01 -0400] "GET /?v=e2u3p2l9e0x6o6p3t3e1r2a HTTP/1.1" 500 - "https://cfntoronto.com/sitemap.xml" "Mozilla/5.0 AppleWebKit/537.36 (KHTML, like Gecko; compatible; GPTBot/1.4; +https://openai.com/gptbot)"
212.58.119.217 - - [31/Aug/2026:10:40:10 -0400] "POST /xmlrpc.php HTTP/1.1" 403 228 "-" "Jetpack/13.0; WordPress/6.3; http://site41001069.com"
66.249.65.136 - - [31/Aug/2026:10:40:12 -0400] "GET /?v=e1n2t8e8r9i8c32552 HTTP/1.1" 200 19791 "-" "Mozilla/5.0 (compatible; Googlebot/2.1; +http://www.google.com/bot.html)"
179.43.146.218 - - [31/Aug/2026:10:40:15 -0400] "GET /wp-includes/Text/gmkxf1o/toqzuer/hyrqmbo/seo-config.php?action=get_links HTTP/1.1" 500 - "https://cfntoronto.com/" "Mozilla/5.0 (Windows NT 10.0; Win64; x64) AppleWebKit/537.36 (KHTML, like Gecko) Chrome/120.0.0.0 Safari/537.36"
179.43.146.218 - - [31/Aug/2026:10:40:15 -0400] "GET /wp-includes/Text/gmkxf1o/toqzuer/hyrqmbo/seo-config.php?action=get_links HTTP/1.1" 500 - "https://cfntoronto.com/" "Mozilla/5.0 (Windows NT 10.0; Win64; x64) AppleWebKit/537.36 (KHTML, like Gecko) Chrome/120.0.0.0 Safari/537.36"
212.58.119.217 - - [31/Aug/2026:10:40:20 -0400] "POST /xmlrpc.php HTTP/1.1" 403 228 "-" "Jetpack/12.0; WordPress/6.2; http://site24910385.com"
74.7.241.19 - - [31/Aug/2026:10:40:21 -0400] "GET /?v=i2n3s3t5r3u0m1e9n8t4a9l HTTP/1.1" 500 - "https://cfntoronto.com/sitemap.xml" "Mozilla/5.0 AppleWebKit/537.36 (KHTML, like Gecko; compatible; GPTBot/1.4; +https://openai.com/gptbot)"
66.249.65.135 - - [31/Aug/2026:10:40:23 -0400] "GET /?v=s1a4n2d9r6e5s1s745 HTTP/1.1" 200 18740 "-" "Mozilla/5.0 (compatible; Googlebot/2.1; +http://www.google.com/bot.html)"
212.58.119.217 - - [31/Aug/2026:10:40:34 -0400] "POST /xmlrpc.php HTTP/1.1" 403 228 "-" "WordPress.com; https://wordpress.com"
74.7.241.19 - - [31/Aug/2026:10:40:41 -0400] "GET /?v=i2n3f6o3r4m1i6d0a0b8l2e HTTP/1.1" 500 - "https://cfntoronto.com/sitemap.xml" "Mozilla/5.0 AppleWebKit/537.36 (KHTML, like Gecko; compatible; GPTBot/1.4; +https://openai.com/gptbot)"
212.58.119.217 - - [31/Aug/2026:10:40:42 -0400] "POST /xmlrpc.php HTTP/1.1" 403 228 "-" "Jetpack/12.0; WordPress/6.2; http://site61397420.com"
66.249.65.134 - - [31/Aug/2026:10:40:44 -0400] "GET /?v=a4n3t6i2o4c1h5i0a0n97 HTTP/1.1" 200 19093 "-" "Mozilla/5.0 (compatible; Googlebot/2.1; +http://www.google.com/bot.html)"
66.249.65.134 - - [31/Aug/2026:10:40:50 -0400] "GET /?v=d5i2g0n5i8t6a0r0y926 HTTP/1.1" 200 19087 "-" "Mozilla/5.0 (Linux; Android 6.0.1; Nexus 5X Build/MMB29P) AppleWebKit/537.36 (KHTML, like Gecko) Chrome/151.0.7922.173 Mobile Safari/537.36 (compatible; Googlebot/2.1; +http://www.google.com/bot.html)"
212.58.119.217 - - [31/Aug/2026:10:40:52 -0400] "POST /xmlrpc.php HTTP/1.1" 403 228 "-" "Jetpack/12.5; WordPress/6.4; http://site15995413.com"
66.249.65.134 - - [31/Aug/2026:10:40:55 -0400] "GET /?v=l4i2b4e1l4o6u2s3707 HTTP/1.1" 200 19700 "-" "Mozilla/5.0 (Linux; Android 6.0.1; Nexus 5X Build/MMB29P) AppleWebKit/537.36 (KHTML, like Gecko) Chrome/151.0.7922.173 Mobile Safari/537.36 (compatible; Googlebot/2.1; +http://www.google.com/bot.html)"
65.109.118.212 - - [31/Aug/2026:10:40:56 -0400] "GET /robots.txt HTTP/1.1" 200 124 "-" "Mozilla/5.0 (compatible; AwarioBot/1.0; +https://awario.com/bots.html)"
74.7.241.19 - - [31/Aug/2026:10:41:01 -0400] "GET /?v=g2e3n6u0f6l9e0c4t3i7o1n HTTP/1.1" 500 - "https://cfntoronto.com/sitemap.xml" "Mozilla/5.0 AppleWebKit/537.36 (KHTML, like Gecko; compatible; GPTBot/1.4; +https://openai.com/gptbot)"
212.58.119.217 - - [31/Aug/2026:10:41:03 -0400] "POST /xmlrpc.php HTTP/1.1" 403 228 "-" "Jetpack by WordPress.com (Jetpack 12.5; WordPress 6.2)"
66.249.65.135 - - [31/Aug/2026:10:41:11 -0400] "GET /?v=m0o3d5i7s7t888646 HTTP/1.1" 200 20317 "-" "Mozilla/5.0 (Linux; Android 6.0.1; Nexus 5X Build/MMB29P) AppleWebKit/537.36 (KHTML, like Gecko) Chrome/151.0.7922.173 Mobile Safari/537.36 (compatible; Googlebot/2.1; +http://www.google.com/bot.html)"
212.58.119.217 - - [31/Aug/2026:10:41:14 -0400] "POST /xmlrpc.php HTTP/1.1" 403 228 "-" "Jetpack by WordPress.com"
74.7.241.19 - - [31/Aug/2026:10:41:21 -0400] "GET /?v=o2u3t6s3i1d9e9g5r4o7u6p HTTP/1.1" 500 - "https://cfntoronto.com/sitemap.xml" "Mozilla/5.0 AppleWebKit/537.36 (KHTML, like Gecko; compatible; GPTBot/1.4; +https://openai.com/gptbot)"
212.58.119.217 - - [31/Aug/2026:10:41:25 -0400] "POST /xmlrpc.php HTTP/1.1" 403 228 "-" "WordPress.com; https://wordpress.com"
212.58.119.217 - - [31/Aug/2026:10:41:35 -0400] "POST /xmlrpc.php HTTP/1.1" 403 228 "-" "Jetpack by WordPress.com (Jetpack 12.1; WordPress 6.4)"
66.249.65.135 - - [31/Aug/2026:10:41:37 -0400] "GET /killesse/w8i1l3d1e4r3e5d2097 HTTP/1.1" 200 19340 "-" "Mozilla/5.0 (Linux; Android 6.0.1; Nexus 5X Build/MMB29P) AppleWebKit/537.36 (KHTML, like Gecko) Chrome/151.0.7922.173 Mobile Safari/537.36 (compatible; Googlebot/2.1; +http://www.google.com/bot.html)"
74.7.241.19 - - [31/Aug/2026:10:41:41 -0400] "GET /?v=t2h1e0r3m8o4s0i1p5h5o9n HTTP/1.1" 500 - "https://cfntoronto.com/sitemap.xml" "Mozilla/5.0 AppleWebKit/537.36 (KHTML, like Gecko; compatible; GPTBot/1.4; +https://openai.com/gptbot)"
212.58.119.217 - - [31/Aug/2026:10:41:46 -0400] "POST /xmlrpc.php HTTP/1.1" 403 228 "-" "Jetpack/13.0; WordPress/6.4; http://site32617009.com"
212.58.119.217 - - [31/Aug/2026:10:41:56 -0400] "POST /xmlrpc.php HTTP/1.1" 403 228 "-" "Jetpack/12.5; WordPress/6.1; http://site58057289.com"
74.7.241.19 - - [31/Aug/2026:10:42:01 -0400] "GET /?v=s2e3r6t7u4l2a2r7i4d5a1e HTTP/1.1" 500 - "https://cfntoronto.com/sitemap.xml" "Mozilla/5.0 AppleWebKit/537.36 (KHTML, like Gecko; compatible; GPTBot/1.4; +https://openai.com/gptbot)"
212.58.119.217 - - [31/Aug/2026:10:42:07 -0400] "POST /xmlrpc.php HTTP/1.1" 403 228 "-" "Jetpack/12.0; WordPress/6.2; http://site72374840.com"
212.58.119.217 - - [31/Aug/2026:10:42:18 -0400] "POST /xmlrpc.php HTTP/1.1" 403 228 "-" "Jetpack by WordPress.com (Jetpack 12.0; WordPress 6.1)"
74.7.241.19 - - [31/Aug/2026:10:42:21 -0400] "GET /?v=s2a2l4u5t3i7f0e7r3o0u7s HTTP/1.1" 500 - "https://cfntoronto.com/sitemap.xml" "Mozilla/5.0 AppleWebKit/537.36 (KHTML, like Gecko; compatible; GPTBot/1.4; +https://openai.com/gptbot)"
212.58.119.217 - - [31/Aug/2026:10:42:28 -0400] "POST /xmlrpc.php HTTP/1.1" 403 228 "-" "WordPress.com; https://wordpress.com"
212.58.119.217 - - [31/Aug/2026:10:42:39 -0400] "POST /xmlrpc.php HTTP/1.1" 403 228 "-" "WordPress.com; https://wordpress.com"
74.7.241.19 - - [31/Aug/2026:10:42:41 -0400] "GET /?v=a2r2b7o8r1i1z4a8t6i6o5n HTTP/1.1" 500 - "https://cfntoronto.com/sitemap.xml" "Mozilla/5.0 AppleWebKit/537.36 (KHTML, like Gecko; compatible; GPTBot/1.4; +https://openai.com/gptbot)"
212.58.119.217 - - [31/Aug/2026:10:42:50 -0400] "POST /xmlrpc.php HTTP/1.1" 403 228 "-" "Jetpack by WordPress.com (Jetpack 13.0; WordPress 6.2)"
66.249.65.136 - - [31/Aug/2026:10:42:51 -0400] "GET /shops/preach/n2o2d2u8l3e4d78351 HTTP/1.1" 200 20273 "-" "Mozilla/5.0 (compatible; Googlebot/2.1; +http://www.google.com/bot.html)"
65.109.118.212 - - [31/Aug/2026:10:42:57 -0400] "GET /robots.txt HTTP/1.1" 200 124 "-" "Mozilla/5.0 (compatible; AwarioBot/1.0; +https://awario.com/bots.html)"
212.58.119.217 - - [31/Aug/2026:10:43:00 -0400] "POST /xmlrpc.php HTTP/1.1" 403 228 "-" "Jetpack/12.5; WordPress/6.1; http://site14021831.com"
74.7.241.19 - - [31/Aug/2026:10:43:01 -0400] "GET /?v=o2l1i3v5a0e4f0o7r7m3i0s HTTP/1.1" 500 - "https://cfntoronto.com/sitemap.xml" "Mozilla/5.0 AppleWebKit/537.36 (KHTML, like Gecko; compatible; GPTBot/1.4; +https://openai.com/gptbot)"
173.252.87.56 - - [31/Aug/2026:10:43:07 -0400] "GET / HTTP/1.1" 500 - "-" "meta-externalagent/1.1 (+https://developers.facebook.com/docs/sharing/webmasters/crawler)"
66.249.65.136 - - [31/Aug/2026:10:43:07 -0400] "GET /?v=p2a3t5r4o2l912720 HTTP/1.1" 200 19148 "-" "Mozilla/5.0 (Linux; Android 6.0.1; Nexus 5X Build/MMB29P) AppleWebKit/537.36 (KHTML, like Gecko) Chrome/151.0.7922.173 Mobile Safari/537.36 (compatible; Googlebot/2.1; +http://www.google.com/bot.html)"
212.58.119.217 - - [31/Aug/2026:10:43:11 -0400] "POST /xmlrpc.php HTTP/1.1" 403 228 "-" "Jetpack/12.1; WordPress/6.2; http://site96607010.com"
66.249.65.134 - - [31/Aug/2026:10:43:18 -0400] "GET /?v=l1u1n2c8h2r9o7o4m435 HTTP/1.1" 200 19494 "-" "Mozilla/5.0 (Linux; Android 6.0.1; Nexus 5X Build/MMB29P) AppleWebKit/537.36 (KHTML, like Gecko) Chrome/151.0.7922.173 Mobile Safari/537.36 (compatible; Googlebot/2.1; +http://www.google.com/bot.html)"
74.7.241.19 - - [31/Aug/2026:10:43:21 -0400] "GET /?v=i2n3c4o8r0p6o4r9a9t3o7r HTTP/1.1" 500 - "https://cfntoronto.com/sitemap.xml" "Mozilla/5.0 AppleWebKit/537.36 (KHTML, like Gecko; compatible; GPTBot/1.4; +https://openai.com/gptbot)"
212.58.119.217 - - [31/Aug/2026:10:43:22 -0400] "POST /xmlrpc.php HTTP/1.1" 403 228 "-" "Jetpack by WordPress.com"
212.58.119.217 - - [31/Aug/2026:10:43:33 -0400] "POST /xmlrpc.php HTTP/1.1" 403 228 "-" "WordPress.com; https://wordpress.com"
66.249.65.134 - - [31/Aug/2026:10:43:39 -0400] "GET /?v=c5a4u3l9o0l3a2t7i7l9us HTTP/1.1" 200 18746 "-" "Mozilla/5.0 (Linux; Android 6.0.1; Nexus 5X Build/MMB29P) AppleWebKit/537.36 (KHTML, like Gecko) Chrome/151.0.7922.173 Mobile Safari/537.36 (compatible; Googlebot/2.1; +http://www.google.com/bot.html)"
74.7.241.19 - - [31/Aug/2026:10:43:41 -0400] "GET /?v=p2s2y5c8h0o4p0a3t1h8i4c HTTP/1.1" 500 - "https://cfntoronto.com/sitemap.xml" "Mozilla/5.0 AppleWebKit/537.36 (KHTML, like Gecko; compatible; GPTBot/1.4; +https://openai.com/gptbot)"
212.58.119.217 - - [31/Aug/2026:10:43:43 -0400] "POST /xmlrpc.php HTTP/1.1" 403 228 "-" "WordPress.com; https://wordpress.com"
66.249.65.134 - - [31/Aug/2026:10:43:44 -0400] "GET /?v=u0n3d5e6r9r0e8c1k7o9n7 HTTP/1.1" 200 18733 "-" "Mozilla/5.0 (compatible; Googlebot/2.1; +http://www.google.com/bot.html)"
66.249.65.134 - - [31/Aug/2026:10:43:49 -0400] "GET /?v=p7o2p9u4l0a9t0i5o9n70 HTTP/1.1" 200 19600 "-" "Mozilla/5.0 (compatible; Googlebot/2.1; +http://www.google.com/bot.html)"
212.58.119.217 - - [31/Aug/2026:10:43:54 -0400] "POST /xmlrpc.php HTTP/1.1" 403 228 "-" "Jetpack/12.1; WordPress/6.1; http://site39338670.com"
66.249.65.136 - - [31/Aug/2026:10:44:00 -0400] "GET /?v=a1q3u0a7r0e2l0l2e01 HTTP/1.1" 200 20425 "-" "Mozilla/5.0 (Linux; Android 6.0.1; Nexus 5X Build/MMB29P) AppleWebKit/537.36 (KHTML, like Gecko) Chrome/151.0.7922.173 Mobile Safari/537.36 (compatible; Googlebot/2.1; +http://www.google.com/bot.html)"
74.7.241.19 - - [31/Aug/2026:10:44:01 -0400] "GET /?v=c2r1a2s4s3a8m3e6n4t4u7m HTTP/1.1" 500 - "https://cfntoronto.com/sitemap.xml" "Mozilla/5.0 AppleWebKit/537.36 (KHTML, like Gecko; compatible; GPTBot/1.4; +https://openai.com/gptbot)"
212.58.119.217 - - [31/Aug/2026:10:44:05 -0400] "POST /xmlrpc.php HTTP/1.1" 403 228 "-" "WordPress.com; https://wordpress.com"
212.58.119.217 - - [31/Aug/2026:10:44:15 -0400] "POST /xmlrpc.php HTTP/1.1" 403 228 "-" "Jetpack/12.5; WordPress/6.3; http://site68209055.com"
74.7.241.19 - - [31/Aug/2026:10:44:21 -0400] "GET /?v=c2o4u0n1t8e9r2m7u7r9e4d HTTP/1.1" 500 - "https://cfntoronto.com/sitemap.xml" "Mozilla/5.0 AppleWebKit/537.36 (KHTML, like Gecko; compatible; GPTBot/1.4; +https://openai.com/gptbot)"
212.58.119.217 - - [31/Aug/2026:10:44:26 -0400] "POST /xmlrpc.php HTTP/1.1" 403 228 "-" "WordPress.com; https://wordpress.com"
66.249.65.134 - - [31/Aug/2026:10:44:26 -0400] "GET /?v=m7i2l4i9t4a4r1i8z3e1d0 HTTP/1.1" 200 20095 "-" "Mozilla/5.0 (compatible; Googlebot/2.1; +http://www.google.com/bot.html)"
212.58.119.217 - - [31/Aug/2026:10:44:37 -0400] "POST /xmlrpc.php HTTP/1.1" 403 228 "-" "Jetpack by WordPress.com (Jetpack 12.1; WordPress 6.2)"
74.7.241.19 - - [31/Aug/2026:10:44:41 -0400] "GET /?v=d2o1d6e7c3a4g2y6n0o2u2s HTTP/1.1" 500 - "https://cfntoronto.com/sitemap.xml" "Mozilla/5.0 AppleWebKit/537.36 (KHTML, like Gecko; compatible; GPTBot/1.4; +https://openai.com/gptbot)"
66.249.65.134 - - [31/Aug/2026:10:44:42 -0400] "GET /?v=p9r4e0d3o1m0i5n3a3t4i8ng HTTP/1.1" 200 18478 "-" "Mozilla/5.0 (compatible; Googlebot/2.1; +http://www.google.com/bot.html)"
212.58.119.217 - - [31/Aug/2026:10:44:47 -0400] "POST /xmlrpc.php HTTP/1.1" 403 228 "-" "WordPress.com; https://wordpress.com"
66.249.65.134 - - [31/Aug/2026:10:44:48 -0400] "GET /?v=p8a9p1a1r5a7z8z0o19 HTTP/1.1" 200 19974 "-" "Mozilla/5.0 (Linux; Android 6.0.1; Nexus 5X Build/MMB29P) AppleWebKit/537.36 (KHTML, like Gecko) Chrome/151.0.7922.173 Mobile Safari/537.36 (compatible; Googlebot/2.1; +http://www.google.com/bot.html)"
212.58.119.217 - - [31/Aug/2026:10:44:58 -0400] "POST /xmlrpc.php HTTP/1.1" 403 228 "-" "Jetpack by WordPress.com"
65.109.118.212 - - [31/Aug/2026:10:44:58 -0400] "GET /robots.txt HTTP/1.1" 200 124 "-" "Mozilla/5.0 (compatible; AwarioBot/1.0; +https://awario.com/bots.html)"
74.7.241.19 - - [31/Aug/2026:10:45:01 -0400] "GET /?v=p2e2t4a8l8o2s0t3i2c1h5a HTTP/1.1" 500 - "https://cfntoronto.com/sitemap.xml" "Mozilla/5.0 AppleWebKit/537.36 (KHTML, like Gecko; compatible; GPTBot/1.4; +https://openai.com/gptbot)"
66.249.65.136 - - [31/Aug/2026:10:45:04 -0400] "GET /?v=b5r5e8a7s6t6p9l0a1t8e HTTP/1.1" 200 21870 "-" "Mozilla/5.0 (Linux; Android 6.0.1; Nexus 5X Build/MMB29P) AppleWebKit/537.36 (KHTML, like Gecko) Chrome/151.0.7922.173 Mobile Safari/537.36 (compatible; Googlebot/2.1; +http://www.google.com/bot.html)"
212.58.119.217 - - [31/Aug/2026:10:45:09 -0400] "POST /xmlrpc.php HTTP/1.1" 403 228 "-" "WordPress.com; https://wordpress.com"
66.249.65.135 - - [31/Aug/2026:10:45:09 -0400] "GET /?v=p7e2t2r3o1l84361 HTTP/1.1" 200 19408 "-" "Mozilla/5.0 (Linux; Android 6.0.1; Nexus 5X Build/MMB29P) AppleWebKit/537.36 (KHTML, like Gecko) Chrome/151.0.7922.173 Mobile Safari/537.36 (compatible; Googlebot/2.1; +http://www.google.com/bot.html)"
66.249.65.134 - - [31/Aug/2026:10:45:14 -0400] "GET /shops/sewen/p7s1e8u7d8o5l5e7i4s1t1es HTTP/1.1" 200 19328 "-" "Mozilla/5.0 (compatible; Googlebot/2.1; +http://www.google.com/bot.html)"
212.58.119.217 - - [31/Aug/2026:10:45:19 -0400] "POST /xmlrpc.php HTTP/1.1" 403 228 "-" "Jetpack/13.0; WordPress/6.3; http://site80132856.com"
74.7.241.19 - - [31/Aug/2026:10:45:21 -0400] "GET /?v=a2c3c8e5l1e6r5a3t4i8n4g HTTP/1.1" 500 - "https://cfntoronto.com/sitemap.xml" "Mozilla/5.0 AppleWebKit/537.36 (KHTML, like Gecko; compatible; GPTBot/1.4; +https://openai.com/gptbot)"
179.43.146.218 - - [31/Aug/2026:10:45:26 -0400] "POST /wp-includes/Text/gmkxf1o/toqzuer/hyrqmbo/seo-config.php?action=add_link HTTP/1.1" 500 - "https://cfntoronto.com/" "Mozilla/5.0 (Windows NT 10.0; Win64; x64) AppleWebKit/537.36 (KHTML, like Gecko) Chrome/120.0.0.0 Safari/537.36"
179.43.146.218 - - [31/Aug/2026:10:45:26 -0400] "GET /wp-includes/Text/gmkxf1o/toqzuer/hyrqmbo/seo-config.php?action=get_links HTTP/1.1" 500 - "https://cfntoronto.com/" "Mozilla/5.0 (Windows NT 10.0; Win64; x64) AppleWebKit/537.36 (KHTML, like Gecko) Chrome/120.0.0.0 Safari/537.36"
212.58.119.217 - - [31/Aug/2026:10:45:30 -0400] "POST /xmlrpc.php HTTP/1.1" 403 228 "-" "Jetpack/12.0; WordPress/6.2; http://site50699467.com"
212.58.119.217 - - [31/Aug/2026:10:45:41 -0400] "POST /xmlrpc.php HTTP/1.1" 403 228 "-" "Jetpack by WordPress.com"
66.249.65.134 - - [31/Aug/2026:10:45:41 -0400] "GET /?v=r9a1f0f4i9n1o9s2e083 HTTP/1.1" 200 19518 "-" "Mozilla/5.0 (Linux; Android 6.0.1; Nexus 5X Build/MMB29P) AppleWebKit/537.36 (KHTML, like Gecko) Chrome/151.0.7922.173 Mobile Safari/537.36 (compatible; Googlebot/2.1; +http://www.google.com/bot.html)"
74.7.241.19 - - [31/Aug/2026:10:45:41 -0400] "GET /?v=d2i2f1f0e7r5e3n0t7i4a0l HTTP/1.1" 500 - "https://cfntoronto.com/sitemap.xml" "Mozilla/5.0 AppleWebKit/537.36 (KHTML, like Gecko; compatible; GPTBot/1.4; +https://openai.com/gptbot)"
66.249.65.134 - - [31/Aug/2026:10:45:46 -0400] "GET /?goods/083004393 HTTP/1.1" 200 18753 "-" "Mozilla/5.0 (Linux; Android 6.0.1; Nexus 5X Build/MMB29P) AppleWebKit/537.36 (KHTML, like Gecko) Chrome/151.0.7922.173 Mobile Safari/537.36 (compatible; Googlebot/2.1; +http://www.google.com/bot.html)"
212.58.119.217 - - [31/Aug/2026:10:45:51 -0400] "POST /xmlrpc.php HTTP/1.1" 403 228 "-" "Jetpack by WordPress.com (Jetpack 12.0; WordPress 6.4)"
74.7.241.19 - - [31/Aug/2026:10:46:01 -0400] "GET /?v=a2c1c5u1m3u2l5a6t7i5n9g HTTP/1.1" 500 - "https://cfntoronto.com/sitemap.xml" "Mozilla/5.0 AppleWebKit/537.36 (KHTML, like Gecko; compatible; GPTBot/1.4; +https://openai.com/gptbot)"
212.58.119.217 - - [31/Aug/2026:10:46:02 -0400] "POST /xmlrpc.php HTTP/1.1" 403 228 "-" "Jetpack by WordPress.com"
212.58.119.217 - - [31/Aug/2026:10:46:13 -0400] "POST /xmlrpc.php HTTP/1.1" 403 228 "-" "Jetpack by WordPress.com"
66.249.65.136 - - [31/Aug/2026:10:46:13 -0400] "GET /?v=c0l1a9s8s3i1n4g8862 HTTP/1.1" 200 18420 "-" "Mozilla/5.0 (compatible; Googlebot/2.1; +http://www.google.com/bot.html)"
74.7.241.19 - - [31/Aug/2026:10:46:21 -0400] "GET /?v=s2t3r6o2n4g9m8i2n4d9e0d HTTP/1.1" 500 - "https://cfntoronto.com/sitemap.xml" "Mozilla/5.0 AppleWebKit/537.36 (KHTML, like Gecko; compatible; GPTBot/1.4; +https://openai.com/gptbot)"
212.58.119.217 - - [31/Aug/2026:10:46:23 -0400] "POST /xmlrpc.php HTTP/1.1" 403 228 "-" "Jetpack by WordPress.com"
179.43.146.218 - - [31/Aug/2026:10:46:30 -0400] "GET /wp-includes/Text/gmkxf1o/toqzuer/hyrqmbo/seo-config.php?action=get_links HTTP/1.1" 500 - "https://cfntoronto.com/" "Mozilla/5.0 (Windows NT 10.0; Win64; x64) AppleWebKit/537.36 (KHTML, like Gecko) Chrome/120.0.0.0 Safari/537.36"
179.43.146.218 - - [31/Aug/2026:10:46:31 -0400] "GET /wp-includes/Text/gmkxf1o/toqzuer/hyrqmbo/seo-config.php?action=get_links HTTP/1.1" 500 - "https://cfntoronto.com/" "Mozilla/5.0 (Windows NT 10.0; Win64; x64) AppleWebKit/537.36 (KHTML, like Gecko) Chrome/120.0.0.0 Safari/537.36"
212.58.119.217 - - [31/Aug/2026:10:46:34 -0400] "POST /xmlrpc.php HTTP/1.1" 403 228 "-" "Jetpack/12.1; WordPress/6.2; http://site26866455.com"
66.249.65.135 - - [31/Aug/2026:10:46:40 -0400] "GET /broadway/spiculum/91704957413 HTTP/1.1" 200 19474 "-" "Mozilla/5.0 (compatible; Googlebot/2.1; +http://www.google.com/bot.html)"
74.7.241.19 - - [31/Aug/2026:10:46:41 -0400] "GET /?v=f2o1r0e7d5e1t8e6r4m9i9ne HTTP/1.1" 500 - "https://cfntoronto.com/sitemap.xml" "Mozilla/5.0 AppleWebKit/537.36 (KHTML, like Gecko; compatible; GPTBot/1.4; +https://openai.com/gptbot)"
212.58.119.217 - - [31/Aug/2026:10:46:44 -0400] "POST /xmlrpc.php HTTP/1.1" 403 228 "-" "Jetpack by WordPress.com"
66.249.65.134 - - [31/Aug/2026:10:46:45 -0400] "GET /?v=s6p1a6e8m4a6n9118 HTTP/1.1" 200 18639 "-" "Mozilla/5.0 (Linux; Android 6.0.1; Nexus 5X Build/MMB29P) AppleWebKit/537.36 (KHTML, like Gecko) Chrome/151.0.7922.173 Mobile Safari/537.36 (compatible; Googlebot/2.1; +http://www.google.com/bot.html)"
212.58.119.217 - - [31/Aug/2026:10:46:55 -0400] "POST /xmlrpc.php HTTP/1.1" 403 228 "-" "Jetpack by WordPress.com"
66.249.65.134 - - [31/Aug/2026:10:46:56 -0400] "GET /?v=c0l1a9s8s3i1n4g8862 HTTP/1.1" 200 19287 "-" "Mozilla/5.0 (Linux; Android 6.0.1; Nexus 5X Build/MMB29P) AppleWebKit/537.36 (KHTML, like Gecko) Chrome/151.0.7922.173 Mobile Safari/537.36 (compatible; Googlebot/2.1; +http://www.google.com/bot.html)"
146.190.79.142 - - [31/Aug/2026:10:46:57 -0400] "GET / HTTP/1.1" 500 - "-" "Mozilla/5.0 (X11; Linux x86_64) AppleWebKit/537.36 (KHTML, like Gecko) Chrome/142.0.0.0 Safari/537.36"
146.190.79.142 - - [31/Aug/2026:10:46:57 -0400] "GET /favicon.ico HTTP/1.1" 500 - "https://cfntoronto.com/" "Mozilla/5.0 (X11; Linux x86_64) AppleWebKit/537.36 (KHTML, like Gecko) Chrome/142.0.0.0 Safari/537.36"
179.43.146.218 - - [31/Aug/2026:10:47:01 -0400] "GET /wp-includes/Text/gmkxf1o/toqzuer/hyrqmbo/seo-config.php?action=get_links HTTP/1.1" 500 - "https://cfntoronto.com/" "Mozilla/5.0 (Windows NT 10.0; Win64; x64) AppleWebKit/537.36 (KHTML, like Gecko) Chrome/120.0.0.0 Safari/537.36"
65.109.118.212 - - [31/Aug/2026:10:47:01 -0400] "GET /robots.txt HTTP/1.1" 200 124 "-" "Mozilla/5.0 (compatible; AwarioBot/1.0; +https://awario.com/bots.html)"
74.7.241.19 - - [31/Aug/2026:10:47:01 -0400] "GET /?v=z2i5n9c9i5f4e4r5o4u6s HTTP/1.1" 500 - "https://cfntoronto.com/sitemap.xml" "Mozilla/5.0 AppleWebKit/537.36 (KHTML, like Gecko; compatible; GPTBot/1.4; +https://openai.com/gptbot)"
212.58.119.217 - - [31/Aug/2026:10:47:06 -0400] "POST /xmlrpc.php HTTP/1.1" 403 228 "-" "Jetpack/13.0; WordPress/6.2; http://site30174650.com"
66.249.65.136 - - [31/Aug/2026:10:47:12 -0400] "GET /?v=l4i3n1g0c5o6d22725 HTTP/1.1" 200 18504 "-" "Mozilla/5.0 (Linux; Android 6.0.1; Nexus 5X Build/MMB29P) AppleWebKit/537.36 (KHTML, like Gecko) Chrome/151.0.7922.173 Mobile Safari/537.36 (compatible; Googlebot/2.1; +http://www.google.com/bot.html)"
212.58.119.217 - - [31/Aug/2026:10:47:17 -0400] "POST /xmlrpc.php HTTP/1.1" 403 228 "-" "Jetpack by WordPress.com"
66.249.65.135 - - [31/Aug/2026:10:47:17 -0400] "GET /?v=p1o4l2y1p2h5o5n8i6c00 HTTP/1.1" 200 19358 "-" "Mozilla/5.0 (Linux; Android 6.0.1; Nexus 5X Build/MMB29P) AppleWebKit/537.36 (KHTML, like Gecko) Chrome/151.0.7922.173 Mobile Safari/537.36 (compatible; Googlebot/2.1; +http://www.google.com/bot.html)"
74.7.241.19 - - [31/Aug/2026:10:47:21 -0400] "GET /?phlegmaticly/2283443123 HTTP/1.1" 500 - "https://cfntoronto.com/sitemap.xml" "Mozilla/5.0 AppleWebKit/537.36 (KHTML, like Gecko; compatible; GPTBot/1.4; +https://openai.com/gptbot)"
179.43.146.218 - - [31/Aug/2026:10:47:26 -0400] "GET /wp-includes/Text/gmkxf1o/toqzuer/hyrqmbo/seo-config.php?action=get_links HTTP/1.1" 500 - "https://cfntoronto.com/" "Mozilla/5.0 (Windows NT 10.0; Win64; x64) AppleWebKit/537.36 (KHTML, like Gecko) Chrome/120.0.0.0 Safari/537.36"
179.43.146.218 - - [31/Aug/2026:10:47:27 -0400] "GET /wp-includes/Text/gmkxf1o/toqzuer/hyrqmbo/seo-config.php?action=get_links HTTP/1.1" 500 - "https://cfntoronto.com/" "Mozilla/5.0 (Windows NT 10.0; Win64; x64) AppleWebKit/537.36 (KHTML, like Gecko) Chrome/120.0.0.0 Safari/537.36"
212.58.119.217 - - [31/Aug/2026:10:47:27 -0400] "POST /xmlrpc.php HTTP/1.1" 403 228 "-" "Jetpack by WordPress.com (Jetpack 12.5; WordPress 6.3)"
104.219.215.160 - - [31/Aug/2026:10:47:35 -0400] "GET / HTTP/1.1" 200 19725 "-" "Mozilla/5.0 (compatible; Googlebot/2.1; +http://www.google.com/bot.html)"
212.58.119.217 - - [31/Aug/2026:10:47:38 -0400] "POST /xmlrpc.php HTTP/1.1" 403 228 "-" "WordPress.com; https://wordpress.com"
66.249.65.134 - - [31/Aug/2026:10:47:39 -0400] "GET /?v=a5l4b0a3c4o9r0a4486 HTTP/1.1" 200 19822 "-" "Mozilla/5.0 (Linux; Android 6.0.1; Nexus 5X Build/MMB29P) AppleWebKit/537.36 (KHTML, like Gecko) Chrome/151.0.7922.173 Mobile Safari/537.36 (compatible; Googlebot/2.1; +http://www.google.com/bot.html)"
74.7.241.19 - - [31/Aug/2026:10:47:41 -0400] "GET /?prosecutable/2174543743 HTTP/1.1" 500 - "https://cfntoronto.com/sitemap.xml" "Mozilla/5.0 AppleWebKit/537.36 (KHTML, like Gecko; compatible; GPTBot/1.4; +https://openai.com/gptbot)"
179.43.146.218 - - [31/Aug/2026:10:47:45 -0400] "GET /wp-includes/Text/gmkxf1o/toqzuer/hyrqmbo/seo-config.php?action=get_links HTTP/1.1" 500 - "https://cfntoronto.com/" "Mozilla/5.0 (Windows NT 10.0; Win64; x64) AppleWebKit/537.36 (KHTML, like Gecko) Chrome/120.0.0.0 Safari/537.36"
212.58.119.217 - - [31/Aug/2026:10:47:48 -0400] "POST /xmlrpc.php HTTP/1.1" 403 228 "-" "Jetpack/12.0; WordPress/6.4; http://site78891734.com"
212.58.119.217 - - [31/Aug/2026:10:47:59 -0400] "POST /xmlrpc.php HTTP/1.1" 403 228 "-" "Jetpack by WordPress.com"
66.249.65.134 - - [31/Aug/2026:10:48:00 -0400] "GET /?v=d7r5a5p1e1r6y9196 HTTP/1.1" 200 20058 "-" "Mozilla/5.0 (Linux; Android 6.0.1; Nexus 5X Build/MMB29P) AppleWebKit/537.36 (KHTML, like Gecko) Chrome/151.0.7922.173 Mobile Safari/537.36 (compatible; Googlebot/2.1; +http://www.google.com/bot.html)"
74.7.241.19 - - [31/Aug/2026:10:48:01 -0400] "GET /?v=l2o9g6a7n3i1a1c0e7a2e HTTP/1.1" 500 - "https://cfntoronto.com/sitemap.xml" "Mozilla/5.0 AppleWebKit/537.36 (KHTML, like Gecko; compatible; GPTBot/1.4; +https://openai.com/gptbot)"
212.58.119.217 - - [31/Aug/2026:10:48:10 -0400] "POST /xmlrpc.php HTTP/1.1" 403 228 "-" "Jetpack/13.0; WordPress/6.2; http://site21163346.com"
66.249.65.134 - - [31/Aug/2026:10:48:16 -0400] "GET /?v=u2n4d0e2r2c6u4r1r3e8n2t HTTP/1.1" 200 20368 "-" "Mozilla/5.0 (compatible; Googlebot/2.1; +http://www.google.com/bot.html)"
212.58.119.217 - - [31/Aug/2026:10:48:20 -0400] "POST /xmlrpc.php HTTP/1.1" 403 228 "-" "Jetpack by WordPress.com"
74.7.241.19 - - [31/Aug/2026:10:48:21 -0400] "GET /?rhabdosphere/2126133158 HTTP/1.1" 500 - "https://cfntoronto.com/sitemap.xml" "Mozilla/5.0 AppleWebKit/537.36 (KHTML, like Gecko; compatible; GPTBot/1.4; +https://openai.com/gptbot)"
212.58.119.217 - - [31/Aug/2026:10:48:31 -0400] "POST /xmlrpc.php HTTP/1.1" 403 228 "-" "WordPress.com; https://wordpress.com"
66.249.65.134 - - [31/Aug/2026:10:48:32 -0400] "GET /?v=a6t1t5e3n3t1l3y3606 HTTP/1.1" 200 19938 "-" "Mozilla/5.0 (Linux; Android 6.0.1; Nexus 5X Build/MMB29P) AppleWebKit/537.36 (KHTML, like Gecko) Chrome/151.0.7922.173 Mobile Safari/537.36 (compatible; Googlebot/2.1; +http://www.google.com/bot.html)"
40.77.167.68 - - [31/Aug/2026:10:48:35 -0400] "GET /beestings/p1l3e3b0i7s3c3i4t3a1r4y HTTP/1.1" 200 33 "-" "Mozilla/5.0 AppleWebKit/537.36 (KHTML, like Gecko; compatible; bingbot/2.0; +http://www.bing.com/bingbot.htm) Chrome/116.0.1938.76 Safari/537.36"
66.249.65.134 - - [31/Aug/2026:10:48:38 -0400] "GET /?v=d9i6s7f4a6v4o2r1i8ng HTTP/1.1" 200 19610 "-" "Mozilla/5.0 (Linux; Android 6.0.1; Nexus 5X Build/MMB29P) AppleWebKit/537.36 (KHTML, like Gecko) Chrome/151.0.7922.173 Mobile Safari/537.36 (compatible; Googlebot/2.1; +http://www.google.com/bot.html)"
52.167.144.16 - - [31/Aug/2026:10:48:40 -0400] "GET /backfall/a1l1b7e9r5t2y9p6e714 HTTP/1.1" 200 33 "-" "Mozilla/5.0 AppleWebKit/537.36 (KHTML, like Gecko; compatible; bingbot/2.0; +http://www.bing.com/bingbot.htm) Chrome/116.0.1938.76 Safari/537.36"
74.7.241.19 - - [31/Aug/2026:10:48:41 -0400] "GET /?v=a2p1h3a8n1i1p2t6e7r1a HTTP/1.1" 500 - "https://cfntoronto.com/sitemap.xml" "Mozilla/5.0 AppleWebKit/537.36 (KHTML, like Gecko; compatible; GPTBot/1.4; +https://openai.com/gptbot)"
212.58.119.217 - - [31/Aug/2026:10:48:42 -0400] "POST /xmlrpc.php HTTP/1.1" 403 228 "-" "WordPress.com; https://wordpress.com"
66.249.65.134 - - [31/Aug/2026:10:48:49 -0400] "GET /?v=m8i8x6t4u5s04695 HTTP/1.1" 200 20899 "-" "Mozilla/5.0 (compatible; Googlebot/2.1; +http://www.google.com/bot.html)"
212.58.119.217 - - [31/Aug/2026:10:48:52 -0400] "POST /xmlrpc.php HTTP/1.1" 403 228 "-" "WordPress.com; https://wordpress.com"
66.249.65.134 - - [31/Aug/2026:10:48:54 -0400] "GET /?v=t1r2i8s0t7e107182 HTTP/1.1" 200 19463 "-" "Mozilla/5.0 (Linux; Android 6.0.1; Nexus 5X Build/MMB29P) AppleWebKit/537.36 (KHTML, like Gecko) Chrome/151.0.7922.173 Mobile Safari/537.36 (compatible; Googlebot/2.1; +http://www.google.com/bot.html)"
74.7.241.19 - - [31/Aug/2026:10:49:01 -0400] "GET /?v=c2o1u8n3t8e8r4f8e2s6ance HTTP/1.1" 500 - "https://cfntoronto.com/sitemap.xml" "Mozilla/5.0 AppleWebKit/537.36 (KHTML, like Gecko; compatible; GPTBot/1.4; +https://openai.com/gptbot)"
65.109.118.212 - - [31/Aug/2026:10:49:02 -0400] "GET /robots.txt HTTP/1.1" 200 124 "-" "Mozilla/5.0 (compatible; AwarioBot/1.0; +https://awario.com/bots.html)"
212.58.119.217 - - [31/Aug/2026:10:49:03 -0400] "POST /xmlrpc.php HTTP/1.1" 403 228 "-" "WordPress.com; https://wordpress.com"
66.249.65.134 - - [31/Aug/2026:10:49:10 -0400] "GET /?v=s4e4r1i6a3l9l0y8204 HTTP/1.1" 200 19178 "-" "Mozilla/5.0 (Linux; Android 6.0.1; Nexus 5X Build/MMB29P) AppleWebKit/537.36 (KHTML, like Gecko) Chrome/151.0.7922.173 Mobile Safari/537.36 (compatible; Googlebot/2.1; +http://www.google.com/bot.html)"
212.58.119.217 - - [31/Aug/2026:10:49:13 -0400] "POST /xmlrpc.php HTTP/1.1" 403 228 "-" "Jetpack/13.0; WordPress/6.2; http://site55113994.com"
66.249.65.135 - - [31/Aug/2026:10:49:21 -0400] "GET /?v=s7p1a4c5i7o0u9s6896 HTTP/1.1" 200 19877 "-" "Mozilla/5.0 (compatible; Googlebot/2.1; +http://www.google.com/bot.html)"
74.7.241.19 - - [31/Aug/2026:10:49:21 -0400] "GET /?v=a2n4o2d1o1r4h5y6n7c3u2s HTTP/1.1" 500 - "https://cfntoronto.com/sitemap.xml" "Mozilla/5.0 AppleWebKit/537.36 (KHTML, like Gecko; compatible; GPTBot/1.4; +https://openai.com/gptbot)"
212.58.119.217 - - [31/Aug/2026:10:49:24 -0400] "POST /xmlrpc.php HTTP/1.1" 403 228 "-" "Jetpack by WordPress.com (Jetpack 13.0; WordPress 6.3)"
212.58.119.217 - - [31/Aug/2026:10:49:35 -0400] "POST /xmlrpc.php HTTP/1.1" 403 228 "-" "Jetpack/13.0; WordPress/6.2; http://site75807733.com"
74.7.241.19 - - [31/Aug/2026:10:49:41 -0400] "GET /?v=o2b3e8d2i2e7n9c4i9a4r0y HTTP/1.1" 500 - "https://cfntoronto.com/sitemap.xml" "Mozilla/5.0 AppleWebKit/537.36 (KHTML, like Gecko; compatible; GPTBot/1.4; +https://openai.com/gptbot)"
212.58.119.217 - - [31/Aug/2026:10:49:45 -0400] "POST /xmlrpc.php HTTP/1.1" 403 228 "-" "Jetpack by WordPress.com"
66.249.65.134 - - [31/Aug/2026:10:49:48 -0400] "GET /?v=p9r4e0d3o1m0i5n3a3t4i8ng HTTP/1.1" 200 18905 "-" "Mozilla/5.0 (Linux; Android 6.0.1; Nexus 5X Build/MMB29P) AppleWebKit/537.36 (KHTML, like Gecko) Chrome/151.0.7922.173 Mobile Safari/537.36 (compatible; Googlebot/2.1; +http://www.google.com/bot.html)"
52.167.144.16 - - [31/Aug/2026:10:49:55 -0400] "GET /?v=c4l1i9n6o9m7e2t9r1i6c8 HTTP/1.1" 200 33 "-" "Mozilla/5.0 AppleWebKit/537.36 (KHTML, like Gecko; compatible; bingbot/2.0; +http://www.bing.com/bingbot.htm) Chrome/116.0.1938.76 Safari/537.36"
212.58.119.217 - - [31/Aug/2026:10:49:56 -0400] "POST /xmlrpc.php HTTP/1.1" 403 228 "-" "Jetpack by WordPress.com (Jetpack 12.1; WordPress 6.3)"
66.249.65.134 - - [31/Aug/2026:10:49:59 -0400] "GET /?v=u8n2r9u1f3f1l9e7d103 HTTP/1.1" 200 19635 "-" "Mozilla/5.0 (Linux; Android 6.0.1; Nexus 5X Build/MMB29P) AppleWebKit/537.36 (KHTML, like Gecko) Chrome/151.0.7922.173 Mobile Safari/537.36 (compatible; Googlebot/2.1; +http://www.google.com/bot.html)"
74.7.241.19 - - [31/Aug/2026:10:50:01 -0400] "GET /?v=m2u4l0t9i3d4e2n7t3a5t1e HTTP/1.1" 500 - "https://cfntoronto.com/sitemap.xml" "Mozilla/5.0 AppleWebKit/537.36 (KHTML, like Gecko; compatible; GPTBot/1.4; +https://openai.com/gptbot)"
212.58.119.217 - - [31/Aug/2026:10:50:06 -0400] "POST /xmlrpc.php HTTP/1.1" 403 228 "-" "Jetpack/12.1; WordPress/6.1; http://site30739510.com"
212.58.119.217 - - [31/Aug/2026:10:50:17 -0400] "POST /xmlrpc.php HTTP/1.1" 403 228 "-" "Jetpack/12.1; WordPress/6.3; http://site73231917.com"
74.7.241.19 - - [31/Aug/2026:10:50:21 -0400] "GET /?v=c2h1u4r9c0h9w8a5r8d8e7n HTTP/1.1" 500 - "https://cfntoronto.com/sitemap.xml" "Mozilla/5.0 AppleWebKit/537.36 (KHTML, like Gecko; compatible; GPTBot/1.4; +https://openai.com/gptbot)"
212.58.119.217 - - [31/Aug/2026:10:50:28 -0400] "POST /xmlrpc.php HTTP/1.1" 403 228 "-" "WordPress.com; https://wordpress.com"
66.249.65.134 - - [31/Aug/2026:10:50:31 -0400] "GET /?v=d2e9l7t7o2i0d871 HTTP/1.1" 200 19374 "-" "Mozilla/5.0 (Linux; Android 6.0.1; Nexus 5X Build/MMB29P) AppleWebKit/537.36 (KHTML, like Gecko) Chrome/151.0.7922.173 Mobile Safari/537.36 (compatible; Googlebot/2.1; +http://www.google.com/bot.html)"
212.58.119.217 - - [31/Aug/2026:10:50:38 -0400] "POST /xmlrpc.php HTTP/1.1" 403 228 "-" "Jetpack by WordPress.com (Jetpack 12.1; WordPress 6.4)"
74.7.241.19 - - [31/Aug/2026:10:50:41 -0400] "GET /?strophiolate/2550136078 HTTP/1.1" 500 - "https://cfntoronto.com/sitemap.xml" "Mozilla/5.0 AppleWebKit/537.36 (KHTML, like Gecko; compatible; GPTBot/1.4; +https://openai.com/gptbot)"
66.249.65.134 - - [31/Aug/2026:10:50:42 -0400] "GET /?v=u0n3d5e6r9r0e8c1k7o9n7 HTTP/1.1" 200 18375 "-" "Mozilla/5.0 (compatible; Googlebot/2.1; +http://www.google.com/bot.html)"
66.249.65.134 - - [31/Aug/2026:10:50:47 -0400] "GET /?v=p7o2p9u4l0a9t0i5o9n70 HTTP/1.1" 200 19329 "-" "Mozilla/5.0 (compatible; Googlebot/2.1; +http://www.google.com/bot.html)"
198.204.240.234 - - [31/Aug/2026:10:50:48 -0400] "GET /wp-includes/br06391a/edit.php HTTP/1.1" 200 26 "https://cfntoronto.com/wp-includes/br06391a/edit.php" "Mozilla/5.0 (compatible; MSIE 10.0; Windows NT 6.2; Trident/6.0)"
212.58.119.217 - - [31/Aug/2026:10:50:49 -0400] "POST /xmlrpc.php HTTP/1.1" 403 228 "-" "Jetpack by WordPress.com (Jetpack 12.0; WordPress 6.3)"
212.58.119.217 - - [31/Aug/2026:10:51:00 -0400] "POST /xmlrpc.php HTTP/1.1" 403 228 "-" "Jetpack/12.5; WordPress/6.1; http://site46201065.com"
74.7.241.19 - - [31/Aug/2026:10:51:01 -0400] "GET /?v=l2o7c2a4l5i8t6i8e9e7s HTTP/1.1" 500 - "https://cfntoronto.com/sitemap.xml" "Mozilla/5.0 AppleWebKit/537.36 (KHTML, like Gecko; compatible; GPTBot/1.4; +https://openai.com/gptbot)"
65.109.118.212 - - [31/Aug/2026:10:51:03 -0400] "GET /robots.txt HTTP/1.1" 200 124 "-" "Mozilla/5.0 (compatible; AwarioBot/1.0; +https://awario.com/bots.html)"
212.58.119.217 - - [31/Aug/2026:10:51:11 -0400] "POST /xmlrpc.php HTTP/1.1" 403 228 "-" "Jetpack/13.0; WordPress/6.2; http://site46300487.com"
212.58.119.217 - - [31/Aug/2026:10:51:21 -0400] "POST /xmlrpc.php HTTP/1.1" 403 228 "-" "WordPress.com; https://wordpress.com"
74.7.241.19 - - [31/Aug/2026:10:51:21 -0400] "GET /?v=p2r8o3c9u2r3a9c5i5e7s HTTP/1.1" 500 - "https://cfntoronto.com/sitemap.xml" "Mozilla/5.0 AppleWebKit/537.36 (KHTML, like Gecko; compatible; GPTBot/1.4; +https://openai.com/gptbot)"
52.167.144.16 - - [31/Aug/2026:10:51:28 -0400] "GET /shops/willock/h6a3t9b1a9n6d57293 HTTP/1.1" 200 33 "-" "Mozilla/5.0 AppleWebKit/537.36 (KHTML, like Gecko; compatible; bingbot/2.0; +http://www.bing.com/bingbot.htm) Chrome/116.0.1938.76 Safari/537.36"
52.167.144.16 - - [31/Aug/2026:10:51:28 -0400] "GET /?v=r1e3v1e0r9s2i9s0660 HTTP/1.1" 200 33 "-" "Mozilla/5.0 AppleWebKit/537.36 (KHTML, like Gecko; compatible; bingbot/2.0; +http://www.bing.com/bingbot.htm) Chrome/116.0.1938.76 Safari/537.36"
212.58.119.217 - - [31/Aug/2026:10:51:32 -0400] "POST /xmlrpc.php HTTP/1.1" 403 228 "-" "Jetpack by WordPress.com (Jetpack 12.1; WordPress 6.3)"
