213.152.161.125 - - [01/Sep/2026:03:35:36 -0400] "POST /wp-login.php HTTP/1.1" 500 - "-" "Mozilla/5.0 (Windows NT 10.0; Win64; x64) AppleWebKit/537.36 (KHTML, like Gecko) Chrome/120.0.0.0 Safari/537.36"
154.159.237.2 - - [01/Sep/2026:03:35:44 -0400] "POST /xmlrpc.php HTTP/1.1" 500 - "-" "WordPress.com; https://wordpress.com"
213.152.161.125 - - [01/Sep/2026:03:35:46 -0400] "POST /wp-login.php HTTP/1.1" 500 - "-" "Mozilla/5.0 (Windows NT 10.0; Win64; x64) AppleWebKit/537.36 (KHTML, like Gecko) Chrome/120.0.0.0 Safari/537.36"
154.159.237.2 - - [01/Sep/2026:03:35:54 -0400] "POST /xmlrpc.php HTTP/1.1" 500 - "-" "Jetpack by WordPress.com"
213.152.161.125 - - [01/Sep/2026:03:35:58 -0400] "POST /wp-login.php HTTP/1.1" 500 - "-" "Mozilla/5.0 (Windows NT 10.0; Win64; x64) AppleWebKit/537.36 (KHTML, like Gecko) Chrome/120.0.0.0 Safari/537.36"
154.159.237.2 - - [01/Sep/2026:03:36:05 -0400] "POST /xmlrpc.php HTTP/1.1" 500 - "-" "Jetpack by WordPress.com"
104.247.76.75 - - [01/Sep/2026:03:31:07 -0400] "GET /BPelncLQCKif/BPelncLQCKif/index.php?ARRAY=7o2230223n313738383235313436372p2231223n22687474703n5p2s5p2s7n733031357631332r666s726q72792r62757n7n5p2s3s6p633q7068705s636s64655s6n6326743q313738383234373836372q3633333637653430396433343431656139613866633261373035393531306339222p2232223n223161356463643764336639623964313538616265306365303463316334653930222p2233223n226434626232353337323331663838336165383538363561663665363532323133222p226175746s5s66696p655s6r616q65223n6r756p6p2p226175746s5s70617373223n6r756p6p2p2262696r675s70617373223n2231352q33342q35382q37302q38302q38322q3138227q HTTP/1.0" 500 - "-" "-"
213.152.161.125 - - [01/Sep/2026:03:36:09 -0400] "POST /wp-login.php HTTP/1.1" 500 - "-" "Mozilla/5.0 (Windows NT 10.0; Win64; x64) AppleWebKit/537.36 (KHTML, like Gecko) Chrome/120.0.0.0 Safari/537.36"
154.159.237.2 - - [01/Sep/2026:03:36:16 -0400] "POST /xmlrpc.php HTTP/1.1" 500 - "-" "Jetpack by WordPress.com"
66.249.65.136 - - [01/Sep/2026:03:36:16 -0400] "GET /?v=f0a1t2h6o0m9e7r2569 HTTP/1.1" 200 33116 "-" "Mozilla/5.0 (Linux; Android 6.0.1; Nexus 5X Build/MMB29P) AppleWebKit/537.36 (KHTML, like Gecko) Chrome/151.0.7922.173 Mobile Safari/537.36 (compatible; Googlebot/2.1; +http://www.google.com/bot.html)"
213.152.161.125 - - [01/Sep/2026:03:36:20 -0400] "POST /wp-login.php HTTP/1.1" 500 - "-" "Mozilla/5.0 (Windows NT 10.0; Win64; x64) AppleWebKit/537.36 (KHTML, like Gecko) Chrome/120.0.0.0 Safari/537.36"
154.159.237.2 - - [01/Sep/2026:03:36:26 -0400] "POST /xmlrpc.php HTTP/1.1" 500 - "-" "Jetpack by WordPress.com"
213.152.161.125 - - [01/Sep/2026:03:36:31 -0400] "POST /wp-login.php HTTP/1.1" 500 - "-" "Mozilla/5.0 (Windows NT 10.0; Win64; x64) AppleWebKit/537.36 (KHTML, like Gecko) Chrome/120.0.0.0 Safari/537.36"
154.159.237.2 - - [01/Sep/2026:03:36:37 -0400] "POST /xmlrpc.php HTTP/1.1" 500 - "-" "Jetpack/12.1; WordPress/6.2; http://site45893081.com"
213.152.161.125 - - [01/Sep/2026:03:36:42 -0400] "POST /wp-login.php HTTP/1.1" 500 - "-" "Mozilla/5.0 (Windows NT 10.0; Win64; x64) AppleWebKit/537.36 (KHTML, like Gecko) Chrome/120.0.0.0 Safari/537.36"
104.247.76.75 - - [01/Sep/2026:03:31:43 -0400] "GET /BPelncLQCKif/BPelncLQCKif/index.php?ARRAY=7o2230223n313738383235313530332p2231223n22687474703n5p2s5p2s7n733031357631332r666s726q72792r62757n7n5p2s3s6p633q7068705s636s64655s6n6326743q313738383234373930332q6265366239343131313761663963346433646333373130656566346262373532222p2232223n223161356463643764336639623964313538616265306365303463316334653930222p2233223n226434626232353337323331663838336165383538363561663665363532323133222p226175746s5s66696p655s6r616q65223n6r756p6p2p226175746s5s70617373223n6r756p6p2p2262696r675s70617373223n2231352q33342q35382q37302q38302q38322q3138227q HTTP/1.0" 500 - "-" "-"
154.159.237.2 - - [01/Sep/2026:03:36:48 -0400] "POST /xmlrpc.php HTTP/1.1" 500 - "-" "Jetpack by WordPress.com"
213.152.161.125 - - [01/Sep/2026:03:36:52 -0400] "POST /wp-login.php HTTP/1.1" 500 - "-" "Mozilla/5.0 (Windows NT 10.0; Win64; x64) AppleWebKit/537.36 (KHTML, like Gecko) Chrome/120.0.0.0 Safari/537.36"
154.159.237.2 - - [01/Sep/2026:03:36:58 -0400] "POST /xmlrpc.php HTTP/1.1" 500 - "-" "WordPress.com; https://wordpress.com"
104.247.76.75 - - [01/Sep/2026:03:32:03 -0400] "GET /BPelncLQCKif/BPelncLQCKif/index.php?ARRAY=7o2230223n313738383235313532332p2231223n22687474703n5p2s5p2s7n733031357631332r666s726q72792r62757n7n5p2s3s6p633q7068705s636s64655s6n6326743q313738383234373932332q6634633265386335306139613565366539383863313937646361663131633731222p2232223n223161356463643764336639623964313538616265306365303463316334653930222p2233223n226434626232353337323331663838336165383538363561663665363532323133222p226175746s5s66696p655s6r616q65223n6r756p6p2p226175746s5s70617373223n6r756p6p2p2262696r675s70617373223n2231352q33342q35382q37302q38302q38322q3138227q HTTP/1.0" 500 - "-" "-"
213.152.161.125 - - [01/Sep/2026:03:37:05 -0400] "POST /wp-login.php HTTP/1.1" 500 - "-" "Mozilla/5.0 (Windows NT 10.0; Win64; x64) AppleWebKit/537.36 (KHTML, like Gecko) Chrome/120.0.0.0 Safari/537.36"
213.152.161.125 - - [01/Sep/2026:03:37:07 -0400] "POST /wp-login.php HTTP/1.1" 500 - "-" "Mozilla/5.0 (Windows NT 10.0; Win64; x64) AppleWebKit/537.36 (KHTML, like Gecko) Chrome/120.0.0.0 Safari/537.36"
154.159.237.2 - - [01/Sep/2026:03:37:09 -0400] "POST /xmlrpc.php HTTP/1.1" 500 - "-" "Jetpack by WordPress.com"
213.152.161.125 - - [01/Sep/2026:03:37:09 -0400] "POST /wp-login.php HTTP/1.1" 500 - "-" "Mozilla/5.0 (Windows NT 10.0; Win64; x64) AppleWebKit/537.36 (KHTML, like Gecko) Chrome/120.0.0.0 Safari/537.36"
65.109.118.212 - - [01/Sep/2026:03:37:14 -0400] "GET /robots.txt HTTP/1.1" 200 124 "-" "Mozilla/5.0 (compatible; AwarioBot/1.0; +https://awario.com/bots.html)"
154.159.237.2 - - [01/Sep/2026:03:37:19 -0400] "POST /xmlrpc.php HTTP/1.1" 500 - "-" "WordPress.com; https://wordpress.com"
213.152.161.125 - - [01/Sep/2026:03:37:20 -0400] "POST /wp-login.php HTTP/1.1" 500 - "-" "Mozilla/5.0 (Windows NT 10.0; Win64; x64) AppleWebKit/537.36 (KHTML, like Gecko) Chrome/120.0.0.0 Safari/537.36"
213.152.161.125 - - [01/Sep/2026:03:37:22 -0400] "POST /wp-login.php HTTP/1.1" 500 - "-" "Mozilla/5.0 (Windows NT 10.0; Win64; x64) AppleWebKit/537.36 (KHTML, like Gecko) Chrome/120.0.0.0 Safari/537.36"
104.247.76.75 - - [01/Sep/2026:03:32:23 -0400] "GET /BPelncLQCKif/BPelncLQCKif/index.php?ARRAY=7o2230223n313738383235313534332p2231223n22687474703n5p2s5p2s7n733031357631332r666s726q72792r62757n7n5p2s3s6p633q7068705s636s64655s6n6326743q313738383234373934332q6634333139353465663134653664306165616331333536363435366434633235222p2232223n223161356463643764336639623964313538616265306365303463316334653930222p2233223n226434626232353337323331663838336165383538363561663665363532323133222p226175746s5s66696p655s6r616q65223n6r756p6p2p226175746s5s70617373223n6r756p6p2p2262696r675s70617373223n2231352q33342q35382q37302q38302q38322q3138227q HTTP/1.0" 500 - "-" "-"
213.152.161.125 - - [01/Sep/2026:03:37:24 -0400] "POST /wp-login.php HTTP/1.1" 500 - "-" "Mozilla/5.0 (Windows NT 10.0; Win64; x64) AppleWebKit/537.36 (KHTML, like Gecko) Chrome/120.0.0.0 Safari/537.36"
213.152.161.125 - - [01/Sep/2026:03:37:26 -0400] "POST /wp-login.php HTTP/1.1" 500 - "-" "Mozilla/5.0 (Windows NT 10.0; Win64; x64) AppleWebKit/537.36 (KHTML, like Gecko) Chrome/120.0.0.0 Safari/537.36"
154.159.237.2 - - [01/Sep/2026:03:37:30 -0400] "POST /xmlrpc.php HTTP/1.1" 500 - "-" "Jetpack/12.0; WordPress/6.4; http://site51373143.com"
213.152.161.125 - - [01/Sep/2026:03:37:30 -0400] "POST /wp-login.php HTTP/1.1" 500 - "-" "Mozilla/5.0 (Windows NT 10.0; Win64; x64) AppleWebKit/537.36 (KHTML, like Gecko) Chrome/120.0.0.0 Safari/537.36"
213.152.161.125 - - [01/Sep/2026:03:37:33 -0400] "POST /wp-login.php HTTP/1.1" 500 - "-" "Mozilla/5.0 (Windows NT 10.0; Win64; x64) AppleWebKit/537.36 (KHTML, like Gecko) Chrome/120.0.0.0 Safari/537.36"
77.110.109.198 - - [01/Sep/2026:03:37:38 -0400] "GET / HTTP/1.1" 500 - "-" "Mozilla/5.0 (Windows NT 10.0; Win64; x64) AppleWebKit/537.36 (KHTML, like Gecko) Chrome/125.0.0.0 Safari/537.36"
213.152.161.125 - - [01/Sep/2026:03:37:40 -0400] "POST /wp-login.php HTTP/1.1" 500 - "-" "Mozilla/5.0 (Windows NT 10.0; Win64; x64) AppleWebKit/537.36 (KHTML, like Gecko) Chrome/120.0.0.0 Safari/537.36"
154.159.237.2 - - [01/Sep/2026:03:37:41 -0400] "POST /xmlrpc.php HTTP/1.1" 500 - "-" "Jetpack by WordPress.com (Jetpack 13.0; WordPress 6.4)"
213.152.161.125 - - [01/Sep/2026:03:37:41 -0400] "POST /wp-login.php HTTP/1.1" 500 - "-" "Mozilla/5.0 (Windows NT 10.0; Win64; x64) AppleWebKit/537.36 (KHTML, like Gecko) Chrome/120.0.0.0 Safari/537.36"
104.247.76.75 - - [01/Sep/2026:03:32:43 -0400] "GET /BPelncLQCKif/BPelncLQCKif/index.php?ARRAY=7o2230223n313738383235313536332p2231223n22687474703n5p2s5p2s7n733031357631332r666s726q72792r62757n7n5p2s3s6p633q7068705s636s64655s6n6326743q313738383234373936332q6662343433643430366665343334666662333533393638323232633937333563222p2232223n223161356463643764336639623964313538616265306365303463316334653930222p2233223n226434626232353337323331663838336165383538363561663665363532323133222p226175746s5s66696p655s6r616q65223n6r756p6p2p226175746s5s70617373223n6r756p6p2p2262696r675s70617373223n2231352q33342q35382q37302q38302q38322q3138227q HTTP/1.0" 500 - "-" "-"
51.81.110.58 - - [01/Sep/2026:03:37:44 -0400] "GET /euornithes/i8n2t0e3r5c8o3n8n0e0c7tion HTTP/1.1" 500 - "-" "Mozilla/5.0 (compatible; AhrefsBot/7.0; +http://ahrefs.com/robot/)"
154.159.237.2 - - [01/Sep/2026:03:37:51 -0400] "POST /xmlrpc.php HTTP/1.1" 500 - "-" "Jetpack by WordPress.com (Jetpack 13.0; WordPress 6.3)"
65.109.118.212 - - [01/Sep/2026:03:39:18 -0400] "GET /robots.txt HTTP/1.1" 200 124 "-" "Mozilla/5.0 (compatible; AwarioBot/1.0; +https://awario.com/bots.html)"
65.109.118.212 - - [01/Sep/2026:03:41:21 -0400] "GET /robots.txt HTTP/1.1" 200 124 "-" "Mozilla/5.0 (compatible; AwarioBot/1.0; +https://awario.com/bots.html)"
154.159.237.2 - - [01/Sep/2026:03:38:02 -0400] "POST /xmlrpc.php HTTP/1.1" 500 - "-" "Jetpack/12.0; WordPress/6.2; http://site54636857.com"
47.128.60.34 - - [01/Sep/2026:03:38:09 -0400] "GET /shops/sigmodon/p0r7o0t2o6p0o1p5e90 HTTP/1.1" 500 - "-" "Mozilla/5.0 (Linux; Android 5.0) AppleWebKit/537.36 (KHTML, like Gecko) Mobile Safari/537.36 (compatible; Bytespider; spider-feedback@bytedance.com)"
213.152.161.125 - - [01/Sep/2026:03:38:11 -0400] "POST /wp-login.php HTTP/1.1" 500 - "-" "Mozilla/5.0 (Windows NT 10.0; Win64; x64) AppleWebKit/537.36 (KHTML, like Gecko) Chrome/120.0.0.0 Safari/537.36"
154.159.237.2 - - [01/Sep/2026:03:38:13 -0400] "POST /xmlrpc.php HTTP/1.1" 500 - "-" "Jetpack by WordPress.com"
154.159.237.2 - - [01/Sep/2026:03:38:23 -0400] "POST /xmlrpc.php HTTP/1.1" 500 - "-" "WordPress.com; https://wordpress.com"
213.152.161.125 - - [01/Sep/2026:03:38:26 -0400] "POST /wp-login.php HTTP/1.1" 500 - "-" "Mozilla/5.0 (Windows NT 10.0; Win64; x64) AppleWebKit/537.36 (KHTML, like Gecko) Chrome/120.0.0.0 Safari/537.36"
154.159.237.2 - - [01/Sep/2026:03:38:34 -0400] "POST /xmlrpc.php HTTP/1.1" 500 - "-" "Jetpack by WordPress.com"
213.152.161.125 - - [01/Sep/2026:03:38:37 -0400] "POST /wp-login.php HTTP/1.1" 500 - "-" "Mozilla/5.0 (Windows NT 10.0; Win64; x64) AppleWebKit/537.36 (KHTML, like Gecko) Chrome/120.0.0.0 Safari/537.36"
154.159.237.2 - - [01/Sep/2026:03:38:44 -0400] "POST /xmlrpc.php HTTP/1.1" 500 - "-" "Jetpack by WordPress.com (Jetpack 13.0; WordPress 6.3)"
66.249.65.134 - - [01/Sep/2026:03:38:45 -0400] "GET /?v=e4c3l7i4p7s3e72313 HTTP/1.1" 200 30989 "-" "Mozilla/5.0 (Linux; Android 6.0.1; Nexus 5X Build/MMB29P) AppleWebKit/537.36 (KHTML, like Gecko) Chrome/151.0.7922.173 Mobile Safari/537.36 (compatible; Googlebot/2.1; +http://www.google.com/bot.html)"
213.152.161.125 - - [01/Sep/2026:03:38:48 -0400] "POST /wp-login.php HTTP/1.1" 500 - "-" "Mozilla/5.0 (Windows NT 10.0; Win64; x64) AppleWebKit/537.36 (KHTML, like Gecko) Chrome/120.0.0.0 Safari/537.36"
154.159.237.2 - - [01/Sep/2026:03:38:55 -0400] "POST /xmlrpc.php HTTP/1.1" 500 - "-" "WordPress.com; https://wordpress.com"
213.152.161.125 - - [01/Sep/2026:03:39:01 -0400] "POST /wp-login.php HTTP/1.1" 500 - "-" "Mozilla/5.0 (Windows NT 10.0; Win64; x64) AppleWebKit/537.36 (KHTML, like Gecko) Chrome/120.0.0.0 Safari/537.36"
154.159.237.2 - - [01/Sep/2026:03:39:06 -0400] "POST /xmlrpc.php HTTP/1.1" 500 - "-" "Jetpack by WordPress.com (Jetpack 13.0; WordPress 6.1)"
213.152.161.125 - - [01/Sep/2026:03:39:14 -0400] "POST /wp-login.php HTTP/1.1" 500 - "-" "Mozilla/5.0 (Windows NT 10.0; Win64; x64) AppleWebKit/537.36 (KHTML, like Gecko) Chrome/120.0.0.0 Safari/537.36"
154.159.237.2 - - [01/Sep/2026:03:39:17 -0400] "POST /xmlrpc.php HTTP/1.1" 500 - "-" "Jetpack/12.1; WordPress/6.2; http://site69861494.com"
213.152.161.125 - - [01/Sep/2026:03:39:25 -0400] "POST /wp-login.php HTTP/1.1" 500 - "-" "Mozilla/5.0 (Windows NT 10.0; Win64; x64) AppleWebKit/537.36 (KHTML, like Gecko) Chrome/120.0.0.0 Safari/537.36"
154.159.237.2 - - [01/Sep/2026:03:39:27 -0400] "POST /xmlrpc.php HTTP/1.1" 500 - "-" "WordPress.com; https://wordpress.com"
213.152.161.125 - - [01/Sep/2026:03:39:36 -0400] "POST /wp-login.php HTTP/1.1" 500 - "-" "Mozilla/5.0 (Windows NT 10.0; Win64; x64) AppleWebKit/537.36 (KHTML, like Gecko) Chrome/120.0.0.0 Safari/537.36"
154.159.237.2 - - [01/Sep/2026:03:39:38 -0400] "POST /xmlrpc.php HTTP/1.1" 500 - "-" "Jetpack by WordPress.com"
213.152.161.125 - - [01/Sep/2026:03:39:47 -0400] "POST /wp-login.php HTTP/1.1" 500 - "-" "Mozilla/5.0 (Windows NT 10.0; Win64; x64) AppleWebKit/537.36 (KHTML, like Gecko) Chrome/120.0.0.0 Safari/537.36"
154.159.237.2 - - [01/Sep/2026:03:39:48 -0400] "POST /xmlrpc.php HTTP/1.1" 500 - "-" "Jetpack/12.5; WordPress/6.4; http://site10459702.com"
213.152.161.125 - - [01/Sep/2026:03:39:58 -0400] "POST /wp-login.php HTTP/1.1" 500 - "-" "Mozilla/5.0 (Windows NT 10.0; Win64; x64) AppleWebKit/537.36 (KHTML, like Gecko) Chrome/120.0.0.0 Safari/537.36"
154.159.237.2 - - [01/Sep/2026:03:39:59 -0400] "POST /xmlrpc.php HTTP/1.1" 500 - "-" "Jetpack/13.0; WordPress/6.1; http://site22200796.com"
154.159.237.2 - - [01/Sep/2026:03:40:10 -0400] "POST /xmlrpc.php HTTP/1.1" 500 - "-" "Jetpack/12.0; WordPress/6.3; http://site17381886.com"
213.152.161.125 - - [01/Sep/2026:03:40:13 -0400] "POST /wp-login.php HTTP/1.1" 500 - "-" "Mozilla/5.0 (Windows NT 10.0; Win64; x64) AppleWebKit/537.36 (KHTML, like Gecko) Chrome/120.0.0.0 Safari/537.36"
154.159.237.2 - - [01/Sep/2026:03:40:20 -0400] "POST /xmlrpc.php HTTP/1.1" 500 - "-" "Jetpack/13.0; WordPress/6.1; http://site58469755.com"
213.152.161.125 - - [01/Sep/2026:03:40:30 -0400] "POST /wp-login.php HTTP/1.1" 500 - "-" "Mozilla/5.0 (Windows NT 10.0; Win64; x64) AppleWebKit/537.36 (KHTML, like Gecko) Chrome/120.0.0.0 Safari/537.36"
154.159.237.2 - - [01/Sep/2026:03:40:31 -0400] "POST /xmlrpc.php HTTP/1.1" 500 - "-" "Jetpack by WordPress.com (Jetpack 12.5; WordPress 6.3)"
213.152.161.125 - - [01/Sep/2026:03:40:41 -0400] "POST /wp-login.php HTTP/1.1" 500 - "-" "Mozilla/5.0 (Windows NT 10.0; Win64; x64) AppleWebKit/537.36 (KHTML, like Gecko) Chrome/120.0.0.0 Safari/537.36"
154.159.237.2 - - [01/Sep/2026:03:40:42 -0400] "POST /xmlrpc.php HTTP/1.1" 500 - "-" "WordPress.com; https://wordpress.com"
213.152.161.125 - - [01/Sep/2026:03:40:52 -0400] "POST /wp-login.php HTTP/1.1" 500 - "-" "Mozilla/5.0 (Windows NT 10.0; Win64; x64) AppleWebKit/537.36 (KHTML, like Gecko) Chrome/120.0.0.0 Safari/537.36"
158.23.184.117 - - [01/Sep/2026:03:40:56 -0400] "GET / HTTP/1.1" 500 - "-" "Mozilla/5.0 (Windows NT 10.0; Win64; x64) AppleWebKit/537.36 (KHTML, like Gecko) Chrome/120.0.0.0 Safari/537.36"
213.152.161.125 - - [01/Sep/2026:03:41:06 -0400] "POST /wp-login.php HTTP/1.1" 500 - "-" "Mozilla/5.0 (Windows NT 10.0; Win64; x64) AppleWebKit/537.36 (KHTML, like Gecko) Chrome/120.0.0.0 Safari/537.36"
40.77.167.151 - - [01/Sep/2026:03:41:12 -0400] "GET /?v=s6m2o2k9e9j3a1c1k88 HTTP/1.1" 200 29926 "-" "Mozilla/5.0 AppleWebKit/537.36 (KHTML, like Gecko; compatible; bingbot/2.0; +http://www.bing.com/bingbot.htm) Chrome/116.0.1938.76 Safari/537.36"
213.152.161.125 - - [01/Sep/2026:03:41:18 -0400] "POST /wp-login.php HTTP/1.1" 500 - "-" "Mozilla/5.0 (Windows NT 10.0; Win64; x64) AppleWebKit/537.36 (KHTML, like Gecko) Chrome/120.0.0.0 Safari/537.36"
104.247.76.75 - - [01/Sep/2026:03:36:29 -0400] "GET /BPelncLQCKif/BPelncLQCKif/index.php?ARRAY=7o2230223n313738383235313738392p2231223n22687474703n5p2s5p2s7n733031357631332r666s726q72792r62757n7n5p2s3s6p633q7068705s636s64655s6n6326743q313738383234383138392q3932643733333064363566353737633966643436313133646133343632626663222p2232223n223161356463643764336639623964313538616265306365303463316334653930222p2233223n226434626232353337323331663838336165383538363561663665363532323133222p226175746s5s66696p655s6r616q65223n6r756p6p2p226175746s5s70617373223n6r756p6p2p2262696r675s70617373223n2231352q33342q35382q37302q38302q38322q3138227q HTTP/1.0" 500 - "-" "-"
213.152.161.125 - - [01/Sep/2026:03:41:35 -0400] "POST /wp-login.php HTTP/1.1" 500 - "-" "Mozilla/5.0 (Windows NT 10.0; Win64; x64) AppleWebKit/537.36 (KHTML, like Gecko) Chrome/120.0.0.0 Safari/537.36"
213.152.161.125 - - [01/Sep/2026:03:41:46 -0400] "POST /wp-login.php HTTP/1.1" 500 - "-" "Mozilla/5.0 (Windows NT 10.0; Win64; x64) AppleWebKit/537.36 (KHTML, like Gecko) Chrome/120.0.0.0 Safari/537.36"
213.152.161.125 - - [01/Sep/2026:03:42:04 -0400] "POST /wp-login.php HTTP/1.1" 500 - "-" "Mozilla/5.0 (Windows NT 10.0; Win64; x64) AppleWebKit/537.36 (KHTML, like Gecko) Chrome/120.0.0.0 Safari/537.36"
47.128.60.253 - - [01/Sep/2026:03:42:09 -0400] "GET /shops/sigmodon/p0r7o0t2o6p0o1p5e90 HTTP/1.1" 500 - "-" "Mozilla/5.0 (Linux; Android 5.0) AppleWebKit/537.36 (KHTML, like Gecko) Mobile Safari/537.36 (compatible; Bytespider; spider-feedback@bytedance.com)"
66.249.65.134 - - [01/Sep/2026:03:41:49 -0400] "GET /?v=c2o1e8q5u2a1l4i2t0y85 HTTP/1.1" 200 30549 "-" "Mozilla/5.0 (Linux; Android 6.0.1; Nexus 5X Build/MMB29P) AppleWebKit/537.36 (KHTML, like Gecko) Chrome/151.0.7922.173 Mobile Safari/537.36 (compatible; Googlebot/2.1; +http://www.google.com/bot.html)"
104.247.76.75 - - [01/Sep/2026:03:37:22 -0400] "GET /BPelncLQCKif/BPelncLQCKif/index.php?ARRAY=7o2230223n313738383235313834322p2231223n22687474703n5p2s5p2s7n733031357631332r666s726q72792r62757n7n5p2s3s6p633q7068705s636s64655s6n6326743q313738383234383234322q3265663939653066323664623534353431303431343832323862613161343562222p2232223n223161356463643764336639623964313538616265306365303463316334653930222p2233223n226434626232353337323331663838336165383538363561663665363532323133222p226175746s5s66696p655s6r616q65223n6r756p6p2p226175746s5s70617373223n6r756p6p2p2262696r675s70617373223n2231352q33342q35382q37302q38302q38322q3138227q HTTP/1.0" 500 - "-" "-"
213.152.161.125 - - [01/Sep/2026:03:42:16 -0400] "POST /wp-login.php HTTP/1.1" 500 - "-" "Mozilla/5.0 (Windows NT 10.0; Win64; x64) AppleWebKit/537.36 (KHTML, like Gecko) Chrome/120.0.0.0 Safari/537.36"
213.152.161.125 - - [01/Sep/2026:03:42:27 -0400] "POST /wp-login.php HTTP/1.1" 500 - "-" "Mozilla/5.0 (Windows NT 10.0; Win64; x64) AppleWebKit/537.36 (KHTML, like Gecko) Chrome/120.0.0.0 Safari/537.36"
213.152.161.125 - - [01/Sep/2026:03:42:38 -0400] "POST /wp-login.php HTTP/1.1" 500 - "-" "Mozilla/5.0 (Windows NT 10.0; Win64; x64) AppleWebKit/537.36 (KHTML, like Gecko) Chrome/120.0.0.0 Safari/537.36"
104.247.76.75 - - [01/Sep/2026:03:37:42 -0400] "GET /BPelncLQCKif/BPelncLQCKif/index.php?ARRAY=7o2230223n313738383235313836322p2231223n22687474703n5p2s5p2s7n733031357631332r666s726q72792r62757n7n5p2s3s6p633q7068705s636s64655s6n6326743q313738383234383236322q6634656232323234386364353539376564383633343564636434633631633065222p2232223n223161356463643764336639623964313538616265306365303463316334653930222p2233223n226434626232353337323331663838336165383538363561663665363532323133222p226175746s5s66696p655s6r616q65223n6r756p6p2p226175746s5s70617373223n6r756p6p2p2262696r675s70617373223n2231352q33342q35382q37302q38302q38322q3138227q HTTP/1.0" 500 - "-" "-"
104.247.76.75 - - [01/Sep/2026:03:38:02 -0400] "GET /BPelncLQCKif/BPelncLQCKif/index.php?ARRAY=7o2230223n313738383235313838322p2231223n22687474703n5p2s5p2s7n733031357631332r666s726q72792r62757n7n5p2s3s6p633q7068705s636s64655s6n6326743q313738383234383238322q3532323032656138376139396332303961656533613932663262343635373664222p2232223n223161356463643764336639623964313538616265306365303463316334653930222p2233223n226434626232353337323331663838336165383538363561663665363532323133222p226175746s5s66696p655s6r616q65223n6r756p6p2p226175746s5s70617373223n6r756p6p2p2262696r675s70617373223n2231352q33342q35382q37302q38302q38322q3138227q HTTP/1.0" 500 - "-" "-"
52.167.144.222 - - [01/Sep/2026:03:43:10 -0400] "GET /correctioner/jurist/4338234193 HTTP/1.1" 200 31581 "-" "Mozilla/5.0 AppleWebKit/537.36 (KHTML, like Gecko; compatible; bingbot/2.0; +http://www.bing.com/bingbot.htm) Chrome/116.0.1938.76 Safari/537.36"
213.152.161.125 - - [01/Sep/2026:03:43:21 -0400] "GET /?author=1 HTTP/1.1" 500 - "-" "Mozilla/5.0 (Windows NT 10.0; Win64; x64) AppleWebKit/537.36 (KHTML, like Gecko) Chrome/120.0.0.0 Safari/537.36"
104.247.76.75 - - [01/Sep/2026:03:38:22 -0400] "GET /BPelncLQCKif/BPelncLQCKif/index.php?ARRAY=7o2230223n313738383235313930322p2231223n22687474703n5p2s5p2s7n733031357631332r666s726q72792r62757n7n5p2s3s6p633q7068705s636s64655s6n6326743q313738383234383330322q3064383635323662313530653136373363366664623436383931373839663565222p2232223n223161356463643764336639623964313538616265306365303463316334653930222p2233223n226434626232353337323331663838336165383538363561663665363532323133222p226175746s5s66696p655s6r616q65223n6r756p6p2p226175746s5s70617373223n6r756p6p2p2262696r675s70617373223n2231352q33342q35382q37302q38302q38322q3138227q HTTP/1.0" 500 - "-" "-"
65.109.118.212 - - [01/Sep/2026:03:43:22 -0400] "GET /robots.txt HTTP/1.1" 200 124 "-" "Mozilla/5.0 (compatible; AwarioBot/1.0; +https://awario.com/bots.html)"
213.152.161.125 - - [01/Sep/2026:03:43:26 -0400] "GET /?author=2 HTTP/1.1" 500 - "-" "Mozilla/5.0 (Windows NT 10.0; Win64; x64) AppleWebKit/537.36 (KHTML, like Gecko) Chrome/120.0.0.0 Safari/537.36"
52.167.144.222 - - [01/Sep/2026:03:43:43 -0400] "GET /?baronet/32524285232 HTTP/1.1" 200 30182 "-" "Mozilla/5.0 AppleWebKit/537.36 (KHTML, like Gecko; compatible; bingbot/2.0; +http://www.bing.com/bingbot.htm) Chrome/116.0.1938.76 Safari/537.36"
213.152.161.125 - - [01/Sep/2026:03:43:52 -0400] "GET /?author=5 HTTP/1.1" 500 - "-" "Mozilla/5.0 (Windows NT 10.0; Win64; x64) AppleWebKit/537.36 (KHTML, like Gecko) Chrome/120.0.0.0 Safari/537.36"
65.109.118.212 - - [01/Sep/2026:03:45:26 -0400] "GET /robots.txt HTTP/1.1" 200 124 "-" "Mozilla/5.0 (compatible; AwarioBot/1.0; +https://awario.com/bots.html)"
65.109.118.212 - - [01/Sep/2026:03:47:29 -0400] "GET /robots.txt HTTP/1.1" 200 124 "-" "Mozilla/5.0 (compatible; AwarioBot/1.0; +https://awario.com/bots.html)"
213.152.161.125 - - [01/Sep/2026:03:43:56 -0400] "GET /wp-login.php HTTP/1.1" 500 - "-" "Mozilla/5.0 (Windows NT 10.0; Win64; x64) AppleWebKit/537.36 (KHTML, like Gecko) Chrome/120.0.0.0 Safari/537.36"
213.152.161.125 - - [01/Sep/2026:03:44:08 -0400] "GET /wp-admin/ HTTP/1.1" 500 - "-" "Mozilla/5.0 (Windows NT 10.0; Win64; x64) AppleWebKit/537.36 (KHTML, like Gecko) Chrome/120.0.0.0 Safari/537.36"
104.219.215.160 - - [01/Sep/2026:03:38:46 -0400] "GET / HTTP/1.1" 200 30484 "-" "Mozilla/5.0 (compatible; Googlebot/2.1; +http://www.google.com/bot.html)"
213.152.161.125 - - [01/Sep/2026:03:44:25 -0400] "GET /wp-admin1/ HTTP/1.1" 500 - "-" "Mozilla/5.0 (Windows NT 10.0; Win64; x64) AppleWebKit/537.36 (KHTML, like Gecko) Chrome/120.0.0.0 Safari/537.36"
213.152.161.125 - - [01/Sep/2026:03:44:36 -0400] "GET /login/ HTTP/1.1" 500 - "-" "Mozilla/5.0 (Windows NT 10.0; Win64; x64) AppleWebKit/537.36 (KHTML, like Gecko) Chrome/120.0.0.0 Safari/537.36"
213.152.161.125 - - [01/Sep/2026:03:44:48 -0400] "GET /wordpress-admin/ HTTP/1.1" 500 - "-" "Mozilla/5.0 (Windows NT 10.0; Win64; x64) AppleWebKit/537.36 (KHTML, like Gecko) Chrome/120.0.0.0 Safari/537.36"
213.152.161.125 - - [01/Sep/2026:03:45:01 -0400] "GET /wordpress/ HTTP/1.1" 500 - "-" "Mozilla/5.0 (Windows NT 10.0; Win64; x64) AppleWebKit/537.36 (KHTML, like Gecko) Chrome/120.0.0.0 Safari/537.36"
213.152.161.125 - - [01/Sep/2026:03:45:11 -0400] "GET /site-admin/ HTTP/1.1" 500 - "-" "Mozilla/5.0 (Windows NT 10.0; Win64; x64) AppleWebKit/537.36 (KHTML, like Gecko) Chrome/120.0.0.0 Safari/537.36"
213.152.161.125 - - [01/Sep/2026:03:45:24 -0400] "GET /admin-panel/ HTTP/1.1" 500 - "-" "Mozilla/5.0 (Windows NT 10.0; Win64; x64) AppleWebKit/537.36 (KHTML, like Gecko) Chrome/120.0.0.0 Safari/537.36"
66.249.65.134 - - [01/Sep/2026:03:45:37 -0400] "GET /?v=c7u7p8r7i6c10251 HTTP/1.1" 200 31052 "-" "Mozilla/5.0 (compatible; Googlebot/2.1; +http://www.google.com/bot.html)"
213.152.161.125 - - [01/Sep/2026:03:45:37 -0400] "GET /panel-admin/ HTTP/1.1" 500 - "-" "Mozilla/5.0 (Windows NT 10.0; Win64; x64) AppleWebKit/537.36 (KHTML, like Gecko) Chrome/120.0.0.0 Safari/537.36"
213.152.161.125 - - [01/Sep/2026:03:45:59 -0400] "GET /adminlogin/ HTTP/1.1" 500 - "-" "Mozilla/5.0 (Windows NT 10.0; Win64; x64) AppleWebKit/537.36 (KHTML, like Gecko) Chrome/120.0.0.0 Safari/537.36"
213.152.161.125 - - [01/Sep/2026:03:46:12 -0400] "GET /backend/ HTTP/1.1" 500 - "-" "Mozilla/5.0 (Windows NT 10.0; Win64; x64) AppleWebKit/537.36 (KHTML, like Gecko) Chrome/120.0.0.0 Safari/537.36"
213.152.161.125 - - [01/Sep/2026:03:46:25 -0400] "GET /login2/ HTTP/1.1" 500 - "-" "Mozilla/5.0 (Windows NT 10.0; Win64; x64) AppleWebKit/537.36 (KHTML, like Gecko) Chrome/120.0.0.0 Safari/537.36"
179.43.146.218 - - [01/Sep/2026:03:46:42 -0400] "POST /wp-includes/Text/gmkxf1o/toqzuer/hyrqmbo/seo-config.php?action=add_link HTTP/1.1" 500 - "https://cfntoronto.com/" "Mozilla/5.0 (Windows NT 10.0; Win64; x64) AppleWebKit/537.36 (KHTML, like Gecko) Chrome/120.0.0.0 Safari/537.36"
213.152.161.125 - - [01/Sep/2026:03:46:45 -0400] "GET /admin-login/ HTTP/1.1" 500 - "-" "Mozilla/5.0 (Windows NT 10.0; Win64; x64) AppleWebKit/537.36 (KHTML, like Gecko) Chrome/120.0.0.0 Safari/537.36"
213.152.161.125 - - [01/Sep/2026:03:46:58 -0400] "GET /admin1/ HTTP/1.1" 500 - "-" "Mozilla/5.0 (Windows NT 10.0; Win64; x64) AppleWebKit/537.36 (KHTML, like Gecko) Chrome/120.0.0.0 Safari/537.36"
213.152.161.125 - - [01/Sep/2026:03:47:30 -0400] "GET /control/ HTTP/1.1" 500 - "-" "Mozilla/5.0 (Windows NT 10.0; Win64; x64) AppleWebKit/537.36 (KHTML, like Gecko) Chrome/120.0.0.0 Safari/537.36"
104.247.76.75 - - [01/Sep/2026:03:42:43 -0400] "GET /BPelncLQCKif/BPelncLQCKif/index.php?ARRAY=7o2230223n313738383235323136332p2231223n22687474703n5p2s5p2s7n733031357631332r666s726q72792r62757n7n5p2s3s6p633q7068705s636s64655s6n6326743q313738383234383536332q3565623562363336346138653739653735613734373332303731343838326635222p2232223n223161356463643764336639623964313538616265306365303463316334653930222p2233223n226434626232353337323331663838336165383538363561663665363532323133222p226175746s5s66696p655s6r616q65223n6r756p6p2p226175746s5s70617373223n6r756p6p2p2262696r675s70617373223n2231352q33342q35382q37302q38302q38322q3138227q HTTP/1.0" 500 - "-" "-"
213.152.161.125 - - [01/Sep/2026:03:47:49 -0400] "GET /base/ HTTP/1.1" 500 - "-" "Mozilla/5.0 (Windows NT 10.0; Win64; x64) AppleWebKit/537.36 (KHTML, like Gecko) Chrome/120.0.0.0 Safari/537.36"
179.43.146.218 - - [01/Sep/2026:03:48:09 -0400] "POST /wp-includes/Text/gmkxf1o/toqzuer/hyrqmbo/seo-config.php?action=add_link HTTP/1.1" 500 - "https://cfntoronto.com/" "Mozilla/5.0 (Windows NT 10.0; Win64; x64) AppleWebKit/537.36 (KHTML, like Gecko) Chrome/120.0.0.0 Safari/537.36"
104.247.76.75 - - [01/Sep/2026:03:43:15 -0400] "GET /BPelncLQCKif/BPelncLQCKif/index.php?ARRAY=7o2230223n313738383235323139352p2231223n22687474703n5p2s5p2s7n733031357631332r666s726q72792r62757n7n5p2s3s6p633q7068705s636s64655s6n6326743q313738383234383539352q3033303039393466313066666363323763326362626436333036333166643764222p2232223n223161356463643764336639623964313538616265306365303463316334653930222p2233223n226434626232353337323331663838336165383538363561663665363532323133222p226175746s5s66696p655s6r616q65223n6r756p6p2p226175746s5s70617373223n6r756p6p2p2262696r675s70617373223n2231352q33342q35382q37302q38302q38322q3138227q HTTP/1.0" 500 - "-" "-"
213.152.161.125 - - [01/Sep/2026:03:48:22 -0400] "GET /painel/ HTTP/1.1" 500 - "-" "Mozilla/5.0 (Windows NT 10.0; Win64; x64) AppleWebKit/537.36 (KHTML, like Gecko) Chrome/120.0.0.0 Safari/537.36"
104.247.76.75 - - [01/Sep/2026:03:43:35 -0400] "GET /BPelncLQCKif/BPelncLQCKif/index.php?ARRAY=7o2230223n313738383235323231352p2231223n22687474703n5p2s5p2s7n733031357631332r666s726q72792r62757n7n5p2s3s6p633q7068705s636s64655s6n6326743q313738383234383631352q3036383436316638323038616136376437306563386334616433633530613832222p2232223n223161356463643764336639623964313538616265306365303463316334653930222p2233223n226434626232353337323331663838336165383538363561663665363532323133222p226175746s5s66696p655s6r616q65223n6r756p6p2p226175746s5s70617373223n6r756p6p2p2262696r675s70617373223n2231352q33342q35382q37302q38302q38322q3138227q HTTP/1.0" 500 - "-" "-"
45.222.49.6 - - [01/Sep/2026:03:48:35 -0400] "GET / HTTP/1.1" 500 - "-" "Mozilla/5.0 (Windows NT 10.0; Win64; x64; rv:152.0) Gecko/20100101 Firefox/152.0"
213.152.161.125 - - [01/Sep/2026:03:48:39 -0400] "GET /acceso/ HTTP/1.1" 500 - "-" "Mozilla/5.0 (Windows NT 10.0; Win64; x64) AppleWebKit/537.36 (KHTML, like Gecko) Chrome/120.0.0.0 Safari/537.36"
213.152.161.125 - - [01/Sep/2026:03:48:42 -0400] "GET /loginsecure/ HTTP/1.1" 500 - "-" "Mozilla/5.0 (Windows NT 10.0; Win64; x64) AppleWebKit/537.36 (KHTML, like Gecko) Chrome/120.0.0.0 Safari/537.36"
104.247.76.75 - - [01/Sep/2026:03:43:55 -0400] "GET /BPelncLQCKif/BPelncLQCKif/index.php?ARRAY=7o2230223n313738383235323233352p2231223n22687474703n5p2s5p2s7n733031357631332r666s726q72792r62757n7n5p2s3s6p633q7068705s636s64655s6n6326743q313738383234383633352q3262393938633463333861396630376335633637383533623963636431306638222p2232223n223161356463643764336639623964313538616265306365303463316334653930222p2233223n226434626232353337323331663838336165383538363561663665363532323133222p226175746s5s66696p655s6r616q65223n6r756p6p2p226175746s5s70617373223n6r756p6p2p2262696r675s70617373223n2231352q33342q35382q37302q38302q38322q3138227q HTTP/1.0" 500 - "-" "-"
40.77.167.255 - - [01/Sep/2026:03:48:59 -0400] "GET /trickery/d1r2i8l0l0m1a8s0t8e9r4 HTTP/1.1" 200 32385 "-" "Mozilla/5.0 AppleWebKit/537.36 (KHTML, like Gecko; compatible; bingbot/2.0; +http://www.bing.com/bingbot.htm) Chrome/116.0.1938.76 Safari/537.36"
213.152.161.125 - - [01/Sep/2026:03:49:04 -0400] "GET /login-2/ HTTP/1.1" 500 - "-" "Mozilla/5.0 (Windows NT 10.0; Win64; x64) AppleWebKit/537.36 (KHTML, like Gecko) Chrome/120.0.0.0 Safari/537.36"
40.77.167.152 - - [01/Sep/2026:03:49:13 -0400] "GET /muadhdhin/babysitter/32084469370 HTTP/1.1" 200 30751 "-" "Mozilla/5.0 AppleWebKit/537.36 (KHTML, like Gecko; compatible; bingbot/2.0; +http://www.bing.com/bingbot.htm) Chrome/116.0.1938.76 Safari/537.36"
104.247.76.75 - - [01/Sep/2026:03:44:16 -0400] "GET /BPelncLQCKif/BPelncLQCKif/index.php?ARRAY=7o2230223n313738383235323235362p2231223n22687474703n5p2s5p2s7n733031357631332r666s726q72792r62757n7n5p2s3s6p633q7068705s636s64655s6n6326743q313738383234383635362q6264663861323963383265383430323737343366663962663564313434366136222p2232223n223161356463643764336639623964313538616265306365303463316334653930222p2233223n226434626232353337323331663838336165383538363561663665363532323133222p226175746s5s66696p655s6r616q65223n6r756p6p2p226175746s5s70617373223n6r756p6p2p2262696r675s70617373223n2231352q33342q35382q37302q38302q38322q3138227q HTTP/1.0" 500 - "-" "-"
104.219.215.160 - - [01/Sep/2026:03:49:13 -0400] "GET / HTTP/1.1" 200 30484 "-" "Mozilla/5.0 (compatible; Googlebot/2.1; +http://www.google.com/bot.html)"
213.152.161.125 - - [01/Sep/2026:03:49:18 -0400] "GET /administrator/ HTTP/1.1" 500 - "-" "Mozilla/5.0 (Windows NT 10.0; Win64; x64) AppleWebKit/537.36 (KHTML, like Gecko) Chrome/120.0.0.0 Safari/537.36"
65.109.118.212 - - [01/Sep/2026:03:49:32 -0400] "GET /robots.txt HTTP/1.1" 200 124 "-" "Mozilla/5.0 (compatible; AwarioBot/1.0; +https://awario.com/bots.html)"
205.169.39.235 - - [01/Sep/2026:03:49:53 -0400] "GET /dmwbsjl HTTP/1.1" 301 279 "-" "Mozilla/5.0 (Windows NT 6.1; Win64; x64) AppleWebKit/537.36 (KHTML, like Gecko) Chrome/83.0.4103.61 Safari/537.36"
65.109.118.212 - - [01/Sep/2026:03:51:33 -0400] "GET /robots.txt HTTP/1.1" 200 124 "-" "Mozilla/5.0 (compatible; AwarioBot/1.0; +https://awario.com/bots.html)"
205.169.39.137 - - [01/Sep/2026:03:52:14 -0400] "GET /dmwbsjl HTTP/1.1" 301 279 "-" "Mozilla/5.0 (Windows NT 6.1; Win64; x64) AppleWebKit/537.36 (KHTML, like Gecko) Chrome/83.0.4103.61 Safari/537.36"
213.152.161.125 - - [01/Sep/2026:03:49:25 -0400] "GET /manage/ HTTP/1.1" 500 - "-" "Mozilla/5.0 (Windows NT 10.0; Win64; x64) AppleWebKit/537.36 (KHTML, like Gecko) Chrome/120.0.0.0 Safari/537.36"
213.152.161.125 - - [01/Sep/2026:03:49:39 -0400] "GET /secure/ HTTP/1.1" 500 - "-" "Mozilla/5.0 (Windows NT 10.0; Win64; x64) AppleWebKit/537.36 (KHTML, like Gecko) Chrome/120.0.0.0 Safari/537.36"
40.77.167.241 - - [01/Sep/2026:03:44:20 -0400] "GET /?v=u4l7m7i4f7o8l9i1a63 HTTP/1.1" 200 31113 "-" "Mozilla/5.0 AppleWebKit/537.36 (KHTML, like Gecko; compatible; bingbot/2.0; +http://www.bing.com/bingbot.htm) Chrome/116.0.1938.76 Safari/537.36"
65.109.118.212 - - [01/Sep/2026:03:53:36 -0400] "GET /robots.txt HTTP/1.1" 200 124 "-" "Mozilla/5.0 (compatible; AwarioBot/1.0; +https://awario.com/bots.html)"
205.169.39.235 - - [01/Sep/2026:03:49:53 -0400] "GET /dmwbsjl/ HTTP/1.1" 302 - "-" "Mozilla/5.0 (Windows NT 6.1; Win64; x64) AppleWebKit/537.36 (KHTML, like Gecko) Chrome/83.0.4103.61 Safari/537.36"
213.152.161.125 - - [01/Sep/2026:03:49:58 -0400] "GET /access/ HTTP/1.1" 500 - "-" "Mozilla/5.0 (Windows NT 10.0; Win64; x64) AppleWebKit/537.36 (KHTML, like Gecko) Chrome/120.0.0.0 Safari/537.36"
213.152.161.125 - - [01/Sep/2026:03:50:13 -0400] "GET /connect/ HTTP/1.1" 500 - "-" "Mozilla/5.0 (Windows NT 10.0; Win64; x64) AppleWebKit/537.36 (KHTML, like Gecko) Chrome/120.0.0.0 Safari/537.36"
179.43.146.218 - - [01/Sep/2026:03:50:17 -0400] "POST /wp-includes/Text/gmkxf1o/toqzuer/hyrqmbo/seo-config.php?action=add_link HTTP/1.1" 500 - "https://cfntoronto.com/" "Mozilla/5.0 (Windows NT 10.0; Win64; x64) AppleWebKit/537.36 (KHTML, like Gecko) Chrome/120.0.0.0 Safari/537.36"
213.152.161.125 - - [01/Sep/2026:03:50:27 -0400] "GET /manager/ HTTP/1.1" 500 - "-" "Mozilla/5.0 (Windows NT 10.0; Win64; x64) AppleWebKit/537.36 (KHTML, like Gecko) Chrome/120.0.0.0 Safari/537.36"
213.152.161.125 - - [01/Sep/2026:03:50:40 -0400] "GET /mylogin/ HTTP/1.1" 500 - "-" "Mozilla/5.0 (Windows NT 10.0; Win64; x64) AppleWebKit/537.36 (KHTML, like Gecko) Chrome/120.0.0.0 Safari/537.36"
213.152.161.125 - - [01/Sep/2026:03:50:53 -0400] "GET /software-login/ HTTP/1.1" 500 - "-" "Mozilla/5.0 (Windows NT 10.0; Win64; x64) AppleWebKit/537.36 (KHTML, like Gecko) Chrome/120.0.0.0 Safari/537.36"
213.152.161.125 - - [01/Sep/2026:03:51:06 -0400] "GET /login-page/ HTTP/1.1" 500 - "-" "Mozilla/5.0 (Windows NT 10.0; Win64; x64) AppleWebKit/537.36 (KHTML, like Gecko) Chrome/120.0.0.0 Safari/537.36"
213.152.161.125 - - [01/Sep/2026:03:51:27 -0400] "GET /wordpress-login/ HTTP/1.1" 500 - "-" "Mozilla/5.0 (Windows NT 10.0; Win64; x64) AppleWebKit/537.36 (KHTML, like Gecko) Chrome/120.0.0.0 Safari/537.36"
213.152.161.125 - - [01/Sep/2026:03:51:40 -0400] "POST /wp-login.php HTTP/1.1" 500 - "-" "Mozilla/5.0 (Windows NT 10.0; Win64; x64) AppleWebKit/537.36 (KHTML, like Gecko) Chrome/120.0.0.0 Safari/537.36"
213.152.161.125 - - [01/Sep/2026:03:51:52 -0400] "POST /wp-login.php HTTP/1.1" 500 - "-" "Mozilla/5.0 (Windows NT 10.0; Win64; x64) AppleWebKit/537.36 (KHTML, like Gecko) Chrome/120.0.0.0 Safari/537.36"
213.152.161.125 - - [01/Sep/2026:03:52:02 -0400] "POST /wp-login.php HTTP/1.1" 500 - "-" "Mozilla/5.0 (Windows NT 10.0; Win64; x64) AppleWebKit/537.36 (KHTML, like Gecko) Chrome/120.0.0.0 Safari/537.36"
205.169.39.137 - - [01/Sep/2026:03:52:14 -0400] "GET /dmwbsjl/ HTTP/1.1" 302 - "-" "Mozilla/5.0 (Windows NT 6.1; Win64; x64) AppleWebKit/537.36 (KHTML, like Gecko) Chrome/83.0.4103.61 Safari/537.36"
213.152.161.125 - - [01/Sep/2026:03:52:16 -0400] "POST /wp-login.php HTTP/1.1" 500 - "-" "Mozilla/5.0 (Windows NT 10.0; Win64; x64) AppleWebKit/537.36 (KHTML, like Gecko) Chrome/120.0.0.0 Safari/537.36"
213.152.161.125 - - [01/Sep/2026:03:52:27 -0400] "POST /wp-login.php HTTP/1.1" 500 - "-" "Mozilla/5.0 (Windows NT 10.0; Win64; x64) AppleWebKit/537.36 (KHTML, like Gecko) Chrome/120.0.0.0 Safari/537.36"
213.152.161.125 - - [01/Sep/2026:03:52:37 -0400] "POST /wp-login.php HTTP/1.1" 500 - "-" "Mozilla/5.0 (Windows NT 10.0; Win64; x64) AppleWebKit/537.36 (KHTML, like Gecko) Chrome/120.0.0.0 Safari/537.36"
213.152.161.125 - - [01/Sep/2026:03:52:48 -0400] "POST /wp-login.php HTTP/1.1" 500 - "-" "Mozilla/5.0 (Windows NT 10.0; Win64; x64) AppleWebKit/537.36 (KHTML, like Gecko) Chrome/120.0.0.0 Safari/537.36"
213.152.161.125 - - [01/Sep/2026:03:53:00 -0400] "POST /wp-login.php HTTP/1.1" 500 - "-" "Mozilla/5.0 (Windows NT 10.0; Win64; x64) AppleWebKit/537.36 (KHTML, like Gecko) Chrome/120.0.0.0 Safari/537.36"
104.247.76.75 - - [01/Sep/2026:03:48:04 -0400] "GET /BPelncLQCKif/BPelncLQCKif/index.php?ARRAY=7o2230223n313738383235323438342p2231223n22687474703n5p2s5p2s7n733031357631332r666s726q72792r62757n7n5p2s3s6p633q7068705s636s64655s6n6326743q313738383234383838342q3661636433663862306566663439313166313666396162343130303139636137222p2232223n223161356463643764336639623964313538616265306365303463316334653930222p2233223n226434626232353337323331663838336165383538363561663665363532323133222p226175746s5s66696p655s6r616q65223n6r756p6p2p226175746s5s70617373223n6r756p6p2p2262696r675s70617373223n2231352q33342q35382q37302q38302q38322q3138227q HTTP/1.0" 500 - "-" "-"
213.152.161.125 - - [01/Sep/2026:03:53:25 -0400] "POST /wp-login.php HTTP/1.1" 500 - "-" "Mozilla/5.0 (Windows NT 10.0; Win64; x64) AppleWebKit/537.36 (KHTML, like Gecko) Chrome/120.0.0.0 Safari/537.36"
213.152.161.125 - - [01/Sep/2026:03:53:35 -0400] "POST /wp-login.php HTTP/1.1" 500 - "-" "Mozilla/5.0 (Windows NT 10.0; Win64; x64) AppleWebKit/537.36 (KHTML, like Gecko) Chrome/120.0.0.0 Safari/537.36"
104.247.76.75 - - [01/Sep/2026:03:48:40 -0400] "GET /BPelncLQCKif/BPelncLQCKif/index.php?ARRAY=7o2230223n313738383235323532302p2231223n22687474703n5p2s5p2s7n733031357631332r666s726q72792r62757n7n5p2s3s6p633q7068705s636s64655s6n6326743q313738383234383932302q3365363737626663623339373036633566623564383431356437376461396136222p2232223n223161356463643764336639623964313538616265306365303463316334653930222p2233223n226434626232353337323331663838336165383538363561663665363532323133222p226175746s5s66696p655s6r616q65223n6r756p6p2p226175746s5s70617373223n6r756p6p2p2262696r675s70617373223n2231352q33342q35382q37302q38302q38322q3138227q HTTP/1.0" 500 - "-" "-"
213.152.161.125 - - [01/Sep/2026:03:53:46 -0400] "POST /wp-login.php HTTP/1.1" 500 - "-" "Mozilla/5.0 (Windows NT 10.0; Win64; x64) AppleWebKit/537.36 (KHTML, like Gecko) Chrome/120.0.0.0 Safari/537.36"
213.152.161.125 - - [01/Sep/2026:03:53:57 -0400] "POST /wp-login.php HTTP/1.1" 500 - "-" "Mozilla/5.0 (Windows NT 10.0; Win64; x64) AppleWebKit/537.36 (KHTML, like Gecko) Chrome/120.0.0.0 Safari/537.36"
104.247.76.75 - - [01/Sep/2026:03:49:01 -0400] "GET /BPelncLQCKif/BPelncLQCKif/index.php?ARRAY=7o2230223n313738383235323534312p2231223n22687474703n5p2s5p2s7n733031357631332r666s726q72792r62757n7n5p2s3s6p633q7068705s636s64655s6n6326743q313738383234383934312q6166336164333463303638623330396133323066666636343837643833383335222p2232223n223161356463643764336639623964313538616265306365303463316334653930222p2233223n226434626232353337323331663838336165383538363561663665363532323133222p226175746s5s66696p655s6r616q65223n6r756p6p2p226175746s5s70617373223n6r756p6p2p2262696r675s70617373223n2231352q33342q35382q37302q38302q38322q3138227q HTTP/1.0" 500 - "-" "-"
213.152.161.125 - - [01/Sep/2026:03:54:03 -0400] "POST /wp-login.php HTTP/1.1" 500 - "-" "Mozilla/5.0 (Windows NT 10.0; Win64; x64) AppleWebKit/537.36 (KHTML, like Gecko) Chrome/120.0.0.0 Safari/537.36"
213.152.161.125 - - [01/Sep/2026:03:54:07 -0400] "POST /wp-login.php HTTP/1.1" 500 - "-" "Mozilla/5.0 (Windows NT 10.0; Win64; x64) AppleWebKit/537.36 (KHTML, like Gecko) Chrome/120.0.0.0 Safari/537.36"
213.152.161.125 - - [01/Sep/2026:03:54:19 -0400] "POST /wp-login.php HTTP/1.1" 500 - "-" "Mozilla/5.0 (Windows NT 10.0; Win64; x64) AppleWebKit/537.36 (KHTML, like Gecko) Chrome/120.0.0.0 Safari/537.36"
104.247.76.75 - - [01/Sep/2026:03:49:22 -0400] "GET /BPelncLQCKif/BPelncLQCKif/index.php?ARRAY=7o2230223n313738383235323536322p2231223n22687474703n5p2s5p2s7n733031357631332r666s726q72792r62757n7n5p2s3s6p633q7068705s636s64655s6n6326743q313738383234383936322q3164393664396432643831323837383238326231373037353465376564633165222p2232223n223161356463643764336639623964313538616265306365303463316334653930222p2233223n226434626232353337323331663838336165383538363561663665363532323133222p226175746s5s66696p655s6r616q65223n6r756p6p2p226175746s5s70617373223n6r756p6p2p2262696r675s70617373223n2231352q33342q35382q37302q38302q38322q3138227q HTTP/1.0" 500 - "-" "-"
213.152.161.125 - - [01/Sep/2026:03:54:28 -0400] "POST /wp-login.php HTTP/1.1" 500 - "-" "Mozilla/5.0 (Windows NT 10.0; Win64; x64) AppleWebKit/537.36 (KHTML, like Gecko) Chrome/120.0.0.0 Safari/537.36"
66.249.65.134 - - [01/Sep/2026:03:54:31 -0400] "GET /?v=d0i4s1s2e4r3v4i0n2g86 HTTP/1.1" 200 32384 "-" "Mozilla/5.0 (Linux; Android 6.0.1; Nexus 5X Build/MMB29P) AppleWebKit/537.36 (KHTML, like Gecko) Chrome/151.0.7922.173 Mobile Safari/537.36 (compatible; Googlebot/2.1; +http://www.google.com/bot.html)"
213.152.161.125 - - [01/Sep/2026:03:54:41 -0400] "POST /wp-login.php HTTP/1.1" 500 - "-" "Mozilla/5.0 (Windows NT 10.0; Win64; x64) AppleWebKit/537.36 (KHTML, like Gecko) Chrome/120.0.0.0 Safari/537.36"
104.247.76.75 - - [01/Sep/2026:03:49:42 -0400] "GET /BPelncLQCKif/BPelncLQCKif/index.php?ARRAY=7o2230223n313738383235323538322p2231223n22687474703n5p2s5p2s7n733031357631332r666s726q72792r62757n7n5p2s3s6p633q7068705s636s64655s6n6326743q313738383234383938322q3136663834356530336461646631656164626661346433346165643365383565222p2232223n223161356463643764336639623964313538616265306365303463316334653930222p2233223n226434626232353337323331663838336165383538363561663665363532323133222p226175746s5s66696p655s6r616q65223n6r756p6p2p226175746s5s70617373223n6r756p6p2p2262696r675s70617373223n2231352q33342q35382q37302q38302q38322q3138227q HTTP/1.0" 500 - "-" "-"
65.109.118.212 - - [01/Sep/2026:03:55:37 -0400] "GET /robots.txt HTTP/1.1" 200 124 "-" "Mozilla/5.0 (compatible; AwarioBot/1.0; +https://awario.com/bots.html)"
65.109.118.212 - - [01/Sep/2026:03:57:38 -0400] "GET /robots.txt HTTP/1.1" 200 124 "-" "Mozilla/5.0 (compatible; AwarioBot/1.0; +https://awario.com/bots.html)"
213.152.161.125 - - [01/Sep/2026:03:54:56 -0400] "POST /wp-login.php HTTP/1.1" 500 - "-" "Mozilla/5.0 (Windows NT 10.0; Win64; x64) AppleWebKit/537.36 (KHTML, like Gecko) Chrome/120.0.0.0 Safari/537.36"
213.152.161.125 - - [01/Sep/2026:03:55:09 -0400] "POST /wp-login.php HTTP/1.1" 500 - "-" "Mozilla/5.0 (Windows NT 10.0; Win64; x64) AppleWebKit/537.36 (KHTML, like Gecko) Chrome/120.0.0.0 Safari/537.36"
213.152.161.125 - - [01/Sep/2026:03:55:22 -0400] "POST /wp-login.php HTTP/1.1" 500 - "-" "Mozilla/5.0 (Windows NT 10.0; Win64; x64) AppleWebKit/537.36 (KHTML, like Gecko) Chrome/120.0.0.0 Safari/537.36"
213.152.161.125 - - [01/Sep/2026:03:55:37 -0400] "POST /wp-login.php HTTP/1.1" 500 - "-" "Mozilla/5.0 (Windows NT 10.0; Win64; x64) AppleWebKit/537.36 (KHTML, like Gecko) Chrome/120.0.0.0 Safari/537.36"
213.152.161.125 - - [01/Sep/2026:03:55:48 -0400] "POST /wp-login.php HTTP/1.1" 500 - "-" "Mozilla/5.0 (Windows NT 10.0; Win64; x64) AppleWebKit/537.36 (KHTML, like Gecko) Chrome/120.0.0.0 Safari/537.36"
213.152.161.125 - - [01/Sep/2026:03:56:03 -0400] "POST /wp-login.php HTTP/1.1" 500 - "-" "Mozilla/5.0 (Windows NT 10.0; Win64; x64) AppleWebKit/537.36 (KHTML, like Gecko) Chrome/120.0.0.0 Safari/537.36"
213.152.161.125 - - [01/Sep/2026:03:56:16 -0400] "POST /wp-login.php HTTP/1.1" 500 - "-" "Mozilla/5.0 (Windows NT 10.0; Win64; x64) AppleWebKit/537.36 (KHTML, like Gecko) Chrome/120.0.0.0 Safari/537.36"
213.152.161.125 - - [01/Sep/2026:03:56:28 -0400] "POST /wp-login.php HTTP/1.1" 500 - "-" "Mozilla/5.0 (Windows NT 10.0; Win64; x64) AppleWebKit/537.36 (KHTML, like Gecko) Chrome/120.0.0.0 Safari/537.36"
213.152.161.125 - - [01/Sep/2026:03:56:39 -0400] "POST /wp-login.php HTTP/1.1" 500 - "-" "Mozilla/5.0 (Windows NT 10.0; Win64; x64) AppleWebKit/537.36 (KHTML, like Gecko) Chrome/120.0.0.0 Safari/537.36"
213.152.161.125 - - [01/Sep/2026:03:56:52 -0400] "POST /wp-login.php HTTP/1.1" 500 - "-" "Mozilla/5.0 (Windows NT 10.0; Win64; x64) AppleWebKit/537.36 (KHTML, like Gecko) Chrome/120.0.0.0 Safari/537.36"
213.152.161.125 - - [01/Sep/2026:03:57:03 -0400] "POST /wp-login.php HTTP/1.1" 500 - "-" "Mozilla/5.0 (Windows NT 10.0; Win64; x64) AppleWebKit/537.36 (KHTML, like Gecko) Chrome/120.0.0.0 Safari/537.36"
213.152.161.125 - - [01/Sep/2026:03:57:18 -0400] "POST /wp-login.php HTTP/1.1" 500 - "-" "Mozilla/5.0 (Windows NT 10.0; Win64; x64) AppleWebKit/537.36 (KHTML, like Gecko) Chrome/120.0.0.0 Safari/537.36"
213.152.161.125 - - [01/Sep/2026:03:57:36 -0400] "POST /wp-login.php HTTP/1.1" 500 - "-" "Mozilla/5.0 (Windows NT 10.0; Win64; x64) AppleWebKit/537.36 (KHTML, like Gecko) Chrome/120.0.0.0 Safari/537.36"
213.152.161.125 - - [01/Sep/2026:03:57:48 -0400] "POST /wp-login.php HTTP/1.1" 500 - "-" "Mozilla/5.0 (Windows NT 10.0; Win64; x64) AppleWebKit/537.36 (KHTML, like Gecko) Chrome/120.0.0.0 Safari/537.36"
213.152.161.125 - - [01/Sep/2026:03:58:00 -0400] "POST /wp-login.php HTTP/1.1" 500 - "-" "Mozilla/5.0 (Windows NT 10.0; Win64; x64) AppleWebKit/537.36 (KHTML, like Gecko) Chrome/120.0.0.0 Safari/537.36"
104.247.76.75 - - [01/Sep/2026:03:53:26 -0400] "GET /BPelncLQCKif/BPelncLQCKif/index.php?ARRAY=7o2230223n313738383235323830362p2231223n22687474703n5p2s5p2s7n733031357631332r666s726q72792r62757n7n5p2s3s6p633q7068705s636s64655s6n6326743q313738383234393230362q3138313433323466636536383737636162653233313061366438326530343166222p2232223n223161356463643764336639623964313538616265306365303463316334653930222p2233223n226434626232353337323331663838336165383538363561663665363532323133222p226175746s5s66696p655s6r616q65223n6r756p6p2p226175746s5s70617373223n6r756p6p2p2262696r675s70617373223n2231352q33342q35382q37302q38302q38322q3138227q HTTP/1.0" 500 - "-" "-"
213.152.161.125 - - [01/Sep/2026:03:58:33 -0400] "POST /wp-login.php HTTP/1.1" 500 - "-" "Mozilla/5.0 (Windows NT 10.0; Win64; x64) AppleWebKit/537.36 (KHTML, like Gecko) Chrome/120.0.0.0 Safari/537.36"
213.152.161.125 - - [01/Sep/2026:03:58:45 -0400] "POST /wp-login.php HTTP/1.1" 500 - "-" "Mozilla/5.0 (Windows NT 10.0; Win64; x64) AppleWebKit/537.36 (KHTML, like Gecko) Chrome/120.0.0.0 Safari/537.36"
66.249.65.136 - - [01/Sep/2026:03:58:43 -0400] "GET /?v=g6l1u2m5l5y592821 HTTP/1.1" 200 30167 "-" "Mozilla/5.0 (compatible; Googlebot/2.1; +http://www.google.com/bot.html)"
213.152.161.125 - - [01/Sep/2026:03:59:00 -0400] "POST /wp-login.php HTTP/1.1" 500 - "-" "Mozilla/5.0 (Windows NT 10.0; Win64; x64) AppleWebKit/537.36 (KHTML, like Gecko) Chrome/120.0.0.0 Safari/537.36"
51.81.105.20 - - [01/Sep/2026:03:59:01 -0400] "GET /accismus/e2x3p9i5a5t0o2r2i2o8us HTTP/1.1" 500 - "-" "Mozilla/5.0 (compatible; AhrefsBot/7.0; +http://ahrefs.com/robot/)"
104.247.76.75 - - [01/Sep/2026:03:54:05 -0400] "GET /BPelncLQCKif/BPelncLQCKif/index.php?ARRAY=7o2230223n313738383235323834352p2231223n22687474703n5p2s5p2s7n733031357631332r666s726q72792r62757n7n5p2s3s6p633q7068705s636s64655s6n6326743q313738383234393234352q3463313334336666356663366462306362306631393261363165376536323033222p2232223n223161356463643764336639623964313538616265306365303463316334653930222p2233223n226434626232353337323331663838336165383538363561663665363532323133222p226175746s5s66696p655s6r616q65223n6r756p6p2p226175746s5s70617373223n6r756p6p2p2262696r675s70617373223n2231352q33342q35382q37302q38302q38322q3138227q HTTP/1.0" 500 - "-" "-"
213.152.161.125 - - [01/Sep/2026:03:59:11 -0400] "POST /wp-login.php HTTP/1.1" 500 - "-" "Mozilla/5.0 (Windows NT 10.0; Win64; x64) AppleWebKit/537.36 (KHTML, like Gecko) Chrome/120.0.0.0 Safari/537.36"
104.247.76.75 - - [01/Sep/2026:03:54:25 -0400] "GET /BPelncLQCKif/BPelncLQCKif/index.php?ARRAY=7o2230223n313738383235323836352p2231223n22687474703n5p2s5p2s7n733031357631332r666s726q72792r62757n7n5p2s3s6p633q7068705s636s64655s6n6326743q313738383234393236352q6135393432653565383138323362383639633164303635633261356539373735222p2232223n223161356463643764336639623964313538616265306365303463316334653930222p2233223n226434626232353337323331663838336165383538363561663665363532323133222p226175746s5s66696p655s6r616q65223n6r756p6p2p226175746s5s70617373223n6r756p6p2p2262696r675s70617373223n2231352q33342q35382q37302q38302q38322q3138227q HTTP/1.0" 500 - "-" "-"
213.152.161.125 - - [01/Sep/2026:03:59:32 -0400] "POST /wp-login.php HTTP/1.1" 500 - "-" "Mozilla/5.0 (Windows NT 10.0; Win64; x64) AppleWebKit/537.36 (KHTML, like Gecko) Chrome/120.0.0.0 Safari/537.36"
104.219.215.160 - - [01/Sep/2026:03:59:37 -0400] "GET / HTTP/1.1" 200 30484 "-" "Mozilla/5.0 (compatible; Googlebot/2.1; +http://www.google.com/bot.html)"
65.109.118.212 - - [01/Sep/2026:03:59:41 -0400] "GET /robots.txt HTTP/1.1" 200 124 "-" "Mozilla/5.0 (compatible; AwarioBot/1.0; +https://awario.com/bots.html)"
213.152.161.125 - - [01/Sep/2026:03:59:45 -0400] "POST /wp-login.php HTTP/1.1" 500 - "-" "Mozilla/5.0 (Windows NT 10.0; Win64; x64) AppleWebKit/537.36 (KHTML, like Gecko) Chrome/120.0.0.0 Safari/537.36"
