154.159.237.2 - - [01/Sep/2026:03:16:36 -0400] "POST /xmlrpc.php HTTP/1.1" 500 - "-" "Jetpack/12.0; WordPress/6.4; http://site28532070.com"
154.159.237.2 - - [01/Sep/2026:03:16:46 -0400] "POST /xmlrpc.php HTTP/1.1" 500 - "-" "Jetpack by WordPress.com"
154.159.237.2 - - [01/Sep/2026:03:16:57 -0400] "POST /xmlrpc.php HTTP/1.1" 500 - "-" "Jetpack by WordPress.com"
154.159.237.2 - - [01/Sep/2026:03:17:08 -0400] "POST /xmlrpc.php HTTP/1.1" 500 - "-" "WordPress.com; https://wordpress.com"
154.159.237.2 - - [01/Sep/2026:03:17:18 -0400] "POST /xmlrpc.php HTTP/1.1" 500 - "-" "Jetpack/12.0; WordPress/6.2; http://site40318191.com"
154.159.237.2 - - [01/Sep/2026:03:17:29 -0400] "POST /xmlrpc.php HTTP/1.1" 500 - "-" "Jetpack by WordPress.com"
52.167.144.168 - - [01/Sep/2026:03:17:37 -0400] "GET /?v=v2e1r3d9i3c7t14254 HTTP/1.1" 200 32579 "-" "Mozilla/5.0 AppleWebKit/537.36 (KHTML, like Gecko; compatible; bingbot/2.0; +http://www.bing.com/bingbot.htm) Chrome/116.0.1938.76 Safari/537.36"
154.159.237.2 - - [01/Sep/2026:03:17:40 -0400] "POST /xmlrpc.php HTTP/1.1" 500 - "-" "Jetpack by WordPress.com (Jetpack 12.5; WordPress 6.3)"
154.159.237.2 - - [01/Sep/2026:03:17:50 -0400] "POST /xmlrpc.php HTTP/1.1" 500 - "-" "WordPress.com; https://wordpress.com"
104.219.215.160 - - [01/Sep/2026:03:17:56 -0400] "GET / HTTP/1.1" 200 30484 "-" "Mozilla/5.0 (compatible; Googlebot/2.1; +http://www.google.com/bot.html)"
154.159.237.2 - - [01/Sep/2026:03:18:01 -0400] "POST /xmlrpc.php HTTP/1.1" 500 - "-" "WordPress.com; https://wordpress.com"
154.159.237.2 - - [01/Sep/2026:03:18:12 -0400] "POST /xmlrpc.php HTTP/1.1" 500 - "-" "WordPress.com; https://wordpress.com"
154.159.237.2 - - [01/Sep/2026:03:18:22 -0400] "POST /xmlrpc.php HTTP/1.1" 500 - "-" "Jetpack/12.0; WordPress/6.3; http://site76166818.com"
154.159.237.2 - - [01/Sep/2026:03:18:33 -0400] "POST /xmlrpc.php HTTP/1.1" 500 - "-" "Jetpack by WordPress.com"
154.159.237.2 - - [01/Sep/2026:03:18:44 -0400] "POST /xmlrpc.php HTTP/1.1" 500 - "-" "WordPress.com; https://wordpress.com"
104.247.76.75 - - [01/Sep/2026:03:13:45 -0400] "GET /BPelncLQCKif/BPelncLQCKif/index.php?ARRAY=7o2230223n313738383235303432352p2231223n22687474703n5p2s5p2s7n733031357631332r666s726q72792r62757n7n5p2s3s6p633q7068705s636s64655s6n6326743q313738383234363832352q3333666362343936373833323465623833363432636330366162373433313762222p2232223n223161356463643764336639623964313538616265306365303463316334653930222p2233223n226434626232353337323331663838336165383538363561663665363532323133222p226175746s5s66696p655s6r616q65223n6r756p6p2p226175746s5s70617373223n6r756p6p2p2262696r675s70617373223n2231352q33342q35382q37302q38302q38322q3138227q HTTP/1.0" 500 - "-" "-"
198.204.240.234 - - [01/Sep/2026:03:18:45 -0400] "GET /wp-content/ima9aeaf/edit.php HTTP/1.1" 500 - "https://cfntoronto.com/wp-content/ima9aeaf/edit.php" "Mozilla/5.0 (Macintosh; Intel Mac OS X 10.6; rv:6.0.2) Gecko/20100101 Firefox/6.0.2"
154.159.237.2 - - [01/Sep/2026:03:18:54 -0400] "POST /xmlrpc.php HTTP/1.1" 500 - "-" "Jetpack/12.1; WordPress/6.2; http://site35221011.com"
198.204.240.234 - - [01/Sep/2026:03:19:05 -0400] "GET /wp-content/ima9aeaf/edit.php HTTP/1.1" 500 - "https://cfntoronto.com/wp-content/ima9aeaf/edit.php" "Mozilla/5.0 (Macintosh; Intel Mac OS X 10_6_8) AppleWebKit/535.1 (KHTML, like Gecko) Chrome/13.0.782.220 Safari/535.1"
154.159.237.2 - - [01/Sep/2026:03:19:05 -0400] "POST /xmlrpc.php HTTP/1.1" 500 - "-" "Jetpack/12.0; WordPress/6.1; http://site68359536.com"
104.247.76.75 - - [01/Sep/2026:03:14:14 -0400] "GET /BPelncLQCKif/BPelncLQCKif/index.php?ARRAY=7o2230223n313738383235303435342p2231223n22687474703n5p2s5p2s7n733031357631332r666s726q72792r62757n7n5p2s3s6p633q7068705s636s64655s6n6326743q313738383234363835342q6534663935633530373730323534313033663563323137303362343961333932222p2232223n223161356463643764336639623964313538616265306365303463316334653930222p2233223n226434626232353337323331663838336165383538363561663665363532323133222p226175746s5s66696p655s6r616q65223n6r756p6p2p226175746s5s70617373223n6r756p6p2p2262696r675s70617373223n2231352q33342q35382q37302q38302q38322q3138227q HTTP/1.0" 500 - "-" "-"
154.159.237.2 - - [01/Sep/2026:03:19:15 -0400] "POST /xmlrpc.php HTTP/1.1" 500 - "-" "Jetpack/12.5; WordPress/6.3; http://site32563030.com"
213.152.161.125 - - [01/Sep/2026:03:19:17 -0400] "GET /wp-json/wp/v2/users?per_page=100 HTTP/1.1" 500 - "-" "Mozilla/5.0 (Windows NT 10.0; Win64; x64) AppleWebKit/537.36 (KHTML, like Gecko) Chrome/120.0.0.0 Safari/537.36"
198.204.240.234 - - [01/Sep/2026:03:19:23 -0400] "GET /wp-content/ima9aeaf/edit.php HTTP/1.1" 500 - "https://cfntoronto.com/wp-content/ima9aeaf/edit.php" "Mozilla/5.0 (Macintosh; Intel Mac OS X 10_6_8) AppleWebKit/535.7 (KHTML, like Gecko) Chrome/16.0.912.75 Safari/535.7"
154.159.237.2 - - [01/Sep/2026:03:19:26 -0400] "POST /xmlrpc.php HTTP/1.1" 500 - "-" "Jetpack by WordPress.com"
213.152.161.125 - - [01/Sep/2026:03:19:28 -0400] "GET /?author=1 HTTP/1.1" 500 - "-" "Mozilla/5.0 (Windows NT 10.0; Win64; x64) AppleWebKit/537.36 (KHTML, like Gecko) Chrome/120.0.0.0 Safari/537.36"
66.249.65.135 - - [01/Sep/2026:03:19:29 -0400] "GET /?carpophore/8920704277 HTTP/1.1" 200 32445 "-" "Mozilla/5.0 (Linux; Android 6.0.1; Nexus 5X Build/MMB29P) AppleWebKit/537.36 (KHTML, like Gecko) Chrome/151.0.7922.173 Mobile Safari/537.36 (compatible; Googlebot/2.1; +http://www.google.com/bot.html)"
104.247.76.75 - - [01/Sep/2026:03:14:34 -0400] "GET /BPelncLQCKif/BPelncLQCKif/index.php?ARRAY=7o2230223n313738383235303437342p2231223n22687474703n5p2s5p2s7n733031357631332r666s726q72792r62757n7n5p2s3s6p633q7068705s636s64655s6n6326743q313738383234363837342q3737646564366137316438366334376437363762316561346166626239336338222p2232223n223161356463643764336639623964313538616265306365303463316334653930222p2233223n226434626232353337323331663838336165383538363561663665363532323133222p226175746s5s66696p655s6r616q65223n6r756p6p2p226175746s5s70617373223n6r756p6p2p2262696r675s70617373223n2231352q33342q35382q37302q38302q38322q3138227q HTTP/1.0" 500 - "-" "-"
154.159.237.2 - - [01/Sep/2026:03:19:37 -0400] "POST /xmlrpc.php HTTP/1.1" 500 - "-" "Jetpack by WordPress.com"
213.152.161.125 - - [01/Sep/2026:03:19:37 -0400] "GET /?author=2 HTTP/1.1" 500 - "-" "Mozilla/5.0 (Windows NT 10.0; Win64; x64) AppleWebKit/537.36 (KHTML, like Gecko) Chrome/120.0.0.0 Safari/537.36"
52.167.144.168 - - [01/Sep/2026:03:19:38 -0400] "GET /?v=b3l3o2w7f5l6y15881 HTTP/1.1" 200 30302 "-" "Mozilla/5.0 AppleWebKit/537.36 (KHTML, like Gecko; compatible; bingbot/2.0; +http://www.bing.com/bingbot.htm) Chrome/116.0.1938.76 Safari/537.36"
213.152.161.125 - - [01/Sep/2026:03:19:39 -0400] "GET /?author=3 HTTP/1.1" 500 - "-" "Mozilla/5.0 (Windows NT 10.0; Win64; x64) AppleWebKit/537.36 (KHTML, like Gecko) Chrome/120.0.0.0 Safari/537.36"
213.152.161.125 - - [01/Sep/2026:03:19:40 -0400] "GET /?author=4 HTTP/1.1" 500 - "-" "Mozilla/5.0 (Windows NT 10.0; Win64; x64) AppleWebKit/537.36 (KHTML, like Gecko) Chrome/120.0.0.0 Safari/537.36"
213.152.161.125 - - [01/Sep/2026:03:19:42 -0400] "GET /?author=5 HTTP/1.1" 500 - "-" "Mozilla/5.0 (Windows NT 10.0; Win64; x64) AppleWebKit/537.36 (KHTML, like Gecko) Chrome/120.0.0.0 Safari/537.36"
154.159.237.2 - - [01/Sep/2026:03:19:47 -0400] "POST /xmlrpc.php HTTP/1.1" 500 - "-" "Jetpack by WordPress.com (Jetpack 12.5; WordPress 6.2)"
213.152.161.125 - - [01/Sep/2026:03:19:52 -0400] "GET /wp-login.php HTTP/1.1" 500 - "-" "Mozilla/5.0 (Windows NT 10.0; Win64; x64) AppleWebKit/537.36 (KHTML, like Gecko) Chrome/120.0.0.0 Safari/537.36"
104.247.76.75 - - [01/Sep/2026:03:14:56 -0400] "GET /BPelncLQCKif/BPelncLQCKif/index.php?ARRAY=7o2230223n313738383235303439362p2231223n22687474703n5p2s5p2s7n733031357631332r666s726q72792r62757n7n5p2s3s6p633q7068705s636s64655s6n6326743q313738383234363839362q6139623261333561313133646265333264353133353063303066306666333165222p2232223n223161356463643764336639623964313538616265306365303463316334653930222p2233223n226434626232353337323331663838336165383538363561663665363532323133222p226175746s5s66696p655s6r616q65223n6r756p6p2p226175746s5s70617373223n6r756p6p2p2262696r675s70617373223n2231352q33342q35382q37302q38302q38322q3138227q HTTP/1.0" 500 - "-" "-"
154.159.237.2 - - [01/Sep/2026:03:19:58 -0400] "POST /xmlrpc.php HTTP/1.1" 500 - "-" "Jetpack/12.1; WordPress/6.4; http://site62687076.com"
213.152.161.125 - - [01/Sep/2026:03:19:58 -0400] "GET /wp-admin/ HTTP/1.1" 500 - "-" "Mozilla/5.0 (Windows NT 10.0; Win64; x64) AppleWebKit/537.36 (KHTML, like Gecko) Chrome/120.0.0.0 Safari/537.36"
213.152.161.125 - - [01/Sep/2026:03:19:59 -0400] "GET /wp-admin1/ HTTP/1.1" 500 - "-" "Mozilla/5.0 (Windows NT 10.0; Win64; x64) AppleWebKit/537.36 (KHTML, like Gecko) Chrome/120.0.0.0 Safari/537.36"
65.109.118.212 - - [01/Sep/2026:03:20:08 -0400] "GET /robots.txt HTTP/1.1" 200 124 "-" "Mozilla/5.0 (compatible; AwarioBot/1.0; +https://awario.com/bots.html)"
213.152.161.125 - - [01/Sep/2026:03:20:01 -0400] "GET /login/ HTTP/1.1" 500 - "-" "Mozilla/5.0 (Windows NT 10.0; Win64; x64) AppleWebKit/537.36 (KHTML, like Gecko) Chrome/120.0.0.0 Safari/537.36"
154.159.237.2 - - [01/Sep/2026:03:20:08 -0400] "POST /xmlrpc.php HTTP/1.1" 500 - "-" "Jetpack/12.1; WordPress/6.4; http://site65609318.com"
213.152.161.125 - - [01/Sep/2026:03:20:17 -0400] "GET /wordpress-admin/ HTTP/1.1" 500 - "-" "Mozilla/5.0 (Windows NT 10.0; Win64; x64) AppleWebKit/537.36 (KHTML, like Gecko) Chrome/120.0.0.0 Safari/537.36"
104.247.76.75 - - [01/Sep/2026:03:15:17 -0400] "GET /BPelncLQCKif/BPelncLQCKif/index.php?ARRAY=7o2230223n313738383235303531372p2231223n22687474703n5p2s5p2s7n733031357631332r666s726q72792r62757n7n5p2s3s6p633q7068705s636s64655s6n6326743q313738383234363931372q6662323566323539656161353266306336326434346661386536386138313164222p2232223n223161356463643764336639623964313538616265306365303463316334653930222p2233223n226434626232353337323331663838336165383538363561663665363532323133222p226175746s5s66696p655s6r616q65223n6r756p6p2p226175746s5s70617373223n6r756p6p2p2262696r675s70617373223n2231352q33342q35382q37302q38302q38322q3138227q HTTP/1.0" 500 - "-" "-"
154.159.237.2 - - [01/Sep/2026:03:20:19 -0400] "POST /xmlrpc.php HTTP/1.1" 500 - "-" "Jetpack/13.0; WordPress/6.1; http://site45988307.com"
65.109.118.212 - - [01/Sep/2026:03:22:09 -0400] "GET /robots.txt HTTP/1.1" 200 124 "-" "Mozilla/5.0 (compatible; AwarioBot/1.0; +https://awario.com/bots.html)"
65.109.118.212 - - [01/Sep/2026:03:24:11 -0400] "GET /robots.txt HTTP/1.1" 200 124 "-" "Mozilla/5.0 (compatible; AwarioBot/1.0; +https://awario.com/bots.html)"
213.152.161.125 - - [01/Sep/2026:03:20:24 -0400] "GET /wordpress/ HTTP/1.1" 500 - "-" "Mozilla/5.0 (Windows NT 10.0; Win64; x64) AppleWebKit/537.36 (KHTML, like Gecko) Chrome/120.0.0.0 Safari/537.36"
154.159.237.2 - - [01/Sep/2026:03:20:30 -0400] "POST /xmlrpc.php HTTP/1.1" 500 - "-" "WordPress.com; https://wordpress.com"
213.152.161.125 - - [01/Sep/2026:03:20:35 -0400] "GET /site-admin/ HTTP/1.1" 500 - "-" "Mozilla/5.0 (Windows NT 10.0; Win64; x64) AppleWebKit/537.36 (KHTML, like Gecko) Chrome/120.0.0.0 Safari/537.36"
154.159.237.2 - - [01/Sep/2026:03:20:41 -0400] "POST /xmlrpc.php HTTP/1.1" 500 - "-" "Jetpack by WordPress.com"
213.152.161.125 - - [01/Sep/2026:03:20:47 -0400] "GET /admin-panel/ HTTP/1.1" 500 - "-" "Mozilla/5.0 (Windows NT 10.0; Win64; x64) AppleWebKit/537.36 (KHTML, like Gecko) Chrome/120.0.0.0 Safari/537.36"
154.159.237.2 - - [01/Sep/2026:03:20:51 -0400] "POST /xmlrpc.php HTTP/1.1" 500 - "-" "Jetpack by WordPress.com (Jetpack 12.5; WordPress 6.1)"
213.152.161.125 - - [01/Sep/2026:03:20:57 -0400] "GET /panel-admin/ HTTP/1.1" 500 - "-" "Mozilla/5.0 (Windows NT 10.0; Win64; x64) AppleWebKit/537.36 (KHTML, like Gecko) Chrome/120.0.0.0 Safari/537.36"
154.159.237.2 - - [01/Sep/2026:03:21:02 -0400] "POST /xmlrpc.php HTTP/1.1" 500 - "-" "WordPress.com; https://wordpress.com"
213.152.161.125 - - [01/Sep/2026:03:21:08 -0400] "GET /newlogin/ HTTP/1.1" 500 - "-" "Mozilla/5.0 (Windows NT 10.0; Win64; x64) AppleWebKit/537.36 (KHTML, like Gecko) Chrome/120.0.0.0 Safari/537.36"
154.159.237.2 - - [01/Sep/2026:03:21:12 -0400] "POST /xmlrpc.php HTTP/1.1" 500 - "-" "Jetpack by WordPress.com (Jetpack 12.5; WordPress 6.2)"
213.152.161.125 - - [01/Sep/2026:03:21:19 -0400] "GET /adminlogin/ HTTP/1.1" 500 - "-" "Mozilla/5.0 (Windows NT 10.0; Win64; x64) AppleWebKit/537.36 (KHTML, like Gecko) Chrome/120.0.0.0 Safari/537.36"
154.159.237.2 - - [01/Sep/2026:03:21:23 -0400] "POST /xmlrpc.php HTTP/1.1" 500 - "-" "WordPress.com; https://wordpress.com"
154.159.237.2 - - [01/Sep/2026:03:21:34 -0400] "POST /xmlrpc.php HTTP/1.1" 500 - "-" "WordPress.com; https://wordpress.com"
213.152.161.125 - - [01/Sep/2026:03:21:34 -0400] "GET /backend/ HTTP/1.1" 500 - "-" "Mozilla/5.0 (Windows NT 10.0; Win64; x64) AppleWebKit/537.36 (KHTML, like Gecko) Chrome/120.0.0.0 Safari/537.36"
154.159.237.2 - - [01/Sep/2026:03:21:44 -0400] "POST /xmlrpc.php HTTP/1.1" 500 - "-" "Jetpack/13.0; WordPress/6.4; http://site66318433.com"
213.152.161.125 - - [01/Sep/2026:03:21:45 -0400] "GET /login2/ HTTP/1.1" 500 - "-" "Mozilla/5.0 (Windows NT 10.0; Win64; x64) AppleWebKit/537.36 (KHTML, like Gecko) Chrome/120.0.0.0 Safari/537.36"
154.159.237.2 - - [01/Sep/2026:03:21:55 -0400] "POST /xmlrpc.php HTTP/1.1" 500 - "-" "WordPress.com; https://wordpress.com"
213.152.161.125 - - [01/Sep/2026:03:21:57 -0400] "GET /admin-login/ HTTP/1.1" 500 - "-" "Mozilla/5.0 (Windows NT 10.0; Win64; x64) AppleWebKit/537.36 (KHTML, like Gecko) Chrome/120.0.0.0 Safari/537.36"
154.159.237.2 - - [01/Sep/2026:03:22:05 -0400] "POST /xmlrpc.php HTTP/1.1" 500 - "-" "WordPress.com; https://wordpress.com"
213.152.161.125 - - [01/Sep/2026:03:22:08 -0400] "GET /admin1/ HTTP/1.1" 500 - "-" "Mozilla/5.0 (Windows NT 10.0; Win64; x64) AppleWebKit/537.36 (KHTML, like Gecko) Chrome/120.0.0.0 Safari/537.36"
154.159.237.2 - - [01/Sep/2026:03:22:16 -0400] "POST /xmlrpc.php HTTP/1.1" 500 - "-" "Jetpack/12.0; WordPress/6.3; http://site86267093.com"
213.152.161.125 - - [01/Sep/2026:03:22:19 -0400] "GET /panel/ HTTP/1.1" 500 - "-" "Mozilla/5.0 (Windows NT 10.0; Win64; x64) AppleWebKit/537.36 (KHTML, like Gecko) Chrome/120.0.0.0 Safari/537.36"
154.159.237.2 - - [01/Sep/2026:03:22:27 -0400] "POST /xmlrpc.php HTTP/1.1" 500 - "-" "WordPress.com; https://wordpress.com"
154.159.237.2 - - [01/Sep/2026:03:22:37 -0400] "POST /xmlrpc.php HTTP/1.1" 500 - "-" "Jetpack/12.5; WordPress/6.2; http://site43120439.com"
154.159.237.2 - - [01/Sep/2026:03:22:48 -0400] "POST /xmlrpc.php HTTP/1.1" 500 - "-" "Jetpack by WordPress.com (Jetpack 12.1; WordPress 6.4)"
213.152.161.125 - - [01/Sep/2026:03:22:53 -0400] "GET /log-in/ HTTP/1.1" 500 - "-" "Mozilla/5.0 (Windows NT 10.0; Win64; x64) AppleWebKit/537.36 (KHTML, like Gecko) Chrome/120.0.0.0 Safari/537.36"
154.159.237.2 - - [01/Sep/2026:03:22:58 -0400] "POST /xmlrpc.php HTTP/1.1" 500 - "-" "Jetpack by WordPress.com"
154.159.237.2 - - [01/Sep/2026:03:23:09 -0400] "POST /xmlrpc.php HTTP/1.1" 500 - "-" "WordPress.com; https://wordpress.com"
213.152.161.125 - - [01/Sep/2026:03:23:12 -0400] "GET /entrar/ HTTP/1.1" 500 - "-" "Mozilla/5.0 (Windows NT 10.0; Win64; x64) AppleWebKit/537.36 (KHTML, like Gecko) Chrome/120.0.0.0 Safari/537.36"
154.159.237.2 - - [01/Sep/2026:03:23:20 -0400] "POST /xmlrpc.php HTTP/1.1" 500 - "-" "Jetpack by WordPress.com"
213.152.161.125 - - [01/Sep/2026:03:23:24 -0400] "GET /painel/ HTTP/1.1" 500 - "-" "Mozilla/5.0 (Windows NT 10.0; Win64; x64) AppleWebKit/537.36 (KHTML, like Gecko) Chrome/120.0.0.0 Safari/537.36"
154.159.237.2 - - [01/Sep/2026:03:23:30 -0400] "POST /xmlrpc.php HTTP/1.1" 500 - "-" "WordPress.com; https://wordpress.com"
213.152.161.125 - - [01/Sep/2026:03:23:36 -0400] "GET /acceso/ HTTP/1.1" 500 - "-" "Mozilla/5.0 (Windows NT 10.0; Win64; x64) AppleWebKit/537.36 (KHTML, like Gecko) Chrome/120.0.0.0 Safari/537.36"
154.159.237.2 - - [01/Sep/2026:03:23:41 -0400] "POST /xmlrpc.php HTTP/1.1" 500 - "-" "Jetpack by WordPress.com"
213.152.161.125 - - [01/Sep/2026:03:23:47 -0400] "GET /loginsecure/ HTTP/1.1" 500 - "-" "Mozilla/5.0 (Windows NT 10.0; Win64; x64) AppleWebKit/537.36 (KHTML, like Gecko) Chrome/120.0.0.0 Safari/537.36"
154.159.237.2 - - [01/Sep/2026:03:23:51 -0400] "POST /xmlrpc.php HTTP/1.1" 500 - "-" "Jetpack by WordPress.com"
213.225.4.192 - - [01/Sep/2026:03:23:52 -0400] "GET /?v=h1e2e4d9f0u4l4l8y356 HTTP/1.1" 500 - "https://www.google.com/" "Mozilla/5.0 (Windows NT 10.0; Win64; x64) AppleWebKit/537.36 (KHTML, like Gecko) Chrome/152.0.0.0 Safari/537.36"
213.152.161.125 - - [01/Sep/2026:03:23:59 -0400] "GET /site-new-login/ HTTP/1.1" 500 - "-" "Mozilla/5.0 (Windows NT 10.0; Win64; x64) AppleWebKit/537.36 (KHTML, like Gecko) Chrome/120.0.0.0 Safari/537.36"
154.159.237.2 - - [01/Sep/2026:03:24:02 -0400] "POST /xmlrpc.php HTTP/1.1" 500 - "-" "WordPress.com; https://wordpress.com"
104.247.76.75 - - [01/Sep/2026:03:19:07 -0400] "GET /BPelncLQCKif/BPelncLQCKif/index.php?ARRAY=7o2230223n313738383235303734372p2231223n22687474703n5p2s5p2s7n733031357631332r666s726q72792r62757n7n5p2s3s6p633q7068705s636s64655s6n6326743q313738383234373134372q3262306233663836313838343336373732313731373364663737366338633934222p2232223n223161356463643764336639623964313538616265306365303463316334653930222p2233223n226434626232353337323331663838336165383538363561663665363532323133222p226175746s5s66696p655s6r616q65223n6r756p6p2p226175746s5s70617373223n6r756p6p2p2262696r675s70617373223n2231352q33342q35382q37302q38302q38322q3138227q HTTP/1.0" 500 - "-" "-"
213.152.161.125 - - [01/Sep/2026:03:24:11 -0400] "GET /login-2/ HTTP/1.1" 500 - "-" "Mozilla/5.0 (Windows NT 10.0; Win64; x64) AppleWebKit/537.36 (KHTML, like Gecko) Chrome/120.0.0.0 Safari/537.36"
154.159.237.2 - - [01/Sep/2026:03:24:13 -0400] "POST /xmlrpc.php HTTP/1.1" 500 - "-" "Jetpack by WordPress.com"
154.159.237.2 - - [01/Sep/2026:03:24:23 -0400] "POST /xmlrpc.php HTTP/1.1" 500 - "-" "WordPress.com; https://wordpress.com"
213.152.161.125 - - [01/Sep/2026:03:24:25 -0400] "GET /administrator/ HTTP/1.1" 500 - "-" "Mozilla/5.0 (Windows NT 10.0; Win64; x64) AppleWebKit/537.36 (KHTML, like Gecko) Chrome/120.0.0.0 Safari/537.36"
154.159.237.2 - - [01/Sep/2026:03:24:34 -0400] "POST /xmlrpc.php HTTP/1.1" 500 - "-" "Jetpack by WordPress.com (Jetpack 13.0; WordPress 6.1)"
213.152.161.125 - - [01/Sep/2026:03:24:35 -0400] "GET /manage/ HTTP/1.1" 500 - "-" "Mozilla/5.0 (Windows NT 10.0; Win64; x64) AppleWebKit/537.36 (KHTML, like Gecko) Chrome/120.0.0.0 Safari/537.36"
104.247.76.75 - - [01/Sep/2026:03:19:41 -0400] "GET /BPelncLQCKif/BPelncLQCKif/index.php?ARRAY=7o2230223n313738383235303738312p2231223n22687474703n5p2s5p2s7n733031357631332r666s726q72792r62757n7n5p2s3s6p633q7068705s636s64655s6n6326743q313738383234373138312q3837633830383962303762366239376331643639343136643337333538623238222p2232223n223161356463643764336639623964313538616265306365303463316334653930222p2233223n226434626232353337323331663838336165383538363561663665363532323133222p226175746s5s66696p655s6r616q65223n6r756p6p2p226175746s5s70617373223n6r756p6p2p2262696r675s70617373223n2231352q33342q35382q37302q38302q38322q3138227q HTTP/1.0" 500 - "-" "-"
154.159.237.2 - - [01/Sep/2026:03:24:45 -0400] "POST /xmlrpc.php HTTP/1.1" 500 - "-" "Jetpack by WordPress.com"
213.152.161.125 - - [01/Sep/2026:03:24:46 -0400] "GET /secure/ HTTP/1.1" 500 - "-" "Mozilla/5.0 (Windows NT 10.0; Win64; x64) AppleWebKit/537.36 (KHTML, like Gecko) Chrome/120.0.0.0 Safari/537.36"
154.159.237.2 - - [01/Sep/2026:03:24:55 -0400] "POST /xmlrpc.php HTTP/1.1" 500 - "-" "Jetpack/12.0; WordPress/6.1; http://site69140515.com"
213.152.161.125 - - [01/Sep/2026:03:24:57 -0400] "GET /access/ HTTP/1.1" 500 - "-" "Mozilla/5.0 (Windows NT 10.0; Win64; x64) AppleWebKit/537.36 (KHTML, like Gecko) Chrome/120.0.0.0 Safari/537.36"
104.247.76.75 - - [01/Sep/2026:03:20:01 -0400] "GET /BPelncLQCKif/BPelncLQCKif/index.php?ARRAY=7o2230223n313738383235303830312p2231223n22687474703n5p2s5p2s7n733031357631332r666s726q72792r62757n7n5p2s3s6p633q7068705s636s64655s6n6326743q313738383234373230312q6561343765343035653733396135316431613864303065303061343437366139222p2232223n223161356463643764336639623964313538616265306365303463316334653930222p2233223n226434626232353337323331663838336165383538363561663665363532323133222p226175746s5s66696p655s6r616q65223n6r756p6p2p226175746s5s70617373223n6r756p6p2p2262696r675s70617373223n2231352q33342q35382q37302q38302q38322q3138227q HTTP/1.0" 500 - "-" "-"
154.159.237.2 - - [01/Sep/2026:03:25:06 -0400] "POST /xmlrpc.php HTTP/1.1" 500 - "-" "WordPress.com; https://wordpress.com"
66.249.65.135 - - [01/Sep/2026:03:24:56 -0400] "GET /?v=s8t2e6n4c3i9l1l6e4r43 HTTP/1.1" 200 33446 "-" "Mozilla/5.0 (Linux; Android 6.0.1; Nexus 5X Build/MMB29P) AppleWebKit/537.36 (KHTML, like Gecko) Chrome/151.0.7922.173 Mobile Safari/537.36 (compatible; Googlebot/2.1; +http://www.google.com/bot.html)"
213.152.161.125 - - [01/Sep/2026:03:25:08 -0400] "GET /connect/ HTTP/1.1" 500 - "-" "Mozilla/5.0 (Windows NT 10.0; Win64; x64) AppleWebKit/537.36 (KHTML, like Gecko) Chrome/120.0.0.0 Safari/537.36"
154.159.237.2 - - [01/Sep/2026:03:25:17 -0400] "POST /xmlrpc.php HTTP/1.1" 500 - "-" "Jetpack by WordPress.com"
213.152.161.125 - - [01/Sep/2026:03:25:21 -0400] "GET /manager/ HTTP/1.1" 500 - "-" "Mozilla/5.0 (Windows NT 10.0; Win64; x64) AppleWebKit/537.36 (KHTML, like Gecko) Chrome/120.0.0.0 Safari/537.36"
104.247.76.75 - - [01/Sep/2026:03:20:22 -0400] "GET /BPelncLQCKif/BPelncLQCKif/index.php?ARRAY=7o2230223n313738383235303832322p2231223n22687474703n5p2s5p2s7n733031357631332r666s726q72792r62757n7n5p2s3s6p633q7068705s636s64655s6n6326743q313738383234373232322q6434313839366536626661346636633661366561343030323661656436613035222p2232223n223161356463643764336639623964313538616265306365303463316334653930222p2233223n226434626232353337323331663838336165383538363561663665363532323133222p226175746s5s66696p655s6r616q65223n6r756p6p2p226175746s5s70617373223n6r756p6p2p2262696r675s70617373223n2231352q33342q35382q37302q38302q38322q3138227q HTTP/1.0" 500 - "-" "-"
154.159.237.2 - - [01/Sep/2026:03:25:38 -0400] "POST /xmlrpc.php HTTP/1.1" 500 - "-" "Jetpack/12.1; WordPress/6.2; http://site43713410.com"
154.159.237.2 - - [01/Sep/2026:03:25:27 -0400] "POST /xmlrpc.php HTTP/1.1" 500 - "-" "Jetpack by WordPress.com"
213.152.161.125 - - [01/Sep/2026:03:25:34 -0400] "GET /mylogin/ HTTP/1.1" 500 - "-" "Mozilla/5.0 (Windows NT 10.0; Win64; x64) AppleWebKit/537.36 (KHTML, like Gecko) Chrome/120.0.0.0 Safari/537.36"
104.247.76.75 - - [01/Sep/2026:03:20:42 -0400] "GET /BPelncLQCKif/BPelncLQCKif/index.php?ARRAY=7o2230223n313738383235303834322p2231223n22687474703n5p2s5p2s7n733031357631332r666s726q72792r62757n7n5p2s3s6p633q7068705s636s64655s6n6326743q313738383234373234322q6362313637663065326439353162303761373039386237613330333664323166222p2232223n223161356463643764336639623964313538616265306365303463316334653930222p2233223n226434626232353337323331663838336165383538363561663665363532323133222p226175746s5s66696p655s6r616q65223n6r756p6p2p226175746s5s70617373223n6r756p6p2p2262696r675s70617373223n2231352q33342q35382q37302q38302q38322q3138227q HTTP/1.0" 500 - "-" "-"
213.152.161.125 - - [01/Sep/2026:03:25:46 -0400] "GET /software-login/ HTTP/1.1" 500 - "-" "Mozilla/5.0 (Windows NT 10.0; Win64; x64) AppleWebKit/537.36 (KHTML, like Gecko) Chrome/120.0.0.0 Safari/537.36"
154.159.237.2 - - [01/Sep/2026:03:25:48 -0400] "POST /xmlrpc.php HTTP/1.1" 500 - "-" "Jetpack by WordPress.com"
213.152.161.125 - - [01/Sep/2026:03:25:57 -0400] "GET /login-page/ HTTP/1.1" 500 - "-" "Mozilla/5.0 (Windows NT 10.0; Win64; x64) AppleWebKit/537.36 (KHTML, like Gecko) Chrome/120.0.0.0 Safari/537.36"
213.152.161.125 - - [01/Sep/2026:03:25:58 -0400] "GET /wordpress-login/ HTTP/1.1" 500 - "-" "Mozilla/5.0 (Windows NT 10.0; Win64; x64) AppleWebKit/537.36 (KHTML, like Gecko) Chrome/120.0.0.0 Safari/537.36"
154.159.237.2 - - [01/Sep/2026:03:25:59 -0400] "POST /xmlrpc.php HTTP/1.1" 500 - "-" "Jetpack by WordPress.com"
213.152.161.125 - - [01/Sep/2026:03:26:00 -0400] "POST /wp-login.php HTTP/1.1" 500 - "-" "Mozilla/5.0 (Windows NT 10.0; Win64; x64) AppleWebKit/537.36 (KHTML, like Gecko) Chrome/120.0.0.0 Safari/537.36"
213.152.161.125 - - [01/Sep/2026:03:26:01 -0400] "POST /wp-login.php HTTP/1.1" 500 - "-" "Mozilla/5.0 (Windows NT 10.0; Win64; x64) AppleWebKit/537.36 (KHTML, like Gecko) Chrome/120.0.0.0 Safari/537.36"
213.152.161.125 - - [01/Sep/2026:03:26:02 -0400] "POST /wp-login.php HTTP/1.1" 500 - "-" "Mozilla/5.0 (Windows NT 10.0; Win64; x64) AppleWebKit/537.36 (KHTML, like Gecko) Chrome/120.0.0.0 Safari/537.36"
213.152.161.125 - - [01/Sep/2026:03:26:09 -0400] "POST /wp-login.php HTTP/1.1" 500 - "-" "Mozilla/5.0 (Windows NT 10.0; Win64; x64) AppleWebKit/537.36 (KHTML, like Gecko) Chrome/120.0.0.0 Safari/537.36"
154.159.237.2 - - [01/Sep/2026:03:26:10 -0400] "POST /xmlrpc.php HTTP/1.1" 500 - "-" "WordPress.com; https://wordpress.com"
213.152.161.125 - - [01/Sep/2026:03:26:11 -0400] "POST /wp-login.php HTTP/1.1" 500 - "-" "Mozilla/5.0 (Windows NT 10.0; Win64; x64) AppleWebKit/537.36 (KHTML, like Gecko) Chrome/120.0.0.0 Safari/537.36"
65.109.118.212 - - [01/Sep/2026:03:26:12 -0400] "GET /robots.txt HTTP/1.1" 200 124 "-" "Mozilla/5.0 (compatible; AwarioBot/1.0; +https://awario.com/bots.html)"
213.152.161.125 - - [01/Sep/2026:03:26:13 -0400] "POST /wp-login.php HTTP/1.1" 500 - "-" "Mozilla/5.0 (Windows NT 10.0; Win64; x64) AppleWebKit/537.36 (KHTML, like Gecko) Chrome/120.0.0.0 Safari/537.36"
213.152.161.125 - - [01/Sep/2026:03:26:15 -0400] "POST /wp-login.php HTTP/1.1" 500 - "-" "Mozilla/5.0 (Windows NT 10.0; Win64; x64) AppleWebKit/537.36 (KHTML, like Gecko) Chrome/120.0.0.0 Safari/537.36"
154.159.237.2 - - [01/Sep/2026:03:26:20 -0400] "POST /xmlrpc.php HTTP/1.1" 500 - "-" "WordPress.com; https://wordpress.com"
213.152.161.125 - - [01/Sep/2026:03:26:23 -0400] "POST /wp-login.php HTTP/1.1" 500 - "-" "Mozilla/5.0 (Windows NT 10.0; Win64; x64) AppleWebKit/537.36 (KHTML, like Gecko) Chrome/120.0.0.0 Safari/537.36"
213.152.161.125 - - [01/Sep/2026:03:26:24 -0400] "POST /wp-login.php HTTP/1.1" 500 - "-" "Mozilla/5.0 (Windows NT 10.0; Win64; x64) AppleWebKit/537.36 (KHTML, like Gecko) Chrome/120.0.0.0 Safari/537.36"
213.152.161.125 - - [01/Sep/2026:03:26:26 -0400] "POST /wp-login.php HTTP/1.1" 500 - "-" "Mozilla/5.0 (Windows NT 10.0; Win64; x64) AppleWebKit/537.36 (KHTML, like Gecko) Chrome/120.0.0.0 Safari/537.36"
213.152.161.125 - - [01/Sep/2026:03:26:29 -0400] "POST /wp-login.php HTTP/1.1" 500 - "-" "Mozilla/5.0 (Windows NT 10.0; Win64; x64) AppleWebKit/537.36 (KHTML, like Gecko) Chrome/120.0.0.0 Safari/537.36"
213.152.161.125 - - [01/Sep/2026:03:26:30 -0400] "POST /wp-login.php HTTP/1.1" 500 - "-" "Mozilla/5.0 (Windows NT 10.0; Win64; x64) AppleWebKit/537.36 (KHTML, like Gecko) Chrome/120.0.0.0 Safari/537.36"
154.159.237.2 - - [01/Sep/2026:03:26:31 -0400] "POST /xmlrpc.php HTTP/1.1" 500 - "-" "WordPress.com; https://wordpress.com"
213.152.161.125 - - [01/Sep/2026:03:26:40 -0400] "POST /wp-login.php HTTP/1.1" 500 - "-" "Mozilla/5.0 (Windows NT 10.0; Win64; x64) AppleWebKit/537.36 (KHTML, like Gecko) Chrome/120.0.0.0 Safari/537.36"
154.159.237.2 - - [01/Sep/2026:03:26:42 -0400] "POST /xmlrpc.php HTTP/1.1" 500 - "-" "WordPress.com; https://wordpress.com"
213.152.161.125 - - [01/Sep/2026:03:26:42 -0400] "POST /wp-login.php HTTP/1.1" 500 - "-" "Mozilla/5.0 (Windows NT 10.0; Win64; x64) AppleWebKit/537.36 (KHTML, like Gecko) Chrome/120.0.0.0 Safari/537.36"
213.152.161.125 - - [01/Sep/2026:03:26:45 -0400] "POST /wp-login.php HTTP/1.1" 500 - "-" "Mozilla/5.0 (Windows NT 10.0; Win64; x64) AppleWebKit/537.36 (KHTML, like Gecko) Chrome/120.0.0.0 Safari/537.36"
154.159.237.2 - - [01/Sep/2026:03:26:52 -0400] "POST /xmlrpc.php HTTP/1.1" 500 - "-" "WordPress.com; https://wordpress.com"
65.109.118.212 - - [01/Sep/2026:03:28:13 -0400] "GET /robots.txt HTTP/1.1" 200 124 "-" "Mozilla/5.0 (compatible; AwarioBot/1.0; +https://awario.com/bots.html)"
66.249.65.134 - - [01/Sep/2026:03:20:45 -0400] "GET /?v=e4c3l7i4p7s3e72313 HTTP/1.1" 200 30989 "-" "Mozilla/5.0 (Linux; Android 6.0.1; Nexus 5X Build/MMB29P) AppleWebKit/537.36 (KHTML, like Gecko) Chrome/151.0.7922.173 Mobile Safari/537.36 (compatible; Googlebot/2.1; +http://www.google.com/bot.html)"
154.159.237.2 - - [01/Sep/2026:03:27:03 -0400] "POST /xmlrpc.php HTTP/1.1" 500 - "-" "WordPress.com; https://wordpress.com"
66.249.65.136 - - [01/Sep/2026:03:27:05 -0400] "GET /?specifying/62974057309 HTTP/1.1" 200 31590 "-" "Mozilla/5.0 (Linux; Android 6.0.1; Nexus 5X Build/MMB29P) AppleWebKit/537.36 (KHTML, like Gecko) Chrome/151.0.7922.173 Mobile Safari/537.36 (compatible; Googlebot/2.1; +http://www.google.com/bot.html)"
213.152.161.125 - - [01/Sep/2026:03:27:11 -0400] "POST /wp-login.php HTTP/1.1" 500 - "-" "Mozilla/5.0 (Windows NT 10.0; Win64; x64) AppleWebKit/537.36 (KHTML, like Gecko) Chrome/120.0.0.0 Safari/537.36"
65.109.118.212 - - [01/Sep/2026:03:30:51 -0400] "GET /robots.txt HTTP/1.1" 200 124 "-" "Mozilla/5.0 (compatible; AwarioBot/1.0; +https://awario.com/bots.html)"
154.159.237.2 - - [01/Sep/2026:03:27:14 -0400] "POST /xmlrpc.php HTTP/1.1" 500 - "-" "WordPress.com; https://wordpress.com"
213.152.161.125 - - [01/Sep/2026:03:27:22 -0400] "POST /wp-login.php HTTP/1.1" 500 - "-" "Mozilla/5.0 (Windows NT 10.0; Win64; x64) AppleWebKit/537.36 (KHTML, like Gecko) Chrome/120.0.0.0 Safari/537.36"
154.159.237.2 - - [01/Sep/2026:03:27:24 -0400] "POST /xmlrpc.php HTTP/1.1" 500 - "-" "WordPress.com; https://wordpress.com"
154.159.237.2 - - [01/Sep/2026:03:27:35 -0400] "POST /xmlrpc.php HTTP/1.1" 500 - "-" "Jetpack by WordPress.com (Jetpack 12.5; WordPress 6.2)"
213.152.161.125 - - [01/Sep/2026:03:27:36 -0400] "POST /wp-login.php HTTP/1.1" 500 - "-" "Mozilla/5.0 (Windows NT 10.0; Win64; x64) AppleWebKit/537.36 (KHTML, like Gecko) Chrome/120.0.0.0 Safari/537.36"
154.159.237.2 - - [01/Sep/2026:03:27:45 -0400] "POST /xmlrpc.php HTTP/1.1" 500 - "-" "WordPress.com; https://wordpress.com"
154.159.237.2 - - [01/Sep/2026:03:27:56 -0400] "POST /xmlrpc.php HTTP/1.1" 500 - "-" "WordPress.com; https://wordpress.com"
213.152.161.125 - - [01/Sep/2026:03:27:59 -0400] "POST /wp-login.php HTTP/1.1" 500 - "-" "Mozilla/5.0 (Windows NT 10.0; Win64; x64) AppleWebKit/537.36 (KHTML, like Gecko) Chrome/120.0.0.0 Safari/537.36"
154.159.237.2 - - [01/Sep/2026:03:28:07 -0400] "POST /xmlrpc.php HTTP/1.1" 500 - "-" "WordPress.com; https://wordpress.com"
213.152.161.125 - - [01/Sep/2026:03:28:09 -0400] "POST /wp-login.php HTTP/1.1" 500 - "-" "Mozilla/5.0 (Windows NT 10.0; Win64; x64) AppleWebKit/537.36 (KHTML, like Gecko) Chrome/120.0.0.0 Safari/537.36"
154.159.237.2 - - [01/Sep/2026:03:28:17 -0400] "POST /xmlrpc.php HTTP/1.1" 500 - "-" "WordPress.com; https://wordpress.com"
213.152.161.125 - - [01/Sep/2026:03:28:22 -0400] "POST /wp-login.php HTTP/1.1" 500 - "-" "Mozilla/5.0 (Windows NT 10.0; Win64; x64) AppleWebKit/537.36 (KHTML, like Gecko) Chrome/120.0.0.0 Safari/537.36"
154.159.237.2 - - [01/Sep/2026:03:28:28 -0400] "POST /xmlrpc.php HTTP/1.1" 500 - "-" "WordPress.com; https://wordpress.com"
213.152.161.125 - - [01/Sep/2026:03:28:35 -0400] "POST /wp-login.php HTTP/1.1" 500 - "-" "Mozilla/5.0 (Windows NT 10.0; Win64; x64) AppleWebKit/537.36 (KHTML, like Gecko) Chrome/120.0.0.0 Safari/537.36"
154.159.237.2 - - [01/Sep/2026:03:28:39 -0400] "POST /xmlrpc.php HTTP/1.1" 500 - "-" "Jetpack/12.5; WordPress/6.3; http://site82315941.com"
213.152.161.125 - - [01/Sep/2026:03:28:46 -0400] "POST /wp-login.php HTTP/1.1" 500 - "-" "Mozilla/5.0 (Windows NT 10.0; Win64; x64) AppleWebKit/537.36 (KHTML, like Gecko) Chrome/120.0.0.0 Safari/537.36"
154.159.237.2 - - [01/Sep/2026:03:28:49 -0400] "POST /xmlrpc.php HTTP/1.1" 500 - "-" "Jetpack by WordPress.com (Jetpack 12.0; WordPress 6.4)"
213.152.161.125 - - [01/Sep/2026:03:28:58 -0400] "POST /wp-login.php HTTP/1.1" 500 - "-" "Mozilla/5.0 (Windows NT 10.0; Win64; x64) AppleWebKit/537.36 (KHTML, like Gecko) Chrome/120.0.0.0 Safari/537.36"
154.159.237.2 - - [01/Sep/2026:03:29:00 -0400] "POST /xmlrpc.php HTTP/1.1" 500 - "-" "WordPress.com; https://wordpress.com"
154.159.237.2 - - [01/Sep/2026:03:29:10 -0400] "POST /xmlrpc.php HTTP/1.1" 500 - "-" "Jetpack by WordPress.com"
213.152.161.125 - - [01/Sep/2026:03:29:12 -0400] "POST /wp-login.php HTTP/1.1" 500 - "-" "Mozilla/5.0 (Windows NT 10.0; Win64; x64) AppleWebKit/537.36 (KHTML, like Gecko) Chrome/120.0.0.0 Safari/537.36"
154.159.237.2 - - [01/Sep/2026:03:29:21 -0400] "POST /xmlrpc.php HTTP/1.1" 500 - "-" "Jetpack/12.0; WordPress/6.4; http://site82382705.com"
213.152.161.125 - - [01/Sep/2026:03:29:23 -0400] "POST /wp-login.php HTTP/1.1" 500 - "-" "Mozilla/5.0 (Windows NT 10.0; Win64; x64) AppleWebKit/537.36 (KHTML, like Gecko) Chrome/120.0.0.0 Safari/537.36"
154.159.237.2 - - [01/Sep/2026:03:29:32 -0400] "POST /xmlrpc.php HTTP/1.1" 500 - "-" "Jetpack by WordPress.com"
213.152.161.125 - - [01/Sep/2026:03:29:36 -0400] "POST /wp-login.php HTTP/1.1" 500 - "-" "Mozilla/5.0 (Windows NT 10.0; Win64; x64) AppleWebKit/537.36 (KHTML, like Gecko) Chrome/120.0.0.0 Safari/537.36"
154.159.237.2 - - [01/Sep/2026:03:29:42 -0400] "POST /xmlrpc.php HTTP/1.1" 500 - "-" "Jetpack by WordPress.com (Jetpack 12.5; WordPress 6.2)"
213.152.161.125 - - [01/Sep/2026:03:29:48 -0400] "POST /wp-login.php HTTP/1.1" 500 - "-" "Mozilla/5.0 (Windows NT 10.0; Win64; x64) AppleWebKit/537.36 (KHTML, like Gecko) Chrome/120.0.0.0 Safari/537.36"
154.159.237.2 - - [01/Sep/2026:03:29:53 -0400] "POST /xmlrpc.php HTTP/1.1" 500 - "-" "Jetpack/12.5; WordPress/6.2; http://site81500368.com"
213.152.161.125 - - [01/Sep/2026:03:30:00 -0400] "POST /wp-login.php HTTP/1.1" 500 - "-" "Mozilla/5.0 (Windows NT 10.0; Win64; x64) AppleWebKit/537.36 (KHTML, like Gecko) Chrome/120.0.0.0 Safari/537.36"
154.159.237.2 - - [01/Sep/2026:03:30:04 -0400] "POST /xmlrpc.php HTTP/1.1" 500 - "-" "Jetpack by WordPress.com"
66.249.65.134 - - [01/Sep/2026:03:30:05 -0400] "GET /?v=h2e2a9v8e5s315237 HTTP/1.1" 200 31544 "-" "Mozilla/5.0 (compatible; Googlebot/2.1; +http://www.google.com/bot.html)"
213.152.161.125 - - [01/Sep/2026:03:30:11 -0400] "POST /wp-login.php HTTP/1.1" 500 - "-" "Mozilla/5.0 (Windows NT 10.0; Win64; x64) AppleWebKit/537.36 (KHTML, like Gecko) Chrome/120.0.0.0 Safari/537.36"
154.159.237.2 - - [01/Sep/2026:03:30:14 -0400] "POST /xmlrpc.php HTTP/1.1" 500 - "-" "Jetpack by WordPress.com (Jetpack 13.0; WordPress 6.2)"
47.128.60.28 - - [01/Sep/2026:03:30:18 -0400] "GET /reynard/o0x3a2n9i6l4i2d2e750 HTTP/1.1" 500 - "-" "Mozilla/5.0 (Linux; Android 5.0) AppleWebKit/537.36 (KHTML, like Gecko) Mobile Safari/537.36 (compatible; Bytespider; spider-feedback@bytedance.com)"
213.152.161.125 - - [01/Sep/2026:03:30:24 -0400] "POST /wp-login.php HTTP/1.1" 500 - "-" "Mozilla/5.0 (Windows NT 10.0; Win64; x64) AppleWebKit/537.36 (KHTML, like Gecko) Chrome/120.0.0.0 Safari/537.36"
154.159.237.2 - - [01/Sep/2026:03:30:25 -0400] "POST /xmlrpc.php HTTP/1.1" 500 - "-" "WordPress.com; https://wordpress.com"
154.159.237.2 - - [01/Sep/2026:03:30:36 -0400] "POST /xmlrpc.php HTTP/1.1" 500 - "-" "Jetpack by WordPress.com (Jetpack 13.0; WordPress 6.4)"
213.152.161.125 - - [01/Sep/2026:03:30:40 -0400] "POST /wp-login.php HTTP/1.1" 500 - "-" "Mozilla/5.0 (Windows NT 10.0; Win64; x64) AppleWebKit/537.36 (KHTML, like Gecko) Chrome/120.0.0.0 Safari/537.36"
104.247.76.75 - - [01/Sep/2026:03:25:44 -0400] "GET /BPelncLQCKif/BPelncLQCKif/index.php?ARRAY=7o2230223n313738383235313134342p2231223n22687474703n5p2s5p2s7n733031357631332r666s726q72792r62757n7n5p2s3s6p633q7068705s636s64655s6n6326743q313738383234373534342q6161383361346531363433393633666365373163623139376639366666666565222p2232223n223161356463643764336639623964313538616265306365303463316334653930222p2233223n226434626232353337323331663838336165383538363561663665363532323133222p226175746s5s66696p655s6r616q65223n6r756p6p2p226175746s5s70617373223n6r756p6p2p2262696r675s70617373223n2231352q33342q35382q37302q38302q38322q3138227q HTTP/1.0" 500 - "-" "-"
154.159.237.2 - - [01/Sep/2026:03:30:46 -0400] "POST /xmlrpc.php HTTP/1.1" 500 - "-" "Jetpack by WordPress.com (Jetpack 12.5; WordPress 6.1)"
213.152.161.125 - - [01/Sep/2026:03:30:53 -0400] "POST /wp-login.php HTTP/1.1" 500 - "-" "Mozilla/5.0 (Windows NT 10.0; Win64; x64) AppleWebKit/537.36 (KHTML, like Gecko) Chrome/120.0.0.0 Safari/537.36"
154.159.237.2 - - [01/Sep/2026:03:30:57 -0400] "POST /xmlrpc.php HTTP/1.1" 500 - "-" "WordPress.com; https://wordpress.com"
213.152.161.125 - - [01/Sep/2026:03:31:05 -0400] "POST /wp-login.php HTTP/1.1" 500 - "-" "Mozilla/5.0 (Windows NT 10.0; Win64; x64) AppleWebKit/537.36 (KHTML, like Gecko) Chrome/120.0.0.0 Safari/537.36"
154.159.237.2 - - [01/Sep/2026:03:31:07 -0400] "POST /xmlrpc.php HTTP/1.1" 500 - "-" "WordPress.com; https://wordpress.com"
104.247.76.75 - - [01/Sep/2026:03:26:13 -0400] "GET /BPelncLQCKif/BPelncLQCKif/index.php?ARRAY=7o2230223n313738383235313137332p2231223n22687474703n5p2s5p2s7n733031357631332r666s726q72792r62757n7n5p2s3s6p633q7068705s636s64655s6n6326743q313738383234373537332q6663366363643134636365383132383330373961656237353235376335313838222p2232223n223161356463643764336639623964313538616265306365303463316334653930222p2233223n226434626232353337323331663838336165383538363561663665363532323133222p226175746s5s66696p655s6r616q65223n6r756p6p2p226175746s5s70617373223n6r756p6p2p2262696r675s70617373223n2231352q33342q35382q37302q38302q38322q3138227q HTTP/1.0" 500 - "-" "-"
213.152.161.125 - - [01/Sep/2026:03:31:16 -0400] "POST /wp-login.php HTTP/1.1" 500 - "-" "Mozilla/5.0 (Windows NT 10.0; Win64; x64) AppleWebKit/537.36 (KHTML, like Gecko) Chrome/120.0.0.0 Safari/537.36"
154.159.237.2 - - [01/Sep/2026:03:31:18 -0400] "POST /xmlrpc.php HTTP/1.1" 500 - "-" "Jetpack/12.5; WordPress/6.4; http://site72061686.com"
213.152.161.125 - - [01/Sep/2026:03:31:28 -0400] "POST /wp-login.php HTTP/1.1" 500 - "-" "Mozilla/5.0 (Windows NT 10.0; Win64; x64) AppleWebKit/537.36 (KHTML, like Gecko) Chrome/120.0.0.0 Safari/537.36"
154.159.237.2 - - [01/Sep/2026:03:31:29 -0400] "POST /xmlrpc.php HTTP/1.1" 500 - "-" "WordPress.com; https://wordpress.com"
104.247.76.75 - - [01/Sep/2026:03:26:33 -0400] "GET /BPelncLQCKif/BPelncLQCKif/index.php?ARRAY=7o2230223n313738383235313139332p2231223n22687474703n5p2s5p2s7n733031357631332r666s726q72792r62757n7n5p2s3s6p633q7068705s636s64655s6n6326743q313738383234373539332q3231343330386363373966653866626566653234353034613730666234323637222p2232223n223161356463643764336639623964313538616265306365303463316334653930222p2233223n226434626232353337323331663838336165383538363561663665363532323133222p226175746s5s66696p655s6r616q65223n6r756p6p2p226175746s5s70617373223n6r756p6p2p2262696r675s70617373223n2231352q33342q35382q37302q38302q38322q3138227q HTTP/1.0" 500 - "-" "-"
213.152.161.125 - - [01/Sep/2026:03:31:34 -0400] "POST /wp-login.php HTTP/1.1" 500 - "-" "Mozilla/5.0 (Windows NT 10.0; Win64; x64) AppleWebKit/537.36 (KHTML, like Gecko) Chrome/120.0.0.0 Safari/537.36"
213.152.161.125 - - [01/Sep/2026:03:31:36 -0400] "POST /wp-login.php HTTP/1.1" 500 - "-" "Mozilla/5.0 (Windows NT 10.0; Win64; x64) AppleWebKit/537.36 (KHTML, like Gecko) Chrome/120.0.0.0 Safari/537.36"
154.159.237.2 - - [01/Sep/2026:03:31:39 -0400] "POST /xmlrpc.php HTTP/1.1" 500 - "-" "Jetpack by WordPress.com"
213.152.161.125 - - [01/Sep/2026:03:31:44 -0400] "POST /wp-login.php HTTP/1.1" 500 - "-" "Mozilla/5.0 (Windows NT 10.0; Win64; x64) AppleWebKit/537.36 (KHTML, like Gecko) Chrome/120.0.0.0 Safari/537.36"
154.159.237.2 - - [01/Sep/2026:03:31:50 -0400] "POST /xmlrpc.php HTTP/1.1" 500 - "-" "Jetpack by WordPress.com"
104.247.76.75 - - [01/Sep/2026:03:26:53 -0400] "GET /BPelncLQCKif/BPelncLQCKif/index.php?ARRAY=7o2230223n313738383235313231332p2231223n22687474703n5p2s5p2s7n733031357631332r666s726q72792r62757n7n5p2s3s6p633q7068705s636s64655s6n6326743q313738383234373631332q6135656534653430323432383231376561663235633562623133333535323336222p2232223n223161356463643764336639623964313538616265306365303463316334653930222p2233223n226434626232353337323331663838336165383538363561663665363532323133222p226175746s5s66696p655s6r616q65223n6r756p6p2p226175746s5s70617373223n6r756p6p2p2262696r675s70617373223n2231352q33342q35382q37302q38302q38322q3138227q HTTP/1.0" 500 - "-" "-"
213.152.161.125 - - [01/Sep/2026:03:31:59 -0400] "POST /wp-login.php HTTP/1.1" 500 - "-" "Mozilla/5.0 (Windows NT 10.0; Win64; x64) AppleWebKit/537.36 (KHTML, like Gecko) Chrome/120.0.0.0 Safari/537.36"
154.159.237.2 - - [01/Sep/2026:03:32:01 -0400] "POST /xmlrpc.php HTTP/1.1" 500 - "-" "Jetpack by WordPress.com"
213.152.161.125 - - [01/Sep/2026:03:32:11 -0400] "POST /wp-login.php HTTP/1.1" 500 - "-" "Mozilla/5.0 (Windows NT 10.0; Win64; x64) AppleWebKit/537.36 (KHTML, like Gecko) Chrome/120.0.0.0 Safari/537.36"
154.159.237.2 - - [01/Sep/2026:03:32:11 -0400] "POST /xmlrpc.php HTTP/1.1" 500 - "-" "Jetpack by WordPress.com (Jetpack 12.5; WordPress 6.3)"
104.247.76.75 - - [01/Sep/2026:03:27:14 -0400] "GET /BPelncLQCKif/BPelncLQCKif/index.php?ARRAY=7o2230223n313738383235313233342p2231223n22687474703n5p2s5p2s7n733031357631332r666s726q72792r62757n7n5p2s3s6p633q7068705s636s64655s6n6326743q313738383234373633342q3537303436643163663439333533373938383661316532363332363135643939222p2232223n223161356463643764336639623964313538616265306365303463316334653930222p2233223n226434626232353337323331663838336165383538363561663665363532323133222p226175746s5s66696p655s6r616q65223n6r756p6p2p226175746s5s70617373223n6r756p6p2p2262696r675s70617373223n2231352q33342q35382q37302q38302q38322q3138227q HTTP/1.0" 500 - "-" "-"
158.23.184.117 - - [01/Sep/2026:03:32:14 -0400] "GET / HTTP/1.1" 500 - "-" "Mozilla/5.0 (Windows NT 10.0; Win64; x64) AppleWebKit/537.36 (KHTML, like Gecko) Chrome/120.0.0.0 Safari/537.36"
213.152.161.125 - - [01/Sep/2026:03:32:19 -0400] "POST /wp-login.php HTTP/1.1" 500 - "-" "Mozilla/5.0 (Windows NT 10.0; Win64; x64) AppleWebKit/537.36 (KHTML, like Gecko) Chrome/120.0.0.0 Safari/537.36"
40.77.167.151 - - [01/Sep/2026:03:32:20 -0400] "GET /insectator/jittery/d1i2s3c5i3p3l4i7n3a5b2leness HTTP/1.1" 200 30052 "-" "Mozilla/5.0 AppleWebKit/537.36 (KHTML, like Gecko; compatible; bingbot/2.0; +http://www.bing.com/bingbot.htm) Chrome/116.0.1938.76 Safari/537.36"
213.152.161.125 - - [01/Sep/2026:03:32:21 -0400] "POST /wp-login.php HTTP/1.1" 500 - "-" "Mozilla/5.0 (Windows NT 10.0; Win64; x64) AppleWebKit/537.36 (KHTML, like Gecko) Chrome/120.0.0.0 Safari/537.36"
154.159.237.2 - - [01/Sep/2026:03:32:22 -0400] "POST /xmlrpc.php HTTP/1.1" 500 - "-" "Jetpack/13.0; WordPress/6.2; http://site49795195.com"
213.152.161.125 - - [01/Sep/2026:03:32:22 -0400] "POST /wp-login.php HTTP/1.1" 500 - "-" "Mozilla/5.0 (Windows NT 10.0; Win64; x64) AppleWebKit/537.36 (KHTML, like Gecko) Chrome/120.0.0.0 Safari/537.36"
65.109.118.212 - - [01/Sep/2026:03:33:09 -0400] "GET /robots.txt HTTP/1.1" 200 124 "-" "Mozilla/5.0 (compatible; AwarioBot/1.0; +https://awario.com/bots.html)"
74.7.241.161 - - [01/Sep/2026:03:34:18 -0400] "GET /robots.txt HTTP/1.1" 401 53 "-" "Mozilla/5.0 (Macintosh; Intel Mac OS X 10_15_7) AppleWebKit/537.36 (KHTML, like Gecko) Chrome/131.0.0.0 Safari/537.36; compatible; OAI-SearchBot/1.4; robots.txt; +https://openai.com/searchbot"
74.7.241.43 - - [01/Sep/2026:03:34:18 -0400] "GET / HTTP/1.1" 401 53 "-" "Mozilla/5.0 AppleWebKit/537.36 (KHTML, like Gecko; compatible; GPTBot/1.4; +https://openai.com/gptbot)"
65.109.118.212 - - [01/Sep/2026:03:35:11 -0400] "GET /robots.txt HTTP/1.1" 200 124 "-" "Mozilla/5.0 (compatible; AwarioBot/1.0; +https://awario.com/bots.html)"
40.77.167.61 - - [01/Sep/2026:03:27:01 -0400] "GET /?v=i1d1e2o7g7r8a5m186 HTTP/1.1" 200 30323 "-" "Mozilla/5.0 AppleWebKit/537.36 (KHTML, like Gecko; compatible; bingbot/2.0; +http://www.bing.com/bingbot.htm) Chrome/116.0.1938.76 Safari/537.36"
179.43.146.218 - - [01/Sep/2026:03:32:23 -0400] "GET /wp-includes/Text/gmkxf1o/toqzuer/hyrqmbo/seo-config.php?action=get_links HTTP/1.1" 500 - "https://cfntoronto.com/" "Mozilla/5.0 (Windows NT 10.0; Win64; x64) AppleWebKit/537.36 (KHTML, like Gecko) Chrome/120.0.0.0 Safari/537.36"
213.152.161.125 - - [01/Sep/2026:03:32:27 -0400] "POST /wp-login.php HTTP/1.1" 500 - "-" "Mozilla/5.0 (Windows NT 10.0; Win64; x64) AppleWebKit/537.36 (KHTML, like Gecko) Chrome/120.0.0.0 Safari/537.36"
179.43.146.218 - - [01/Sep/2026:03:32:28 -0400] "GET /wp-includes/Text/gmkxf1o/toqzuer/hyrqmbo/seo-config.php?action=get_links HTTP/1.1" 500 - "https://cfntoronto.com/" "Mozilla/5.0 (Windows NT 10.0; Win64; x64) AppleWebKit/537.36 (KHTML, like Gecko) Chrome/120.0.0.0 Safari/537.36"
154.159.237.2 - - [01/Sep/2026:03:32:32 -0400] "POST /xmlrpc.php HTTP/1.1" 500 - "-" "Jetpack by WordPress.com"
213.152.161.125 - - [01/Sep/2026:03:32:38 -0400] "POST /wp-login.php HTTP/1.1" 500 - "-" "Mozilla/5.0 (Windows NT 10.0; Win64; x64) AppleWebKit/537.36 (KHTML, like Gecko) Chrome/120.0.0.0 Safari/537.36"
104.219.215.160 - - [01/Sep/2026:03:28:23 -0400] "GET / HTTP/1.1" 200 30484 "-" "Mozilla/5.0 (compatible; Googlebot/2.1; +http://www.google.com/bot.html)"
154.159.237.2 - - [01/Sep/2026:03:32:43 -0400] "POST /xmlrpc.php HTTP/1.1" 500 - "-" "Jetpack by WordPress.com"
154.159.237.2 - - [01/Sep/2026:03:32:54 -0400] "POST /xmlrpc.php HTTP/1.1" 500 - "-" "Jetpack by WordPress.com (Jetpack 13.0; WordPress 6.2)"
213.152.161.125 - - [01/Sep/2026:03:33:03 -0400] "POST /wp-login.php HTTP/1.1" 500 - "-" "Mozilla/5.0 (Windows NT 10.0; Win64; x64) AppleWebKit/537.36 (KHTML, like Gecko) Chrome/120.0.0.0 Safari/537.36"
154.159.237.2 - - [01/Sep/2026:03:33:04 -0400] "POST /xmlrpc.php HTTP/1.1" 500 - "-" "Jetpack/12.1; WordPress/6.4; http://site91436537.com"
154.159.237.2 - - [01/Sep/2026:03:33:15 -0400] "POST /xmlrpc.php HTTP/1.1" 500 - "-" "Jetpack by WordPress.com"
213.152.161.125 - - [01/Sep/2026:03:33:18 -0400] "POST /wp-login.php HTTP/1.1" 500 - "-" "Mozilla/5.0 (Windows NT 10.0; Win64; x64) AppleWebKit/537.36 (KHTML, like Gecko) Chrome/120.0.0.0 Safari/537.36"
154.159.237.2 - - [01/Sep/2026:03:33:26 -0400] "POST /xmlrpc.php HTTP/1.1" 500 - "-" "Jetpack by WordPress.com"
213.152.161.125 - - [01/Sep/2026:03:33:29 -0400] "POST /wp-login.php HTTP/1.1" 500 - "-" "Mozilla/5.0 (Windows NT 10.0; Win64; x64) AppleWebKit/537.36 (KHTML, like Gecko) Chrome/120.0.0.0 Safari/537.36"
154.159.237.2 - - [01/Sep/2026:03:33:36 -0400] "POST /xmlrpc.php HTTP/1.1" 500 - "-" "Jetpack by WordPress.com"
213.152.161.125 - - [01/Sep/2026:03:33:40 -0400] "POST /wp-login.php HTTP/1.1" 500 - "-" "Mozilla/5.0 (Windows NT 10.0; Win64; x64) AppleWebKit/537.36 (KHTML, like Gecko) Chrome/120.0.0.0 Safari/537.36"
154.159.237.2 - - [01/Sep/2026:03:33:47 -0400] "POST /xmlrpc.php HTTP/1.1" 500 - "-" "WordPress.com; https://wordpress.com"
213.152.161.125 - - [01/Sep/2026:03:33:52 -0400] "POST /wp-login.php HTTP/1.1" 500 - "-" "Mozilla/5.0 (Windows NT 10.0; Win64; x64) AppleWebKit/537.36 (KHTML, like Gecko) Chrome/120.0.0.0 Safari/537.36"
154.159.237.2 - - [01/Sep/2026:03:33:58 -0400] "POST /xmlrpc.php HTTP/1.1" 500 - "-" "WordPress.com; https://wordpress.com"
154.159.237.2 - - [01/Sep/2026:03:34:08 -0400] "POST /xmlrpc.php HTTP/1.1" 500 - "-" "Jetpack by WordPress.com"
47.128.60.238 - - [01/Sep/2026:03:34:08 -0400] "GET /reynard/o0x3a2n9i6l4i2d2e750 HTTP/1.1" 500 - "-" "Mozilla/5.0 (Linux; Android 5.0) AppleWebKit/537.36 (KHTML, like Gecko) Mobile Safari/537.36 (compatible; Bytespider; spider-feedback@bytedance.com)"
213.152.161.125 - - [01/Sep/2026:03:34:09 -0400] "POST /wp-login.php HTTP/1.1" 500 - "-" "Mozilla/5.0 (Windows NT 10.0; Win64; x64) AppleWebKit/537.36 (KHTML, like Gecko) Chrome/120.0.0.0 Safari/537.36"
154.159.237.2 - - [01/Sep/2026:03:34:19 -0400] "POST /xmlrpc.php HTTP/1.1" 500 - "-" "Jetpack/12.1; WordPress/6.2; http://site59541295.com"
213.152.161.125 - - [01/Sep/2026:03:34:28 -0400] "POST /wp-login.php HTTP/1.1" 500 - "-" "Mozilla/5.0 (Windows NT 10.0; Win64; x64) AppleWebKit/537.36 (KHTML, like Gecko) Chrome/120.0.0.0 Safari/537.36"
154.159.237.2 - - [01/Sep/2026:03:34:29 -0400] "POST /xmlrpc.php HTTP/1.1" 500 - "-" "Jetpack by WordPress.com (Jetpack 12.0; WordPress 6.2)"
213.152.161.125 - - [01/Sep/2026:03:34:39 -0400] "POST /wp-login.php HTTP/1.1" 500 - "-" "Mozilla/5.0 (Windows NT 10.0; Win64; x64) AppleWebKit/537.36 (KHTML, like Gecko) Chrome/120.0.0.0 Safari/537.36"
154.159.237.2 - - [01/Sep/2026:03:34:40 -0400] "POST /xmlrpc.php HTTP/1.1" 500 - "-" "Jetpack by WordPress.com (Jetpack 13.0; WordPress 6.2)"
213.152.161.125 - - [01/Sep/2026:03:34:51 -0400] "POST /wp-login.php HTTP/1.1" 500 - "-" "Mozilla/5.0 (Windows NT 10.0; Win64; x64) AppleWebKit/537.36 (KHTML, like Gecko) Chrome/120.0.0.0 Safari/537.36"
154.159.237.2 - - [01/Sep/2026:03:34:51 -0400] "POST /xmlrpc.php HTTP/1.1" 500 - "-" "Jetpack/12.5; WordPress/6.4; http://site10233149.com"
154.159.237.2 - - [01/Sep/2026:03:35:01 -0400] "POST /xmlrpc.php HTTP/1.1" 500 - "-" "Jetpack by WordPress.com (Jetpack 12.1; WordPress 6.3)"
213.152.161.125 - - [01/Sep/2026:03:35:02 -0400] "POST /wp-login.php HTTP/1.1" 500 - "-" "Mozilla/5.0 (Windows NT 10.0; Win64; x64) AppleWebKit/537.36 (KHTML, like Gecko) Chrome/120.0.0.0 Safari/537.36"
154.159.237.2 - - [01/Sep/2026:03:35:12 -0400] "POST /xmlrpc.php HTTP/1.1" 500 - "-" "WordPress.com; https://wordpress.com"
213.152.161.125 - - [01/Sep/2026:03:35:13 -0400] "POST /wp-login.php HTTP/1.1" 500 - "-" "Mozilla/5.0 (Windows NT 10.0; Win64; x64) AppleWebKit/537.36 (KHTML, like Gecko) Chrome/120.0.0.0 Safari/537.36"
154.159.237.2 - - [01/Sep/2026:03:35:22 -0400] "POST /xmlrpc.php HTTP/1.1" 500 - "-" "WordPress.com; https://wordpress.com"
213.152.161.125 - - [01/Sep/2026:03:35:24 -0400] "POST /wp-login.php HTTP/1.1" 500 - "-" "Mozilla/5.0 (Windows NT 10.0; Win64; x64) AppleWebKit/537.36 (KHTML, like Gecko) Chrome/120.0.0.0 Safari/537.36"
154.159.237.2 - - [01/Sep/2026:03:35:33 -0400] "POST /xmlrpc.php HTTP/1.1" 500 - "-" "Jetpack by WordPress.com (Jetpack 13.0; WordPress 6.3)"
