179.43.146.218 - - [31/Aug/2026:09:20:20 -0400] "POST /wp-includes/Text/gmkxf1o/toqzuer/hyrqmbo/seo-config.php?action=add_link HTTP/1.1" 500 - "https://cfntoronto.com/" "Mozilla/5.0 (Windows NT 10.0; Win64; x64) AppleWebKit/537.36 (KHTML, like Gecko) Chrome/120.0.0.0 Safari/537.36"
179.43.146.218 - - [31/Aug/2026:09:20:20 -0400] "POST /wp-includes/Text/gmkxf1o/toqzuer/hyrqmbo/seo-config.php?action=add_link HTTP/1.1" 500 - "https://cfntoronto.com/" "Mozilla/5.0 (Windows NT 10.0; Win64; x64) AppleWebKit/537.36 (KHTML, like Gecko) Chrome/120.0.0.0 Safari/537.36"
74.7.241.19 - - [31/Aug/2026:09:20:21 -0400] "GET /?v=o2b2l1e0c6t3a1t8e657 HTTP/1.1" 500 - "https://cfntoronto.com/sitemap.xml" "Mozilla/5.0 AppleWebKit/537.36 (KHTML, like Gecko; compatible; GPTBot/1.4; +https://openai.com/gptbot)"
179.43.146.218 - - [31/Aug/2026:09:20:31 -0400] "POST /wp-includes/Text/gmkxf1o/toqzuer/hyrqmbo/seo-config.php?action=add_link HTTP/1.1" 500 - "https://cfntoronto.com/" "Mozilla/5.0 (Windows NT 10.0; Win64; x64) AppleWebKit/537.36 (KHTML, like Gecko) Chrome/120.0.0.0 Safari/537.36"
179.43.146.218 - - [31/Aug/2026:09:20:32 -0400] "POST /wp-includes/Text/gmkxf1o/toqzuer/hyrqmbo/seo-config.php?action=add_link HTTP/1.1" 500 - "https://cfntoronto.com/" "Mozilla/5.0 (Windows NT 10.0; Win64; x64) AppleWebKit/537.36 (KHTML, like Gecko) Chrome/120.0.0.0 Safari/537.36"
74.7.241.19 - - [31/Aug/2026:09:20:41 -0400] "GET /?v=p2a3n9d0u3r4a4t0e726 HTTP/1.1" 500 - "https://cfntoronto.com/sitemap.xml" "Mozilla/5.0 AppleWebKit/537.36 (KHTML, like Gecko; compatible; GPTBot/1.4; +https://openai.com/gptbot)"
74.7.241.19 - - [31/Aug/2026:09:21:01 -0400] "GET /?v=d2i3s6f5o0r9e0s7t971 HTTP/1.1" 500 - "https://cfntoronto.com/sitemap.xml" "Mozilla/5.0 AppleWebKit/537.36 (KHTML, like Gecko; compatible; GPTBot/1.4; +https://openai.com/gptbot)"
52.167.144.166 - - [31/Aug/2026:09:21:06 -0400] "GET /shop/pg/1005024086/ HTTP/1.1" 200 33 "-" "Mozilla/5.0 AppleWebKit/537.36 (KHTML, like Gecko; compatible; bingbot/2.0; +http://www.bing.com/bingbot.htm) Chrome/116.0.1938.76 Safari/537.36"
65.109.118.212 - - [31/Aug/2026:09:21:16 -0400] "GET /robots.txt HTTP/1.1" 200 124 "-" "Mozilla/5.0 (compatible; AwarioBot/1.0; +https://awario.com/bots.html)"
74.7.241.19 - - [31/Aug/2026:09:21:21 -0400] "GET /?v=s2c2r0i7b8a8b3l5e719 HTTP/1.1" 500 - "https://cfntoronto.com/sitemap.xml" "Mozilla/5.0 AppleWebKit/537.36 (KHTML, like Gecko; compatible; GPTBot/1.4; +https://openai.com/gptbot)"
179.43.146.218 - - [31/Aug/2026:09:21:22 -0400] "POST /wp-includes/Text/gmkxf1o/toqzuer/hyrqmbo/seo-config.php?action=add_link HTTP/1.1" 500 - "https://cfntoronto.com/" "Mozilla/5.0 (Windows NT 10.0; Win64; x64) AppleWebKit/537.36 (KHTML, like Gecko) Chrome/120.0.0.0 Safari/537.36"
179.43.146.218 - - [31/Aug/2026:09:21:23 -0400] "POST /wp-includes/Text/gmkxf1o/toqzuer/hyrqmbo/seo-config.php?action=add_link HTTP/1.1" 500 - "https://cfntoronto.com/" "Mozilla/5.0 (Windows NT 10.0; Win64; x64) AppleWebKit/537.36 (KHTML, like Gecko) Chrome/120.0.0.0 Safari/537.36"
74.7.241.19 - - [31/Aug/2026:09:21:41 -0400] "GET /?v=f2i3r6s9t7b1o2r1n585 HTTP/1.1" 500 - "https://cfntoronto.com/sitemap.xml" "Mozilla/5.0 AppleWebKit/537.36 (KHTML, like Gecko; compatible; GPTBot/1.4; +https://openai.com/gptbot)"
52.167.144.165 - - [31/Aug/2026:09:21:42 -0400] "GET /shops/conceded/s3i2l5i3c7i6u8r8e9t9t0ed HTTP/1.1" 200 33 "-" "Mozilla/5.0 AppleWebKit/537.36 (KHTML, like Gecko; compatible; bingbot/2.0; +http://www.bing.com/bingbot.htm) Chrome/116.0.1938.76 Safari/537.36"
74.7.241.19 - - [31/Aug/2026:09:22:01 -0400] "GET /?v=e2u2p3h1r6a5t0e5s839 HTTP/1.1" 500 - "https://cfntoronto.com/sitemap.xml" "Mozilla/5.0 AppleWebKit/537.36 (KHTML, like Gecko; compatible; GPTBot/1.4; +https://openai.com/gptbot)"
74.7.241.19 - - [31/Aug/2026:09:22:21 -0400] "GET /?v=f2i1l0t8r0a9t8e7d386 HTTP/1.1" 500 - "https://cfntoronto.com/sitemap.xml" "Mozilla/5.0 AppleWebKit/537.36 (KHTML, like Gecko; compatible; GPTBot/1.4; +https://openai.com/gptbot)"
74.7.241.19 - - [31/Aug/2026:09:22:41 -0400] "GET /?v=w2h2e6y8f2a9c4e2d135 HTTP/1.1" 500 - "https://cfntoronto.com/sitemap.xml" "Mozilla/5.0 AppleWebKit/537.36 (KHTML, like Gecko; compatible; GPTBot/1.4; +https://openai.com/gptbot)"
74.7.241.19 - - [31/Aug/2026:09:23:01 -0400] "GET /?v=b2i1s8e0c9t4i1n5g407 HTTP/1.1" 500 - "https://cfntoronto.com/sitemap.xml" "Mozilla/5.0 AppleWebKit/537.36 (KHTML, like Gecko; compatible; GPTBot/1.4; +https://openai.com/gptbot)"
65.109.118.212 - - [31/Aug/2026:09:23:18 -0400] "GET /robots.txt HTTP/1.1" 200 124 "-" "Mozilla/5.0 (compatible; AwarioBot/1.0; +https://awario.com/bots.html)"
74.7.241.19 - - [31/Aug/2026:09:23:21 -0400] "GET /?v=c2o4a0d6u1n5a3t7e460 HTTP/1.1" 500 - "https://cfntoronto.com/sitemap.xml" "Mozilla/5.0 AppleWebKit/537.36 (KHTML, like Gecko; compatible; GPTBot/1.4; +https://openai.com/gptbot)"
74.7.241.19 - - [31/Aug/2026:09:23:41 -0400] "GET /?v=p2r3i5n8t9s5h4o9p317 HTTP/1.1" 500 - "https://cfntoronto.com/sitemap.xml" "Mozilla/5.0 AppleWebKit/537.36 (KHTML, like Gecko; compatible; GPTBot/1.4; +https://openai.com/gptbot)"
74.7.241.19 - - [31/Aug/2026:09:24:01 -0400] "GET /?v=u2n3p6e7r0p5l9e1x154 HTTP/1.1" 500 - "https://cfntoronto.com/sitemap.xml" "Mozilla/5.0 AppleWebKit/537.36 (KHTML, like Gecko; compatible; GPTBot/1.4; +https://openai.com/gptbot)"
104.219.215.160 - - [31/Aug/2026:09:24:11 -0400] "GET / HTTP/1.1" 200 19496 "-" "Mozilla/5.0 (compatible; Googlebot/2.1; +http://www.google.com/bot.html)"
74.7.241.19 - - [31/Aug/2026:09:24:21 -0400] "GET /?v=a2d1a9p8t6n6e3s5s750 HTTP/1.1" 500 - "https://cfntoronto.com/sitemap.xml" "Mozilla/5.0 AppleWebKit/537.36 (KHTML, like Gecko; compatible; GPTBot/1.4; +https://openai.com/gptbot)"
179.43.146.218 - - [31/Aug/2026:09:24:36 -0400] "POST /wp-includes/Text/gmkxf1o/toqzuer/hyrqmbo/seo-config.php?action=add_link HTTP/1.1" 500 - "https://cfntoronto.com/" "Mozilla/5.0 (Windows NT 10.0; Win64; x64) AppleWebKit/537.36 (KHTML, like Gecko) Chrome/120.0.0.0 Safari/537.36"
179.43.146.218 - - [31/Aug/2026:09:24:37 -0400] "POST /wp-includes/Text/gmkxf1o/toqzuer/hyrqmbo/seo-config.php?action=add_link HTTP/1.1" 500 - "https://cfntoronto.com/" "Mozilla/5.0 (Windows NT 10.0; Win64; x64) AppleWebKit/537.36 (KHTML, like Gecko) Chrome/120.0.0.0 Safari/537.36"
179.43.146.218 - - [31/Aug/2026:09:24:38 -0400] "POST /wp-includes/Text/gmkxf1o/toqzuer/hyrqmbo/seo-config.php?action=add_link HTTP/1.1" 500 - "https://cfntoronto.com/" "Mozilla/5.0 (Windows NT 10.0; Win64; x64) AppleWebKit/537.36 (KHTML, like Gecko) Chrome/120.0.0.0 Safari/537.36"
74.7.241.19 - - [31/Aug/2026:09:24:41 -0400] "GET /?v=g2u2a4r8d3f6i1s4h427 HTTP/1.1" 500 - "https://cfntoronto.com/sitemap.xml" "Mozilla/5.0 AppleWebKit/537.36 (KHTML, like Gecko; compatible; GPTBot/1.4; +https://openai.com/gptbot)"
40.77.167.132 - - [31/Aug/2026:09:24:55 -0400] "GET /supercurious/strontium/42055523284 HTTP/1.1" 200 33 "-" "Mozilla/5.0 AppleWebKit/537.36 (KHTML, like Gecko; compatible; bingbot/2.0; +http://www.bing.com/bingbot.htm) Chrome/116.0.1938.76 Safari/537.36"
74.7.241.19 - - [31/Aug/2026:09:25:01 -0400] "GET /?v=u2n2r6a7t4a8b1l3e151 HTTP/1.1" 500 - "https://cfntoronto.com/sitemap.xml" "Mozilla/5.0 AppleWebKit/537.36 (KHTML, like Gecko; compatible; GPTBot/1.4; +https://openai.com/gptbot)"
65.109.118.212 - - [31/Aug/2026:09:25:19 -0400] "GET /robots.txt HTTP/1.1" 200 124 "-" "Mozilla/5.0 (compatible; AwarioBot/1.0; +https://awario.com/bots.html)"
74.7.241.19 - - [31/Aug/2026:09:25:21 -0400] "GET /?v=h2a2l5l3o0w5m9a8s681 HTTP/1.1" 500 - "https://cfntoronto.com/sitemap.xml" "Mozilla/5.0 AppleWebKit/537.36 (KHTML, like Gecko; compatible; GPTBot/1.4; +https://openai.com/gptbot)"
45.227.253.15 - - [31/Aug/2026:09:25:25 -0400] "GET /index.php/jk HTTP/1.1" 200 59 "-" "Mozilla/5.0 (Windows NT 10.0; Win64; x64) AppleWebKit/537.36 (KHTML, like Gecko) Chrome/80.0.3980 Safari/537.36 Edg/80.0.145.1"
74.7.241.19 - - [31/Aug/2026:09:25:41 -0400] "GET /?v=w2a3r3n5s7t9o8r6e360 HTTP/1.1" 500 - "https://cfntoronto.com/sitemap.xml" "Mozilla/5.0 AppleWebKit/537.36 (KHTML, like Gecko; compatible; GPTBot/1.4; +https://openai.com/gptbot)"
74.7.241.19 - - [31/Aug/2026:09:26:01 -0400] "GET /?v=e2n3d2o6s3t0y1l6e851 HTTP/1.1" 500 - "https://cfntoronto.com/sitemap.xml" "Mozilla/5.0 AppleWebKit/537.36 (KHTML, like Gecko; compatible; GPTBot/1.4; +https://openai.com/gptbot)"
198.204.240.234 - - [31/Aug/2026:09:26:09 -0400] "GET /wp-includes/br06391a/edit.php HTTP/1.1" 200 26 "https://cfntoronto.com/wp-includes/br06391a/edit.php" "Mozilla/5.0 (Macintosh; U; PPC Mac OS X; ja-jp) AppleWebKit/523.12 (KHTML, like Gecko) Version/3.0.4 Safari/523.12"
74.7.241.19 - - [31/Aug/2026:09:26:21 -0400] "GET /?v=s2e2m3i0n1o4l1e1s444 HTTP/1.1" 500 - "https://cfntoronto.com/sitemap.xml" "Mozilla/5.0 AppleWebKit/537.36 (KHTML, like Gecko; compatible; GPTBot/1.4; +https://openai.com/gptbot)"
74.7.241.19 - - [31/Aug/2026:09:26:41 -0400] "GET /?v=h2y3p8o3t7o3n2i9c777 HTTP/1.1" 500 - "https://cfntoronto.com/sitemap.xml" "Mozilla/5.0 AppleWebKit/537.36 (KHTML, like Gecko; compatible; GPTBot/1.4; +https://openai.com/gptbot)"
40.77.167.1 - - [31/Aug/2026:09:26:42 -0400] "GET /?v=n3u3n8c9i3a4t9u0r9e64 HTTP/1.1" 200 33 "-" "Mozilla/5.0 AppleWebKit/537.36 (KHTML, like Gecko; compatible; bingbot/2.0; +http://www.bing.com/bingbot.htm) Chrome/116.0.1938.76 Safari/537.36"
179.43.146.218 - - [31/Aug/2026:09:26:42 -0400] "POST /wp-includes/Text/gmkxf1o/toqzuer/hyrqmbo/seo-config.php?action=add_link HTTP/1.1" 500 - "https://cfntoronto.com/" "Mozilla/5.0 (Windows NT 10.0; Win64; x64) AppleWebKit/537.36 (KHTML, like Gecko) Chrome/120.0.0.0 Safari/537.36"
179.43.146.218 - - [31/Aug/2026:09:26:55 -0400] "POST /wp-includes/Text/gmkxf1o/toqzuer/hyrqmbo/seo-config.php?action=add_link HTTP/1.1" 500 - "https://cfntoronto.com/" "Mozilla/5.0 (Windows NT 10.0; Win64; x64) AppleWebKit/537.36 (KHTML, like Gecko) Chrome/120.0.0.0 Safari/537.36"
179.43.146.218 - - [31/Aug/2026:09:26:56 -0400] "POST /wp-includes/Text/gmkxf1o/toqzuer/hyrqmbo/seo-config.php?action=add_link HTTP/1.1" 500 - "https://cfntoronto.com/" "Mozilla/5.0 (Windows NT 10.0; Win64; x64) AppleWebKit/537.36 (KHTML, like Gecko) Chrome/120.0.0.0 Safari/537.36"
74.7.241.19 - - [31/Aug/2026:09:27:01 -0400] "GET /?v=d2i2s9t5u5r8b6a0n1ce HTTP/1.1" 500 - "https://cfntoronto.com/sitemap.xml" "Mozilla/5.0 AppleWebKit/537.36 (KHTML, like Gecko; compatible; GPTBot/1.4; +https://openai.com/gptbot)"
40.77.167.132 - - [31/Aug/2026:09:27:08 -0400] "GET /?v=g6r1e7e5n8e5d23078 HTTP/1.1" 200 33 "-" "Mozilla/5.0 AppleWebKit/537.36 (KHTML, like Gecko; compatible; bingbot/2.0; +http://www.bing.com/bingbot.htm) Chrome/116.0.1938.76 Safari/537.36"
179.43.146.218 - - [31/Aug/2026:09:27:11 -0400] "POST /wp-includes/Text/gmkxf1o/toqzuer/hyrqmbo/seo-config.php?action=add_link HTTP/1.1" 500 - "https://cfntoronto.com/" "Mozilla/5.0 (Windows NT 10.0; Win64; x64) AppleWebKit/537.36 (KHTML, like Gecko) Chrome/120.0.0.0 Safari/537.36"
179.43.146.218 - - [31/Aug/2026:09:27:12 -0400] "POST /wp-includes/Text/gmkxf1o/toqzuer/hyrqmbo/seo-config.php?action=add_link HTTP/1.1" 500 - "https://cfntoronto.com/" "Mozilla/5.0 (Windows NT 10.0; Win64; x64) AppleWebKit/537.36 (KHTML, like Gecko) Chrome/120.0.0.0 Safari/537.36"
198.204.240.234 - - [31/Aug/2026:09:25:49 -0400] "GET /wp-includes/br06391a/edit.php HTTP/1.1" 200 - "https://cfntoronto.com/wp-includes/br06391a/edit.php" "Mozilla/5.0 (Windows NT 10.0; WOW64) AppleWebKit/537.36 (KHTML, like Gecko) Chrome/74.0.3729.131 Safari/537.36"
74.7.241.19 - - [31/Aug/2026:09:27:21 -0400] "GET /?v=f2a2s9h8i8o1n5m4o2n2gering HTTP/1.1" 500 - "https://cfntoronto.com/sitemap.xml" "Mozilla/5.0 AppleWebKit/537.36 (KHTML, like Gecko; compatible; GPTBot/1.4; +https://openai.com/gptbot)"
179.43.146.218 - - [31/Aug/2026:09:27:33 -0400] "POST /wp-includes/Text/gmkxf1o/toqzuer/hyrqmbo/seo-config.php?action=add_link HTTP/1.1" 500 - "https://cfntoronto.com/" "Mozilla/5.0 (Windows NT 10.0; Win64; x64) AppleWebKit/537.36 (KHTML, like Gecko) Chrome/120.0.0.0 Safari/537.36"
65.109.118.212 - - [31/Aug/2026:09:27:38 -0400] "GET /robots.txt HTTP/1.1" 200 124 "-" "Mozilla/5.0 (compatible; AwarioBot/1.0; +https://awario.com/bots.html)"
74.7.241.19 - - [31/Aug/2026:09:27:41 -0400] "GET /?v=h2e1t1e9r7o8g5e0n0e7o6usness HTTP/1.1" 500 - "https://cfntoronto.com/sitemap.xml" "Mozilla/5.0 AppleWebKit/537.36 (KHTML, like Gecko; compatible; GPTBot/1.4; +https://openai.com/gptbot)"
74.7.241.19 - - [31/Aug/2026:09:28:01 -0400] "GET /?v=u2n2d4e9n2o9m5i5n5a1t0ional HTTP/1.1" 500 - "https://cfntoronto.com/sitemap.xml" "Mozilla/5.0 AppleWebKit/537.36 (KHTML, like Gecko; compatible; GPTBot/1.4; +https://openai.com/gptbot)"
74.7.241.19 - - [31/Aug/2026:09:28:21 -0400] "GET /?v=b2r1y9o8p3h2i5t9a061 HTTP/1.1" 500 - "https://cfntoronto.com/sitemap.xml" "Mozilla/5.0 AppleWebKit/537.36 (KHTML, like Gecko; compatible; GPTBot/1.4; +https://openai.com/gptbot)"
74.7.241.19 - - [31/Aug/2026:09:28:41 -0400] "GET /?v=a2u1t0h3o2r4i3s7e165 HTTP/1.1" 500 - "https://cfntoronto.com/sitemap.xml" "Mozilla/5.0 AppleWebKit/537.36 (KHTML, like Gecko; compatible; GPTBot/1.4; +https://openai.com/gptbot)"
107.150.52.226 - - [31/Aug/2026:09:27:20 -0400] "GET /wp-includes/br06391a/edit.php?id=823179$sp HTTP/1.1" 200 - "https://cfntoronto.com/wp-includes/br06391a/edit.php?id=823179$sp" "Mozilla/5.0"
179.43.146.218 - - [31/Aug/2026:09:28:56 -0400] "POST /wp-includes/Text/gmkxf1o/toqzuer/hyrqmbo/seo-config.php?action=add_link HTTP/1.1" 500 - "https://cfntoronto.com/" "Mozilla/5.0 (Windows NT 10.0; Win64; x64) AppleWebKit/537.36 (KHTML, like Gecko) Chrome/120.0.0.0 Safari/537.36"
74.7.241.19 - - [31/Aug/2026:09:29:01 -0400] "GET /?v=d2i2a3l6o1g9i4s8t765 HTTP/1.1" 500 - "https://cfntoronto.com/sitemap.xml" "Mozilla/5.0 AppleWebKit/537.36 (KHTML, like Gecko; compatible; GPTBot/1.4; +https://openai.com/gptbot)"
74.7.241.19 - - [31/Aug/2026:09:29:21 -0400] "GET /?v=d2e2c8o3n1s7t2r3u8c4t0ionism HTTP/1.1" 500 - "https://cfntoronto.com/sitemap.xml" "Mozilla/5.0 AppleWebKit/537.36 (KHTML, like Gecko; compatible; GPTBot/1.4; +https://openai.com/gptbot)"
66.249.65.135 - - [31/Aug/2026:09:29:38 -0400] "GET /?v=d1r2o4m5e0581303 HTTP/1.1" 200 19480 "-" "Mozilla/5.0 (Linux; Android 6.0.1; Nexus 5X Build/MMB29P) AppleWebKit/537.36 (KHTML, like Gecko) Chrome/151.0.7922.173 Mobile Safari/537.36 (compatible; Googlebot/2.1; +http://www.google.com/bot.html)"
74.7.241.19 - - [31/Aug/2026:09:29:41 -0400] "GET /?ambassadorial/280361003 HTTP/1.1" 500 - "https://cfntoronto.com/sitemap.xml" "Mozilla/5.0 AppleWebKit/537.36 (KHTML, like Gecko; compatible; GPTBot/1.4; +https://openai.com/gptbot)"
40.77.167.132 - - [31/Aug/2026:09:29:47 -0400] "GET /chrysophylla/f3o2n7d0e5r909287 HTTP/1.1" 200 33 "-" "Mozilla/5.0 AppleWebKit/537.36 (KHTML, like Gecko; compatible; bingbot/2.0; +http://www.bing.com/bingbot.htm) Chrome/116.0.1938.76 Safari/537.36"
74.7.241.19 - - [31/Aug/2026:09:30:01 -0400] "GET /?v=g2a3i4n4g3i0v0i6n7g66 HTTP/1.1" 500 - "https://cfntoronto.com/sitemap.xml" "Mozilla/5.0 AppleWebKit/537.36 (KHTML, like Gecko; compatible; GPTBot/1.4; +https://openai.com/gptbot)"
65.109.118.212 - - [31/Aug/2026:09:30:09 -0400] "GET /robots.txt HTTP/1.1" 200 124 "-" "Mozilla/5.0 (compatible; AwarioBot/1.0; +https://awario.com/bots.html)"
66.249.65.135 - - [31/Aug/2026:09:30:10 -0400] "GET /?v=m0i2s3e2r5a1b6l0y604 HTTP/1.1" 200 19732 "-" "Mozilla/5.0 (compatible; Googlebot/2.1; +http://www.google.com/bot.html)"
74.7.241.19 - - [31/Aug/2026:09:30:21 -0400] "GET /?groundless/21765971333 HTTP/1.1" 500 - "https://cfntoronto.com/sitemap.xml" "Mozilla/5.0 AppleWebKit/537.36 (KHTML, like Gecko; compatible; GPTBot/1.4; +https://openai.com/gptbot)"
74.7.241.19 - - [31/Aug/2026:09:30:41 -0400] "GET /?v=h2y2s1t4e9r0o6e7p9i9l0eptic HTTP/1.1" 500 - "https://cfntoronto.com/sitemap.xml" "Mozilla/5.0 AppleWebKit/537.36 (KHTML, like Gecko; compatible; GPTBot/1.4; +https://openai.com/gptbot)"
179.43.146.218 - - [31/Aug/2026:09:30:42 -0400] "POST /wp-includes/Text/gmkxf1o/toqzuer/hyrqmbo/seo-config.php?action=add_link HTTP/1.1" 500 - "https://cfntoronto.com/" "Mozilla/5.0 (Windows NT 10.0; Win64; x64) AppleWebKit/537.36 (KHTML, like Gecko) Chrome/120.0.0.0 Safari/537.36"
179.43.146.218 - - [31/Aug/2026:09:30:43 -0400] "POST /wp-includes/Text/gmkxf1o/toqzuer/hyrqmbo/seo-config.php?action=add_link HTTP/1.1" 500 - "https://cfntoronto.com/" "Mozilla/5.0 (Windows NT 10.0; Win64; x64) AppleWebKit/537.36 (KHTML, like Gecko) Chrome/120.0.0.0 Safari/537.36"
74.7.241.19 - - [31/Aug/2026:09:31:01 -0400] "GET /?v=i2n4s0t8i6t2u5t0o8r42 HTTP/1.1" 500 - "https://cfntoronto.com/sitemap.xml" "Mozilla/5.0 AppleWebKit/537.36 (KHTML, like Gecko; compatible; GPTBot/1.4; +https://openai.com/gptbot)"
74.7.241.19 - - [31/Aug/2026:09:31:21 -0400] "GET /?v=u2n4s1e2c3o2n3d8e4d02 HTTP/1.1" 500 - "https://cfntoronto.com/sitemap.xml" "Mozilla/5.0 AppleWebKit/537.36 (KHTML, like Gecko; compatible; GPTBot/1.4; +https://openai.com/gptbot)"
179.43.146.218 - - [31/Aug/2026:09:31:29 -0400] "POST /wp-includes/Text/gmkxf1o/toqzuer/hyrqmbo/seo-config.php?action=add_link HTTP/1.1" 500 - "https://cfntoronto.com/" "Mozilla/5.0 (Windows NT 10.0; Win64; x64) AppleWebKit/537.36 (KHTML, like Gecko) Chrome/120.0.0.0 Safari/537.36"
179.43.146.218 - - [31/Aug/2026:09:31:30 -0400] "POST /wp-includes/Text/gmkxf1o/toqzuer/hyrqmbo/seo-config.php?action=add_link HTTP/1.1" 500 - "https://cfntoronto.com/" "Mozilla/5.0 (Windows NT 10.0; Win64; x64) AppleWebKit/537.36 (KHTML, like Gecko) Chrome/120.0.0.0 Safari/537.36"
74.7.241.19 - - [31/Aug/2026:09:31:41 -0400] "GET /?v=g2e1n1t2l7e9n7e1s6s56 HTTP/1.1" 500 - "https://cfntoronto.com/sitemap.xml" "Mozilla/5.0 AppleWebKit/537.36 (KHTML, like Gecko; compatible; GPTBot/1.4; +https://openai.com/gptbot)"
179.43.146.218 - - [31/Aug/2026:09:31:48 -0400] "GET /wp-includes/Text/gmkxf1o/toqzuer/hyrqmbo/seo-config.php?action=fast_ping HTTP/1.1" 500 - "https://cfntoronto.com/" "Mozilla/5.0 (Windows NT 10.0; Win64; x64) AppleWebKit/537.36 (KHTML, like Gecko) Chrome/120.0.0.0 Safari/537.36"
179.43.146.218 - - [31/Aug/2026:09:31:49 -0400] "GET /wp-includes/Text/gmkxf1o/toqzuer/hyrqmbo/seo-config.php?action=health HTTP/1.1" 500 - "https://cfntoronto.com/" "Mozilla/5.0 (Windows NT 10.0; Win64; x64) AppleWebKit/537.36 (KHTML, like Gecko) Chrome/120.0.0.0 Safari/537.36"
179.43.146.218 - - [31/Aug/2026:09:31:49 -0400] "GET /wp-includes/Text/gmkxf1o/toqzuer/hyrqmbo/seo-config.php?action=ultra_ping HTTP/1.1" 500 - "https://cfntoronto.com/" "Mozilla/5.0 (Windows NT 10.0; Win64; x64) AppleWebKit/537.36 (KHTML, like Gecko) Chrome/120.0.0.0 Safari/537.36"
179.43.146.218 - - [31/Aug/2026:09:31:50 -0400] "GET /wp-includes/Text/gmkxf1o/toqzuer/hyrqmbo/seo-config.php?action=ping HTTP/1.1" 500 - "https://cfntoronto.com/" "Mozilla/5.0 (Windows NT 10.0; Win64; x64) AppleWebKit/537.36 (KHTML, like Gecko) Chrome/120.0.0.0 Safari/537.36"
179.43.146.218 - - [31/Aug/2026:09:31:51 -0400] "GET /.rs_key HTTP/1.1" 500 - "https://cfntoronto.com/" "Mozilla/5.0 (Windows NT 10.0; Win64; x64) AppleWebKit/537.36 (KHTML, like Gecko) Chrome/120.0.0.0 Safari/537.36"
179.43.146.218 - - [31/Aug/2026:09:31:51 -0400] "GET /.key HTTP/1.1" 500 - "https://cfntoronto.com/" "Mozilla/5.0 (Windows NT 10.0; Win64; x64) AppleWebKit/537.36 (KHTML, like Gecko) Chrome/120.0.0.0 Safari/537.36"
179.43.146.218 - - [31/Aug/2026:09:31:52 -0400] "GET /site.key HTTP/1.1" 500 - "https://cfntoronto.com/" "Mozilla/5.0 (Windows NT 10.0; Win64; x64) AppleWebKit/537.36 (KHTML, like Gecko) Chrome/120.0.0.0 Safari/537.36"
179.43.146.218 - - [31/Aug/2026:09:31:53 -0400] "GET /site_key.txt HTTP/1.1" 500 - "https://cfntoronto.com/" "Mozilla/5.0 (Windows NT 10.0; Win64; x64) AppleWebKit/537.36 (KHTML, like Gecko) Chrome/120.0.0.0 Safari/537.36"
179.43.146.218 - - [31/Aug/2026:09:31:53 -0400] "GET /wp-includes/Text/gmkxf1o/toqzuer/hyrqmbo/.rs_key HTTP/1.1" 500 - "https://cfntoronto.com/" "Mozilla/5.0 (Windows NT 10.0; Win64; x64) AppleWebKit/537.36 (KHTML, like Gecko) Chrome/120.0.0.0 Safari/537.36"
179.43.146.218 - - [31/Aug/2026:09:31:54 -0400] "GET /wp-includes/Text/gmkxf1o/toqzuer/hyrqmbo/.key HTTP/1.1" 500 - "https://cfntoronto.com/" "Mozilla/5.0 (Windows NT 10.0; Win64; x64) AppleWebKit/537.36 (KHTML, like Gecko) Chrome/120.0.0.0 Safari/537.36"
179.43.146.218 - - [31/Aug/2026:09:31:55 -0400] "GET /wp-includes/Text/gmkxf1o/toqzuer/hyrqmbo/site.key HTTP/1.1" 500 - "https://cfntoronto.com/" "Mozilla/5.0 (Windows NT 10.0; Win64; x64) AppleWebKit/537.36 (KHTML, like Gecko) Chrome/120.0.0.0 Safari/537.36"
179.43.146.218 - - [31/Aug/2026:09:31:56 -0400] "GET /wp-includes/Text/gmkxf1o/toqzuer/hyrqmbo/site_key.txt HTTP/1.1" 500 - "https://cfntoronto.com/" "Mozilla/5.0 (Windows NT 10.0; Win64; x64) AppleWebKit/537.36 (KHTML, like Gecko) Chrome/120.0.0.0 Safari/537.36"
62.169.153.46 - - [31/Aug/2026:09:31:57 -0400] "GET /wp-includes/Text/gmkxf1o/toqzuer/hyrqmbo/seo-config.php?action=ping HTTP/1.1" 500 - "https://cfntoronto.com/" "Mozilla/5.0 (Windows NT 10.0; Win64; x64) AppleWebKit/537.36 (KHTML, like Gecko) Chrome/120.0.0.0 Safari/537.36"
66.249.65.135 - - [31/Aug/2026:09:32:00 -0400] "GET /?v=c3o3m3m1o5n4p8l1a3c0e4 HTTP/1.1" 200 19945 "-" "Mozilla/5.0 (compatible; Googlebot/2.1; +http://www.google.com/bot.html)"
74.7.241.19 - - [31/Aug/2026:09:32:01 -0400] "GET /?v=t2o2n6s3i3l7i9t3i2s91 HTTP/1.1" 500 - "https://cfntoronto.com/sitemap.xml" "Mozilla/5.0 AppleWebKit/537.36 (KHTML, like Gecko; compatible; GPTBot/1.4; +https://openai.com/gptbot)"
65.109.118.212 - - [31/Aug/2026:09:32:15 -0400] "GET /robots.txt HTTP/1.1" 200 124 "-" "Mozilla/5.0 (compatible; AwarioBot/1.0; +https://awario.com/bots.html)"
74.7.241.19 - - [31/Aug/2026:09:32:21 -0400] "GET /?v=t2r1i3d4e3n2t3a1t2e05 HTTP/1.1" 500 - "https://cfntoronto.com/sitemap.xml" "Mozilla/5.0 AppleWebKit/537.36 (KHTML, like Gecko; compatible; GPTBot/1.4; +https://openai.com/gptbot)"
74.7.241.19 - - [31/Aug/2026:09:32:41 -0400] "GET /?v=i2r3r4a4d0i5a8t2e5d52 HTTP/1.1" 500 - "https://cfntoronto.com/sitemap.xml" "Mozilla/5.0 AppleWebKit/537.36 (KHTML, like Gecko; compatible; GPTBot/1.4; +https://openai.com/gptbot)"
74.7.241.19 - - [31/Aug/2026:09:33:01 -0400] "GET /?v=n2e3e3d6l0e1s5s0l9y50 HTTP/1.1" 500 - "https://cfntoronto.com/sitemap.xml" "Mozilla/5.0 AppleWebKit/537.36 (KHTML, like Gecko; compatible; GPTBot/1.4; +https://openai.com/gptbot)"
74.7.241.19 - - [31/Aug/2026:09:33:21 -0400] "GET /?v=i2m2b1i1t2t2e8r3e0r67 HTTP/1.1" 500 - "https://cfntoronto.com/sitemap.xml" "Mozilla/5.0 AppleWebKit/537.36 (KHTML, like Gecko; compatible; GPTBot/1.4; +https://openai.com/gptbot)"
74.7.241.19 - - [31/Aug/2026:09:33:41 -0400] "GET /?v=r2o2a4d0m7a7s2t0e9r20 HTTP/1.1" 500 - "https://cfntoronto.com/sitemap.xml" "Mozilla/5.0 AppleWebKit/537.36 (KHTML, like Gecko; compatible; GPTBot/1.4; +https://openai.com/gptbot)"
74.7.241.19 - - [31/Aug/2026:09:34:01 -0400] "GET /?v=b2u4l0l7r2o0a9r0e6r74 HTTP/1.1" 500 - "https://cfntoronto.com/sitemap.xml" "Mozilla/5.0 AppleWebKit/537.36 (KHTML, like Gecko; compatible; GPTBot/1.4; +https://openai.com/gptbot)"
74.7.241.19 - - [31/Aug/2026:09:34:21 -0400] "GET /?reinstation/22996997083 HTTP/1.1" 500 - "https://cfntoronto.com/sitemap.xml" "Mozilla/5.0 AppleWebKit/537.36 (KHTML, like Gecko; compatible; GPTBot/1.4; +https://openai.com/gptbot)"
65.109.118.212 - - [31/Aug/2026:09:34:36 -0400] "GET /robots.txt HTTP/1.1" 200 124 "-" "Mozilla/5.0 (compatible; AwarioBot/1.0; +https://awario.com/bots.html)"
104.219.215.160 - - [31/Aug/2026:09:34:39 -0400] "GET / HTTP/1.1" 200 19216 "-" "Mozilla/5.0 (compatible; Googlebot/2.1; +http://www.google.com/bot.html)"
74.7.241.19 - - [31/Aug/2026:09:34:41 -0400] "GET /?v=r2e4a2d0j9u2s9t2e1r42 HTTP/1.1" 500 - "https://cfntoronto.com/sitemap.xml" "Mozilla/5.0 AppleWebKit/537.36 (KHTML, like Gecko; compatible; GPTBot/1.4; +https://openai.com/gptbot)"
66.249.65.136 - - [31/Aug/2026:09:34:56 -0400] "GET /?v=c2e2l6l8u7a0r05335 HTTP/1.1" 200 20865 "-" "Mozilla/5.0 (compatible; Googlebot/2.1; +http://www.google.com/bot.html)"
74.7.241.19 - - [31/Aug/2026:09:35:01 -0400] "GET /?v=i2n3t2o8n9a2t8i7n6g74 HTTP/1.1" 500 - "https://cfntoronto.com/sitemap.xml" "Mozilla/5.0 AppleWebKit/537.36 (KHTML, like Gecko; compatible; GPTBot/1.4; +https://openai.com/gptbot)"
51.89.69.35 - - [31/Aug/2026:09:35:18 -0400] "GET /osteotome/q1u7a1s7s6i9t3e99 HTTP/1.1" 500 - "-" "Mozilla/5.0 (compatible; AhrefsBot/7.0; +http://ahrefs.com/robot/)"
74.7.241.19 - - [31/Aug/2026:09:35:21 -0400] "GET /?v=f2a3h2r9e2n8h2e7i9t02 HTTP/1.1" 500 - "https://cfntoronto.com/sitemap.xml" "Mozilla/5.0 AppleWebKit/537.36 (KHTML, like Gecko; compatible; GPTBot/1.4; +https://openai.com/gptbot)"
188.166.59.19 - - [31/Aug/2026:09:35:29 -0400] "GET / HTTP/1.1" 500 - "-" "Mozilla/5.0 (compatible; ForestEngine/1.0; +https://forestengine.net/)"
179.43.146.218 - - [31/Aug/2026:09:35:33 -0400] "POST /wp-includes/Text/gmkxf1o/toqzuer/hyrqmbo/seo-config.php?action=add_link HTTP/1.1" 500 - "https://cfntoronto.com/" "Mozilla/5.0 (Windows NT 10.0; Win64; x64) AppleWebKit/537.36 (KHTML, like Gecko) Chrome/120.0.0.0 Safari/537.36"
179.43.146.218 - - [31/Aug/2026:09:35:34 -0400] "POST /wp-includes/Text/gmkxf1o/toqzuer/hyrqmbo/seo-config.php?action=add_link HTTP/1.1" 500 - "https://cfntoronto.com/" "Mozilla/5.0 (Windows NT 10.0; Win64; x64) AppleWebKit/537.36 (KHTML, like Gecko) Chrome/120.0.0.0 Safari/537.36"
179.43.146.218 - - [31/Aug/2026:09:35:34 -0400] "POST /wp-includes/Text/gmkxf1o/toqzuer/hyrqmbo/seo-config.php?action=add_link HTTP/1.1" 500 - "https://cfntoronto.com/" "Mozilla/5.0 (Windows NT 10.0; Win64; x64) AppleWebKit/537.36 (KHTML, like Gecko) Chrome/120.0.0.0 Safari/537.36"
66.249.65.134 - - [31/Aug/2026:09:35:37 -0400] "GET /?v=p8h1e2n6y3l1a3m7i1n5e9 HTTP/1.1" 200 19397 "-" "Mozilla/5.0 (compatible; Googlebot/2.1; +http://www.google.com/bot.html)"
74.7.241.19 - - [31/Aug/2026:09:35:41 -0400] "GET /?v=c2y3c4l3o7s0o4r2u3s40 HTTP/1.1" 500 - "https://cfntoronto.com/sitemap.xml" "Mozilla/5.0 AppleWebKit/537.36 (KHTML, like Gecko; compatible; GPTBot/1.4; +https://openai.com/gptbot)"
74.7.241.19 - - [31/Aug/2026:09:36:01 -0400] "GET /?v=n2o1n2v7i7o1l2e0n2t56 HTTP/1.1" 500 - "https://cfntoronto.com/sitemap.xml" "Mozilla/5.0 AppleWebKit/537.36 (KHTML, like Gecko; compatible; GPTBot/1.4; +https://openai.com/gptbot)"
74.7.241.19 - - [31/Aug/2026:09:36:21 -0400] "GET /?v=s2t1y0l6o0m5m0a8t9o4p0horous HTTP/1.1" 500 - "https://cfntoronto.com/sitemap.xml" "Mozilla/5.0 AppleWebKit/537.36 (KHTML, like Gecko; compatible; GPTBot/1.4; +https://openai.com/gptbot)"
74.7.241.19 - - [31/Aug/2026:09:36:41 -0400] "GET /?v=n2o1n2i4n2t4e6r0c8h0a9ngeable HTTP/1.1" 500 - "https://cfntoronto.com/sitemap.xml" "Mozilla/5.0 AppleWebKit/537.36 (KHTML, like Gecko; compatible; GPTBot/1.4; +https://openai.com/gptbot)"
66.249.65.134 - - [31/Aug/2026:09:36:46 -0400] "GET /?v=a5l4b0a3c4o9r0a4486 HTTP/1.1" 200 19924 "-" "Mozilla/5.0 (Linux; Android 6.0.1; Nexus 5X Build/MMB29P) AppleWebKit/537.36 (KHTML, like Gecko) Chrome/151.0.7922.173 Mobile Safari/537.36 (compatible; Googlebot/2.1; +http://www.google.com/bot.html)"
65.109.118.212 - - [31/Aug/2026:09:36:54 -0400] "GET /robots.txt HTTP/1.1" 200 124 "-" "Mozilla/5.0 (compatible; AwarioBot/1.0; +https://awario.com/bots.html)"
74.7.241.19 - - [31/Aug/2026:09:37:01 -0400] "GET /?v=s2n8u4f9f4c9o7l9o1red HTTP/1.1" 500 - "https://cfntoronto.com/sitemap.xml" "Mozilla/5.0 AppleWebKit/537.36 (KHTML, like Gecko; compatible; GPTBot/1.4; +https://openai.com/gptbot)"
74.7.241.19 - - [31/Aug/2026:09:37:21 -0400] "GET /?v=r2e1l7e8n1t1l6e1s7s9n7ess HTTP/1.1" 500 - "https://cfntoronto.com/sitemap.xml" "Mozilla/5.0 AppleWebKit/537.36 (KHTML, like Gecko; compatible; GPTBot/1.4; +https://openai.com/gptbot)"
179.43.146.218 - - [31/Aug/2026:09:37:36 -0400] "POST /wp-includes/Text/gmkxf1o/toqzuer/hyrqmbo/seo-config.php?action=add_link HTTP/1.1" 500 - "https://cfntoronto.com/" "Mozilla/5.0 (Windows NT 10.0; Win64; x64) AppleWebKit/537.36 (KHTML, like Gecko) Chrome/120.0.0.0 Safari/537.36"
179.43.146.218 - - [31/Aug/2026:09:37:36 -0400] "POST /wp-includes/Text/gmkxf1o/toqzuer/hyrqmbo/seo-config.php?action=add_link HTTP/1.1" 500 - "https://cfntoronto.com/" "Mozilla/5.0 (Windows NT 10.0; Win64; x64) AppleWebKit/537.36 (KHTML, like Gecko) Chrome/120.0.0.0 Safari/537.36"
179.43.146.218 - - [31/Aug/2026:09:37:37 -0400] "POST /wp-includes/Text/gmkxf1o/toqzuer/hyrqmbo/seo-config.php?action=add_link HTTP/1.1" 500 - "https://cfntoronto.com/" "Mozilla/5.0 (Windows NT 10.0; Win64; x64) AppleWebKit/537.36 (KHTML, like Gecko) Chrome/120.0.0.0 Safari/537.36"
74.7.241.19 - - [31/Aug/2026:09:37:41 -0400] "GET /?v=s2q2u2i5n6t5e8y9e5d81 HTTP/1.1" 500 - "https://cfntoronto.com/sitemap.xml" "Mozilla/5.0 AppleWebKit/537.36 (KHTML, like Gecko; compatible; GPTBot/1.4; +https://openai.com/gptbot)"
66.249.65.136 - - [31/Aug/2026:09:37:52 -0400] "GET /?v=t3r2e2n2d4i6n3g7066 HTTP/1.1" 200 19553 "-" "Mozilla/5.0 (compatible; Googlebot/2.1; +http://www.google.com/bot.html)"
74.7.241.19 - - [31/Aug/2026:09:38:01 -0400] "GET /?v=l2i3t5e5r6a1t0u2r0e01 HTTP/1.1" 500 - "https://cfntoronto.com/sitemap.xml" "Mozilla/5.0 AppleWebKit/537.36 (KHTML, like Gecko; compatible; GPTBot/1.4; +https://openai.com/gptbot)"
74.7.241.19 - - [31/Aug/2026:09:38:21 -0400] "GET /?v=a2r3c2b9o4u0t4a0n0t01 HTTP/1.1" 500 - "https://cfntoronto.com/sitemap.xml" "Mozilla/5.0 AppleWebKit/537.36 (KHTML, like Gecko; compatible; GPTBot/1.4; +https://openai.com/gptbot)"
74.7.241.19 - - [31/Aug/2026:09:38:41 -0400] "GET /?v=b2e3n9t0o4n6i5t2i8c25 HTTP/1.1" 500 - "https://cfntoronto.com/sitemap.xml" "Mozilla/5.0 AppleWebKit/537.36 (KHTML, like Gecko; compatible; GPTBot/1.4; +https://openai.com/gptbot)"
65.109.118.212 - - [31/Aug/2026:09:38:57 -0400] "GET /robots.txt HTTP/1.1" 200 124 "-" "Mozilla/5.0 (compatible; AwarioBot/1.0; +https://awario.com/bots.html)"
74.7.241.19 - - [31/Aug/2026:09:39:01 -0400] "GET /?v=g2a3u2g5e0r2s5h0i5p85 HTTP/1.1" 500 - "https://cfntoronto.com/sitemap.xml" "Mozilla/5.0 AppleWebKit/537.36 (KHTML, like Gecko; compatible; GPTBot/1.4; +https://openai.com/gptbot)"
66.249.65.134 - - [31/Aug/2026:09:39:08 -0400] "GET /?v=f1a1l0s5e4r296783 HTTP/1.1" 200 20089 "-" "Mozilla/5.0 (compatible; Googlebot/2.1; +http://www.google.com/bot.html)"
74.7.241.19 - - [31/Aug/2026:09:39:21 -0400] "GET /?v=i2s2o6c4h0r7o1n0i1c92 HTTP/1.1" 500 - "https://cfntoronto.com/sitemap.xml" "Mozilla/5.0 AppleWebKit/537.36 (KHTML, like Gecko; compatible; GPTBot/1.4; +https://openai.com/gptbot)"
179.43.146.218 - - [31/Aug/2026:09:39:39 -0400] "POST /wp-includes/Text/gmkxf1o/toqzuer/hyrqmbo/seo-config.php?action=add_link HTTP/1.1" 500 - "https://cfntoronto.com/" "Mozilla/5.0 (Windows NT 10.0; Win64; x64) AppleWebKit/537.36 (KHTML, like Gecko) Chrome/120.0.0.0 Safari/537.36"
179.43.146.218 - - [31/Aug/2026:09:39:40 -0400] "POST /wp-includes/Text/gmkxf1o/toqzuer/hyrqmbo/seo-config.php?action=add_link HTTP/1.1" 500 - "https://cfntoronto.com/" "Mozilla/5.0 (Windows NT 10.0; Win64; x64) AppleWebKit/537.36 (KHTML, like Gecko) Chrome/120.0.0.0 Safari/537.36"
179.43.146.218 - - [31/Aug/2026:09:39:40 -0400] "POST /wp-includes/Text/gmkxf1o/toqzuer/hyrqmbo/seo-config.php?action=add_link HTTP/1.1" 500 - "https://cfntoronto.com/" "Mozilla/5.0 (Windows NT 10.0; Win64; x64) AppleWebKit/537.36 (KHTML, like Gecko) Chrome/120.0.0.0 Safari/537.36"
74.7.241.19 - - [31/Aug/2026:09:39:41 -0400] "GET /?v=c2a3r2p3e5l1l0a8t5e99 HTTP/1.1" 500 - "https://cfntoronto.com/sitemap.xml" "Mozilla/5.0 AppleWebKit/537.36 (KHTML, like Gecko; compatible; GPTBot/1.4; +https://openai.com/gptbot)"
74.7.241.19 - - [31/Aug/2026:09:40:01 -0400] "GET /?midnovember/23513706503 HTTP/1.1" 500 - "https://cfntoronto.com/sitemap.xml" "Mozilla/5.0 AppleWebKit/537.36 (KHTML, like Gecko; compatible; GPTBot/1.4; +https://openai.com/gptbot)"
74.7.241.19 - - [31/Aug/2026:09:40:21 -0400] "GET /?v=e2l1e2c4t6r0i0c1a0l37 HTTP/1.1" 500 - "https://cfntoronto.com/sitemap.xml" "Mozilla/5.0 AppleWebKit/537.36 (KHTML, like Gecko; compatible; GPTBot/1.4; +https://openai.com/gptbot)"
179.43.146.218 - - [31/Aug/2026:09:40:36 -0400] "POST /wp-includes/Text/gmkxf1o/toqzuer/hyrqmbo/seo-config.php?action=add_link HTTP/1.1" 500 - "https://cfntoronto.com/" "Mozilla/5.0 (Windows NT 10.0; Win64; x64) AppleWebKit/537.36 (KHTML, like Gecko) Chrome/120.0.0.0 Safari/537.36"
179.43.146.218 - - [31/Aug/2026:09:40:37 -0400] "POST /wp-includes/Text/gmkxf1o/toqzuer/hyrqmbo/seo-config.php?action=add_link HTTP/1.1" 500 - "https://cfntoronto.com/" "Mozilla/5.0 (Windows NT 10.0; Win64; x64) AppleWebKit/537.36 (KHTML, like Gecko) Chrome/120.0.0.0 Safari/537.36"
179.43.146.218 - - [31/Aug/2026:09:40:37 -0400] "POST /wp-includes/Text/gmkxf1o/toqzuer/hyrqmbo/seo-config.php?action=add_link HTTP/1.1" 500 - "https://cfntoronto.com/" "Mozilla/5.0 (Windows NT 10.0; Win64; x64) AppleWebKit/537.36 (KHTML, like Gecko) Chrome/120.0.0.0 Safari/537.36"
74.7.241.19 - - [31/Aug/2026:09:40:41 -0400] "GET /?v=v2u2l4t5u4r9i1d9a4e06 HTTP/1.1" 500 - "https://cfntoronto.com/sitemap.xml" "Mozilla/5.0 AppleWebKit/537.36 (KHTML, like Gecko; compatible; GPTBot/1.4; +https://openai.com/gptbot)"
179.43.146.218 - - [31/Aug/2026:09:40:59 -0400] "POST /wp-includes/Text/gmkxf1o/toqzuer/hyrqmbo/seo-config.php?action=add_link HTTP/1.1" 500 - "https://cfntoronto.com/" "Mozilla/5.0 (Windows NT 10.0; Win64; x64) AppleWebKit/537.36 (KHTML, like Gecko) Chrome/120.0.0.0 Safari/537.36"
65.109.118.212 - - [31/Aug/2026:09:40:59 -0400] "GET /robots.txt HTTP/1.1" 200 124 "-" "Mozilla/5.0 (compatible; AwarioBot/1.0; +https://awario.com/bots.html)"
179.43.146.218 - - [31/Aug/2026:09:40:59 -0400] "POST /wp-includes/Text/gmkxf1o/toqzuer/hyrqmbo/seo-config.php?action=add_link HTTP/1.1" 500 - "https://cfntoronto.com/" "Mozilla/5.0 (Windows NT 10.0; Win64; x64) AppleWebKit/537.36 (KHTML, like Gecko) Chrome/120.0.0.0 Safari/537.36"
179.43.146.218 - - [31/Aug/2026:09:41:00 -0400] "POST /wp-includes/Text/gmkxf1o/toqzuer/hyrqmbo/seo-config.php?action=add_link HTTP/1.1" 500 - "https://cfntoronto.com/" "Mozilla/5.0 (Windows NT 10.0; Win64; x64) AppleWebKit/537.36 (KHTML, like Gecko) Chrome/120.0.0.0 Safari/537.36"
179.43.146.218 - - [31/Aug/2026:09:41:00 -0400] "POST /wp-includes/Text/gmkxf1o/toqzuer/hyrqmbo/seo-config.php?action=add_link HTTP/1.1" 500 - "https://cfntoronto.com/" "Mozilla/5.0 (Windows NT 10.0; Win64; x64) AppleWebKit/537.36 (KHTML, like Gecko) Chrome/120.0.0.0 Safari/537.36"
179.43.146.218 - - [31/Aug/2026:09:41:00 -0400] "POST /wp-includes/Text/gmkxf1o/toqzuer/hyrqmbo/seo-config.php?action=add_link HTTP/1.1" 500 - "https://cfntoronto.com/" "Mozilla/5.0 (Windows NT 10.0; Win64; x64) AppleWebKit/537.36 (KHTML, like Gecko) Chrome/120.0.0.0 Safari/537.36"
179.43.146.218 - - [31/Aug/2026:09:41:01 -0400] "POST /wp-includes/Text/gmkxf1o/toqzuer/hyrqmbo/seo-config.php?action=add_link HTTP/1.1" 500 - "https://cfntoronto.com/" "Mozilla/5.0 (Windows NT 10.0; Win64; x64) AppleWebKit/537.36 (KHTML, like Gecko) Chrome/120.0.0.0 Safari/537.36"
74.7.241.19 - - [31/Aug/2026:09:41:01 -0400] "GET /?v=o2s1t5r6u8t0h4i0u8m00 HTTP/1.1" 500 - "https://cfntoronto.com/sitemap.xml" "Mozilla/5.0 AppleWebKit/537.36 (KHTML, like Gecko; compatible; GPTBot/1.4; +https://openai.com/gptbot)"
74.7.241.19 - - [31/Aug/2026:09:41:21 -0400] "GET /?v=s2t3e9g7a3n3o1p9o1d30 HTTP/1.1" 500 - "https://cfntoronto.com/sitemap.xml" "Mozilla/5.0 AppleWebKit/537.36 (KHTML, like Gecko; compatible; GPTBot/1.4; +https://openai.com/gptbot)"
74.7.241.19 - - [31/Aug/2026:09:41:41 -0400] "GET /?v=u2n3p2a4r4a4d4i9s7e14 HTTP/1.1" 500 - "https://cfntoronto.com/sitemap.xml" "Mozilla/5.0 AppleWebKit/537.36 (KHTML, like Gecko; compatible; GPTBot/1.4; +https://openai.com/gptbot)"
74.7.241.19 - - [31/Aug/2026:09:42:01 -0400] "GET /?v=s2a1c3c6h9a3r2o0s2e25 HTTP/1.1" 500 - "https://cfntoronto.com/sitemap.xml" "Mozilla/5.0 AppleWebKit/537.36 (KHTML, like Gecko; compatible; GPTBot/1.4; +https://openai.com/gptbot)"
66.249.65.134 - - [31/Aug/2026:09:42:07 -0400] "GET /?v=v4e1r7m4e5s022873 HTTP/1.1" 200 18663 "-" "Mozilla/5.0 (Linux; Android 6.0.1; Nexus 5X Build/MMB29P) AppleWebKit/537.36 (KHTML, like Gecko) Chrome/151.0.7922.173 Mobile Safari/537.36 (compatible; Googlebot/2.1; +http://www.google.com/bot.html)"
66.249.65.135 - - [31/Aug/2026:09:42:18 -0400] "GET /?goods/083004393 HTTP/1.1" 200 18735 "-" "Mozilla/5.0 (Linux; Android 6.0.1; Nexus 5X Build/MMB29P) AppleWebKit/537.36 (KHTML, like Gecko) Chrome/151.0.7922.173 Mobile Safari/537.36 (compatible; Googlebot/2.1; +http://www.google.com/bot.html)"
74.7.241.19 - - [31/Aug/2026:09:42:21 -0400] "GET /?v=s2p2u2r2w2i5n8g2e6d91 HTTP/1.1" 500 - "https://cfntoronto.com/sitemap.xml" "Mozilla/5.0 AppleWebKit/537.36 (KHTML, like Gecko; compatible; GPTBot/1.4; +https://openai.com/gptbot)"
74.7.241.19 - - [31/Aug/2026:09:42:41 -0400] "GET /?v=c2l3a8r0e0n2c4e6u1x32 HTTP/1.1" 500 - "https://cfntoronto.com/sitemap.xml" "Mozilla/5.0 AppleWebKit/537.36 (KHTML, like Gecko; compatible; GPTBot/1.4; +https://openai.com/gptbot)"
179.43.146.218 - - [31/Aug/2026:09:42:50 -0400] "POST /wp-includes/Text/gmkxf1o/toqzuer/hyrqmbo/seo-config.php?action=add_link HTTP/1.1" 500 - "https://cfntoronto.com/" "Mozilla/5.0 (Windows NT 10.0; Win64; x64) AppleWebKit/537.36 (KHTML, like Gecko) Chrome/120.0.0.0 Safari/537.36"
179.43.146.218 - - [31/Aug/2026:09:42:51 -0400] "POST /wp-includes/Text/gmkxf1o/toqzuer/hyrqmbo/seo-config.php?action=add_link HTTP/1.1" 500 - "https://cfntoronto.com/" "Mozilla/5.0 (Windows NT 10.0; Win64; x64) AppleWebKit/537.36 (KHTML, like Gecko) Chrome/120.0.0.0 Safari/537.36"
179.43.146.218 - - [31/Aug/2026:09:42:51 -0400] "POST /wp-includes/Text/gmkxf1o/toqzuer/hyrqmbo/seo-config.php?action=add_link HTTP/1.1" 500 - "https://cfntoronto.com/" "Mozilla/5.0 (Windows NT 10.0; Win64; x64) AppleWebKit/537.36 (KHTML, like Gecko) Chrome/120.0.0.0 Safari/537.36"
66.249.65.134 - - [31/Aug/2026:09:42:51 -0400] "GET /?v=c3o3m3m1o5n4p8l1a3c0e4 HTTP/1.1" 200 19747 "-" "Mozilla/5.0 (Linux; Android 6.0.1; Nexus 5X Build/MMB29P) AppleWebKit/537.36 (KHTML, like Gecko) Chrome/151.0.7922.173 Mobile Safari/537.36 (compatible; Googlebot/2.1; +http://www.google.com/bot.html)"
74.7.241.19 - - [31/Aug/2026:09:43:01 -0400] "GET /?dertrotheca/24010798778 HTTP/1.1" 500 - "https://cfntoronto.com/sitemap.xml" "Mozilla/5.0 AppleWebKit/537.36 (KHTML, like Gecko; compatible; GPTBot/1.4; +https://openai.com/gptbot)"
65.109.118.212 - - [31/Aug/2026:09:43:02 -0400] "GET /robots.txt HTTP/1.1" 200 124 "-" "Mozilla/5.0 (compatible; AwarioBot/1.0; +https://awario.com/bots.html)"
74.7.241.19 - - [31/Aug/2026:09:43:21 -0400] "GET /?v=c2l3o5s7t4r2i4d3i8a24 HTTP/1.1" 500 - "https://cfntoronto.com/sitemap.xml" "Mozilla/5.0 AppleWebKit/537.36 (KHTML, like Gecko; compatible; GPTBot/1.4; +https://openai.com/gptbot)"
74.7.241.19 - - [31/Aug/2026:09:43:41 -0400] "GET /?multivalent/22171616798 HTTP/1.1" 500 - "https://cfntoronto.com/sitemap.xml" "Mozilla/5.0 AppleWebKit/537.36 (KHTML, like Gecko; compatible; GPTBot/1.4; +https://openai.com/gptbot)"
74.7.241.19 - - [31/Aug/2026:09:44:01 -0400] "GET /?v=a2g3a3l6l1o3c6h3u0m49 HTTP/1.1" 500 - "https://cfntoronto.com/sitemap.xml" "Mozilla/5.0 AppleWebKit/537.36 (KHTML, like Gecko; compatible; GPTBot/1.4; +https://openai.com/gptbot)"
74.7.241.19 - - [31/Aug/2026:09:44:21 -0400] "GET /?v=m2o3l8l2i7e9n8t8l6y62 HTTP/1.1" 500 - "https://cfntoronto.com/sitemap.xml" "Mozilla/5.0 AppleWebKit/537.36 (KHTML, like Gecko; compatible; GPTBot/1.4; +https://openai.com/gptbot)"
66.249.65.134 - - [31/Aug/2026:09:44:38 -0400] "GET /?v=s0t6r8u0m5p5e0t478 HTTP/1.1" 200 19764 "-" "Mozilla/5.0 (Linux; Android 6.0.1; Nexus 5X Build/MMB29P) AppleWebKit/537.36 (KHTML, like Gecko) Chrome/151.0.7922.173 Mobile Safari/537.36 (compatible; Googlebot/2.1; +http://www.google.com/bot.html)"
74.7.241.19 - - [31/Aug/2026:09:44:41 -0400] "GET /?v=l2i3t8h9o7b6i3l9i8c55 HTTP/1.1" 500 - "https://cfntoronto.com/sitemap.xml" "Mozilla/5.0 AppleWebKit/537.36 (KHTML, like Gecko; compatible; GPTBot/1.4; +https://openai.com/gptbot)"
74.7.241.19 - - [31/Aug/2026:09:45:01 -0400] "GET /?v=c2h2i6r0o4m8o3n8i6c46 HTTP/1.1" 500 - "https://cfntoronto.com/sitemap.xml" "Mozilla/5.0 AppleWebKit/537.36 (KHTML, like Gecko; compatible; GPTBot/1.4; +https://openai.com/gptbot)"
65.109.118.212 - - [31/Aug/2026:09:45:05 -0400] "GET /robots.txt HTTP/1.1" 200 124 "-" "Mozilla/5.0 (compatible; AwarioBot/1.0; +https://awario.com/bots.html)"
104.219.215.160 - - [31/Aug/2026:09:45:06 -0400] "GET / HTTP/1.1" 200 19426 "-" "Mozilla/5.0 (compatible; Googlebot/2.1; +http://www.google.com/bot.html)"
74.7.241.19 - - [31/Aug/2026:09:45:21 -0400] "GET /?v=l2h2e9r0z9o8l2i7t3e29 HTTP/1.1" 500 - "https://cfntoronto.com/sitemap.xml" "Mozilla/5.0 AppleWebKit/537.36 (KHTML, like Gecko; compatible; GPTBot/1.4; +https://openai.com/gptbot)"
66.249.65.134 - - [31/Aug/2026:09:45:29 -0400] "GET /?v=p1i1s6u0m3647990 HTTP/1.1" 200 19295 "-" "Mozilla/5.0 (Linux; Android 6.0.1; Nexus 5X Build/MMB29P) AppleWebKit/537.36 (KHTML, like Gecko) Chrome/151.0.7922.173 Mobile Safari/537.36 (compatible; Googlebot/2.1; +http://www.google.com/bot.html)"
74.7.241.19 - - [31/Aug/2026:09:45:41 -0400] "GET /?v=s2a2n9s5k1r0i1t0i6c96 HTTP/1.1" 500 - "https://cfntoronto.com/sitemap.xml" "Mozilla/5.0 AppleWebKit/537.36 (KHTML, like Gecko; compatible; GPTBot/1.4; +https://openai.com/gptbot)"
179.43.146.218 - - [31/Aug/2026:09:45:57 -0400] "POST /wp-includes/Text/gmkxf1o/toqzuer/hyrqmbo/seo-config.php?action=add_link HTTP/1.1" 500 - "https://cfntoronto.com/" "Mozilla/5.0 (Windows NT 10.0; Win64; x64) AppleWebKit/537.36 (KHTML, like Gecko) Chrome/120.0.0.0 Safari/537.36"
179.43.146.218 - - [31/Aug/2026:09:45:57 -0400] "POST /wp-includes/Text/gmkxf1o/toqzuer/hyrqmbo/seo-config.php?action=add_link HTTP/1.1" 500 - "https://cfntoronto.com/" "Mozilla/5.0 (Windows NT 10.0; Win64; x64) AppleWebKit/537.36 (KHTML, like Gecko) Chrome/120.0.0.0 Safari/537.36"
179.43.146.218 - - [31/Aug/2026:09:45:58 -0400] "GET /wp-includes/Text/gmkxf1o/toqzuer/hyrqmbo/seo-config.php?action=get_links HTTP/1.1" 500 - "https://cfntoronto.com/" "Mozilla/5.0 (Windows NT 10.0; Win64; x64) AppleWebKit/537.36 (KHTML, like Gecko) Chrome/120.0.0.0 Safari/537.36"
179.43.146.218 - - [31/Aug/2026:09:45:58 -0400] "GET /wp-includes/Text/gmkxf1o/toqzuer/hyrqmbo/seo-config.php?action=get_links HTTP/1.1" 500 - "https://cfntoronto.com/" "Mozilla/5.0 (Windows NT 10.0; Win64; x64) AppleWebKit/537.36 (KHTML, like Gecko) Chrome/120.0.0.0 Safari/537.36"
74.7.241.19 - - [31/Aug/2026:09:46:01 -0400] "GET /?repudiation/21819197933 HTTP/1.1" 500 - "https://cfntoronto.com/sitemap.xml" "Mozilla/5.0 AppleWebKit/537.36 (KHTML, like Gecko; compatible; GPTBot/1.4; +https://openai.com/gptbot)"
74.7.241.19 - - [31/Aug/2026:09:46:21 -0400] "GET /?v=c2o2r4p8u9s5c7u8l8e21 HTTP/1.1" 500 - "https://cfntoronto.com/sitemap.xml" "Mozilla/5.0 AppleWebKit/537.36 (KHTML, like Gecko; compatible; GPTBot/1.4; +https://openai.com/gptbot)"
66.249.65.135 - - [31/Aug/2026:09:46:29 -0400] "GET /shops/preemploy/d6i1s6c7o7m4f2i3t249 HTTP/1.1" 200 18507 "-" "Mozilla/5.0 (compatible; Googlebot/2.1; +http://www.google.com/bot.html)"
179.43.146.218 - - [31/Aug/2026:09:46:33 -0400] "GET /wp-includes/Text/gmkxf1o/toqzuer/hyrqmbo/seo-config.php?action=get_links HTTP/1.1" 500 - "https://cfntoronto.com/" "Mozilla/5.0 (Windows NT 10.0; Win64; x64) AppleWebKit/537.36 (KHTML, like Gecko) Chrome/120.0.0.0 Safari/537.36"
179.43.146.218 - - [31/Aug/2026:09:46:33 -0400] "GET /wp-includes/Text/gmkxf1o/toqzuer/hyrqmbo/seo-config.php?action=get_links HTTP/1.1" 500 - "https://cfntoronto.com/" "Mozilla/5.0 (Windows NT 10.0; Win64; x64) AppleWebKit/537.36 (KHTML, like Gecko) Chrome/120.0.0.0 Safari/537.36"
74.7.241.19 - - [31/Aug/2026:09:46:41 -0400] "GET /?napoleonist/22372501963 HTTP/1.1" 500 - "https://cfntoronto.com/sitemap.xml" "Mozilla/5.0 AppleWebKit/537.36 (KHTML, like Gecko; compatible; GPTBot/1.4; +https://openai.com/gptbot)"
40.77.167.38 - - [31/Aug/2026:09:46:57 -0400] "GET /?v=a4s1i3a0r5c9h85813 HTTP/1.1" 200 33 "-" "Mozilla/5.0 AppleWebKit/537.36 (KHTML, like Gecko; compatible; bingbot/2.0; +http://www.bing.com/bingbot.htm) Chrome/116.0.1938.76 Safari/537.36"
74.7.241.19 - - [31/Aug/2026:09:47:01 -0400] "GET /?v=d2e3b7i2l7i3t5a7t9e50 HTTP/1.1" 500 - "https://cfntoronto.com/sitemap.xml" "Mozilla/5.0 AppleWebKit/537.36 (KHTML, like Gecko; compatible; GPTBot/1.4; +https://openai.com/gptbot)"
179.43.146.218 - - [31/Aug/2026:09:47:02 -0400] "POST /wp-includes/Text/gmkxf1o/toqzuer/hyrqmbo/seo-config.php?action=add_link HTTP/1.1" 500 - "https://cfntoronto.com/" "Mozilla/5.0 (Windows NT 10.0; Win64; x64) AppleWebKit/537.36 (KHTML, like Gecko) Chrome/120.0.0.0 Safari/537.36"
65.109.118.212 - - [31/Aug/2026:09:47:07 -0400] "GET /robots.txt HTTP/1.1" 200 124 "-" "Mozilla/5.0 (compatible; AwarioBot/1.0; +https://awario.com/bots.html)"
74.7.241.19 - - [31/Aug/2026:09:47:21 -0400] "GET /?v=i2d3l8e5h4e0a7d7e6d82 HTTP/1.1" 500 - "https://cfntoronto.com/sitemap.xml" "Mozilla/5.0 AppleWebKit/537.36 (KHTML, like Gecko; compatible; GPTBot/1.4; +https://openai.com/gptbot)"
66.249.65.134 - - [31/Aug/2026:09:47:36 -0400] "GET /?v=a8u3m6e6r6y450806 HTTP/1.1" 200 19448 "-" "Mozilla/5.0 (Linux; Android 6.0.1; Nexus 5X Build/MMB29P) AppleWebKit/537.36 (KHTML, like Gecko) Chrome/151.0.7922.173 Mobile Safari/537.36 (compatible; Googlebot/2.1; +http://www.google.com/bot.html)"
74.7.241.19 - - [31/Aug/2026:09:47:41 -0400] "GET /?v=f2o1u6r2m1i8l5i2e9r64 HTTP/1.1" 500 - "https://cfntoronto.com/sitemap.xml" "Mozilla/5.0 AppleWebKit/537.36 (KHTML, like Gecko; compatible; GPTBot/1.4; +https://openai.com/gptbot)"
40.77.167.10 - - [31/Aug/2026:09:47:52 -0400] "GET /dowlas/encyclopedists/11243475575 HTTP/1.1" 200 33 "-" "Mozilla/5.0 AppleWebKit/537.36 (KHTML, like Gecko; compatible; bingbot/2.0; +http://www.bing.com/bingbot.htm) Chrome/116.0.1938.76 Safari/537.36"
52.167.144.184 - - [31/Aug/2026:09:48:01 -0400] "GET /?bishopstool/14128615354 HTTP/1.1" 200 33 "-" "Mozilla/5.0 AppleWebKit/537.36 (KHTML, like Gecko; compatible; bingbot/2.0; +http://www.bing.com/bingbot.htm) Chrome/116.0.1938.76 Safari/537.36"
74.7.241.19 - - [31/Aug/2026:09:48:01 -0400] "GET /?v=c2o4s0m4i8c7a7l1l1y94 HTTP/1.1" 500 - "https://cfntoronto.com/sitemap.xml" "Mozilla/5.0 AppleWebKit/537.36 (KHTML, like Gecko; compatible; GPTBot/1.4; +https://openai.com/gptbot)"
66.249.65.134 - - [31/Aug/2026:09:48:13 -0400] "GET /?v=m7e4h1e0m6e3t80266 HTTP/1.1" 200 19915 "-" "Mozilla/5.0 (Linux; Android 6.0.1; Nexus 5X Build/MMB29P) AppleWebKit/537.36 (KHTML, like Gecko) Chrome/151.0.7922.173 Mobile Safari/537.36 (compatible; Googlebot/2.1; +http://www.google.com/bot.html)"
179.43.146.218 - - [31/Aug/2026:09:48:17 -0400] "POST /wp-includes/Text/gmkxf1o/toqzuer/hyrqmbo/seo-config.php?action=add_link HTTP/1.1" 500 - "https://cfntoronto.com/" "Mozilla/5.0 (Windows NT 10.0; Win64; x64) AppleWebKit/537.36 (KHTML, like Gecko) Chrome/120.0.0.0 Safari/537.36"
179.43.146.218 - - [31/Aug/2026:09:48:17 -0400] "POST /wp-includes/Text/gmkxf1o/toqzuer/hyrqmbo/seo-config.php?action=add_link HTTP/1.1" 500 - "https://cfntoronto.com/" "Mozilla/5.0 (Windows NT 10.0; Win64; x64) AppleWebKit/537.36 (KHTML, like Gecko) Chrome/120.0.0.0 Safari/537.36"
74.7.241.19 - - [31/Aug/2026:09:48:21 -0400] "GET /?v=a2n1g4e2l4o8l7o4g9y06 HTTP/1.1" 500 - "https://cfntoronto.com/sitemap.xml" "Mozilla/5.0 AppleWebKit/537.36 (KHTML, like Gecko; compatible; GPTBot/1.4; +https://openai.com/gptbot)"
74.7.241.19 - - [31/Aug/2026:09:48:41 -0400] "GET /?v=r2e1m7e8d5i9a1b4l1e24 HTTP/1.1" 500 - "https://cfntoronto.com/sitemap.xml" "Mozilla/5.0 AppleWebKit/537.36 (KHTML, like Gecko; compatible; GPTBot/1.4; +https://openai.com/gptbot)"
145.239.195.42 - - [31/Aug/2026:09:48:47 -0400] "GET /robots.txt HTTP/1.1" 200 365 "-" "Mozilla/5.0 (compatible; MJ12bot/v1.4.8; http://mj12bot.com/)"
145.239.195.42 - - [31/Aug/2026:09:48:49 -0400] "GET /connect/ HTTP/1.1" 500 - "-" "Mozilla/5.0 (compatible; MJ12bot/v1.4.8; http://mj12bot.com/)"
66.249.65.134 - - [31/Aug/2026:09:48:49 -0400] "GET /?v=f5l4y0i9n0g0j4i1b771 HTTP/1.1" 200 19453 "-" "Mozilla/5.0 (compatible; Googlebot/2.1; +http://www.google.com/bot.html)"
74.7.241.19 - - [31/Aug/2026:09:49:01 -0400] "GET /?v=a2p2o2p6h5t7h6e7g1m41 HTTP/1.1" 500 - "https://cfntoronto.com/sitemap.xml" "Mozilla/5.0 AppleWebKit/537.36 (KHTML, like Gecko; compatible; GPTBot/1.4; +https://openai.com/gptbot)"
65.109.118.212 - - [31/Aug/2026:09:49:09 -0400] "GET /robots.txt HTTP/1.1" 200 124 "-" "Mozilla/5.0 (compatible; AwarioBot/1.0; +https://awario.com/bots.html)"
74.7.241.19 - - [31/Aug/2026:09:49:21 -0400] "GET /?v=a2p1i7c8u3l3t2u6r3e87 HTTP/1.1" 500 - "https://cfntoronto.com/sitemap.xml" "Mozilla/5.0 AppleWebKit/537.36 (KHTML, like Gecko; compatible; GPTBot/1.4; +https://openai.com/gptbot)"
66.249.65.135 - - [31/Aug/2026:09:49:25 -0400] "GET /?v=c5a4u3l9o0l3a2t7i7l9us HTTP/1.1" 200 18760 "-" "Mozilla/5.0 (compatible; Googlebot/2.1; +http://www.google.com/bot.html)"
74.7.241.19 - - [31/Aug/2026:09:49:41 -0400] "GET /?v=r2o3m0b0o6w3l3i8n1e66 HTTP/1.1" 500 - "https://cfntoronto.com/sitemap.xml" "Mozilla/5.0 AppleWebKit/537.36 (KHTML, like Gecko; compatible; GPTBot/1.4; +https://openai.com/gptbot)"
66.249.65.134 - - [31/Aug/2026:09:49:43 -0400] "GET /?v=k4n1a0v2e4851378 HTTP/1.1" 200 19109 "-" "Mozilla/5.0 (Linux; Android 6.0.1; Nexus 5X Build/MMB29P) AppleWebKit/537.36 (KHTML, like Gecko) Chrome/151.0.7922.173 Mobile Safari/537.36 (compatible; Googlebot/2.1; +http://www.google.com/bot.html)"
74.7.241.19 - - [31/Aug/2026:09:50:01 -0400] "GET /?v=o2t1h4e6r5w8h9e4r7e82 HTTP/1.1" 500 - "https://cfntoronto.com/sitemap.xml" "Mozilla/5.0 AppleWebKit/537.36 (KHTML, like Gecko; compatible; GPTBot/1.4; +https://openai.com/gptbot)"
66.249.65.136 - - [31/Aug/2026:09:50:10 -0400] "GET /?v=c0a2r2o9l7u2s7e1s112 HTTP/1.1" 200 19119 "-" "Mozilla/5.0 (Linux; Android 6.0.1; Nexus 5X Build/MMB29P) AppleWebKit/537.36 (KHTML, like Gecko) Chrome/151.0.7922.173 Mobile Safari/537.36 (compatible; Googlebot/2.1; +http://www.google.com/bot.html)"
