34.24.238.134 - - [31/Aug/2026:19:01:07 -0400] "GET /@fs/.env?import&?raw?? HTTP/1.1" 401 53 "-" "Mozilla/5.0 (Windows NT 10.0; Win64; x64) AppleWebKit/537.36 (KHTML, like Gecko) Chrome/149.0.0.0 Safari/537.36"
34.24.238.134 - - [31/Aug/2026:19:01:07 -0400] "GET /.ssh/authorized_keys HTTP/1.1" 401 53 "-" "Mozilla/5.0 (Windows NT 10.0; Win64; x64) AppleWebKit/537.36 (KHTML, like Gecko) Chrome/149.0.0.0 Safari/537.36"
34.24.238.134 - - [31/Aug/2026:19:01:07 -0400] "GET /auth.json HTTP/1.1" 401 53 "-" "Mozilla/5.0 (Windows NT 10.0; Win64; x64) AppleWebKit/537.36 (KHTML, like Gecko) Chrome/149.0.0.0 Safari/537.36"
34.24.238.134 - - [31/Aug/2026:19:01:07 -0400] "GET /config.php.bak HTTP/1.1" 401 53 "-" "Mozilla/5.0 (Windows NT 10.0; Win64; x64) AppleWebKit/537.36 (KHTML, like Gecko) Chrome/149.0.0.0 Safari/537.36"
34.24.238.134 - - [31/Aug/2026:19:01:07 -0400] "GET /.ssh/config HTTP/1.1" 401 53 "-" "Mozilla/5.0 (Windows NT 10.0; Win64; x64) AppleWebKit/537.36 (KHTML, like Gecko) Chrome/149.0.0.0 Safari/537.36"
34.24.238.134 - - [31/Aug/2026:19:01:07 -0400] "GET /wp/.env HTTP/1.1" 401 53 "-" "Mozilla/5.0 (Windows NT 10.0; Win64; x64) AppleWebKit/537.36 (KHTML, like Gecko) Chrome/149.0.0.0 Safari/537.36"
34.24.238.134 - - [31/Aug/2026:19:01:07 -0400] "GET /storage/.env HTTP/1.1" 401 53 "-" "Mozilla/5.0 (Windows NT 10.0; Win64; x64) AppleWebKit/537.36 (KHTML, like Gecko) Chrome/149.0.0.0 Safari/537.36"
66.249.65.135 - - [31/Aug/2026:19:01:22 -0400] "GET /robots.txt HTTP/1.1" 200 124 "-" "Mozilla/5.0 (compatible; Googlebot/2.1; +http://www.google.com/bot.html)"
52.167.144.183 - - [31/Aug/2026:19:01:53 -0400] "GET /obstetricy/l3u3n5i7f4o3r0m4047 HTTP/1.1" 200 33 "-" "Mozilla/5.0 AppleWebKit/537.36 (KHTML, like Gecko; compatible; bingbot/2.0; +http://www.bing.com/bingbot.htm) Chrome/116.0.1938.76 Safari/537.36"
52.167.144.229 - - [31/Aug/2026:19:01:57 -0400] "GET /?v=i1c2h6t2h5y1o9p1t8e7r8ygia HTTP/1.1" 200 33 "-" "Mozilla/5.0 AppleWebKit/537.36 (KHTML, like Gecko; compatible; bingbot/2.0; +http://www.bing.com/bingbot.htm) Chrome/116.0.1938.76 Safari/537.36"
52.167.144.174 - - [31/Aug/2026:19:02:08 -0400] "GET /wp-sitemap.xml HTTP/1.1" 200 33 "-" "Mozilla/5.0 AppleWebKit/537.36 (KHTML, like Gecko; compatible; bingbot/2.0; +http://www.bing.com/bingbot.htm) Chrome/116.0.1938.76 Safari/537.36"
52.167.144.174 - - [31/Aug/2026:19:02:09 -0400] "GET /?v=b1a2r8e9d1884833 HTTP/1.1" 200 33 "-" "Mozilla/5.0 AppleWebKit/537.36 (KHTML, like Gecko; compatible; bingbot/2.0; +http://www.bing.com/bingbot.htm) Chrome/116.0.1938.76 Safari/537.36"
179.43.146.218 - - [31/Aug/2026:19:02:24 -0400] "POST /wp-includes/Text/gmkxf1o/toqzuer/hyrqmbo/seo-config.php?action=add_link HTTP/1.1" 500 - "https://cfntoronto.com/" "Mozilla/5.0 (Windows NT 10.0; Win64; x64) AppleWebKit/537.36 (KHTML, like Gecko) Chrome/120.0.0.0 Safari/537.36"
179.43.146.218 - - [31/Aug/2026:19:02:24 -0400] "POST /wp-includes/Text/gmkxf1o/toqzuer/hyrqmbo/seo-config.php?action=add_link HTTP/1.1" 500 - "https://cfntoronto.com/" "Mozilla/5.0 (Windows NT 10.0; Win64; x64) AppleWebKit/537.36 (KHTML, like Gecko) Chrome/120.0.0.0 Safari/537.36"
65.109.118.212 - - [31/Aug/2026:19:03:18 -0400] "GET /robots.txt HTTP/1.1" 200 124 "-" "Mozilla/5.0 (compatible; AwarioBot/1.0; +https://awario.com/bots.html)"
179.43.146.218 - - [31/Aug/2026:19:03:24 -0400] "POST /wp-includes/Text/gmkxf1o/toqzuer/hyrqmbo/seo-config.php?action=add_link HTTP/1.1" 500 - "https://cfntoronto.com/" "Mozilla/5.0 (Windows NT 10.0; Win64; x64) AppleWebKit/537.36 (KHTML, like Gecko) Chrome/120.0.0.0 Safari/537.36"
179.43.146.218 - - [31/Aug/2026:19:03:25 -0400] "POST /wp-includes/Text/gmkxf1o/toqzuer/hyrqmbo/seo-config.php?action=add_link HTTP/1.1" 500 - "https://cfntoronto.com/" "Mozilla/5.0 (Windows NT 10.0; Win64; x64) AppleWebKit/537.36 (KHTML, like Gecko) Chrome/120.0.0.0 Safari/537.36"
52.167.144.174 - - [31/Aug/2026:19:03:48 -0400] "GET /?sitemap993.xml HTTP/1.1" 200 33 "-" "Mozilla/5.0 AppleWebKit/537.36 (KHTML, like Gecko; compatible; bingbot/2.0; +http://www.bing.com/bingbot.htm) Chrome/116.0.1938.76 Safari/537.36"
179.43.146.218 - - [31/Aug/2026:19:03:54 -0400] "POST /wp-includes/Text/gmkxf1o/toqzuer/hyrqmbo/seo-config.php?action=add_link HTTP/1.1" 500 - "https://cfntoronto.com/" "Mozilla/5.0 (Windows NT 10.0; Win64; x64) AppleWebKit/537.36 (KHTML, like Gecko) Chrome/120.0.0.0 Safari/537.36"
179.43.146.218 - - [31/Aug/2026:19:04:04 -0400] "POST /wp-includes/Text/gmkxf1o/toqzuer/hyrqmbo/seo-config.php?action=add_link HTTP/1.1" 500 - "https://cfntoronto.com/" "Mozilla/5.0 (Windows NT 10.0; Win64; x64) AppleWebKit/537.36 (KHTML, like Gecko) Chrome/120.0.0.0 Safari/537.36"
179.43.146.218 - - [31/Aug/2026:19:04:05 -0400] "POST /wp-includes/Text/gmkxf1o/toqzuer/hyrqmbo/seo-config.php?action=add_link HTTP/1.1" 500 - "https://cfntoronto.com/" "Mozilla/5.0 (Windows NT 10.0; Win64; x64) AppleWebKit/537.36 (KHTML, like Gecko) Chrome/120.0.0.0 Safari/537.36"
179.43.146.218 - - [31/Aug/2026:19:05:28 -0400] "POST /wp-includes/Text/gmkxf1o/toqzuer/hyrqmbo/seo-config.php?action=add_link HTTP/1.1" 500 - "https://cfntoronto.com/" "Mozilla/5.0 (Windows NT 10.0; Win64; x64) AppleWebKit/537.36 (KHTML, like Gecko) Chrome/120.0.0.0 Safari/537.36"
65.109.118.212 - - [31/Aug/2026:19:05:45 -0400] "GET /robots.txt HTTP/1.1" 200 124 "-" "Mozilla/5.0 (compatible; AwarioBot/1.0; +https://awario.com/bots.html)"
179.43.146.218 - - [31/Aug/2026:19:06:22 -0400] "POST /wp-includes/Text/gmkxf1o/toqzuer/hyrqmbo/seo-config.php?action=add_link HTTP/1.1" 500 - "https://cfntoronto.com/" "Mozilla/5.0 (Windows NT 10.0; Win64; x64) AppleWebKit/537.36 (KHTML, like Gecko) Chrome/120.0.0.0 Safari/537.36"
179.43.146.218 - - [31/Aug/2026:19:06:22 -0400] "GET /wp-includes/Text/gmkxf1o/toqzuer/hyrqmbo/seo-config.php?action=get_links HTTP/1.1" 500 - "https://cfntoronto.com/" "Mozilla/5.0 (Windows NT 10.0; Win64; x64) AppleWebKit/537.36 (KHTML, like Gecko) Chrome/120.0.0.0 Safari/537.36"
179.43.146.218 - - [31/Aug/2026:19:06:23 -0400] "GET /wp-includes/Text/gmkxf1o/toqzuer/hyrqmbo/seo-config.php?action=get_links HTTP/1.1" 500 - "https://cfntoronto.com/" "Mozilla/5.0 (Windows NT 10.0; Win64; x64) AppleWebKit/537.36 (KHTML, like Gecko) Chrome/120.0.0.0 Safari/537.36"
104.219.215.160 - - [31/Aug/2026:19:06:39 -0400] "GET / HTTP/1.1" 200 19884 "-" "Mozilla/5.0 (compatible; Googlebot/2.1; +http://www.google.com/bot.html)"
179.43.146.218 - - [31/Aug/2026:19:06:57 -0400] "POST /wp-includes/Text/gmkxf1o/toqzuer/hyrqmbo/seo-config.php?action=add_link HTTP/1.1" 500 - "https://cfntoronto.com/" "Mozilla/5.0 (Windows NT 10.0; Win64; x64) AppleWebKit/537.36 (KHTML, like Gecko) Chrome/120.0.0.0 Safari/537.36"
65.109.118.212 - - [31/Aug/2026:19:08:00 -0400] "GET /robots.txt HTTP/1.1" 200 124 "-" "Mozilla/5.0 (compatible; AwarioBot/1.0; +https://awario.com/bots.html)"
179.43.146.218 - - [31/Aug/2026:19:08:14 -0400] "POST /wp-includes/Text/gmkxf1o/toqzuer/hyrqmbo/seo-config.php?action=add_link HTTP/1.1" 500 - "https://cfntoronto.com/" "Mozilla/5.0 (Windows NT 10.0; Win64; x64) AppleWebKit/537.36 (KHTML, like Gecko) Chrome/120.0.0.0 Safari/537.36"
179.43.146.218 - - [31/Aug/2026:19:08:15 -0400] "POST /wp-includes/Text/gmkxf1o/toqzuer/hyrqmbo/seo-config.php?action=add_link HTTP/1.1" 500 - "https://cfntoronto.com/" "Mozilla/5.0 (Windows NT 10.0; Win64; x64) AppleWebKit/537.36 (KHTML, like Gecko) Chrome/120.0.0.0 Safari/537.36"
179.43.146.218 - - [31/Aug/2026:19:08:15 -0400] "POST /wp-includes/Text/gmkxf1o/toqzuer/hyrqmbo/seo-config.php?action=add_link HTTP/1.1" 500 - "https://cfntoronto.com/" "Mozilla/5.0 (Windows NT 10.0; Win64; x64) AppleWebKit/537.36 (KHTML, like Gecko) Chrome/120.0.0.0 Safari/537.36"
5.255.113.177 - - [31/Aug/2026:19:08:29 -0400] "GET / HTTP/1.1" 500 - "-" "tld-netprobe/1.0 (+CONTACT-URL-UNSET-see-DECISIONS-D8)"
179.43.146.218 - - [31/Aug/2026:19:08:36 -0400] "POST /wp-includes/Text/gmkxf1o/toqzuer/hyrqmbo/seo-config.php?action=add_link HTTP/1.1" 500 - "https://cfntoronto.com/" "Mozilla/5.0 (Windows NT 10.0; Win64; x64) AppleWebKit/537.36 (KHTML, like Gecko) Chrome/120.0.0.0 Safari/537.36"
69.63.189.6 - - [31/Aug/2026:19:09:49 -0400] "GET /robots.txt HTTP/1.1" 206 124 "-" "facebookexternalhit/1.1 (+http://www.facebook.com/externalhit_uatext.php)"
65.109.118.212 - - [31/Aug/2026:19:10:07 -0400] "GET /robots.txt HTTP/1.1" 200 124 "-" "Mozilla/5.0 (compatible; AwarioBot/1.0; +https://awario.com/bots.html)"
52.167.144.230 - - [31/Aug/2026:19:10:11 -0400] "GET /accrediting/k6e1e3n6e5s1t71334 HTTP/1.1" 200 33 "-" "Mozilla/5.0 AppleWebKit/537.36 (KHTML, like Gecko; compatible; bingbot/2.0; +http://www.bing.com/bingbot.htm) Chrome/116.0.1938.76 Safari/537.36"
52.167.144.174 - - [31/Aug/2026:19:10:15 -0400] "GET /?v=p1e3r4e3m5p9t3o4r0y23 HTTP/1.1" 200 33 "-" "Mozilla/5.0 AppleWebKit/537.36 (KHTML, like Gecko; compatible; bingbot/2.0; +http://www.bing.com/bingbot.htm) Chrome/116.0.1938.76 Safari/537.36"
52.167.144.174 - - [31/Aug/2026:19:10:15 -0400] "GET /?v=m3u2s8i4n5g8l2y7119 HTTP/1.1" 200 33 "-" "Mozilla/5.0 AppleWebKit/537.36 (KHTML, like Gecko; compatible; bingbot/2.0; +http://www.bing.com/bingbot.htm) Chrome/116.0.1938.76 Safari/537.36"
179.43.146.218 - - [31/Aug/2026:19:10:37 -0400] "POST /wp-includes/Text/gmkxf1o/toqzuer/hyrqmbo/seo-config.php?action=add_link HTTP/1.1" 500 - "https://cfntoronto.com/" "Mozilla/5.0 (Windows NT 10.0; Win64; x64) AppleWebKit/537.36 (KHTML, like Gecko) Chrome/120.0.0.0 Safari/537.36"
179.43.146.218 - - [31/Aug/2026:19:11:28 -0400] "POST /wp-includes/Text/gmkxf1o/toqzuer/hyrqmbo/seo-config.php?action=add_link HTTP/1.1" 500 - "https://cfntoronto.com/" "Mozilla/5.0 (Windows NT 10.0; Win64; x64) AppleWebKit/537.36 (KHTML, like Gecko) Chrome/120.0.0.0 Safari/537.36"
66.249.65.135 - - [31/Aug/2026:19:12:10 -0400] "GET /?v=m6a1n5l1i4e7r35015 HTTP/1.1" 200 19580 "-" "Mozilla/5.0 (Linux; Android 6.0.1; Nexus 5X Build/MMB29P) AppleWebKit/537.36 (KHTML, like Gecko) Chrome/151.0.7922.173 Mobile Safari/537.36 (compatible; Googlebot/2.1; +http://www.google.com/bot.html)"
65.109.118.212 - - [31/Aug/2026:19:12:19 -0400] "GET /robots.txt HTTP/1.1" 200 124 "-" "Mozilla/5.0 (compatible; AwarioBot/1.0; +https://awario.com/bots.html)"
52.167.144.232 - - [31/Aug/2026:19:12:46 -0400] "GET /shops/peasweep/p3e3e0v8i2s1h9l0y865 HTTP/1.1" 200 33 "-" "Mozilla/5.0 AppleWebKit/537.36 (KHTML, like Gecko; compatible; bingbot/2.0; +http://www.bing.com/bingbot.htm) Chrome/116.0.1938.76 Safari/537.36"
66.249.65.134 - - [31/Aug/2026:19:13:30 -0400] "GET /?v=i1m5p8l6a2c2e6n6t3a8lia HTTP/1.1" 200 20121 "-" "Mozilla/5.0 (compatible; Googlebot/2.1; +http://www.google.com/bot.html)"
65.109.118.212 - - [31/Aug/2026:19:14:25 -0400] "GET /robots.txt HTTP/1.1" 200 124 "-" "Mozilla/5.0 (compatible; AwarioBot/1.0; +https://awario.com/bots.html)"
52.167.144.174 - - [31/Aug/2026:19:15:14 -0400] "GET /despecificate/s1t3e0r2q0u1i9l2i7n5o4us HTTP/1.1" 200 33 "-" "Mozilla/5.0 AppleWebKit/537.36 (KHTML, like Gecko; compatible; bingbot/2.0; +http://www.bing.com/bingbot.htm) Chrome/116.0.1938.76 Safari/537.36"
179.43.146.218 - - [31/Aug/2026:19:15:21 -0400] "POST /wp-includes/Text/gmkxf1o/toqzuer/hyrqmbo/seo-config.php?action=add_link HTTP/1.1" 500 - "https://cfntoronto.com/" "Mozilla/5.0 (Windows NT 10.0; Win64; x64) AppleWebKit/537.36 (KHTML, like Gecko) Chrome/120.0.0.0 Safari/537.36"
52.167.144.232 - - [31/Aug/2026:19:15:36 -0400] "GET /shops/tunableness/r1e2p4r8e4h2e1n7d8i4n7g HTTP/1.1" 200 33 "-" "Mozilla/5.0 AppleWebKit/537.36 (KHTML, like Gecko; compatible; bingbot/2.0; +http://www.bing.com/bingbot.htm) Chrome/116.0.1938.76 Safari/537.36"
66.249.65.134 - - [31/Aug/2026:19:15:41 -0400] "GET /?v=i5l3i8o9l0u3m2b9a7r73 HTTP/1.1" 200 20403 "-" "Mozilla/5.0 (compatible; Googlebot/2.1; +http://www.google.com/bot.html)"
51.81.104.39 - - [31/Aug/2026:19:15:53 -0400] "GET /permanent/l3i1t0e3r8a6l6i0z3a9t7ion HTTP/1.1" 500 - "-" "Mozilla/5.0 (compatible; AhrefsBot/7.0; +http://ahrefs.com/robot/)"
65.109.118.212 - - [31/Aug/2026:19:16:33 -0400] "GET /robots.txt HTTP/1.1" 200 124 "-" "Mozilla/5.0 (compatible; AwarioBot/1.0; +https://awario.com/bots.html)"
104.219.215.160 - - [31/Aug/2026:19:17:15 -0400] "GET / HTTP/1.1" 200 19565 "-" "Mozilla/5.0 (compatible; Googlebot/2.1; +http://www.google.com/bot.html)"
66.249.65.136 - - [31/Aug/2026:19:17:29 -0400] "GET /?v=p6o1l2o9n4e0s6e7528 HTTP/1.1" 200 17873 "-" "Mozilla/5.0 (Linux; Android 6.0.1; Nexus 5X Build/MMB29P) AppleWebKit/537.36 (KHTML, like Gecko) Chrome/151.0.7922.173 Mobile Safari/537.36 (compatible; Googlebot/2.1; +http://www.google.com/bot.html)"
66.249.65.134 - - [31/Aug/2026:19:18:43 -0400] "GET /?forged/33870918452 HTTP/1.1" 200 19535 "-" "Mozilla/5.0 (compatible; Googlebot/2.1; +http://www.google.com/bot.html)"
40.77.167.5 - - [31/Aug/2026:19:18:48 -0400] "GET /?v=c6o2d9d7l1e9d52942 HTTP/1.1" 200 33 "-" "Mozilla/5.0 AppleWebKit/537.36 (KHTML, like Gecko; compatible; bingbot/2.0; +http://www.bing.com/bingbot.htm) Chrome/116.0.1938.76 Safari/537.36"
65.109.118.212 - - [31/Aug/2026:19:19:10 -0400] "GET /robots.txt HTTP/1.1" 200 124 "-" "Mozilla/5.0 (compatible; AwarioBot/1.0; +https://awario.com/bots.html)"
66.249.65.135 - - [31/Aug/2026:19:20:18 -0400] "GET /?v=i8m2p6o2r1t7u1n1a4c6y5 HTTP/1.1" 200 19679 "-" "Mozilla/5.0 (Linux; Android 6.0.1; Nexus 5X Build/MMB29P) AppleWebKit/537.36 (KHTML, like Gecko) Chrome/151.0.7922.173 Mobile Safari/537.36 (compatible; Googlebot/2.1; +http://www.google.com/bot.html)"
179.43.146.218 - - [31/Aug/2026:19:21:06 -0400] "POST /wp-includes/Text/gmkxf1o/toqzuer/hyrqmbo/seo-config.php?action=add_link HTTP/1.1" 500 - "https://cfntoronto.com/" "Mozilla/5.0 (Windows NT 10.0; Win64; x64) AppleWebKit/537.36 (KHTML, like Gecko) Chrome/120.0.0.0 Safari/537.36"
65.109.118.212 - - [31/Aug/2026:19:21:33 -0400] "GET /robots.txt HTTP/1.1" 200 124 "-" "Mozilla/5.0 (compatible; AwarioBot/1.0; +https://awario.com/bots.html)"
66.249.65.134 - - [31/Aug/2026:19:21:44 -0400] "GET /?v=p4a1p0i9o7487544 HTTP/1.1" 200 19663 "-" "Mozilla/5.0 (Linux; Android 6.0.1; Nexus 5X Build/MMB29P) AppleWebKit/537.36 (KHTML, like Gecko) Chrome/151.0.7922.173 Mobile Safari/537.36 (compatible; Googlebot/2.1; +http://www.google.com/bot.html)"
66.249.65.134 - - [31/Aug/2026:19:21:57 -0400] "GET /?v=b7a4l0o9g3h5i5a025 HTTP/1.1" 200 20542 "-" "Mozilla/5.0 (compatible; Googlebot/2.1; +http://www.google.com/bot.html)"
66.249.65.134 - - [31/Aug/2026:19:22:35 -0400] "GET /?v=c1a9s3u3a2r5i8u5s58 HTTP/1.1" 200 19038 "-" "Mozilla/5.0 (compatible; Googlebot/2.1; +http://www.google.com/bot.html)"
179.43.146.218 - - [31/Aug/2026:19:23:28 -0400] "GET /wp-includes/Text/gmkxf1o/toqzuer/hyrqmbo/seo-config.php?action=get_links HTTP/1.1" 500 - "https://cfntoronto.com/" "Mozilla/5.0 (Windows NT 10.0; Win64; x64) AppleWebKit/537.36 (KHTML, like Gecko) Chrome/120.0.0.0 Safari/537.36"
179.43.146.218 - - [31/Aug/2026:19:23:29 -0400] "GET /wp-includes/Text/gmkxf1o/toqzuer/hyrqmbo/seo-config.php?action=get_links HTTP/1.1" 500 - "https://cfntoronto.com/" "Mozilla/5.0 (Windows NT 10.0; Win64; x64) AppleWebKit/537.36 (KHTML, like Gecko) Chrome/120.0.0.0 Safari/537.36"
198.204.240.234 - - [31/Aug/2026:19:23:41 -0400] "GET /wp-includes/br06391a/edit.php HTTP/1.1" 200 26 "https://cfntoronto.com/wp-includes/br06391a/edit.php" "Mozilla/5.0 (Macintosh; Intel Mac OS X 10_6_8) AppleWebKit/535.1 (KHTML, like Gecko) Chrome/14.0.835.202 Safari/535.1"
179.43.146.218 - - [31/Aug/2026:19:23:53 -0400] "GET /wp-includes/Text/gmkxf1o/toqzuer/hyrqmbo/seo-config.php?action=get_links HTTP/1.1" 500 - "https://cfntoronto.com/" "Mozilla/5.0 (Windows NT 10.0; Win64; x64) AppleWebKit/537.36 (KHTML, like Gecko) Chrome/120.0.0.0 Safari/537.36"
65.109.118.212 - - [31/Aug/2026:19:24:03 -0400] "GET /robots.txt HTTP/1.1" 200 124 "-" "Mozilla/5.0 (compatible; AwarioBot/1.0; +https://awario.com/bots.html)"
198.204.240.234 - - [31/Aug/2026:19:23:21 -0400] "GET /wp-includes/br06391a/edit.php HTTP/1.1" 200 - "https://cfntoronto.com/wp-includes/br06391a/edit.php" "Mozilla/5.0 (Windows NT 10.0; WOW64) AppleWebKit/537.36 (KHTML, like Gecko) Chrome/74.0.3729.131 Safari/537.36"
66.249.65.136 - - [31/Aug/2026:19:25:17 -0400] "GET /?v=f0e2a0r9l3y327071 HTTP/1.1" 200 19617 "-" "Mozilla/5.0 (Linux; Android 6.0.1; Nexus 5X Build/MMB29P) AppleWebKit/537.36 (KHTML, like Gecko) Chrome/151.0.7922.173 Mobile Safari/537.36 (compatible; Googlebot/2.1; +http://www.google.com/bot.html)"
107.150.52.226 - - [31/Aug/2026:19:24:50 -0400] "GET /wp-includes/br06391a/edit.php?id=823179$sp HTTP/1.1" 200 - "https://cfntoronto.com/wp-includes/br06391a/edit.php?id=823179$sp" "Mozilla/5.0"
65.109.118.212 - - [31/Aug/2026:19:26:36 -0400] "GET /robots.txt HTTP/1.1" 200 124 "-" "Mozilla/5.0 (compatible; AwarioBot/1.0; +https://awario.com/bots.html)"
104.219.215.160 - - [31/Aug/2026:19:27:40 -0400] "GET / HTTP/1.1" 200 20122 "-" "Mozilla/5.0 (compatible; Googlebot/2.1; +http://www.google.com/bot.html)"
107.150.52.226 - - [31/Aug/2026:19:26:17 -0400] "GET /wp-includes/br06391a/edit.php?id=823179$sp HTTP/1.1" 200 - "https://cfntoronto.com/wp-includes/br06391a/edit.php?id=823179$sp" "Mozilla/5.0"
179.43.146.218 - - [31/Aug/2026:19:28:13 -0400] "GET /wp-includes/Text/gmkxf1o/toqzuer/hyrqmbo/seo-config.php?action=get_links HTTP/1.1" 500 - "https://cfntoronto.com/" "Mozilla/5.0 (Windows NT 10.0; Win64; x64) AppleWebKit/537.36 (KHTML, like Gecko) Chrome/120.0.0.0 Safari/537.36"
179.43.146.218 - - [31/Aug/2026:19:28:13 -0400] "GET /wp-includes/Text/gmkxf1o/toqzuer/hyrqmbo/seo-config.php?action=get_links HTTP/1.1" 500 - "https://cfntoronto.com/" "Mozilla/5.0 (Windows NT 10.0; Win64; x64) AppleWebKit/537.36 (KHTML, like Gecko) Chrome/120.0.0.0 Safari/537.36"
179.43.146.218 - - [31/Aug/2026:19:28:43 -0400] "GET /wp-includes/Text/gmkxf1o/toqzuer/hyrqmbo/seo-config.php?action=get_links HTTP/1.1" 500 - "https://cfntoronto.com/" "Mozilla/5.0 (Windows NT 10.0; Win64; x64) AppleWebKit/537.36 (KHTML, like Gecko) Chrome/120.0.0.0 Safari/537.36"
65.109.118.212 - - [31/Aug/2026:19:28:53 -0400] "GET /robots.txt HTTP/1.1" 200 124 "-" "Mozilla/5.0 (compatible; AwarioBot/1.0; +https://awario.com/bots.html)"
40.77.167.136 - - [31/Aug/2026:19:30:54 -0400] "GET /shops/ozonous/a3p3p0e7n6d1a1n3c2e70 HTTP/1.1" 200 33 "-" "Mozilla/5.0 AppleWebKit/537.36 (KHTML, like Gecko; compatible; bingbot/2.0; +http://www.bing.com/bingbot.htm) Chrome/116.0.1938.76 Safari/537.36"
65.109.118.212 - - [31/Aug/2026:19:30:55 -0400] "GET /robots.txt HTTP/1.1" 200 124 "-" "Mozilla/5.0 (compatible; AwarioBot/1.0; +https://awario.com/bots.html)"
52.167.144.211 - - [31/Aug/2026:19:30:59 -0400] "GET /trunnioned/colemouse/13687942495 HTTP/1.1" 200 33 "-" "Mozilla/5.0 AppleWebKit/537.36 (KHTML, like Gecko; compatible; bingbot/2.0; +http://www.bing.com/bingbot.htm) Chrome/116.0.1938.76 Safari/537.36"
66.249.65.134 - - [31/Aug/2026:19:31:03 -0400] "GET /peccadillo/r1e5h0a4s0h64039 HTTP/1.1" 200 19483 "-" "Mozilla/5.0 (Linux; Android 6.0.1; Nexus 5X Build/MMB29P) AppleWebKit/537.36 (KHTML, like Gecko) Chrome/151.0.7922.173 Mobile Safari/537.36 (compatible; Googlebot/2.1; +http://www.google.com/bot.html)"
66.249.65.134 - - [31/Aug/2026:19:31:24 -0400] "GET /?v=h7o3c8k8l4e811709 HTTP/1.1" 200 19380 "-" "Mozilla/5.0 (compatible; Googlebot/2.1; +http://www.google.com/bot.html)"
65.109.118.212 - - [31/Aug/2026:19:33:08 -0400] "GET /robots.txt HTTP/1.1" 200 124 "-" "Mozilla/5.0 (compatible; AwarioBot/1.0; +https://awario.com/bots.html)"
51.81.103.251 - - [31/Aug/2026:19:33:16 -0400] "GET /drover/d9i7e8f2f5e8n2b8a7c6hia HTTP/1.1" 500 - "-" "Mozilla/5.0 (compatible; AhrefsBot/7.0; +http://ahrefs.com/robot/)"
66.249.65.135 - - [31/Aug/2026:19:33:51 -0400] "GET /?v=k1n2e9l2t4441656 HTTP/1.1" 200 20618 "-" "Mozilla/5.0 (Linux; Android 6.0.1; Nexus 5X Build/MMB29P) AppleWebKit/537.36 (KHTML, like Gecko) Chrome/151.0.7922.173 Mobile Safari/537.36 (compatible; Googlebot/2.1; +http://www.google.com/bot.html)"
66.249.65.136 - - [31/Aug/2026:19:34:47 -0400] "GET /?diphthongic/42034713886 HTTP/1.1" 200 19463 "-" "Mozilla/5.0 (compatible; Googlebot/2.1; +http://www.google.com/bot.html)"
34.80.250.42 - - [31/Aug/2026:19:34:50 -0400] "GET /.env.bak HTTP/1.1" 500 - "-" "crusader-worker/1.0"
34.80.250.42 - - [31/Aug/2026:19:34:50 -0400] "GET /.env HTTP/1.1" 500 - "-" "crusader-worker/1.0"
34.80.250.42 - - [31/Aug/2026:19:34:50 -0400] "GET /wp-config.php~ HTTP/1.1" 500 - "-" "crusader-worker/1.0"
34.80.250.42 - - [31/Aug/2026:19:34:50 -0400] "GET /actuator/configprops HTTP/1.1" 500 - "-" "crusader-worker/1.0"
34.80.250.42 - - [31/Aug/2026:19:34:50 -0400] "GET /.env.example HTTP/1.1" 500 - "-" "crusader-worker/1.0"
34.80.250.42 - - [31/Aug/2026:19:34:50 -0400] "GET /storage/logs/laravel.log HTTP/1.1" 500 - "-" "crusader-worker/1.0"
34.80.250.42 - - [31/Aug/2026:19:34:50 -0400] "GET /env HTTP/1.1" 500 - "-" "crusader-worker/1.0"
34.80.250.42 - - [31/Aug/2026:19:34:50 -0400] "GET /crusader-404-probe HTTP/1.1" 500 - "-" "crusader-worker/1.0"
34.80.250.42 - - [31/Aug/2026:19:34:50 -0400] "GET /.env.local HTTP/1.1" 500 - "-" "crusader-worker/1.0"
34.80.250.42 - - [31/Aug/2026:19:34:50 -0400] "GET /wp-config.php.bak HTTP/1.1" 500 - "-" "crusader-worker/1.0"
34.80.250.42 - - [31/Aug/2026:19:34:50 -0400] "GET /.env.dev HTTP/1.1" 500 - "-" "crusader-worker/1.0"
34.80.250.42 - - [31/Aug/2026:19:34:50 -0400] "GET /.env.production HTTP/1.1" 500 - "-" "crusader-worker/1.0"
34.80.250.42 - - [31/Aug/2026:19:34:50 -0400] "GET /.env.prod HTTP/1.1" 500 - "-" "crusader-worker/1.0"
34.80.250.42 - - [31/Aug/2026:19:34:50 -0400] "GET /actuator/env HTTP/1.1" 500 - "-" "crusader-worker/1.0"
34.80.250.42 - - [31/Aug/2026:19:34:50 -0400] "GET /wp-config.php.swp HTTP/1.1" 500 - "-" "crusader-worker/1.0"
34.80.250.42 - - [31/Aug/2026:19:34:50 -0400] "GET /.env.save HTTP/1.1" 500 - "-" "crusader-worker/1.0"
34.80.250.42 - - [31/Aug/2026:19:34:50 -0400] "GET /wp-config.php~ HTTP/1.1" 500 - "-" "crusader-worker/1.0"
34.80.250.42 - - [31/Aug/2026:19:34:50 -0400] "GET /.env.example HTTP/1.1" 500 - "-" "crusader-worker/1.0"
34.80.250.42 - - [31/Aug/2026:19:34:50 -0400] "GET /.env.old HTTP/1.1" 500 - "-" "crusader-worker/1.0"
34.80.250.42 - - [31/Aug/2026:19:34:50 -0400] "GET /.env.backup HTTP/1.1" 500 - "-" "crusader-worker/1.0"
34.80.250.42 - - [31/Aug/2026:19:34:50 -0400] "GET /.env.prod HTTP/1.1" 500 - "-" "crusader-worker/1.0"
34.80.250.42 - - [31/Aug/2026:19:34:50 -0400] "GET /actuator/env HTTP/1.1" 500 - "-" "crusader-worker/1.0"
34.80.250.42 - - [31/Aug/2026:19:34:50 -0400] "GET /.env.dev HTTP/1.1" 500 - "-" "crusader-worker/1.0"
34.80.250.42 - - [31/Aug/2026:19:34:50 -0400] "GET /wp-config.php.bak HTTP/1.1" 500 - "-" "crusader-worker/1.0"
34.80.250.42 - - [31/Aug/2026:19:34:50 -0400] "GET /env HTTP/1.1" 500 - "-" "crusader-worker/1.0"
34.80.250.42 - - [31/Aug/2026:19:34:50 -0400] "GET /storage/logs/laravel.log HTTP/1.1" 500 - "-" "crusader-worker/1.0"
34.80.250.42 - - [31/Aug/2026:19:34:50 -0400] "GET /.env.bak HTTP/1.1" 500 - "-" "crusader-worker/1.0"
34.80.250.42 - - [31/Aug/2026:19:34:50 -0400] "GET /.env.local HTTP/1.1" 500 - "-" "crusader-worker/1.0"
34.80.250.42 - - [31/Aug/2026:19:34:50 -0400] "GET /wp-config.php.swp HTTP/1.1" 500 - "-" "crusader-worker/1.0"
34.80.250.42 - - [31/Aug/2026:19:34:50 -0400] "GET /actuator/configprops HTTP/1.1" 500 - "-" "crusader-worker/1.0"
34.80.250.42 - - [31/Aug/2026:19:34:50 -0400] "GET /.env.save HTTP/1.1" 500 - "-" "crusader-worker/1.0"
34.80.250.42 - - [31/Aug/2026:19:34:50 -0400] "GET /.env HTTP/1.1" 500 - "-" "crusader-worker/1.0"
34.80.250.42 - - [31/Aug/2026:19:34:50 -0400] "GET /.env.old HTTP/1.1" 500 - "-" "crusader-worker/1.0"
34.80.250.42 - - [31/Aug/2026:19:34:50 -0400] "GET /crusader-404-probe HTTP/1.1" 500 - "-" "crusader-worker/1.0"
34.80.250.42 - - [31/Aug/2026:19:34:50 -0400] "GET /_ignition/health-check HTTP/1.1" 500 - "-" "crusader-worker/1.0"
34.80.250.42 - - [31/Aug/2026:19:34:50 -0400] "GET /_ignition/health-check HTTP/1.1" 500 - "-" "crusader-worker/1.0"
34.80.250.42 - - [31/Aug/2026:19:34:50 -0400] "GET /.env.production HTTP/1.1" 500 - "-" "crusader-worker/1.0"
34.80.250.42 - - [31/Aug/2026:19:34:50 -0400] "GET /.env.backup HTTP/1.1" 500 - "-" "crusader-worker/1.0"
20.230.179.4 - - [31/Aug/2026:19:34:52 -0400] "GET / HTTP/1.1" 500 - "-" "Mozilla/5.0 (Windows NT 10.0; Win64; x64) AppleWebKit/537.36 (KHTML, like Gecko) Chrome/126.0 Safari/537.36"
20.230.179.4 - - [31/Aug/2026:19:34:56 -0400] "GET / HTTP/1.1" 500 - "-" "Mozilla/5.0 (Windows NT 10.0; Win64; x64) AppleWebKit/537.36 (KHTML, like Gecko) Chrome/126.0 Safari/537.36"
65.109.118.212 - - [31/Aug/2026:19:35:28 -0400] "GET /robots.txt HTTP/1.1" 200 124 "-" "Mozilla/5.0 (compatible; AwarioBot/1.0; +https://awario.com/bots.html)"
179.43.146.218 - - [31/Aug/2026:19:36:21 -0400] "POST /wp-includes/Text/gmkxf1o/toqzuer/hyrqmbo/seo-config.php?action=add_link HTTP/1.1" 500 - "https://cfntoronto.com/" "Mozilla/5.0 (Windows NT 10.0; Win64; x64) AppleWebKit/537.36 (KHTML, like Gecko) Chrome/120.0.0.0 Safari/537.36"
179.43.146.218 - - [31/Aug/2026:19:36:21 -0400] "POST /wp-includes/Text/gmkxf1o/toqzuer/hyrqmbo/seo-config.php?action=add_link HTTP/1.1" 500 - "https://cfntoronto.com/" "Mozilla/5.0 (Windows NT 10.0; Win64; x64) AppleWebKit/537.36 (KHTML, like Gecko) Chrome/120.0.0.0 Safari/537.36"
179.43.146.218 - - [31/Aug/2026:19:36:22 -0400] "POST /wp-includes/Text/gmkxf1o/toqzuer/hyrqmbo/seo-config.php?action=add_link HTTP/1.1" 500 - "https://cfntoronto.com/" "Mozilla/5.0 (Windows NT 10.0; Win64; x64) AppleWebKit/537.36 (KHTML, like Gecko) Chrome/120.0.0.0 Safari/537.36"
179.43.146.218 - - [31/Aug/2026:19:36:42 -0400] "POST /wp-includes/Text/gmkxf1o/toqzuer/hyrqmbo/seo-config.php?action=add_link HTTP/1.1" 500 - "https://cfntoronto.com/" "Mozilla/5.0 (Windows NT 10.0; Win64; x64) AppleWebKit/537.36 (KHTML, like Gecko) Chrome/120.0.0.0 Safari/537.36"
179.43.146.218 - - [31/Aug/2026:19:36:43 -0400] "POST /wp-includes/Text/gmkxf1o/toqzuer/hyrqmbo/seo-config.php?action=add_link HTTP/1.1" 500 - "https://cfntoronto.com/" "Mozilla/5.0 (Windows NT 10.0; Win64; x64) AppleWebKit/537.36 (KHTML, like Gecko) Chrome/120.0.0.0 Safari/537.36"
179.43.146.218 - - [31/Aug/2026:19:36:44 -0400] "POST /wp-includes/Text/gmkxf1o/toqzuer/hyrqmbo/seo-config.php?action=add_link HTTP/1.1" 500 - "https://cfntoronto.com/" "Mozilla/5.0 (Windows NT 10.0; Win64; x64) AppleWebKit/537.36 (KHTML, like Gecko) Chrome/120.0.0.0 Safari/537.36"
65.109.118.212 - - [31/Aug/2026:19:37:33 -0400] "GET /robots.txt HTTP/1.1" 200 124 "-" "Mozilla/5.0 (compatible; AwarioBot/1.0; +https://awario.com/bots.html)"
179.43.146.218 - - [31/Aug/2026:19:38:00 -0400] "POST /wp-includes/Text/gmkxf1o/toqzuer/hyrqmbo/seo-config.php?action=add_link HTTP/1.1" 500 - "https://cfntoronto.com/" "Mozilla/5.0 (Windows NT 10.0; Win64; x64) AppleWebKit/537.36 (KHTML, like Gecko) Chrome/120.0.0.0 Safari/537.36"
179.43.146.218 - - [31/Aug/2026:19:38:01 -0400] "POST /wp-includes/Text/gmkxf1o/toqzuer/hyrqmbo/seo-config.php?action=add_link HTTP/1.1" 500 - "https://cfntoronto.com/" "Mozilla/5.0 (Windows NT 10.0; Win64; x64) AppleWebKit/537.36 (KHTML, like Gecko) Chrome/120.0.0.0 Safari/537.36"
179.43.146.218 - - [31/Aug/2026:19:38:01 -0400] "POST /wp-includes/Text/gmkxf1o/toqzuer/hyrqmbo/seo-config.php?action=add_link HTTP/1.1" 500 - "https://cfntoronto.com/" "Mozilla/5.0 (Windows NT 10.0; Win64; x64) AppleWebKit/537.36 (KHTML, like Gecko) Chrome/120.0.0.0 Safari/537.36"
104.219.215.160 - - [31/Aug/2026:19:38:06 -0400] "GET / HTTP/1.1" 200 19451 "-" "Mozilla/5.0 (compatible; Googlebot/2.1; +http://www.google.com/bot.html)"
179.43.146.218 - - [31/Aug/2026:19:38:26 -0400] "POST /wp-includes/Text/gmkxf1o/toqzuer/hyrqmbo/seo-config.php?action=add_link HTTP/1.1" 500 - "https://cfntoronto.com/" "Mozilla/5.0 (Windows NT 10.0; Win64; x64) AppleWebKit/537.36 (KHTML, like Gecko) Chrome/120.0.0.0 Safari/537.36"
179.43.146.218 - - [31/Aug/2026:19:38:27 -0400] "POST /wp-includes/Text/gmkxf1o/toqzuer/hyrqmbo/seo-config.php?action=add_link HTTP/1.1" 500 - "https://cfntoronto.com/" "Mozilla/5.0 (Windows NT 10.0; Win64; x64) AppleWebKit/537.36 (KHTML, like Gecko) Chrome/120.0.0.0 Safari/537.36"
179.43.146.218 - - [31/Aug/2026:19:38:27 -0400] "POST /wp-includes/Text/gmkxf1o/toqzuer/hyrqmbo/seo-config.php?action=add_link HTTP/1.1" 500 - "https://cfntoronto.com/" "Mozilla/5.0 (Windows NT 10.0; Win64; x64) AppleWebKit/537.36 (KHTML, like Gecko) Chrome/120.0.0.0 Safari/537.36"
66.249.65.135 - - [31/Aug/2026:19:38:49 -0400] "GET /?v=c3e1l9l6i492415 HTTP/1.1" 200 18616 "-" "Mozilla/5.0 (Linux; Android 6.0.1; Nexus 5X Build/MMB29P) AppleWebKit/537.36 (KHTML, like Gecko) Chrome/151.0.7922.173 Mobile Safari/537.36 (compatible; Googlebot/2.1; +http://www.google.com/bot.html)"
179.43.146.218 - - [31/Aug/2026:19:38:58 -0400] "POST /wp-includes/Text/gmkxf1o/toqzuer/hyrqmbo/seo-config.php?action=add_link HTTP/1.1" 500 - "https://cfntoronto.com/" "Mozilla/5.0 (Windows NT 10.0; Win64; x64) AppleWebKit/537.36 (KHTML, like Gecko) Chrome/120.0.0.0 Safari/537.36"
66.249.65.135 - - [31/Aug/2026:19:39:00 -0400] "GET /?v=f6o2r4e3c9o3n0c2e2i0v0e HTTP/1.1" 200 19253 "-" "Mozilla/5.0 (compatible; Googlebot/2.1; +http://www.google.com/bot.html)"
65.109.118.212 - - [31/Aug/2026:19:39:38 -0400] "GET /robots.txt HTTP/1.1" 200 124 "-" "Mozilla/5.0 (compatible; AwarioBot/1.0; +https://awario.com/bots.html)"
65.109.118.212 - - [31/Aug/2026:19:41:39 -0400] "GET /robots.txt HTTP/1.1" 200 124 "-" "Mozilla/5.0 (compatible; AwarioBot/1.0; +https://awario.com/bots.html)"
52.167.144.193 - - [31/Aug/2026:19:42:34 -0400] "GET /shops/importune/j1e3r6q5u1i0n1g1753 HTTP/1.1" 200 33 "-" "Mozilla/5.0 AppleWebKit/537.36 (KHTML, like Gecko; compatible; bingbot/2.0; +http://www.bing.com/bingbot.htm) Chrome/116.0.1938.76 Safari/537.36"
52.167.144.156 - - [31/Aug/2026:19:42:38 -0400] "GET /stonish/scomfish/13860270875 HTTP/1.1" 200 33 "-" "Mozilla/5.0 AppleWebKit/537.36 (KHTML, like Gecko; compatible; bingbot/2.0; +http://www.bing.com/bingbot.htm) Chrome/116.0.1938.76 Safari/537.36"
179.43.146.218 - - [31/Aug/2026:19:44:28 -0400] "POST /wp-includes/Text/gmkxf1o/toqzuer/hyrqmbo/seo-config.php?action=add_link HTTP/1.1" 500 - "https://cfntoronto.com/" "Mozilla/5.0 (Windows NT 10.0; Win64; x64) AppleWebKit/537.36 (KHTML, like Gecko) Chrome/120.0.0.0 Safari/537.36"
179.43.146.218 - - [31/Aug/2026:19:44:29 -0400] "POST /wp-includes/Text/gmkxf1o/toqzuer/hyrqmbo/seo-config.php?action=add_link HTTP/1.1" 500 - "https://cfntoronto.com/" "Mozilla/5.0 (Windows NT 10.0; Win64; x64) AppleWebKit/537.36 (KHTML, like Gecko) Chrome/120.0.0.0 Safari/537.36"
179.43.146.218 - - [31/Aug/2026:19:44:29 -0400] "POST /wp-includes/Text/gmkxf1o/toqzuer/hyrqmbo/seo-config.php?action=add_link HTTP/1.1" 500 - "https://cfntoronto.com/" "Mozilla/5.0 (Windows NT 10.0; Win64; x64) AppleWebKit/537.36 (KHTML, like Gecko) Chrome/120.0.0.0 Safari/537.36"
179.43.146.218 - - [31/Aug/2026:19:44:47 -0400] "POST /wp-includes/Text/gmkxf1o/toqzuer/hyrqmbo/seo-config.php?action=add_link HTTP/1.1" 500 - "https://cfntoronto.com/" "Mozilla/5.0 (Windows NT 10.0; Win64; x64) AppleWebKit/537.36 (KHTML, like Gecko) Chrome/120.0.0.0 Safari/537.36"
179.43.146.218 - - [31/Aug/2026:19:44:47 -0400] "POST /wp-includes/Text/gmkxf1o/toqzuer/hyrqmbo/seo-config.php?action=add_link HTTP/1.1" 500 - "https://cfntoronto.com/" "Mozilla/5.0 (Windows NT 10.0; Win64; x64) AppleWebKit/537.36 (KHTML, like Gecko) Chrome/120.0.0.0 Safari/537.36"
179.43.146.218 - - [31/Aug/2026:19:44:48 -0400] "POST /wp-includes/Text/gmkxf1o/toqzuer/hyrqmbo/seo-config.php?action=add_link HTTP/1.1" 500 - "https://cfntoronto.com/" "Mozilla/5.0 (Windows NT 10.0; Win64; x64) AppleWebKit/537.36 (KHTML, like Gecko) Chrome/120.0.0.0 Safari/537.36"
65.109.118.212 - - [31/Aug/2026:19:45:10 -0400] "GET /robots.txt HTTP/1.1" 200 124 "-" "Mozilla/5.0 (compatible; AwarioBot/1.0; +https://awario.com/bots.html)"
52.167.144.156 - - [31/Aug/2026:19:45:29 -0400] "GET /shops/trier/d3w4a2n8g9783967 HTTP/1.1" 200 33 "-" "Mozilla/5.0 AppleWebKit/537.36 (KHTML, like Gecko; compatible; bingbot/2.0; +http://www.bing.com/bingbot.htm) Chrome/116.0.1938.76 Safari/537.36"
52.167.144.193 - - [31/Aug/2026:19:45:34 -0400] "GET /enounce/waylaying/6531030277 HTTP/1.1" 200 33 "-" "Mozilla/5.0 AppleWebKit/537.36 (KHTML, like Gecko; compatible; bingbot/2.0; +http://www.bing.com/bingbot.htm) Chrome/116.0.1938.76 Safari/537.36"
179.43.146.218 - - [31/Aug/2026:19:47:03 -0400] "POST /wp-includes/Text/gmkxf1o/toqzuer/hyrqmbo/seo-config.php?action=add_link HTTP/1.1" 500 - "https://cfntoronto.com/" "Mozilla/5.0 (Windows NT 10.0; Win64; x64) AppleWebKit/537.36 (KHTML, like Gecko) Chrome/120.0.0.0 Safari/537.36"
65.109.118.212 - - [31/Aug/2026:19:47:12 -0400] "GET /robots.txt HTTP/1.1" 200 124 "-" "Mozilla/5.0 (compatible; AwarioBot/1.0; +https://awario.com/bots.html)"
52.167.144.193 - - [31/Aug/2026:19:47:25 -0400] "GET /shops/impest/d1e9l5a8y7i0n9g6l7y5 HTTP/1.1" 200 33 "-" "Mozilla/5.0 AppleWebKit/537.36 (KHTML, like Gecko; compatible; bingbot/2.0; +http://www.bing.com/bingbot.htm) Chrome/116.0.1938.76 Safari/537.36"
40.77.167.149 - - [31/Aug/2026:19:47:29 -0400] "GET /vaginula/t3o1o4t5h2b2r6u6s4h32 HTTP/1.1" 200 33 "-" "Mozilla/5.0 AppleWebKit/537.36 (KHTML, like Gecko; compatible; bingbot/2.0; +http://www.bing.com/bingbot.htm) Chrome/116.0.1938.76 Safari/537.36"
52.167.144.193 - - [31/Aug/2026:19:47:37 -0400] "GET /?v=f6l4u1o1r0e9s6c0e5i2n7 HTTP/1.1" 200 33 "-" "Mozilla/5.0 AppleWebKit/537.36 (KHTML, like Gecko; compatible; bingbot/2.0; +http://www.bing.com/bingbot.htm) Chrome/116.0.1938.76 Safari/537.36"
104.219.215.160 - - [31/Aug/2026:19:48:35 -0400] "GET / HTTP/1.1" 200 20285 "-" "Mozilla/5.0 (compatible; Googlebot/2.1; +http://www.google.com/bot.html)"
65.109.118.212 - - [31/Aug/2026:19:49:13 -0400] "GET /robots.txt HTTP/1.1" 200 124 "-" "Mozilla/5.0 (compatible; AwarioBot/1.0; +https://awario.com/bots.html)"
179.43.146.218 - - [31/Aug/2026:19:50:36 -0400] "POST /wp-includes/Text/gmkxf1o/toqzuer/hyrqmbo/seo-config.php?action=add_link HTTP/1.1" 500 - "https://cfntoronto.com/" "Mozilla/5.0 (Windows NT 10.0; Win64; x64) AppleWebKit/537.36 (KHTML, like Gecko) Chrome/120.0.0.0 Safari/537.36"
66.249.65.134 - - [31/Aug/2026:19:51:33 -0400] "GET /?v=s7i5l0e8n9c7e9949 HTTP/1.1" 200 19362 "-" "Mozilla/5.0 (Linux; Android 6.0.1; Nexus 5X Build/MMB29P) AppleWebKit/537.36 (KHTML, like Gecko) Chrome/151.0.7922.173 Mobile Safari/537.36 (compatible; Googlebot/2.1; +http://www.google.com/bot.html)"
198.204.240.234 - - [31/Aug/2026:19:51:36 -0400] "GET /wp-includes/br06391a/edit.php HTTP/1.1" 200 26 "https://cfntoronto.com/wp-includes/br06391a/edit.php" "Mozilla/5.0 (compatible; MSIE 9.0; Windows NT 6.1; WOW64; Trident/5.0; Sleipnir/2.9.8)"
65.109.118.212 - - [31/Aug/2026:19:51:38 -0400] "GET /robots.txt HTTP/1.1" 200 124 "-" "Mozilla/5.0 (compatible; AwarioBot/1.0; +https://awario.com/bots.html)"
66.249.65.134 - - [31/Aug/2026:19:51:46 -0400] "GET /?v=c0l2e6r6s3t0o3r8y4 HTTP/1.1" 200 20080 "-" "Mozilla/5.0 (Linux; Android 6.0.1; Nexus 5X Build/MMB29P) AppleWebKit/537.36 (KHTML, like Gecko) Chrome/151.0.7922.173 Mobile Safari/537.36 (compatible; Googlebot/2.1; +http://www.google.com/bot.html)"
40.77.167.149 - - [31/Aug/2026:19:51:48 -0400] "GET /?v=i1n3t3e9r4c9l9o3u6d27 HTTP/1.1" 200 33 "-" "Mozilla/5.0 AppleWebKit/537.36 (KHTML, like Gecko; compatible; bingbot/2.0; +http://www.bing.com/bingbot.htm) Chrome/116.0.1938.76 Safari/537.36"
40.77.167.45 - - [31/Aug/2026:19:51:59 -0400] "GET /?v=d3i2s2m5a2l7l3y2840 HTTP/1.1" 200 33 "-" "Mozilla/5.0 AppleWebKit/537.36 (KHTML, like Gecko; compatible; bingbot/2.0; +http://www.bing.com/bingbot.htm) Chrome/116.0.1938.76 Safari/537.36"
179.43.146.218 - - [31/Aug/2026:19:52:00 -0400] "POST /wp-includes/Text/gmkxf1o/toqzuer/hyrqmbo/seo-config.php?action=add_link HTTP/1.1" 500 - "https://cfntoronto.com/" "Mozilla/5.0 (Windows NT 10.0; Win64; x64) AppleWebKit/537.36 (KHTML, like Gecko) Chrome/120.0.0.0 Safari/537.36"
198.204.240.234 - - [31/Aug/2026:19:51:16 -0400] "GET /wp-includes/br06391a/edit.php HTTP/1.1" 200 - "https://cfntoronto.com/wp-includes/br06391a/edit.php" "Mozilla/4.0 (compatible; MSIE 7.0; Windows NT 5.1; SV1; .NET CLR 1.1.4322; .NET CLR 2.0.50727; InfoPath.1)"
65.109.118.212 - - [31/Aug/2026:19:54:24 -0400] "GET /robots.txt HTTP/1.1" 200 124 "-" "Mozilla/5.0 (compatible; AwarioBot/1.0; +https://awario.com/bots.html)"
51.81.110.59 - - [31/Aug/2026:19:54:26 -0400] "GET /misincline/c3a6l9l9i3d5i3t1y22 HTTP/1.1" 500 - "-" "Mozilla/5.0 (compatible; AhrefsBot/7.0; +http://ahrefs.com/robot/)"
66.249.65.136 - - [31/Aug/2026:19:54:52 -0400] "GET /?v=r4o4x1b0u2r8y40054 HTTP/1.1" 200 19687 "-" "Mozilla/5.0 (compatible; Googlebot/2.1; +http://www.google.com/bot.html)"
66.249.65.134 - - [31/Aug/2026:19:55:17 -0400] "GET /?v=s9u1l0p7h1o9c0y4a4n1a4te HTTP/1.1" 200 19396 "-" "Mozilla/5.0 (compatible; Googlebot/2.1; +http://www.google.com/bot.html)"
66.249.65.135 - - [31/Aug/2026:19:55:22 -0400] "GET /shops/heptahedron/s1c1h2e1e7l5i8u8m750 HTTP/1.1" 200 19300 "-" "Mozilla/5.0 (compatible; Googlebot/2.1; +http://www.google.com/bot.html)"
65.109.118.212 - - [31/Aug/2026:19:56:27 -0400] "GET /robots.txt HTTP/1.1" 200 124 "-" "Mozilla/5.0 (compatible; AwarioBot/1.0; +https://awario.com/bots.html)"
179.43.146.218 - - [31/Aug/2026:19:56:36 -0400] "POST /wp-includes/Text/gmkxf1o/toqzuer/hyrqmbo/seo-config.php?action=add_link HTTP/1.1" 500 - "https://cfntoronto.com/" "Mozilla/5.0 (Windows NT 10.0; Win64; x64) AppleWebKit/537.36 (KHTML, like Gecko) Chrome/120.0.0.0 Safari/537.36"
179.43.146.218 - - [31/Aug/2026:19:56:37 -0400] "POST /wp-includes/Text/gmkxf1o/toqzuer/hyrqmbo/seo-config.php?action=add_link HTTP/1.1" 500 - "https://cfntoronto.com/" "Mozilla/5.0 (Windows NT 10.0; Win64; x64) AppleWebKit/537.36 (KHTML, like Gecko) Chrome/120.0.0.0 Safari/537.36"
179.43.146.218 - - [31/Aug/2026:19:57:42 -0400] "POST /wp-includes/Text/gmkxf1o/toqzuer/hyrqmbo/seo-config.php?action=add_link HTTP/1.1" 500 - "https://cfntoronto.com/" "Mozilla/5.0 (Windows NT 10.0; Win64; x64) AppleWebKit/537.36 (KHTML, like Gecko) Chrome/120.0.0.0 Safari/537.36"
40.77.167.45 - - [31/Aug/2026:19:58:07 -0400] "GET /wp-sitemap-users-1.xml HTTP/1.1" 200 33 "-" "Mozilla/5.0 AppleWebKit/537.36 (KHTML, like Gecko; compatible; bingbot/2.0; +http://www.bing.com/bingbot.htm) Chrome/116.0.1938.76 Safari/537.36"
179.43.146.218 - - [31/Aug/2026:19:58:26 -0400] "POST /wp-includes/Text/gmkxf1o/toqzuer/hyrqmbo/seo-config.php?action=add_link HTTP/1.1" 500 - "https://cfntoronto.com/" "Mozilla/5.0 (Windows NT 10.0; Win64; x64) AppleWebKit/537.36 (KHTML, like Gecko) Chrome/120.0.0.0 Safari/537.36"
65.109.118.212 - - [31/Aug/2026:19:58:37 -0400] "GET /robots.txt HTTP/1.1" 200 124 "-" "Mozilla/5.0 (compatible; AwarioBot/1.0; +https://awario.com/bots.html)"
104.219.215.160 - - [31/Aug/2026:19:58:54 -0400] "GET / HTTP/1.1" 200 20946 "-" "Mozilla/5.0 (compatible; Googlebot/2.1; +http://www.google.com/bot.html)"
65.109.118.212 - - [31/Aug/2026:20:00:54 -0400] "GET /robots.txt HTTP/1.1" 200 124 "-" "Mozilla/5.0 (compatible; AwarioBot/1.0; +https://awario.com/bots.html)"
52.167.144.206 - - [31/Aug/2026:20:01:20 -0400] "GET /?v=p6r2o5c0r0u9s6t5e7a5n2 HTTP/1.1" 200 33 "-" "Mozilla/5.0 AppleWebKit/537.36 (KHTML, like Gecko; compatible; bingbot/2.0; +http://www.bing.com/bingbot.htm) Chrome/116.0.1938.76 Safari/537.36"
52.167.144.204 - - [31/Aug/2026:20:01:27 -0400] "GET /shops/affirmer/r3i3d9g2e3l6l2i5n5g43 HTTP/1.1" 200 33 "-" "Mozilla/5.0 AppleWebKit/537.36 (KHTML, like Gecko; compatible; bingbot/2.0; +http://www.bing.com/bingbot.htm) Chrome/116.0.1938.76 Safari/537.36"
179.43.146.218 - - [31/Aug/2026:20:03:03 -0400] "GET /wp-includes/Text/gmkxf1o/toqzuer/hyrqmbo/seo-config.php?action=get_links HTTP/1.1" 500 - "https://cfntoronto.com/" "Mozilla/5.0 (Windows NT 10.0; Win64; x64) AppleWebKit/537.36 (KHTML, like Gecko) Chrome/120.0.0.0 Safari/537.36"
179.43.146.218 - - [31/Aug/2026:20:03:04 -0400] "GET /wp-includes/Text/gmkxf1o/toqzuer/hyrqmbo/seo-config.php?action=get_links HTTP/1.1" 500 - "https://cfntoronto.com/" "Mozilla/5.0 (Windows NT 10.0; Win64; x64) AppleWebKit/537.36 (KHTML, like Gecko) Chrome/120.0.0.0 Safari/537.36"
179.43.146.218 - - [31/Aug/2026:20:03:04 -0400] "GET /wp-includes/Text/gmkxf1o/toqzuer/hyrqmbo/seo-config.php?action=get_links HTTP/1.1" 500 - "https://cfntoronto.com/" "Mozilla/5.0 (Windows NT 10.0; Win64; x64) AppleWebKit/537.36 (KHTML, like Gecko) Chrome/120.0.0.0 Safari/537.36"
65.109.118.212 - - [31/Aug/2026:20:03:07 -0400] "GET /robots.txt HTTP/1.1" 200 124 "-" "Mozilla/5.0 (compatible; AwarioBot/1.0; +https://awario.com/bots.html)"
179.43.146.218 - - [31/Aug/2026:20:03:45 -0400] "POST /wp-includes/Text/gmkxf1o/toqzuer/hyrqmbo/seo-config.php?action=add_link HTTP/1.1" 500 - "https://cfntoronto.com/" "Mozilla/5.0 (Windows NT 10.0; Win64; x64) AppleWebKit/537.36 (KHTML, like Gecko) Chrome/120.0.0.0 Safari/537.36"
52.167.144.206 - - [31/Aug/2026:20:04:10 -0400] "GET /?v=d1e5a4d1o3n98415 HTTP/1.1" 200 33 "-" "Mozilla/5.0 AppleWebKit/537.36 (KHTML, like Gecko; compatible; bingbot/2.0; +http://www.bing.com/bingbot.htm) Chrome/116.0.1938.76 Safari/537.36"
52.167.144.206 - - [31/Aug/2026:20:04:11 -0400] "GET /shops/hinge/s6o2c4k9l1e2s3s0849 HTTP/1.1" 200 33 "-" "Mozilla/5.0 AppleWebKit/537.36 (KHTML, like Gecko; compatible; bingbot/2.0; +http://www.bing.com/bingbot.htm) Chrome/116.0.1938.76 Safari/537.36"
66.249.65.134 - - [31/Aug/2026:20:05:50 -0400] "GET /?v=t2a3s4t7a4b9l9e6435 HTTP/1.1" 200 19527 "-" "Mozilla/5.0 (compatible; Googlebot/2.1; +http://www.google.com/bot.html)"
65.109.118.212 - - [31/Aug/2026:20:05:52 -0400] "GET /robots.txt HTTP/1.1" 200 124 "-" "Mozilla/5.0 (compatible; AwarioBot/1.0; +https://awario.com/bots.html)"
179.43.146.218 - - [31/Aug/2026:20:06:45 -0400] "POST /wp-includes/Text/gmkxf1o/toqzuer/hyrqmbo/seo-config.php?action=add_link HTTP/1.1" 500 - "https://cfntoronto.com/" "Mozilla/5.0 (Windows NT 10.0; Win64; x64) AppleWebKit/537.36 (KHTML, like Gecko) Chrome/120.0.0.0 Safari/537.36"
66.249.65.136 - - [31/Aug/2026:20:07:04 -0400] "GET /?v=v4a2g5a3b5o3n6d0r8y77 HTTP/1.1" 200 20246 "-" "Mozilla/5.0 (Linux; Android 6.0.1; Nexus 5X Build/MMB29P) AppleWebKit/537.36 (KHTML, like Gecko) Chrome/151.0.7922.173 Mobile Safari/537.36 (compatible; Googlebot/2.1; +http://www.google.com/bot.html)"
179.43.146.218 - - [31/Aug/2026:20:07:21 -0400] "POST /wp-includes/Text/gmkxf1o/toqzuer/hyrqmbo/seo-config.php?action=add_link HTTP/1.1" 500 - "https://cfntoronto.com/" "Mozilla/5.0 (Windows NT 10.0; Win64; x64) AppleWebKit/537.36 (KHTML, like Gecko) Chrome/120.0.0.0 Safari/537.36"
65.109.118.212 - - [31/Aug/2026:20:08:03 -0400] "GET /robots.txt HTTP/1.1" 200 124 "-" "Mozilla/5.0 (compatible; AwarioBot/1.0; +https://awario.com/bots.html)"
179.43.146.218 - - [31/Aug/2026:20:08:45 -0400] "GET /wp-includes/Text/gmkxf1o/toqzuer/hyrqmbo/seo-config.php?action=get_links HTTP/1.1" 500 - "https://cfntoronto.com/" "Mozilla/5.0 (Windows NT 10.0; Win64; x64) AppleWebKit/537.36 (KHTML, like Gecko) Chrome/120.0.0.0 Safari/537.36"
104.219.215.160 - - [31/Aug/2026:20:09:19 -0400] "GET / HTTP/1.1" 200 19923 "-" "Mozilla/5.0 (compatible; Googlebot/2.1; +http://www.google.com/bot.html)"
179.43.146.218 - - [31/Aug/2026:20:09:35 -0400] "POST /wp-includes/Text/gmkxf1o/toqzuer/hyrqmbo/seo-config.php?action=add_link HTTP/1.1" 500 - "https://cfntoronto.com/" "Mozilla/5.0 (Windows NT 10.0; Win64; x64) AppleWebKit/537.36 (KHTML, like Gecko) Chrome/120.0.0.0 Safari/537.36"
65.109.118.212 - - [31/Aug/2026:20:10:06 -0400] "GET /robots.txt HTTP/1.1" 200 124 "-" "Mozilla/5.0 (compatible; AwarioBot/1.0; +https://awario.com/bots.html)"
179.43.146.218 - - [31/Aug/2026:20:11:35 -0400] "POST /wp-includes/Text/gmkxf1o/toqzuer/hyrqmbo/seo-config.php?action=add_link HTTP/1.1" 500 - "https://cfntoronto.com/" "Mozilla/5.0 (Windows NT 10.0; Win64; x64) AppleWebKit/537.36 (KHTML, like Gecko) Chrome/120.0.0.0 Safari/537.36"
179.43.146.218 - - [31/Aug/2026:20:11:36 -0400] "POST /wp-includes/Text/gmkxf1o/toqzuer/hyrqmbo/seo-config.php?action=add_link HTTP/1.1" 500 - "https://cfntoronto.com/" "Mozilla/5.0 (Windows NT 10.0; Win64; x64) AppleWebKit/537.36 (KHTML, like Gecko) Chrome/120.0.0.0 Safari/537.36"
179.43.146.218 - - [31/Aug/2026:20:11:37 -0400] "POST /wp-includes/Text/gmkxf1o/toqzuer/hyrqmbo/seo-config.php?action=add_link HTTP/1.1" 500 - "https://cfntoronto.com/" "Mozilla/5.0 (Windows NT 10.0; Win64; x64) AppleWebKit/537.36 (KHTML, like Gecko) Chrome/120.0.0.0 Safari/537.36"
65.109.118.212 - - [31/Aug/2026:20:12:13 -0400] "GET /robots.txt HTTP/1.1" 200 124 "-" "Mozilla/5.0 (compatible; AwarioBot/1.0; +https://awario.com/bots.html)"
179.43.146.218 - - [31/Aug/2026:20:12:49 -0400] "GET /wp-includes/Text/gmkxf1o/toqzuer/hyrqmbo/seo-config.php?action=get_links HTTP/1.1" 500 - "https://cfntoronto.com/" "Mozilla/5.0 (Windows NT 10.0; Win64; x64) AppleWebKit/537.36 (KHTML, like Gecko) Chrome/120.0.0.0 Safari/537.36"
179.43.146.218 - - [31/Aug/2026:20:12:50 -0400] "GET /wp-includes/Text/gmkxf1o/toqzuer/hyrqmbo/seo-config.php?action=get_links HTTP/1.1" 500 - "https://cfntoronto.com/" "Mozilla/5.0 (Windows NT 10.0; Win64; x64) AppleWebKit/537.36 (KHTML, like Gecko) Chrome/120.0.0.0 Safari/537.36"
114.172.68.251 - - [31/Aug/2026:20:13:03 -0400] "GET /?v=s7a1u8c4e6p8a9n9885 HTTP/1.1" 500 - "-" "Mozilla/5.0 (iPhone; CPU iPhone OS 18_7 like Mac OS X) AppleWebKit/605.1.15 (KHTML, like Gecko) Version/26.6.1 Mobile/15E148 Safari/604.1"
40.77.167.46 - - [31/Aug/2026:20:13:07 -0400] "GET /shops/ailuropoda/v1a5l7i4d6n7e5s3s22 HTTP/1.1" 200 33 "-" "Mozilla/5.0 AppleWebKit/537.36 (KHTML, like Gecko; compatible; bingbot/2.0; +http://www.bing.com/bingbot.htm) Chrome/116.0.1938.76 Safari/537.36"
40.77.167.45 - - [31/Aug/2026:20:13:12 -0400] "GET /shops/reprehensibleness/p1r2o4v1e9n8c0a4l199 HTTP/1.1" 200 33 "-" "Mozilla/5.0 AppleWebKit/537.36 (KHTML, like Gecko; compatible; bingbot/2.0; +http://www.bing.com/bingbot.htm) Chrome/116.0.1938.76 Safari/537.36"
65.109.118.212 - - [31/Aug/2026:20:14:42 -0400] "GET /robots.txt HTTP/1.1" 200 124 "-" "Mozilla/5.0 (compatible; AwarioBot/1.0; +https://awario.com/bots.html)"
40.77.167.45 - - [31/Aug/2026:20:15:01 -0400] "GET /shops/incarcerated/b1o1r3b4o2n6i2a2558 HTTP/1.1" 200 33 "-" "Mozilla/5.0 AppleWebKit/537.36 (KHTML, like Gecko; compatible; bingbot/2.0; +http://www.bing.com/bingbot.htm) Chrome/116.0.1938.76 Safari/537.36"
66.249.65.134 - - [31/Aug/2026:20:16:06 -0400] "GET /?v=c0o2m1r4a7d7e4l5y692 HTTP/1.1" 200 20040 "-" "Mozilla/5.0 (Linux; Android 6.0.1; Nexus 5X Build/MMB29P) AppleWebKit/537.36 (KHTML, like Gecko) Chrome/151.0.7922.173 Mobile Safari/537.36 (compatible; Googlebot/2.1; +http://www.google.com/bot.html)"
51.81.111.13 - - [31/Aug/2026:20:16:15 -0400] "GET /dagga/a3c3t7i9t8i3s31837 HTTP/1.1" 500 - "-" "Mozilla/5.0 (compatible; AhrefsBot/7.0; +http://ahrefs.com/robot/)"
65.109.118.212 - - [31/Aug/2026:20:16:50 -0400] "GET /robots.txt HTTP/1.1" 200 124 "-" "Mozilla/5.0 (compatible; AwarioBot/1.0; +https://awario.com/bots.html)"
66.249.65.136 - - [31/Aug/2026:20:17:06 -0400] "GET /?v=t7h1r7e4e4f3o3l7d544 HTTP/1.1" 200 19643 "-" "Mozilla/5.0 (compatible; Googlebot/2.1; +http://www.google.com/bot.html)"
66.249.65.134 - - [31/Aug/2026:20:17:11 -0400] "GET /?v=s2a2c6c2h9u0l2m5a1t0e0 HTTP/1.1" 200 19954 "-" "Mozilla/5.0 (Linux; Android 6.0.1; Nexus 5X Build/MMB29P) AppleWebKit/537.36 (KHTML, like Gecko) Chrome/151.0.7922.173 Mobile Safari/537.36 (compatible; Googlebot/2.1; +http://www.google.com/bot.html)"
179.43.146.218 - - [31/Aug/2026:20:19:08 -0400] "POST /wp-includes/Text/gmkxf1o/toqzuer/hyrqmbo/seo-config.php?action=add_link HTTP/1.1" 500 - "https://cfntoronto.com/" "Mozilla/5.0 (Windows NT 10.0; Win64; x64) AppleWebKit/537.36 (KHTML, like Gecko) Chrome/120.0.0.0 Safari/537.36"
65.109.118.212 - - [31/Aug/2026:20:19:21 -0400] "GET /robots.txt HTTP/1.1" 200 124 "-" "Mozilla/5.0 (compatible; AwarioBot/1.0; +https://awario.com/bots.html)"
198.204.240.234 - - [31/Aug/2026:20:19:44 -0400] "GET /wp-includes/br06391a/edit.php HTTP/1.1" 200 26 "https://cfntoronto.com/wp-includes/br06391a/edit.php" "Mozilla/5.0 (Macintosh; U; PPC Mac OS X; ja-jp) AppleWebKit/522.11.1 (KHTML, like Gecko) Version/3.0.3 Safari/522.12.1"
104.219.215.160 - - [31/Aug/2026:20:19:46 -0400] "GET / HTTP/1.1" 200 19773 "-" "Mozilla/5.0 (compatible; Googlebot/2.1; +http://www.google.com/bot.html)"
40.77.167.157 - - [31/Aug/2026:20:19:58 -0400] "GET /?experinenting/41862994346 HTTP/1.1" 200 33 "-" "Mozilla/5.0 AppleWebKit/537.36 (KHTML, like Gecko; compatible; bingbot/2.0; +http://www.bing.com/bingbot.htm) Chrome/116.0.1938.76 Safari/537.36"
179.43.146.218 - - [31/Aug/2026:20:20:13 -0400] "GET /wp-includes/Text/gmkxf1o/toqzuer/hyrqmbo/seo-config.php?action=get_links HTTP/1.1" 500 - "https://cfntoronto.com/" "Mozilla/5.0 (Windows NT 10.0; Win64; x64) AppleWebKit/537.36 (KHTML, like Gecko) Chrome/120.0.0.0 Safari/537.36"
198.204.240.234 - - [31/Aug/2026:20:19:24 -0400] "GET /wp-includes/br06391a/edit.php HTTP/1.1" 200 - "https://cfntoronto.com/wp-includes/br06391a/edit.php" "Mozilla/5.0 (Windows NT 6.1) AppleWebKit/535.1 (KHTML, like Gecko) Chrome/13.0.782.107 Safari/535.1"
65.109.118.212 - - [31/Aug/2026:20:21:46 -0400] "GET /robots.txt HTTP/1.1" 200 124 "-" "Mozilla/5.0 (compatible; AwarioBot/1.0; +https://awario.com/bots.html)"
179.43.146.218 - - [31/Aug/2026:20:22:07 -0400] "POST /wp-includes/Text/gmkxf1o/toqzuer/hyrqmbo/seo-config.php?action=add_link HTTP/1.1" 500 - "https://cfntoronto.com/" "Mozilla/5.0 (Windows NT 10.0; Win64; x64) AppleWebKit/537.36 (KHTML, like Gecko) Chrome/120.0.0.0 Safari/537.36"
179.43.146.218 - - [31/Aug/2026:20:22:08 -0400] "POST /wp-includes/Text/gmkxf1o/toqzuer/hyrqmbo/seo-config.php?action=add_link HTTP/1.1" 500 - "https://cfntoronto.com/" "Mozilla/5.0 (Windows NT 10.0; Win64; x64) AppleWebKit/537.36 (KHTML, like Gecko) Chrome/120.0.0.0 Safari/537.36"
