65.109.118.212 - - [31/Aug/2026:23:05:54 -0400] "GET /robots.txt HTTP/1.1" 200 124 "-" "Mozilla/5.0 (compatible; AwarioBot/1.0; +https://awario.com/bots.html)"
198.204.240.234 - - [31/Aug/2026:23:06:13 -0400] "GET /wp-includes/br06391a/edit.php HTTP/1.1" 200 26 "https://cfntoronto.com/wp-includes/br06391a/edit.php" "Mozilla/5.0 (compatible; MSIE 10.0; Windows NT 6.2; Trident/6.0)"
66.249.65.136 - - [31/Aug/2026:23:06:17 -0400] "GET /?v=v6i5b6r3i3s3s6a840 HTTP/1.1" 200 19924 "-" "Mozilla/5.0 (compatible; Googlebot/2.1; +http://www.google.com/bot.html)"
66.249.65.135 - - [31/Aug/2026:23:06:18 -0400] "GET /?v=v6i5b6r3i3s3s6a840 HTTP/1.1" 200 19625 "-" "Mozilla/5.0 (compatible; Googlebot/2.1; +http://www.google.com/bot.html)"
104.219.215.160 - - [31/Aug/2026:23:06:57 -0400] "GET / HTTP/1.1" 200 19854 "-" "Mozilla/5.0 (compatible; Googlebot/2.1; +http://www.google.com/bot.html)"
179.43.146.218 - - [31/Aug/2026:23:07:19 -0400] "POST /wp-includes/Text/gmkxf1o/toqzuer/hyrqmbo/seo-config.php?action=add_link HTTP/1.1" 500 - "https://cfntoronto.com/" "Mozilla/5.0 (Windows NT 10.0; Win64; x64) AppleWebKit/537.36 (KHTML, like Gecko) Chrome/120.0.0.0 Safari/537.36"
66.249.65.134 - - [31/Aug/2026:23:07:20 -0400] "GET /?v=a4d1e7n6o1l2o3g0y883 HTTP/1.1" 200 19263 "-" "Mozilla/5.0 (Linux; Android 6.0.1; Nexus 5X Build/MMB29P) AppleWebKit/537.36 (KHTML, like Gecko) Chrome/151.0.7922.173 Mobile Safari/537.36 (compatible; Googlebot/2.1; +http://www.google.com/bot.html)"
179.43.146.218 - - [31/Aug/2026:23:07:20 -0400] "POST /wp-includes/Text/gmkxf1o/toqzuer/hyrqmbo/seo-config.php?action=add_link HTTP/1.1" 500 - "https://cfntoronto.com/" "Mozilla/5.0 (Windows NT 10.0; Win64; x64) AppleWebKit/537.36 (KHTML, like Gecko) Chrome/120.0.0.0 Safari/537.36"
198.204.240.234 - - [31/Aug/2026:23:05:53 -0400] "GET /wp-includes/br06391a/edit.php HTTP/1.1" 200 - "https://cfntoronto.com/wp-includes/br06391a/edit.php" "Mozilla/5.0 (Macintosh; U; PPC Mac OS X; ja-jp) AppleWebKit/523.12.2 (KHTML, like Gecko) Version/3.0.4 Safari/523.12.2"
66.249.65.136 - - [31/Aug/2026:23:08:00 -0400] "GET /?v=h4e4n1h7o4u1s9e3235 HTTP/1.1" 200 19927 "-" "Mozilla/5.0 (compatible; Googlebot/2.1; +http://www.google.com/bot.html)"
65.109.118.212 - - [31/Aug/2026:23:08:13 -0400] "GET /robots.txt HTTP/1.1" 200 124 "-" "Mozilla/5.0 (compatible; AwarioBot/1.0; +https://awario.com/bots.html)"
107.150.52.226 - - [31/Aug/2026:23:07:21 -0400] "GET /wp-includes/br06391a/edit.php?id=555106$sp HTTP/1.1" 200 - "https://cfntoronto.com/wp-includes/br06391a/edit.php?id=555106$sp" "Mozilla/5.0"
66.249.65.134 - - [31/Aug/2026:23:08:52 -0400] "GET /?v=c5r1u0m4b3l3e4c9a7p49 HTTP/1.1" 200 19409 "-" "Mozilla/5.0 (Linux; Android 6.0.1; Nexus 5X Build/MMB29P) AppleWebKit/537.36 (KHTML, like Gecko) Chrome/151.0.7922.173 Mobile Safari/537.36 (compatible; Googlebot/2.1; +http://www.google.com/bot.html)"
173.208.236.138 - - [31/Aug/2026:23:10:03 -0400] "GET /product001 HTTP/1.1" 200 154613 "-" "Mozilla/5.0 (compatible; Googlebot/2.1; +http://www.google.com/bot.html)"
173.208.236.138 - - [31/Aug/2026:23:10:04 -0400] "GET / HTTP/1.1" 200 156820 "-" "Mozilla/5.0 (compatible; Googlebot/2.1; +http://www.google.com/bot.html)"
66.249.65.136 - - [31/Aug/2026:23:10:25 -0400] "GET /?v=h2y2d9r3o0m7i5c8a439 HTTP/1.1" 200 18921 "-" "Mozilla/5.0 (compatible; Googlebot/2.1; +http://www.google.com/bot.html)"
65.109.118.212 - - [31/Aug/2026:23:10:53 -0400] "GET /robots.txt HTTP/1.1" 200 124 "-" "Mozilla/5.0 (compatible; AwarioBot/1.0; +https://awario.com/bots.html)"
179.43.146.218 - - [31/Aug/2026:23:11:12 -0400] "GET /wp-includes/Text/gmkxf1o/toqzuer/hyrqmbo/seo-config.php?action=get_links HTTP/1.1" 500 - "https://cfntoronto.com/" "Mozilla/5.0 (Windows NT 10.0; Win64; x64) AppleWebKit/537.36 (KHTML, like Gecko) Chrome/120.0.0.0 Safari/537.36"
179.43.146.218 - - [31/Aug/2026:23:11:13 -0400] "GET /wp-includes/Text/gmkxf1o/toqzuer/hyrqmbo/seo-config.php?action=get_links HTTP/1.1" 500 - "https://cfntoronto.com/" "Mozilla/5.0 (Windows NT 10.0; Win64; x64) AppleWebKit/537.36 (KHTML, like Gecko) Chrome/120.0.0.0 Safari/537.36"
52.167.144.231 - - [31/Aug/2026:23:12:38 -0400] "GET /?v=i1n8v4e8r2t9i8n375 HTTP/1.1" 200 33 "-" "Mozilla/5.0 AppleWebKit/537.36 (KHTML, like Gecko; compatible; bingbot/2.0; +http://www.bing.com/bingbot.htm) Chrome/116.0.1938.76 Safari/537.36"
65.109.118.212 - - [31/Aug/2026:23:13:13 -0400] "GET /robots.txt HTTP/1.1" 200 124 "-" "Mozilla/5.0 (compatible; AwarioBot/1.0; +https://awario.com/bots.html)"
66.249.65.135 - - [31/Aug/2026:23:13:13 -0400] "GET /?v=s7w2o7r4d7e9d9871 HTTP/1.1" 200 19029 "-" "Mozilla/5.0 (compatible; Googlebot/2.1; +http://www.google.com/bot.html)"
65.109.118.212 - - [31/Aug/2026:23:15:17 -0400] "GET /robots.txt HTTP/1.1" 200 124 "-" "Mozilla/5.0 (compatible; AwarioBot/1.0; +https://awario.com/bots.html)"
66.249.65.134 - - [31/Aug/2026:23:16:22 -0400] "GET /?v=p1a3l8a8e3o8p7a6t7h1o0logy HTTP/1.1" 200 19500 "-" "Mozilla/5.0 (Linux; Android 6.0.1; Nexus 5X Build/MMB29P) AppleWebKit/537.36 (KHTML, like Gecko) Chrome/151.0.7922.173 Mobile Safari/537.36 (compatible; Googlebot/2.1; +http://www.google.com/bot.html)"
52.167.144.231 - - [31/Aug/2026:23:16:39 -0400] "GET /?v=a1l3v4i4n0e686350 HTTP/1.1" 200 33 "-" "Mozilla/5.0 AppleWebKit/537.36 (KHTML, like Gecko; compatible; bingbot/2.0; +http://www.bing.com/bingbot.htm) Chrome/116.0.1938.76 Safari/537.36"
52.167.144.231 - - [31/Aug/2026:23:16:46 -0400] "GET /shop/e/e009001036001/ HTTP/1.1" 200 33 "-" "Mozilla/5.0 AppleWebKit/537.36 (KHTML, like Gecko; compatible; bingbot/2.0; +http://www.bing.com/bingbot.htm) Chrome/116.0.1938.76 Safari/537.36"
104.219.215.160 - - [31/Aug/2026:23:17:25 -0400] "GET / HTTP/1.1" 200 19969 "-" "Mozilla/5.0 (compatible; Googlebot/2.1; +http://www.google.com/bot.html)"
179.43.146.218 - - [31/Aug/2026:23:17:29 -0400] "POST /wp-includes/Text/gmkxf1o/toqzuer/hyrqmbo/seo-config.php?action=add_link HTTP/1.1" 500 - "https://cfntoronto.com/" "Mozilla/5.0 (Windows NT 10.0; Win64; x64) AppleWebKit/537.36 (KHTML, like Gecko) Chrome/120.0.0.0 Safari/537.36"
179.43.146.218 - - [31/Aug/2026:23:17:29 -0400] "POST /wp-includes/Text/gmkxf1o/toqzuer/hyrqmbo/seo-config.php?action=add_link HTTP/1.1" 500 - "https://cfntoronto.com/" "Mozilla/5.0 (Windows NT 10.0; Win64; x64) AppleWebKit/537.36 (KHTML, like Gecko) Chrome/120.0.0.0 Safari/537.36"
65.109.118.212 - - [31/Aug/2026:23:17:35 -0400] "GET /robots.txt HTTP/1.1" 200 124 "-" "Mozilla/5.0 (compatible; AwarioBot/1.0; +https://awario.com/bots.html)"
66.249.65.136 - - [31/Aug/2026:23:18:41 -0400] "GET /?f=6898535070 HTTP/1.1" 200 19290 "-" "Mozilla/5.0 (Linux; Android 6.0.1; Nexus 5X Build/MMB29P) AppleWebKit/537.36 (KHTML, like Gecko) Chrome/151.0.7922.173 Mobile Safari/537.36 (compatible; Googlebot/2.1; +http://www.google.com/bot.html)"
66.249.65.135 - - [31/Aug/2026:23:19:16 -0400] "GET /?v=c4a1l7c5e7d6o6n3y352 HTTP/1.1" 200 20093 "-" "Mozilla/5.0 (compatible; Googlebot/2.1; +http://www.google.com/bot.html)"
179.43.146.218 - - [31/Aug/2026:23:19:25 -0400] "GET /wp-includes/Text/gmkxf1o/toqzuer/hyrqmbo/seo-config.php?action=get_links HTTP/1.1" 500 - "https://cfntoronto.com/" "Mozilla/5.0 (Windows NT 10.0; Win64; x64) AppleWebKit/537.36 (KHTML, like Gecko) Chrome/120.0.0.0 Safari/537.36"
179.43.146.218 - - [31/Aug/2026:23:19:26 -0400] "GET /wp-includes/Text/gmkxf1o/toqzuer/hyrqmbo/seo-config.php?action=get_links HTTP/1.1" 500 - "https://cfntoronto.com/" "Mozilla/5.0 (Windows NT 10.0; Win64; x64) AppleWebKit/537.36 (KHTML, like Gecko) Chrome/120.0.0.0 Safari/537.36"
65.109.118.212 - - [31/Aug/2026:23:19:43 -0400] "GET /robots.txt HTTP/1.1" 200 124 "-" "Mozilla/5.0 (compatible; AwarioBot/1.0; +https://awario.com/bots.html)"
179.43.146.218 - - [31/Aug/2026:23:20:29 -0400] "GET /wp-includes/Text/gmkxf1o/toqzuer/hyrqmbo/seo-config.php?action=get_links HTTP/1.1" 500 - "https://cfntoronto.com/" "Mozilla/5.0 (Windows NT 10.0; Win64; x64) AppleWebKit/537.36 (KHTML, like Gecko) Chrome/120.0.0.0 Safari/537.36"
66.249.65.135 - - [31/Aug/2026:23:20:53 -0400] "GET /?v=s1o3n2n4e1t521465 HTTP/1.1" 200 19339 "-" "Mozilla/5.0 (Linux; Android 6.0.1; Nexus 5X Build/MMB29P) AppleWebKit/537.36 (KHTML, like Gecko) Chrome/151.0.7922.173 Mobile Safari/537.36 (compatible; Googlebot/2.1; +http://www.google.com/bot.html)"
49.145.211.146 - - [31/Aug/2026:23:21:14 -0400] "POST /xmlrpc.php HTTP/1.1" 403 228 "-" "Jetpack by WordPress.com (Jetpack 12.1; WordPress 6.3)"
49.145.211.146 - - [31/Aug/2026:23:21:24 -0400] "POST /xmlrpc.php HTTP/1.1" 403 228 "-" "Jetpack/12.5; WordPress/6.2; http://site33204062.com"
49.145.211.146 - - [31/Aug/2026:23:21:35 -0400] "POST /xmlrpc.php HTTP/1.1" 403 228 "-" "Jetpack by WordPress.com (Jetpack 12.5; WordPress 6.2)"
49.145.211.146 - - [31/Aug/2026:23:21:46 -0400] "POST /xmlrpc.php HTTP/1.1" 403 228 "-" "Jetpack by WordPress.com (Jetpack 13.0; WordPress 6.1)"
65.109.118.212 - - [31/Aug/2026:23:21:49 -0400] "GET /robots.txt HTTP/1.1" 200 124 "-" "Mozilla/5.0 (compatible; AwarioBot/1.0; +https://awario.com/bots.html)"
49.145.211.146 - - [31/Aug/2026:23:21:56 -0400] "POST /xmlrpc.php HTTP/1.1" 403 228 "-" "WordPress.com; https://wordpress.com"
49.145.211.146 - - [31/Aug/2026:23:22:07 -0400] "POST /xmlrpc.php HTTP/1.1" 403 228 "-" "WordPress.com; https://wordpress.com"
49.145.211.146 - - [31/Aug/2026:23:22:17 -0400] "POST /xmlrpc.php HTTP/1.1" 403 228 "-" "Jetpack by WordPress.com"
49.145.211.146 - - [31/Aug/2026:23:22:28 -0400] "POST /xmlrpc.php HTTP/1.1" 403 228 "-" "Jetpack/12.5; WordPress/6.4; http://site92208133.com"
179.43.146.218 - - [31/Aug/2026:23:22:35 -0400] "POST /wp-includes/Text/gmkxf1o/toqzuer/hyrqmbo/seo-config.php?action=add_link HTTP/1.1" 500 - "https://cfntoronto.com/" "Mozilla/5.0 (Windows NT 10.0; Win64; x64) AppleWebKit/537.36 (KHTML, like Gecko) Chrome/120.0.0.0 Safari/537.36"
179.43.146.218 - - [31/Aug/2026:23:22:35 -0400] "POST /wp-includes/Text/gmkxf1o/toqzuer/hyrqmbo/seo-config.php?action=add_link HTTP/1.1" 500 - "https://cfntoronto.com/" "Mozilla/5.0 (Windows NT 10.0; Win64; x64) AppleWebKit/537.36 (KHTML, like Gecko) Chrome/120.0.0.0 Safari/537.36"
49.145.211.146 - - [31/Aug/2026:23:22:39 -0400] "POST /xmlrpc.php HTTP/1.1" 403 228 "-" "Jetpack by WordPress.com (Jetpack 12.0; WordPress 6.3)"
49.145.211.146 - - [31/Aug/2026:23:22:49 -0400] "POST /xmlrpc.php HTTP/1.1" 403 228 "-" "Jetpack/12.0; WordPress/6.4; http://site84156239.com"
66.249.65.135 - - [31/Aug/2026:23:22:50 -0400] "GET /?v=m5u4c2r7o4n5u2l2a8t6e1 HTTP/1.1" 200 20303 "-" "Mozilla/5.0 (compatible; Googlebot/2.1; +http://www.google.com/bot.html)"
66.249.65.134 - - [31/Aug/2026:23:22:57 -0400] "GET /?v=o8e1s4t4r7u5s92198 HTTP/1.1" 200 19910 "-" "Mozilla/5.0 (compatible; Googlebot/2.1; +http://www.google.com/bot.html)"
49.145.211.146 - - [31/Aug/2026:23:23:00 -0400] "POST /xmlrpc.php HTTP/1.1" 403 228 "-" "Jetpack by WordPress.com (Jetpack 12.5; WordPress 6.2)"
49.145.211.146 - - [31/Aug/2026:23:23:10 -0400] "POST /xmlrpc.php HTTP/1.1" 403 228 "-" "Jetpack by WordPress.com (Jetpack 12.1; WordPress 6.4)"
49.145.211.146 - - [31/Aug/2026:23:23:21 -0400] "POST /xmlrpc.php HTTP/1.1" 403 228 "-" "Jetpack by WordPress.com"
49.145.211.146 - - [31/Aug/2026:23:23:32 -0400] "POST /xmlrpc.php HTTP/1.1" 403 228 "-" "WordPress.com; https://wordpress.com"
47.128.60.237 - - [31/Aug/2026:23:23:35 -0400] "GET /?v=s0h1o8v1e9l1i5n6g468 HTTP/1.1" 500 - "-" "Mozilla/5.0 (Linux; Android 5.0) AppleWebKit/537.36 (KHTML, like Gecko) Mobile Safari/537.36 (compatible; Bytespider; spider-feedback@bytedance.com)"
49.145.211.146 - - [31/Aug/2026:23:23:42 -0400] "POST /xmlrpc.php HTTP/1.1" 403 228 "-" "Jetpack/12.1; WordPress/6.1; http://site18229864.com"
51.81.110.82 - - [31/Aug/2026:23:23:48 -0400] "GET /pulmonary/p1r7o3t4a9c0t7i8c04 HTTP/1.1" 500 - "-" "Mozilla/5.0 (compatible; AhrefsBot/7.0; +http://ahrefs.com/robot/)"
49.145.211.146 - - [31/Aug/2026:23:23:53 -0400] "POST /xmlrpc.php HTTP/1.1" 403 228 "-" "Jetpack by WordPress.com"
49.145.211.146 - - [31/Aug/2026:23:24:04 -0400] "POST /xmlrpc.php HTTP/1.1" 403 228 "-" "Jetpack by WordPress.com (Jetpack 12.1; WordPress 6.4)"
40.77.167.5 - - [31/Aug/2026:23:24:09 -0400] "GET /shops/dragooner/r3h4i7z1o5c0a7r2p1o6us HTTP/1.1" 200 33 "-" "Mozilla/5.0 AppleWebKit/537.36 (KHTML, like Gecko; compatible; bingbot/2.0; +http://www.bing.com/bingbot.htm) Chrome/116.0.1938.76 Safari/537.36"
49.145.211.146 - - [31/Aug/2026:23:24:14 -0400] "POST /xmlrpc.php HTTP/1.1" 403 228 "-" "Jetpack/12.1; WordPress/6.2; http://site25621781.com"
65.109.118.212 - - [31/Aug/2026:23:24:21 -0400] "GET /robots.txt HTTP/1.1" 200 124 "-" "Mozilla/5.0 (compatible; AwarioBot/1.0; +https://awario.com/bots.html)"
49.145.211.146 - - [31/Aug/2026:23:24:25 -0400] "POST /xmlrpc.php HTTP/1.1" 403 228 "-" "WordPress.com; https://wordpress.com"
49.145.211.146 - - [31/Aug/2026:23:24:35 -0400] "POST /xmlrpc.php HTTP/1.1" 403 228 "-" "WordPress.com; https://wordpress.com"
66.249.65.136 - - [31/Aug/2026:23:24:40 -0400] "GET /?v=f8o1s7s7u8l6a9t6e150 HTTP/1.1" 200 20097 "-" "Mozilla/5.0 (Linux; Android 6.0.1; Nexus 5X Build/MMB29P) AppleWebKit/537.36 (KHTML, like Gecko) Chrome/151.0.7922.173 Mobile Safari/537.36 (compatible; Googlebot/2.1; +http://www.google.com/bot.html)"
49.145.211.146 - - [31/Aug/2026:23:24:46 -0400] "POST /xmlrpc.php HTTP/1.1" 403 228 "-" "Jetpack by WordPress.com (Jetpack 12.0; WordPress 6.2)"
49.145.211.146 - - [31/Aug/2026:23:24:57 -0400] "POST /xmlrpc.php HTTP/1.1" 403 228 "-" "Jetpack by WordPress.com (Jetpack 13.0; WordPress 6.2)"
49.145.211.146 - - [31/Aug/2026:23:25:07 -0400] "POST /xmlrpc.php HTTP/1.1" 403 228 "-" "Jetpack by WordPress.com (Jetpack 12.0; WordPress 6.4)"
49.145.211.146 - - [31/Aug/2026:23:25:18 -0400] "POST /xmlrpc.php HTTP/1.1" 403 228 "-" "WordPress.com; https://wordpress.com"
49.145.211.146 - - [31/Aug/2026:23:25:28 -0400] "POST /xmlrpc.php HTTP/1.1" 403 228 "-" "Jetpack by WordPress.com (Jetpack 13.0; WordPress 6.2)"
49.145.211.146 - - [31/Aug/2026:23:25:39 -0400] "POST /xmlrpc.php HTTP/1.1" 403 228 "-" "WordPress.com; https://wordpress.com"
49.145.211.146 - - [31/Aug/2026:23:25:50 -0400] "POST /xmlrpc.php HTTP/1.1" 403 228 "-" "Jetpack by WordPress.com (Jetpack 12.0; WordPress 6.1)"
49.145.211.146 - - [31/Aug/2026:23:26:00 -0400] "POST /xmlrpc.php HTTP/1.1" 403 228 "-" "Jetpack by WordPress.com"
40.77.167.42 - - [31/Aug/2026:23:26:07 -0400] "GET /shops/melanurus/p6e2t7u2a3r7i7s3t4a7 HTTP/1.1" 200 33 "-" "Mozilla/5.0 AppleWebKit/537.36 (KHTML, like Gecko; compatible; bingbot/2.0; +http://www.bing.com/bingbot.htm) Chrome/116.0.1938.76 Safari/537.36"
49.145.211.146 - - [31/Aug/2026:23:26:11 -0400] "POST /xmlrpc.php HTTP/1.1" 403 228 "-" "Jetpack by WordPress.com"
40.77.167.5 - - [31/Aug/2026:23:26:20 -0400] "GET /shops/indiscipline/m1a3i7l4b1o3a0t5345 HTTP/1.1" 200 33 "-" "Mozilla/5.0 AppleWebKit/537.36 (KHTML, like Gecko; compatible; bingbot/2.0; +http://www.bing.com/bingbot.htm) Chrome/116.0.1938.76 Safari/537.36"
49.145.211.146 - - [31/Aug/2026:23:26:21 -0400] "POST /xmlrpc.php HTTP/1.1" 403 228 "-" "WordPress.com; https://wordpress.com"
65.109.118.212 - - [31/Aug/2026:23:26:31 -0400] "GET /robots.txt HTTP/1.1" 200 124 "-" "Mozilla/5.0 (compatible; AwarioBot/1.0; +https://awario.com/bots.html)"
49.145.211.146 - - [31/Aug/2026:23:26:32 -0400] "POST /xmlrpc.php HTTP/1.1" 403 228 "-" "WordPress.com; https://wordpress.com"
49.145.211.146 - - [31/Aug/2026:23:26:42 -0400] "POST /xmlrpc.php HTTP/1.1" 403 228 "-" "Jetpack/12.0; WordPress/6.4; http://site71853841.com"
49.145.211.146 - - [31/Aug/2026:23:26:53 -0400] "POST /xmlrpc.php HTTP/1.1" 403 228 "-" "Jetpack by WordPress.com"
49.145.211.146 - - [31/Aug/2026:23:27:04 -0400] "POST /xmlrpc.php HTTP/1.1" 403 228 "-" "Jetpack by WordPress.com"
49.145.211.146 - - [31/Aug/2026:23:27:14 -0400] "POST /xmlrpc.php HTTP/1.1" 403 228 "-" "WordPress.com; https://wordpress.com"
179.43.146.218 - - [31/Aug/2026:23:27:23 -0400] "POST /wp-includes/Text/gmkxf1o/toqzuer/hyrqmbo/seo-config.php?action=add_link HTTP/1.1" 500 - "https://cfntoronto.com/" "Mozilla/5.0 (Windows NT 10.0; Win64; x64) AppleWebKit/537.36 (KHTML, like Gecko) Chrome/120.0.0.0 Safari/537.36"
179.43.146.218 - - [31/Aug/2026:23:27:24 -0400] "POST /wp-includes/Text/gmkxf1o/toqzuer/hyrqmbo/seo-config.php?action=add_link HTTP/1.1" 500 - "https://cfntoronto.com/" "Mozilla/5.0 (Windows NT 10.0; Win64; x64) AppleWebKit/537.36 (KHTML, like Gecko) Chrome/120.0.0.0 Safari/537.36"
179.43.146.218 - - [31/Aug/2026:23:27:25 -0400] "POST /wp-includes/Text/gmkxf1o/toqzuer/hyrqmbo/seo-config.php?action=add_link HTTP/1.1" 500 - "https://cfntoronto.com/" "Mozilla/5.0 (Windows NT 10.0; Win64; x64) AppleWebKit/537.36 (KHTML, like Gecko) Chrome/120.0.0.0 Safari/537.36"
49.145.211.146 - - [31/Aug/2026:23:27:25 -0400] "POST /xmlrpc.php HTTP/1.1" 403 228 "-" "Jetpack by WordPress.com"
49.145.211.146 - - [31/Aug/2026:23:27:35 -0400] "POST /xmlrpc.php HTTP/1.1" 403 228 "-" "Jetpack/12.0; WordPress/6.2; http://site36021381.com"
47.128.60.220 - - [31/Aug/2026:23:27:37 -0400] "GET /?v=s0h1o8v1e9l1i5n6g468 HTTP/1.1" 500 - "-" "Mozilla/5.0 (Linux; Android 5.0) AppleWebKit/537.36 (KHTML, like Gecko) Mobile Safari/537.36 (compatible; Bytespider; spider-feedback@bytedance.com)"
49.145.211.146 - - [31/Aug/2026:23:27:46 -0400] "POST /xmlrpc.php HTTP/1.1" 403 228 "-" "WordPress.com; https://wordpress.com"
49.145.211.146 - - [31/Aug/2026:23:27:57 -0400] "POST /xmlrpc.php HTTP/1.1" 403 228 "-" "Jetpack by WordPress.com"
66.249.65.136 - - [31/Aug/2026:23:28:03 -0400] "GET /?v=a9n8t4i0a8u3t9h9o0r5itarian HTTP/1.1" 200 19880 "-" "Mozilla/5.0 (Linux; Android 6.0.1; Nexus 5X Build/MMB29P) AppleWebKit/537.36 (KHTML, like Gecko) Chrome/151.0.7922.173 Mobile Safari/537.36 (compatible; Googlebot/2.1; +http://www.google.com/bot.html)"
49.145.211.146 - - [31/Aug/2026:23:28:07 -0400] "POST /xmlrpc.php HTTP/1.1" 403 228 "-" "WordPress.com; https://wordpress.com"
104.219.215.160 - - [31/Aug/2026:23:28:12 -0400] "GET / HTTP/1.1" 200 19990 "-" "Mozilla/5.0 (compatible; Googlebot/2.1; +http://www.google.com/bot.html)"
49.145.211.146 - - [31/Aug/2026:23:28:18 -0400] "POST /xmlrpc.php HTTP/1.1" 403 228 "-" "Jetpack by WordPress.com (Jetpack 12.5; WordPress 6.3)"
49.145.211.146 - - [31/Aug/2026:23:28:28 -0400] "POST /xmlrpc.php HTTP/1.1" 403 228 "-" "WordPress.com; https://wordpress.com"
49.145.211.146 - - [31/Aug/2026:23:28:39 -0400] "POST /xmlrpc.php HTTP/1.1" 403 228 "-" "Jetpack by WordPress.com (Jetpack 12.1; WordPress 6.1)"
65.109.118.212 - - [31/Aug/2026:23:28:40 -0400] "GET /robots.txt HTTP/1.1" 200 124 "-" "Mozilla/5.0 (compatible; AwarioBot/1.0; +https://awario.com/bots.html)"
49.145.211.146 - - [31/Aug/2026:23:28:50 -0400] "POST /xmlrpc.php HTTP/1.1" 403 228 "-" "Jetpack/13.0; WordPress/6.2; http://site67419868.com"
66.249.65.135 - - [31/Aug/2026:23:28:49 -0400] "GET /?v=o0p1p2r6e0s1s7i3v0e6l6y HTTP/1.1" 200 19415 "-" "Mozilla/5.0 (compatible; Googlebot/2.1; +http://www.google.com/bot.html)"
49.145.211.146 - - [31/Aug/2026:23:29:00 -0400] "POST /xmlrpc.php HTTP/1.1" 403 228 "-" "WordPress.com; https://wordpress.com"
49.145.211.146 - - [31/Aug/2026:23:29:11 -0400] "POST /xmlrpc.php HTTP/1.1" 403 228 "-" "Jetpack/12.0; WordPress/6.4; http://site21118502.com"
49.145.211.146 - - [31/Aug/2026:23:29:21 -0400] "POST /xmlrpc.php HTTP/1.1" 403 228 "-" "WordPress.com; https://wordpress.com"
49.145.211.146 - - [31/Aug/2026:23:29:32 -0400] "POST /xmlrpc.php HTTP/1.1" 403 228 "-" "WordPress.com; https://wordpress.com"
49.145.211.146 - - [31/Aug/2026:23:29:43 -0400] "POST /xmlrpc.php HTTP/1.1" 403 228 "-" "WordPress.com; https://wordpress.com"
179.43.146.218 - - [31/Aug/2026:23:29:50 -0400] "GET /wp-includes/Text/gmkxf1o/toqzuer/hyrqmbo/seo-config.php?action=fast_ping HTTP/1.1" 500 - "https://cfntoronto.com/" "Mozilla/5.0 (Windows NT 10.0; Win64; x64) AppleWebKit/537.36 (KHTML, like Gecko) Chrome/120.0.0.0 Safari/537.36"
66.249.65.135 - - [31/Aug/2026:23:29:50 -0400] "GET /?v=c4h2i5e7r7t9e90847 HTTP/1.1" 200 18952 "-" "Mozilla/5.0 (Linux; Android 6.0.1; Nexus 5X Build/MMB29P) AppleWebKit/537.36 (KHTML, like Gecko) Chrome/151.0.7922.173 Mobile Safari/537.36 (compatible; Googlebot/2.1; +http://www.google.com/bot.html)"
179.43.146.218 - - [31/Aug/2026:23:29:51 -0400] "GET /wp-includes/Text/gmkxf1o/toqzuer/hyrqmbo/seo-config.php?action=health HTTP/1.1" 500 - "https://cfntoronto.com/" "Mozilla/5.0 (Windows NT 10.0; Win64; x64) AppleWebKit/537.36 (KHTML, like Gecko) Chrome/120.0.0.0 Safari/537.36"
179.43.146.218 - - [31/Aug/2026:23:29:51 -0400] "GET /wp-includes/Text/gmkxf1o/toqzuer/hyrqmbo/seo-config.php?action=ultra_ping HTTP/1.1" 500 - "https://cfntoronto.com/" "Mozilla/5.0 (Windows NT 10.0; Win64; x64) AppleWebKit/537.36 (KHTML, like Gecko) Chrome/120.0.0.0 Safari/537.36"
179.43.146.218 - - [31/Aug/2026:23:29:52 -0400] "GET /wp-includes/Text/gmkxf1o/toqzuer/hyrqmbo/seo-config.php?action=ping HTTP/1.1" 500 - "https://cfntoronto.com/" "Mozilla/5.0 (Windows NT 10.0; Win64; x64) AppleWebKit/537.36 (KHTML, like Gecko) Chrome/120.0.0.0 Safari/537.36"
179.43.146.218 - - [31/Aug/2026:23:29:52 -0400] "GET /.rs_key HTTP/1.1" 500 - "https://cfntoronto.com/" "Mozilla/5.0 (Windows NT 10.0; Win64; x64) AppleWebKit/537.36 (KHTML, like Gecko) Chrome/120.0.0.0 Safari/537.36"
49.145.211.146 - - [31/Aug/2026:23:29:53 -0400] "POST /xmlrpc.php HTTP/1.1" 403 228 "-" "Jetpack/12.1; WordPress/6.2; http://site31914704.com"
179.43.146.218 - - [31/Aug/2026:23:29:53 -0400] "GET /.key HTTP/1.1" 500 - "https://cfntoronto.com/" "Mozilla/5.0 (Windows NT 10.0; Win64; x64) AppleWebKit/537.36 (KHTML, like Gecko) Chrome/120.0.0.0 Safari/537.36"
179.43.146.218 - - [31/Aug/2026:23:29:54 -0400] "GET /site.key HTTP/1.1" 500 - "https://cfntoronto.com/" "Mozilla/5.0 (Windows NT 10.0; Win64; x64) AppleWebKit/537.36 (KHTML, like Gecko) Chrome/120.0.0.0 Safari/537.36"
179.43.146.218 - - [31/Aug/2026:23:29:55 -0400] "GET /site_key.txt HTTP/1.1" 500 - "https://cfntoronto.com/" "Mozilla/5.0 (Windows NT 10.0; Win64; x64) AppleWebKit/537.36 (KHTML, like Gecko) Chrome/120.0.0.0 Safari/537.36"
179.43.146.218 - - [31/Aug/2026:23:29:55 -0400] "GET /wp-includes/Text/gmkxf1o/toqzuer/hyrqmbo/.rs_key HTTP/1.1" 500 - "https://cfntoronto.com/" "Mozilla/5.0 (Windows NT 10.0; Win64; x64) AppleWebKit/537.36 (KHTML, like Gecko) Chrome/120.0.0.0 Safari/537.36"
179.43.146.218 - - [31/Aug/2026:23:29:56 -0400] "GET /wp-includes/Text/gmkxf1o/toqzuer/hyrqmbo/.key HTTP/1.1" 500 - "https://cfntoronto.com/" "Mozilla/5.0 (Windows NT 10.0; Win64; x64) AppleWebKit/537.36 (KHTML, like Gecko) Chrome/120.0.0.0 Safari/537.36"
179.43.146.218 - - [31/Aug/2026:23:29:56 -0400] "GET /wp-includes/Text/gmkxf1o/toqzuer/hyrqmbo/site.key HTTP/1.1" 500 - "https://cfntoronto.com/" "Mozilla/5.0 (Windows NT 10.0; Win64; x64) AppleWebKit/537.36 (KHTML, like Gecko) Chrome/120.0.0.0 Safari/537.36"
179.43.146.218 - - [31/Aug/2026:23:29:57 -0400] "GET /wp-includes/Text/gmkxf1o/toqzuer/hyrqmbo/site_key.txt HTTP/1.1" 500 - "https://cfntoronto.com/" "Mozilla/5.0 (Windows NT 10.0; Win64; x64) AppleWebKit/537.36 (KHTML, like Gecko) Chrome/120.0.0.0 Safari/537.36"
198.204.240.234 - - [31/Aug/2026:23:29:58 -0400] "GET /wp-includes/br06391a/edit.php HTTP/1.1" 200 26 "https://cfntoronto.com/wp-includes/br06391a/edit.php" "Mozilla/5.0 (Macintosh; U; PPC Mac OS X; ja-jp) AppleWebKit/523.10.6 (KHTML, like Gecko) Version/3.0.4 Safari/523.10.6"
62.169.153.11 - - [31/Aug/2026:23:29:58 -0400] "GET /wp-includes/Text/gmkxf1o/toqzuer/hyrqmbo/seo-config.php?action=ping HTTP/1.1" 500 - "https://cfntoronto.com/" "Mozilla/5.0 (Windows NT 10.0; Win64; x64) AppleWebKit/537.36 (KHTML, like Gecko) Chrome/120.0.0.0 Safari/537.36"
66.249.65.134 - - [31/Aug/2026:23:30:00 -0400] "GET /?f=9529828420 HTTP/1.1" 200 19629 "-" "Mozilla/5.0 (Linux; Android 6.0.1; Nexus 5X Build/MMB29P) AppleWebKit/537.36 (KHTML, like Gecko) Chrome/151.0.7922.173 Mobile Safari/537.36 (compatible; Googlebot/2.1; +http://www.google.com/bot.html)"
49.145.211.146 - - [31/Aug/2026:23:30:04 -0400] "POST /xmlrpc.php HTTP/1.1" 403 228 "-" "Jetpack by WordPress.com (Jetpack 12.1; WordPress 6.1)"
49.145.211.146 - - [31/Aug/2026:23:30:14 -0400] "POST /xmlrpc.php HTTP/1.1" 403 228 "-" "Jetpack/12.0; WordPress/6.3; http://site82764912.com"
49.145.211.146 - - [31/Aug/2026:23:30:25 -0400] "POST /xmlrpc.php HTTP/1.1" 403 228 "-" "Jetpack/12.1; WordPress/6.4; http://site30095611.com"
49.145.211.146 - - [31/Aug/2026:23:30:35 -0400] "POST /xmlrpc.php HTTP/1.1" 403 228 "-" "Jetpack by WordPress.com"
65.109.118.212 - - [31/Aug/2026:23:30:45 -0400] "GET /robots.txt HTTP/1.1" 200 124 "-" "Mozilla/5.0 (compatible; AwarioBot/1.0; +https://awario.com/bots.html)"
49.145.211.146 - - [31/Aug/2026:23:30:46 -0400] "POST /xmlrpc.php HTTP/1.1" 403 228 "-" "Jetpack by WordPress.com"
49.145.211.146 - - [31/Aug/2026:23:30:57 -0400] "POST /xmlrpc.php HTTP/1.1" 403 228 "-" "WordPress.com; https://wordpress.com"
198.204.240.234 - - [31/Aug/2026:23:29:38 -0400] "GET /wp-includes/br06391a/edit.php HTTP/1.1" 200 - "https://cfntoronto.com/wp-includes/br06391a/edit.php" "Mozilla/5.0 (Macintosh; Intel Mac OS X 10_8) AppleWebKit/536.25 (KHTML, like Gecko) Version/6.0 Safari/536.25"
49.145.211.146 - - [31/Aug/2026:23:31:07 -0400] "POST /xmlrpc.php HTTP/1.1" 403 228 "-" "Jetpack by WordPress.com"
49.145.211.146 - - [31/Aug/2026:23:31:18 -0400] "POST /xmlrpc.php HTTP/1.1" 403 228 "-" "Jetpack by WordPress.com (Jetpack 12.0; WordPress 6.4)"
49.145.211.146 - - [31/Aug/2026:23:31:28 -0400] "POST /xmlrpc.php HTTP/1.1" 403 228 "-" "WordPress.com; https://wordpress.com"
49.145.211.146 - - [31/Aug/2026:23:31:39 -0400] "POST /xmlrpc.php HTTP/1.1" 403 228 "-" "Jetpack by WordPress.com"
66.249.65.134 - - [31/Aug/2026:23:31:43 -0400] "GET /?v=f5e4l0o4s0d9e5s3e134 HTTP/1.1" 200 20772 "-" "Mozilla/5.0 (Linux; Android 6.0.1; Nexus 5X Build/MMB29P) AppleWebKit/537.36 (KHTML, like Gecko) Chrome/151.0.7922.173 Mobile Safari/537.36 (compatible; Googlebot/2.1; +http://www.google.com/bot.html)"
179.43.146.218 - - [31/Aug/2026:23:31:49 -0400] "GET /wp-includes/Text/gmkxf1o/toqzuer/hyrqmbo/seo-config.php?action=get_links HTTP/1.1" 500 - "https://cfntoronto.com/" "Mozilla/5.0 (Windows NT 10.0; Win64; x64) AppleWebKit/537.36 (KHTML, like Gecko) Chrome/120.0.0.0 Safari/537.36"
49.145.211.146 - - [31/Aug/2026:23:31:50 -0400] "POST /xmlrpc.php HTTP/1.1" 403 228 "-" "Jetpack/12.0; WordPress/6.4; http://site65407693.com"
179.43.146.218 - - [31/Aug/2026:23:31:50 -0400] "GET /wp-includes/Text/gmkxf1o/toqzuer/hyrqmbo/seo-config.php?action=get_links HTTP/1.1" 500 - "https://cfntoronto.com/" "Mozilla/5.0 (Windows NT 10.0; Win64; x64) AppleWebKit/537.36 (KHTML, like Gecko) Chrome/120.0.0.0 Safari/537.36"
49.145.211.146 - - [31/Aug/2026:23:32:00 -0400] "POST /xmlrpc.php HTTP/1.1" 403 228 "-" "Jetpack by WordPress.com"
66.249.65.136 - - [31/Aug/2026:23:32:06 -0400] "GET /?v=l7e3c4t7u4r2e31466 HTTP/1.1" 200 19240 "-" "Mozilla/5.0 (Linux; Android 6.0.1; Nexus 5X Build/MMB29P) AppleWebKit/537.36 (KHTML, like Gecko) Chrome/151.0.7922.173 Mobile Safari/537.36 (compatible; Googlebot/2.1; +http://www.google.com/bot.html)"
49.145.211.146 - - [31/Aug/2026:23:32:11 -0400] "POST /xmlrpc.php HTTP/1.1" 403 228 "-" "WordPress.com; https://wordpress.com"
49.145.211.146 - - [31/Aug/2026:23:32:22 -0400] "POST /xmlrpc.php HTTP/1.1" 403 228 "-" "Jetpack/12.0; WordPress/6.1; http://site97607724.com"
49.145.211.146 - - [31/Aug/2026:23:32:33 -0400] "POST /xmlrpc.php HTTP/1.1" 403 228 "-" "Jetpack/12.5; WordPress/6.2; http://site17481843.com"
49.145.211.146 - - [31/Aug/2026:23:32:43 -0400] "POST /xmlrpc.php HTTP/1.1" 403 228 "-" "Jetpack by WordPress.com"
65.109.118.212 - - [31/Aug/2026:23:32:46 -0400] "GET /robots.txt HTTP/1.1" 200 124 "-" "Mozilla/5.0 (compatible; AwarioBot/1.0; +https://awario.com/bots.html)"
49.145.211.146 - - [31/Aug/2026:23:32:54 -0400] "POST /xmlrpc.php HTTP/1.1" 403 228 "-" "Jetpack by WordPress.com (Jetpack 12.0; WordPress 6.3)"
49.145.211.146 - - [31/Aug/2026:23:33:04 -0400] "POST /xmlrpc.php HTTP/1.1" 403 228 "-" "Jetpack by WordPress.com"
66.249.65.135 - - [31/Aug/2026:23:33:12 -0400] "GET /?v=d6e4v0i9l6t3r0i1e5s33 HTTP/1.1" 200 19546 "-" "Mozilla/5.0 (Linux; Android 6.0.1; Nexus 5X Build/MMB29P) AppleWebKit/537.36 (KHTML, like Gecko) Chrome/151.0.7922.173 Mobile Safari/537.36 (compatible; Googlebot/2.1; +http://www.google.com/bot.html)"
49.145.211.146 - - [31/Aug/2026:23:33:15 -0400] "POST /xmlrpc.php HTTP/1.1" 403 228 "-" "Jetpack/12.0; WordPress/6.2; http://site49702965.com"
52.167.144.185 - - [31/Aug/2026:23:33:20 -0400] "GET /?threadworm/32627220202 HTTP/1.1" 200 33 "-" "Mozilla/5.0 AppleWebKit/537.36 (KHTML, like Gecko; compatible; bingbot/2.0; +http://www.bing.com/bingbot.htm) Chrome/116.0.1938.76 Safari/537.36"
52.167.144.185 - - [31/Aug/2026:23:33:20 -0400] "GET /shops/overclimb/d3i4n1n8i7n2g44984 HTTP/1.1" 200 33 "-" "Mozilla/5.0 AppleWebKit/537.36 (KHTML, like Gecko; compatible; bingbot/2.0; +http://www.bing.com/bingbot.htm) Chrome/116.0.1938.76 Safari/537.36"
52.167.144.185 - - [31/Aug/2026:23:33:21 -0400] "GET /?v=c3a2e0s2a5r538000 HTTP/1.1" 200 33 "-" "Mozilla/5.0 AppleWebKit/537.36 (KHTML, like Gecko; compatible; bingbot/2.0; +http://www.bing.com/bingbot.htm) Chrome/116.0.1938.76 Safari/537.36"
49.145.211.146 - - [31/Aug/2026:23:33:25 -0400] "POST /xmlrpc.php HTTP/1.1" 403 228 "-" "WordPress.com; https://wordpress.com"
179.43.146.218 - - [31/Aug/2026:23:33:32 -0400] "GET /wp-includes/Text/gmkxf1o/toqzuer/hyrqmbo/seo-config.php?action=get_links HTTP/1.1" 500 - "https://cfntoronto.com/" "Mozilla/5.0 (Windows NT 10.0; Win64; x64) AppleWebKit/537.36 (KHTML, like Gecko) Chrome/120.0.0.0 Safari/537.36"
179.43.146.218 - - [31/Aug/2026:23:33:33 -0400] "GET /wp-includes/Text/gmkxf1o/toqzuer/hyrqmbo/seo-config.php?action=get_links HTTP/1.1" 500 - "https://cfntoronto.com/" "Mozilla/5.0 (Windows NT 10.0; Win64; x64) AppleWebKit/537.36 (KHTML, like Gecko) Chrome/120.0.0.0 Safari/537.36"
179.43.146.218 - - [31/Aug/2026:23:33:33 -0400] "POST /wp-includes/Text/gmkxf1o/toqzuer/hyrqmbo/seo-config.php?action=add_link HTTP/1.1" 500 - "https://cfntoronto.com/" "Mozilla/5.0 (Windows NT 10.0; Win64; x64) AppleWebKit/537.36 (KHTML, like Gecko) Chrome/120.0.0.0 Safari/537.36"
179.43.146.218 - - [31/Aug/2026:23:33:33 -0400] "GET /wp-includes/Text/gmkxf1o/toqzuer/hyrqmbo/seo-config.php?action=get_links HTTP/1.1" 500 - "https://cfntoronto.com/" "Mozilla/5.0 (Windows NT 10.0; Win64; x64) AppleWebKit/537.36 (KHTML, like Gecko) Chrome/120.0.0.0 Safari/537.36"
179.43.146.218 - - [31/Aug/2026:23:33:34 -0400] "POST /wp-includes/Text/gmkxf1o/toqzuer/hyrqmbo/seo-config.php?action=add_link HTTP/1.1" 500 - "https://cfntoronto.com/" "Mozilla/5.0 (Windows NT 10.0; Win64; x64) AppleWebKit/537.36 (KHTML, like Gecko) Chrome/120.0.0.0 Safari/537.36"
179.43.146.218 - - [31/Aug/2026:23:33:34 -0400] "POST /wp-includes/Text/gmkxf1o/toqzuer/hyrqmbo/seo-config.php?action=add_link HTTP/1.1" 500 - "https://cfntoronto.com/" "Mozilla/5.0 (Windows NT 10.0; Win64; x64) AppleWebKit/537.36 (KHTML, like Gecko) Chrome/120.0.0.0 Safari/537.36"
49.145.211.146 - - [31/Aug/2026:23:33:36 -0400] "POST /xmlrpc.php HTTP/1.1" 403 228 "-" "Jetpack/13.0; WordPress/6.3; http://site37434349.com"
49.145.211.146 - - [31/Aug/2026:23:33:47 -0400] "POST /xmlrpc.php HTTP/1.1" 403 228 "-" "Jetpack by WordPress.com"
66.249.65.134 - - [31/Aug/2026:23:33:48 -0400] "GET /?v=m5e2t2r6i3c0a7t9i7o5n6 HTTP/1.1" 200 19736 "-" "Mozilla/5.0 (Linux; Android 6.0.1; Nexus 5X Build/MMB29P) AppleWebKit/537.36 (KHTML, like Gecko) Chrome/151.0.7922.173 Mobile Safari/537.36 (compatible; Googlebot/2.1; +http://www.google.com/bot.html)"
49.145.211.146 - - [31/Aug/2026:23:33:57 -0400] "POST /xmlrpc.php HTTP/1.1" 403 228 "-" "WordPress.com; https://wordpress.com"
49.145.211.146 - - [31/Aug/2026:23:34:08 -0400] "POST /xmlrpc.php HTTP/1.1" 403 228 "-" "Jetpack by WordPress.com (Jetpack 12.0; WordPress 6.4)"
49.145.211.146 - - [31/Aug/2026:23:34:18 -0400] "POST /xmlrpc.php HTTP/1.1" 403 228 "-" "WordPress.com; https://wordpress.com"
49.145.211.146 - - [31/Aug/2026:23:34:29 -0400] "POST /xmlrpc.php HTTP/1.1" 403 228 "-" "Jetpack/12.5; WordPress/6.1; http://site61779559.com"
49.145.211.146 - - [31/Aug/2026:23:34:40 -0400] "POST /xmlrpc.php HTTP/1.1" 403 228 "-" "Jetpack by WordPress.com"
65.109.118.212 - - [31/Aug/2026:23:34:49 -0400] "GET /robots.txt HTTP/1.1" 200 124 "-" "Mozilla/5.0 (compatible; AwarioBot/1.0; +https://awario.com/bots.html)"
66.249.65.134 - - [31/Aug/2026:23:34:49 -0400] "GET /?v=p1y4k0n6o2m0e6t3e2r25 HTTP/1.1" 200 20606 "-" "Mozilla/5.0 (Linux; Android 6.0.1; Nexus 5X Build/MMB29P) AppleWebKit/537.36 (KHTML, like Gecko) Chrome/151.0.7922.173 Mobile Safari/537.36 (compatible; Googlebot/2.1; +http://www.google.com/bot.html)"
49.145.211.146 - - [31/Aug/2026:23:34:50 -0400] "POST /xmlrpc.php HTTP/1.1" 403 228 "-" "WordPress.com; https://wordpress.com"
52.167.144.169 - - [31/Aug/2026:23:34:54 -0400] "GET /?sitemap864.xml HTTP/1.1" 200 33 "-" "Mozilla/5.0 AppleWebKit/537.36 (KHTML, like Gecko; compatible; bingbot/2.0; +http://www.bing.com/bingbot.htm) Chrome/116.0.1938.76 Safari/537.36"
49.145.211.146 - - [31/Aug/2026:23:35:01 -0400] "POST /xmlrpc.php HTTP/1.1" 403 228 "-" "WordPress.com; https://wordpress.com"
49.145.211.146 - - [31/Aug/2026:23:35:11 -0400] "POST /xmlrpc.php HTTP/1.1" 403 228 "-" "Jetpack by WordPress.com"
49.145.211.146 - - [31/Aug/2026:23:35:22 -0400] "POST /xmlrpc.php HTTP/1.1" 403 228 "-" "Jetpack by WordPress.com"
49.145.211.146 - - [31/Aug/2026:23:35:32 -0400] "POST /xmlrpc.php HTTP/1.1" 403 228 "-" "Jetpack by WordPress.com"
94.154.43.74 - - [31/Aug/2026:23:35:35 -0400] "GET /.env HTTP/1.1" 404 5752 "-" "Mozilla/5.0 (Windows NT 10.0; Win64; x64) AppleWebKit/537.36 (KHTML, like Gecko) Chrome/147.0.0.0 Safari/537.36"
94.154.43.135 - - [31/Aug/2026:23:35:35 -0400] "GET /.env HTTP/1.1" 401 36 "-" "Mozilla/5.0 (Windows NT 10.0; Win64; x64) AppleWebKit/537.36 (KHTML, like Gecko) Chrome/147.0.0.0 Safari/537.36"
94.154.43.129 - - [31/Aug/2026:23:35:35 -0400] "GET /.env HTTP/1.1" 404 5749 "-" "Mozilla/5.0 (Windows NT 10.0; Win64; x64) AppleWebKit/537.36 (KHTML, like Gecko) Chrome/147.0.0.0 Safari/537.36"
49.145.211.146 - - [31/Aug/2026:23:35:43 -0400] "POST /xmlrpc.php HTTP/1.1" 403 228 "-" "WordPress.com; https://wordpress.com"
49.145.211.146 - - [31/Aug/2026:23:35:54 -0400] "POST /xmlrpc.php HTTP/1.1" 403 228 "-" "Jetpack by WordPress.com"
49.145.211.146 - - [31/Aug/2026:23:36:04 -0400] "POST /xmlrpc.php HTTP/1.1" 403 228 "-" "Jetpack/12.5; WordPress/6.1; http://site85615987.com"
94.154.43.122 - - [31/Aug/2026:23:36:06 -0400] "GET /.env HTTP/1.1" 500 - "-" "Mozilla/5.0 (Windows NT 10.0; Win64; x64) AppleWebKit/537.36 (KHTML, like Gecko) Chrome/147.0.0.0 Safari/537.36"
94.154.43.129 - - [31/Aug/2026:23:36:06 -0400] "GET /.env HTTP/1.1" 401 36 "-" "Mozilla/5.0 (Windows NT 10.0; Win64; x64) AppleWebKit/537.36 (KHTML, like Gecko) Chrome/147.0.0.0 Safari/537.36"
94.154.43.164 - - [31/Aug/2026:23:36:06 -0400] "GET /.env HTTP/1.1" 404 5750 "-" "Mozilla/5.0 (Windows NT 10.0; Win64; x64) AppleWebKit/537.36 (KHTML, like Gecko) Chrome/147.0.0.0 Safari/537.36"
49.145.211.146 - - [31/Aug/2026:23:36:15 -0400] "POST /xmlrpc.php HTTP/1.1" 403 228 "-" "Jetpack by WordPress.com (Jetpack 12.5; WordPress 6.2)"
49.145.211.146 - - [31/Aug/2026:23:36:26 -0400] "POST /xmlrpc.php HTTP/1.1" 403 228 "-" "Jetpack by WordPress.com"
49.145.211.146 - - [31/Aug/2026:23:36:36 -0400] "POST /xmlrpc.php HTTP/1.1" 403 228 "-" "Jetpack by WordPress.com (Jetpack 12.0; WordPress 6.4)"
66.249.65.135 - - [31/Aug/2026:23:36:44 -0400] "GET /?v=s5u1b1q1u3i3n5t5u4p5l1e HTTP/1.1" 200 19840 "-" "Mozilla/5.0 (compatible; Googlebot/2.1; +http://www.google.com/bot.html)"
49.145.211.146 - - [31/Aug/2026:23:36:47 -0400] "POST /xmlrpc.php HTTP/1.1" 403 228 "-" "Jetpack by WordPress.com"
65.109.118.212 - - [31/Aug/2026:23:36:50 -0400] "GET /robots.txt HTTP/1.1" 200 124 "-" "Mozilla/5.0 (compatible; AwarioBot/1.0; +https://awario.com/bots.html)"
66.249.65.134 - - [31/Aug/2026:23:36:49 -0400] "GET /?v=j2o3n6e0s4188867 HTTP/1.1" 200 19417 "-" "Mozilla/5.0 (compatible; Googlebot/2.1; +http://www.google.com/bot.html)"
49.145.211.146 - - [31/Aug/2026:23:36:57 -0400] "POST /xmlrpc.php HTTP/1.1" 403 228 "-" "Jetpack by WordPress.com (Jetpack 13.0; WordPress 6.1)"
49.145.211.146 - - [31/Aug/2026:23:37:08 -0400] "POST /xmlrpc.php HTTP/1.1" 403 228 "-" "Jetpack/13.0; WordPress/6.4; http://site29032916.com"
49.145.211.146 - - [31/Aug/2026:23:37:18 -0400] "POST /xmlrpc.php HTTP/1.1" 403 228 "-" "Jetpack by WordPress.com (Jetpack 12.0; WordPress 6.4)"
49.145.211.146 - - [31/Aug/2026:23:37:29 -0400] "POST /xmlrpc.php HTTP/1.1" 403 228 "-" "WordPress.com; https://wordpress.com"
49.145.211.146 - - [31/Aug/2026:23:37:40 -0400] "POST /xmlrpc.php HTTP/1.1" 403 228 "-" "Jetpack by WordPress.com (Jetpack 12.0; WordPress 6.2)"
49.145.211.146 - - [31/Aug/2026:23:37:50 -0400] "POST /xmlrpc.php HTTP/1.1" 403 228 "-" "Jetpack/13.0; WordPress/6.4; http://site38312042.com"
49.145.211.146 - - [31/Aug/2026:23:38:01 -0400] "POST /xmlrpc.php HTTP/1.1" 403 228 "-" "WordPress.com; https://wordpress.com"
49.145.211.146 - - [31/Aug/2026:23:38:11 -0400] "POST /xmlrpc.php HTTP/1.1" 403 228 "-" "WordPress.com; https://wordpress.com"
49.145.211.146 - - [31/Aug/2026:23:38:22 -0400] "POST /xmlrpc.php HTTP/1.1" 403 228 "-" "WordPress.com; https://wordpress.com"
66.249.65.136 - - [31/Aug/2026:23:38:23 -0400] "GET /?v=w1a2s4h6e9r632538 HTTP/1.1" 200 19514 "-" "Mozilla/5.0 (compatible; Googlebot/2.1; +http://www.google.com/bot.html)"
49.145.211.146 - - [31/Aug/2026:23:38:32 -0400] "POST /xmlrpc.php HTTP/1.1" 403 228 "-" "Jetpack by WordPress.com (Jetpack 12.1; WordPress 6.3)"
104.219.215.160 - - [31/Aug/2026:23:38:38 -0400] "GET / HTTP/1.1" 200 20024 "-" "Mozilla/5.0 (compatible; Googlebot/2.1; +http://www.google.com/bot.html)"
49.145.211.146 - - [31/Aug/2026:23:38:43 -0400] "POST /xmlrpc.php HTTP/1.1" 403 228 "-" "WordPress.com; https://wordpress.com"
65.109.118.212 - - [31/Aug/2026:23:38:50 -0400] "GET /robots.txt HTTP/1.1" 200 124 "-" "Mozilla/5.0 (compatible; AwarioBot/1.0; +https://awario.com/bots.html)"
40.77.167.156 - - [31/Aug/2026:23:38:50 -0400] "GET /shops/technobabble/f1u4n0i0s3573019 HTTP/1.1" 200 33 "-" "Mozilla/5.0 AppleWebKit/537.36 (KHTML, like Gecko; compatible; bingbot/2.0; +http://www.bing.com/bingbot.htm) Chrome/116.0.1938.76 Safari/537.36"
49.145.211.146 - - [31/Aug/2026:23:38:54 -0400] "POST /xmlrpc.php HTTP/1.1" 403 228 "-" "Jetpack by WordPress.com (Jetpack 13.0; WordPress 6.2)"
49.145.211.146 - - [31/Aug/2026:23:39:04 -0400] "POST /xmlrpc.php HTTP/1.1" 403 228 "-" "Jetpack/12.1; WordPress/6.1; http://site55880433.com"
49.145.211.146 - - [31/Aug/2026:23:39:15 -0400] "POST /xmlrpc.php HTTP/1.1" 403 228 "-" "Jetpack by WordPress.com (Jetpack 13.0; WordPress 6.1)"
49.145.211.146 - - [31/Aug/2026:23:39:25 -0400] "POST /xmlrpc.php HTTP/1.1" 403 228 "-" "Jetpack by WordPress.com"
49.145.211.146 - - [31/Aug/2026:23:39:36 -0400] "POST /xmlrpc.php HTTP/1.1" 403 228 "-" "Jetpack by WordPress.com (Jetpack 13.0; WordPress 6.4)"
49.145.211.146 - - [31/Aug/2026:23:39:47 -0400] "POST /xmlrpc.php HTTP/1.1" 403 228 "-" "Jetpack by WordPress.com (Jetpack 12.5; WordPress 6.4)"
66.249.65.136 - - [31/Aug/2026:23:39:47 -0400] "GET /?v=s0a6l3v3o190477 HTTP/1.1" 200 19526 "-" "Mozilla/5.0 (compatible; Googlebot/2.1; +http://www.google.com/bot.html)"
51.81.111.69 - - [31/Aug/2026:23:39:51 -0400] "GET /lactucone/e9n1v4i5o4u0s12341 HTTP/1.1" 500 - "-" "Mozilla/5.0 (compatible; AhrefsBot/7.0; +http://ahrefs.com/robot/)"
49.145.211.146 - - [31/Aug/2026:23:39:57 -0400] "POST /xmlrpc.php HTTP/1.1" 403 228 "-" "Jetpack/12.1; WordPress/6.4; http://site32925248.com"
49.145.211.146 - - [31/Aug/2026:23:40:08 -0400] "POST /xmlrpc.php HTTP/1.1" 403 228 "-" "Jetpack by WordPress.com"
179.43.146.218 - - [31/Aug/2026:23:40:17 -0400] "POST /wp-includes/Text/gmkxf1o/toqzuer/hyrqmbo/seo-config.php?action=add_link HTTP/1.1" 500 - "https://cfntoronto.com/" "Mozilla/5.0 (Windows NT 10.0; Win64; x64) AppleWebKit/537.36 (KHTML, like Gecko) Chrome/120.0.0.0 Safari/537.36"
179.43.146.218 - - [31/Aug/2026:23:40:18 -0400] "POST /wp-includes/Text/gmkxf1o/toqzuer/hyrqmbo/seo-config.php?action=add_link HTTP/1.1" 500 - "https://cfntoronto.com/" "Mozilla/5.0 (Windows NT 10.0; Win64; x64) AppleWebKit/537.36 (KHTML, like Gecko) Chrome/120.0.0.0 Safari/537.36"
179.43.146.218 - - [31/Aug/2026:23:40:18 -0400] "POST /wp-includes/Text/gmkxf1o/toqzuer/hyrqmbo/seo-config.php?action=add_link HTTP/1.1" 500 - "https://cfntoronto.com/" "Mozilla/5.0 (Windows NT 10.0; Win64; x64) AppleWebKit/537.36 (KHTML, like Gecko) Chrome/120.0.0.0 Safari/537.36"
49.145.211.146 - - [31/Aug/2026:23:40:18 -0400] "POST /xmlrpc.php HTTP/1.1" 403 228 "-" "Jetpack by WordPress.com"
49.145.211.146 - - [31/Aug/2026:23:40:29 -0400] "POST /xmlrpc.php HTTP/1.1" 403 228 "-" "WordPress.com; https://wordpress.com"
49.145.211.146 - - [31/Aug/2026:23:40:40 -0400] "POST /xmlrpc.php HTTP/1.1" 403 228 "-" "Jetpack by WordPress.com (Jetpack 13.0; WordPress 6.2)"
49.145.211.146 - - [31/Aug/2026:23:40:50 -0400] "POST /xmlrpc.php HTTP/1.1" 403 228 "-" "Jetpack/12.0; WordPress/6.1; http://site98388618.com"
65.109.118.212 - - [31/Aug/2026:23:40:51 -0400] "GET /robots.txt HTTP/1.1" 200 124 "-" "Mozilla/5.0 (compatible; AwarioBot/1.0; +https://awario.com/bots.html)"
49.145.211.146 - - [31/Aug/2026:23:41:01 -0400] "POST /xmlrpc.php HTTP/1.1" 403 228 "-" "Jetpack/12.1; WordPress/6.1; http://site55983518.com"
66.249.65.136 - - [31/Aug/2026:23:41:07 -0400] "GET /?v=p1h3r8a9s0e8o9l6o9g8i7st HTTP/1.1" 200 20192 "-" "Mozilla/5.0 (compatible; Googlebot/2.1; +http://www.google.com/bot.html)"
40.77.167.156 - - [31/Aug/2026:23:41:11 -0400] "GET /shops/tolylene/p3a3l0a3e0o341115 HTTP/1.1" 200 33 "-" "Mozilla/5.0 AppleWebKit/537.36 (KHTML, like Gecko; compatible; bingbot/2.0; +http://www.bing.com/bingbot.htm) Chrome/116.0.1938.76 Safari/537.36"
49.145.211.146 - - [31/Aug/2026:23:41:12 -0400] "POST /xmlrpc.php HTTP/1.1" 403 228 "-" "WordPress.com; https://wordpress.com"
49.145.211.146 - - [31/Aug/2026:23:41:22 -0400] "POST /xmlrpc.php HTTP/1.1" 403 228 "-" "Jetpack/12.5; WordPress/6.3; http://site65316234.com"
49.145.211.146 - - [31/Aug/2026:23:41:33 -0400] "POST /xmlrpc.php HTTP/1.1" 403 228 "-" "Jetpack by WordPress.com (Jetpack 12.5; WordPress 6.1)"
49.145.211.146 - - [31/Aug/2026:23:41:43 -0400] "POST /xmlrpc.php HTTP/1.1" 403 228 "-" "Jetpack by WordPress.com"
49.145.211.146 - - [31/Aug/2026:23:41:54 -0400] "POST /xmlrpc.php HTTP/1.1" 403 228 "-" "Jetpack by WordPress.com (Jetpack 12.5; WordPress 6.1)"
49.145.211.146 - - [31/Aug/2026:23:42:05 -0400] "POST /xmlrpc.php HTTP/1.1" 403 228 "-" "Jetpack/12.0; WordPress/6.1; http://site34135893.com"
49.145.211.146 - - [31/Aug/2026:23:42:15 -0400] "POST /xmlrpc.php HTTP/1.1" 403 228 "-" "Jetpack/12.1; WordPress/6.2; http://site87487657.com"
49.145.211.146 - - [31/Aug/2026:23:42:26 -0400] "POST /xmlrpc.php HTTP/1.1" 403 228 "-" "Jetpack/12.0; WordPress/6.1; http://site76567192.com"
49.145.211.146 - - [31/Aug/2026:23:42:36 -0400] "POST /xmlrpc.php HTTP/1.1" 403 228 "-" "WordPress.com; https://wordpress.com"
49.145.211.146 - - [31/Aug/2026:23:42:47 -0400] "POST /xmlrpc.php HTTP/1.1" 403 228 "-" "Jetpack by WordPress.com"
66.249.65.135 - - [31/Aug/2026:23:42:50 -0400] "GET /?v=t8e3e5l8s0e8e0d2765 HTTP/1.1" 200 20876 "-" "Mozilla/5.0 (compatible; Googlebot/2.1; +http://www.google.com/bot.html)"
49.145.211.146 - - [31/Aug/2026:23:42:58 -0400] "POST /xmlrpc.php HTTP/1.1" 403 228 "-" "Jetpack by WordPress.com (Jetpack 12.0; WordPress 6.4)"
49.145.211.146 - - [31/Aug/2026:23:43:08 -0400] "POST /xmlrpc.php HTTP/1.1" 403 228 "-" "Jetpack by WordPress.com"
49.145.211.146 - - [31/Aug/2026:23:43:19 -0400] "POST /xmlrpc.php HTTP/1.1" 403 228 "-" "Jetpack/12.1; WordPress/6.2; http://site34006370.com"
49.145.211.146 - - [31/Aug/2026:23:43:30 -0400] "POST /xmlrpc.php HTTP/1.1" 403 228 "-" "Jetpack/13.0; WordPress/6.2; http://site76252187.com"
49.145.211.146 - - [31/Aug/2026:23:43:40 -0400] "POST /xmlrpc.php HTTP/1.1" 403 228 "-" "WordPress.com; https://wordpress.com"
66.249.65.136 - - [31/Aug/2026:23:43:44 -0400] "GET /?v=c3o8r5o0n4a8r2i0a59 HTTP/1.1" 200 19015 "-" "Mozilla/5.0 (Linux; Android 6.0.1; Nexus 5X Build/MMB29P) AppleWebKit/537.36 (KHTML, like Gecko) Chrome/151.0.7922.173 Mobile Safari/537.36 (compatible; Googlebot/2.1; +http://www.google.com/bot.html)"
66.249.65.136 - - [31/Aug/2026:23:43:45 -0400] "GET /?v=e9n2g8i5r4d2i6n2g093 HTTP/1.1" 200 19323 "-" "Mozilla/5.0 (compatible; Googlebot/2.1; +http://www.google.com/bot.html)"
49.145.211.146 - - [31/Aug/2026:23:43:51 -0400] "POST /xmlrpc.php HTTP/1.1" 403 228 "-" "Jetpack/12.0; WordPress/6.1; http://site10406124.com"
49.145.211.146 - - [31/Aug/2026:23:44:01 -0400] "POST /xmlrpc.php HTTP/1.1" 403 228 "-" "Jetpack by WordPress.com (Jetpack 12.0; WordPress 6.4)"
49.145.211.146 - - [31/Aug/2026:23:44:12 -0400] "POST /xmlrpc.php HTTP/1.1" 403 228 "-" "Jetpack by WordPress.com (Jetpack 12.5; WordPress 6.1)"
66.249.65.134 - - [31/Aug/2026:23:44:21 -0400] "GET /?v=s6h2e1a7t1h0e1r6662 HTTP/1.1" 200 19750 "-" "Mozilla/5.0 (Linux; Android 6.0.1; Nexus 5X Build/MMB29P) AppleWebKit/537.36 (KHTML, like Gecko) Chrome/151.0.7922.173 Mobile Safari/537.36 (compatible; Googlebot/2.1; +http://www.google.com/bot.html)"
49.145.211.146 - - [31/Aug/2026:23:44:23 -0400] "POST /xmlrpc.php HTTP/1.1" 403 228 "-" "WordPress.com; https://wordpress.com"
179.43.146.218 - - [31/Aug/2026:23:44:29 -0400] "POST /wp-includes/Text/gmkxf1o/toqzuer/hyrqmbo/seo-config.php?action=add_link HTTP/1.1" 500 - "https://cfntoronto.com/" "Mozilla/5.0 (Windows NT 10.0; Win64; x64) AppleWebKit/537.36 (KHTML, like Gecko) Chrome/120.0.0.0 Safari/537.36"
179.43.146.218 - - [31/Aug/2026:23:44:29 -0400] "POST /wp-includes/Text/gmkxf1o/toqzuer/hyrqmbo/seo-config.php?action=add_link HTTP/1.1" 500 - "https://cfntoronto.com/" "Mozilla/5.0 (Windows NT 10.0; Win64; x64) AppleWebKit/537.36 (KHTML, like Gecko) Chrome/120.0.0.0 Safari/537.36"
179.43.146.218 - - [31/Aug/2026:23:44:30 -0400] "POST /wp-includes/Text/gmkxf1o/toqzuer/hyrqmbo/seo-config.php?action=add_link HTTP/1.1" 500 - "https://cfntoronto.com/" "Mozilla/5.0 (Windows NT 10.0; Win64; x64) AppleWebKit/537.36 (KHTML, like Gecko) Chrome/120.0.0.0 Safari/537.36"
49.145.211.146 - - [31/Aug/2026:23:44:33 -0400] "POST /xmlrpc.php HTTP/1.1" 403 228 "-" "Jetpack by WordPress.com (Jetpack 12.1; WordPress 6.2)"
49.145.211.146 - - [31/Aug/2026:23:44:44 -0400] "POST /xmlrpc.php HTTP/1.1" 403 228 "-" "WordPress.com; https://wordpress.com"
49.145.211.146 - - [31/Aug/2026:23:44:54 -0400] "POST /xmlrpc.php HTTP/1.1" 403 228 "-" "WordPress.com; https://wordpress.com"
49.145.211.146 - - [31/Aug/2026:23:45:05 -0400] "POST /xmlrpc.php HTTP/1.1" 403 228 "-" "Jetpack/12.5; WordPress/6.2; http://site95786842.com"
49.145.211.146 - - [31/Aug/2026:23:45:16 -0400] "POST /xmlrpc.php HTTP/1.1" 403 228 "-" "Jetpack/13.0; WordPress/6.4; http://site48835844.com"
49.145.211.146 - - [31/Aug/2026:23:45:26 -0400] "POST /xmlrpc.php HTTP/1.1" 403 228 "-" "WordPress.com; https://wordpress.com"
49.145.211.146 - - [31/Aug/2026:23:45:37 -0400] "POST /xmlrpc.php HTTP/1.1" 403 228 "-" "WordPress.com; https://wordpress.com"
49.145.211.146 - - [31/Aug/2026:23:45:48 -0400] "POST /xmlrpc.php HTTP/1.1" 403 228 "-" "Jetpack by WordPress.com (Jetpack 12.1; WordPress 6.1)"
49.145.211.146 - - [31/Aug/2026:23:45:58 -0400] "POST /xmlrpc.php HTTP/1.1" 403 228 "-" "Jetpack by WordPress.com"
49.145.211.146 - - [31/Aug/2026:23:46:09 -0400] "POST /xmlrpc.php HTTP/1.1" 403 228 "-" "WordPress.com; https://wordpress.com"
49.145.211.146 - - [31/Aug/2026:23:46:19 -0400] "POST /xmlrpc.php HTTP/1.1" 403 228 "-" "Jetpack by WordPress.com"
49.145.211.146 - - [31/Aug/2026:23:46:30 -0400] "POST /xmlrpc.php HTTP/1.1" 403 228 "-" "Jetpack/12.1; WordPress/6.3; http://site76150205.com"
49.145.211.146 - - [31/Aug/2026:23:46:41 -0400] "POST /xmlrpc.php HTTP/1.1" 403 228 "-" "WordPress.com; https://wordpress.com"
49.145.211.146 - - [31/Aug/2026:23:46:51 -0400] "POST /xmlrpc.php HTTP/1.1" 403 228 "-" "Jetpack by WordPress.com"
49.145.211.146 - - [31/Aug/2026:23:47:02 -0400] "POST /xmlrpc.php HTTP/1.1" 403 228 "-" "WordPress.com; https://wordpress.com"
49.145.211.146 - - [31/Aug/2026:23:47:12 -0400] "POST /xmlrpc.php HTTP/1.1" 403 228 "-" "Jetpack by WordPress.com (Jetpack 12.1; WordPress 6.1)"
49.145.211.146 - - [31/Aug/2026:23:47:23 -0400] "POST /xmlrpc.php HTTP/1.1" 403 228 "-" "Jetpack/12.0; WordPress/6.1; http://site94833203.com"
66.249.65.136 - - [31/Aug/2026:23:47:28 -0400] "GET /?v=c7u2m7u1l9a3t3e7524 HTTP/1.1" 200 20407 "-" "Mozilla/5.0 (compatible; Googlebot/2.1; +http://www.google.com/bot.html)"
49.145.211.146 - - [31/Aug/2026:23:47:33 -0400] "POST /xmlrpc.php HTTP/1.1" 403 228 "-" "Jetpack/12.1; WordPress/6.3; http://site55693500.com"
104.219.215.160 - - [31/Aug/2026:23:49:01 -0400] "GET / HTTP/1.1" 200 19546 "-" "Mozilla/5.0 (compatible; Googlebot/2.1; +http://www.google.com/bot.html)"
66.249.65.135 - - [31/Aug/2026:23:50:17 -0400] "GET /?v=s0q3u1i8n6t4i7f5e4g6o6 HTTP/1.1" 200 19832 "-" "Mozilla/5.0 (Linux; Android 6.0.1; Nexus 5X Build/MMB29P) AppleWebKit/537.36 (KHTML, like Gecko) Chrome/151.0.7922.173 Mobile Safari/537.36 (compatible; Googlebot/2.1; +http://www.google.com/bot.html)"
52.167.144.166 - - [31/Aug/2026:23:50:21 -0400] "GET /shops/recurvirostris/t1h2e4r0m5o9s9y6s2t4a3ltic HTTP/1.1" 200 33 "-" "Mozilla/5.0 AppleWebKit/537.36 (KHTML, like Gecko; compatible; bingbot/2.0; +http://www.bing.com/bingbot.htm) Chrome/116.0.1938.76 Safari/537.36"
52.167.144.166 - - [31/Aug/2026:23:53:48 -0400] "GET /shops/kindred/m4i1r6l4i5t5o2n4815 HTTP/1.1" 200 33 "-" "Mozilla/5.0 AppleWebKit/537.36 (KHTML, like Gecko; compatible; bingbot/2.0; +http://www.bing.com/bingbot.htm) Chrome/116.0.1938.76 Safari/537.36"
