52.167.144.18 - - [31/Aug/2026:16:08:27 -0400] "GET /shops/irascible/m4a3i4a8d9e2a2e7393 HTTP/1.1" 200 33 "-" "Mozilla/5.0 AppleWebKit/537.36 (KHTML, like Gecko; compatible; bingbot/2.0; +http://www.bing.com/bingbot.htm) Chrome/116.0.1938.76 Safari/537.36"
102.211.193.145 - - [31/Aug/2026:16:08:36 -0400] "POST /xmlrpc.php HTTP/1.1" 403 228 "-" "WordPress.com; https://wordpress.com"
40.77.167.24 - - [31/Aug/2026:16:08:38 -0400] "GET /?v=i3n3w4h6e5e9l47848 HTTP/1.1" 200 33 "-" "Mozilla/5.0 AppleWebKit/537.36 (KHTML, like Gecko; compatible; bingbot/2.0; +http://www.bing.com/bingbot.htm) Chrome/116.0.1938.76 Safari/537.36"
125.161.91.190 - - [31/Aug/2026:16:08:39 -0400] "POST /xmlrpc.php HTTP/1.1" 403 228 "-" "Mozilla/5.0 (Windows NT 6.3; x86) AppleWebKit/537.36 (KHTML, like Gecko) Chrome/86.0.0.0 Safari/537.36"
102.211.193.145 - - [31/Aug/2026:16:08:46 -0400] "POST /xmlrpc.php HTTP/1.1" 403 228 "-" "Jetpack/12.0; WordPress/6.1; http://site43185581.com"
102.211.193.145 - - [31/Aug/2026:16:08:57 -0400] "POST /xmlrpc.php HTTP/1.1" 403 228 "-" "Jetpack/12.5; WordPress/6.3; http://site80485123.com"
104.219.215.160 - - [31/Aug/2026:16:08:57 -0400] "GET / HTTP/1.1" 200 19803 "-" "Mozilla/5.0 (compatible; Googlebot/2.1; +http://www.google.com/bot.html)"
66.249.65.135 - - [31/Aug/2026:16:09:01 -0400] "GET /?v=a1c2t9i7n2o7m6y0c9e8t8ales HTTP/1.1" 200 19469 "-" "Mozilla/5.0 (compatible; Googlebot/2.1; +http://www.google.com/bot.html)"
102.211.193.145 - - [31/Aug/2026:16:09:08 -0400] "POST /xmlrpc.php HTTP/1.1" 403 228 "-" "Jetpack/12.1; WordPress/6.2; http://site69527327.com"
102.211.193.145 - - [31/Aug/2026:16:09:18 -0400] "POST /xmlrpc.php HTTP/1.1" 403 228 "-" "Jetpack by WordPress.com"
102.211.193.145 - - [31/Aug/2026:16:09:29 -0400] "POST /xmlrpc.php HTTP/1.1" 403 228 "-" "Jetpack by WordPress.com"
102.211.193.145 - - [31/Aug/2026:16:09:39 -0400] "POST /xmlrpc.php HTTP/1.1" 403 228 "-" "Jetpack/12.1; WordPress/6.2; http://site28127097.com"
102.211.193.145 - - [31/Aug/2026:16:09:50 -0400] "POST /xmlrpc.php HTTP/1.1" 403 228 "-" "WordPress.com; https://wordpress.com"
51.81.164.145 - - [31/Aug/2026:16:09:55 -0400] "GET /disparates/e1r1y1t7h2r9o5g1r9a9n4ulose HTTP/1.1" 500 - "-" "Mozilla/5.0 (compatible; AhrefsBot/7.0; +http://ahrefs.com/robot/)"
65.109.118.212 - - [31/Aug/2026:16:09:59 -0400] "GET /robots.txt HTTP/1.1" 200 124 "-" "Mozilla/5.0 (compatible; AwarioBot/1.0; +https://awario.com/bots.html)"
102.211.193.145 - - [31/Aug/2026:16:10:01 -0400] "POST /xmlrpc.php HTTP/1.1" 403 228 "-" "Jetpack/12.1; WordPress/6.3; http://site58767883.com"
179.43.146.218 - - [31/Aug/2026:16:10:10 -0400] "POST /wp-includes/Text/gmkxf1o/toqzuer/hyrqmbo/seo-config.php?action=add_link HTTP/1.1" 500 - "https://cfntoronto.com/" "Mozilla/5.0 (Windows NT 10.0; Win64; x64) AppleWebKit/537.36 (KHTML, like Gecko) Chrome/120.0.0.0 Safari/537.36"
179.43.146.218 - - [31/Aug/2026:16:10:11 -0400] "POST /wp-includes/Text/gmkxf1o/toqzuer/hyrqmbo/seo-config.php?action=add_link HTTP/1.1" 500 - "https://cfntoronto.com/" "Mozilla/5.0 (Windows NT 10.0; Win64; x64) AppleWebKit/537.36 (KHTML, like Gecko) Chrome/120.0.0.0 Safari/537.36"
102.211.193.145 - - [31/Aug/2026:16:10:11 -0400] "POST /xmlrpc.php HTTP/1.1" 403 228 "-" "Jetpack by WordPress.com"
102.211.193.145 - - [31/Aug/2026:16:10:22 -0400] "POST /xmlrpc.php HTTP/1.1" 403 228 "-" "WordPress.com; https://wordpress.com"
66.249.65.134 - - [31/Aug/2026:16:10:24 -0400] "GET /boule/d1o2o6r6s2t1o9p1024 HTTP/1.1" 200 19702 "-" "Mozilla/5.0 (Linux; Android 6.0.1; Nexus 5X Build/MMB29P) AppleWebKit/537.36 (KHTML, like Gecko) Chrome/151.0.7922.173 Mobile Safari/537.36 (compatible; Googlebot/2.1; +http://www.google.com/bot.html)"
179.43.146.218 - - [31/Aug/2026:16:10:25 -0400] "POST /wp-includes/Text/gmkxf1o/toqzuer/hyrqmbo/seo-config.php?action=add_link HTTP/1.1" 500 - "https://cfntoronto.com/" "Mozilla/5.0 (Windows NT 10.0; Win64; x64) AppleWebKit/537.36 (KHTML, like Gecko) Chrome/120.0.0.0 Safari/537.36"
179.43.146.218 - - [31/Aug/2026:16:10:26 -0400] "POST /wp-includes/Text/gmkxf1o/toqzuer/hyrqmbo/seo-config.php?action=add_link HTTP/1.1" 500 - "https://cfntoronto.com/" "Mozilla/5.0 (Windows NT 10.0; Win64; x64) AppleWebKit/537.36 (KHTML, like Gecko) Chrome/120.0.0.0 Safari/537.36"
102.211.193.145 - - [31/Aug/2026:16:10:32 -0400] "POST /xmlrpc.php HTTP/1.1" 403 228 "-" "WordPress.com; https://wordpress.com"
179.43.146.218 - - [31/Aug/2026:16:10:39 -0400] "POST /wp-includes/Text/gmkxf1o/toqzuer/hyrqmbo/seo-config.php?action=add_link HTTP/1.1" 500 - "https://cfntoronto.com/" "Mozilla/5.0 (Windows NT 10.0; Win64; x64) AppleWebKit/537.36 (KHTML, like Gecko) Chrome/120.0.0.0 Safari/537.36"
179.43.146.218 - - [31/Aug/2026:16:10:40 -0400] "POST /wp-includes/Text/gmkxf1o/toqzuer/hyrqmbo/seo-config.php?action=add_link HTTP/1.1" 500 - "https://cfntoronto.com/" "Mozilla/5.0 (Windows NT 10.0; Win64; x64) AppleWebKit/537.36 (KHTML, like Gecko) Chrome/120.0.0.0 Safari/537.36"
102.211.193.145 - - [31/Aug/2026:16:10:43 -0400] "POST /xmlrpc.php HTTP/1.1" 403 228 "-" "Jetpack by WordPress.com (Jetpack 12.5; WordPress 6.2)"
102.211.193.145 - - [31/Aug/2026:16:10:54 -0400] "POST /xmlrpc.php HTTP/1.1" 403 228 "-" "Jetpack/12.1; WordPress/6.4; http://site66065124.com"
102.211.193.145 - - [31/Aug/2026:16:11:04 -0400] "POST /xmlrpc.php HTTP/1.1" 403 228 "-" "WordPress.com; https://wordpress.com"
102.211.193.145 - - [31/Aug/2026:16:11:15 -0400] "POST /xmlrpc.php HTTP/1.1" 403 228 "-" "Jetpack/12.1; WordPress/6.1; http://site23072596.com"
102.211.193.145 - - [31/Aug/2026:16:11:25 -0400] "POST /xmlrpc.php HTTP/1.1" 403 228 "-" "WordPress.com; https://wordpress.com"
102.211.193.145 - - [31/Aug/2026:16:11:36 -0400] "POST /xmlrpc.php HTTP/1.1" 403 228 "-" "Jetpack by WordPress.com (Jetpack 12.1; WordPress 6.4)"
102.211.193.145 - - [31/Aug/2026:16:11:47 -0400] "POST /xmlrpc.php HTTP/1.1" 403 228 "-" "Jetpack by WordPress.com (Jetpack 13.0; WordPress 6.1)"
102.211.193.145 - - [31/Aug/2026:16:11:57 -0400] "POST /xmlrpc.php HTTP/1.1" 403 228 "-" "Jetpack/12.5; WordPress/6.4; http://site46985287.com"
65.109.118.212 - - [31/Aug/2026:16:12:04 -0400] "GET /robots.txt HTTP/1.1" 200 124 "-" "Mozilla/5.0 (compatible; AwarioBot/1.0; +https://awario.com/bots.html)"
102.211.193.145 - - [31/Aug/2026:16:12:08 -0400] "POST /xmlrpc.php HTTP/1.1" 403 228 "-" "WordPress.com; https://wordpress.com"
40.77.167.61 - - [31/Aug/2026:16:12:17 -0400] "GET /shops/camas/c3r1a8f1t8l0e4s6s041 HTTP/1.1" 200 33 "-" "Mozilla/5.0 AppleWebKit/537.36 (KHTML, like Gecko; compatible; bingbot/2.0; +http://www.bing.com/bingbot.htm) Chrome/116.0.1938.76 Safari/537.36"
102.211.193.145 - - [31/Aug/2026:16:12:18 -0400] "POST /xmlrpc.php HTTP/1.1" 403 228 "-" "Jetpack by WordPress.com (Jetpack 12.5; WordPress 6.4)"
102.211.193.145 - - [31/Aug/2026:16:12:29 -0400] "POST /xmlrpc.php HTTP/1.1" 403 228 "-" "WordPress.com; https://wordpress.com"
66.249.65.135 - - [31/Aug/2026:16:12:31 -0400] "GET /?v=v4a2n6i0t7i2e9s8720 HTTP/1.1" 200 20050 "-" "Mozilla/5.0 (compatible; Googlebot/2.1; +http://www.google.com/bot.html)"
102.211.193.145 - - [31/Aug/2026:16:12:40 -0400] "POST /xmlrpc.php HTTP/1.1" 403 228 "-" "WordPress.com; https://wordpress.com"
102.211.193.145 - - [31/Aug/2026:16:12:50 -0400] "POST /xmlrpc.php HTTP/1.1" 403 228 "-" "Jetpack/13.0; WordPress/6.1; http://site96513942.com"
40.77.167.61 - - [31/Aug/2026:16:12:54 -0400] "GET /?sitemap993.xml HTTP/1.1" 200 33 "-" "Mozilla/5.0 AppleWebKit/537.36 (KHTML, like Gecko; compatible; bingbot/2.0; +http://www.bing.com/bingbot.htm) Chrome/116.0.1938.76 Safari/537.36"
102.211.193.145 - - [31/Aug/2026:16:13:01 -0400] "POST /xmlrpc.php HTTP/1.1" 403 228 "-" "Jetpack by WordPress.com (Jetpack 13.0; WordPress 6.3)"
102.211.193.145 - - [31/Aug/2026:16:13:12 -0400] "POST /xmlrpc.php HTTP/1.1" 403 228 "-" "Jetpack by WordPress.com"
66.249.65.134 - - [31/Aug/2026:16:13:19 -0400] "GET /?v=e1x2i3t9o6m5o2t6o1r7y1 HTTP/1.1" 200 20292 "-" "Mozilla/5.0 (Linux; Android 6.0.1; Nexus 5X Build/MMB29P) AppleWebKit/537.36 (KHTML, like Gecko) Chrome/151.0.7922.173 Mobile Safari/537.36 (compatible; Googlebot/2.1; +http://www.google.com/bot.html)"
52.167.144.192 - - [31/Aug/2026:16:13:21 -0400] "GET /shops/placation/g6i3l8l5y2f0l9o3w3e8r1 HTTP/1.1" 200 33 "-" "Mozilla/5.0 AppleWebKit/537.36 (KHTML, like Gecko; compatible; bingbot/2.0; +http://www.bing.com/bingbot.htm) Chrome/116.0.1938.76 Safari/537.36"
102.211.193.145 - - [31/Aug/2026:16:13:22 -0400] "POST /xmlrpc.php HTTP/1.1" 403 228 "-" "WordPress.com; https://wordpress.com"
40.77.167.255 - - [31/Aug/2026:16:13:28 -0400] "GET /shops/cassumunar/t1r3i4o1x9i8d7e0516 HTTP/1.1" 200 33 "-" "Mozilla/5.0 AppleWebKit/537.36 (KHTML, like Gecko; compatible; bingbot/2.0; +http://www.bing.com/bingbot.htm) Chrome/116.0.1938.76 Safari/537.36"
102.211.193.145 - - [31/Aug/2026:16:13:33 -0400] "POST /xmlrpc.php HTTP/1.1" 403 228 "-" "Jetpack by WordPress.com"
102.211.193.145 - - [31/Aug/2026:16:13:44 -0400] "POST /xmlrpc.php HTTP/1.1" 403 228 "-" "Jetpack by WordPress.com"
102.211.193.145 - - [31/Aug/2026:16:13:54 -0400] "POST /xmlrpc.php HTTP/1.1" 403 228 "-" "Jetpack by WordPress.com (Jetpack 13.0; WordPress 6.1)"
102.211.193.145 - - [31/Aug/2026:16:14:05 -0400] "POST /xmlrpc.php HTTP/1.1" 403 228 "-" "Jetpack by WordPress.com (Jetpack 12.1; WordPress 6.4)"
65.109.118.212 - - [31/Aug/2026:16:14:10 -0400] "GET /robots.txt HTTP/1.1" 200 124 "-" "Mozilla/5.0 (compatible; AwarioBot/1.0; +https://awario.com/bots.html)"
102.211.193.145 - - [31/Aug/2026:16:14:16 -0400] "POST /xmlrpc.php HTTP/1.1" 403 228 "-" "WordPress.com; https://wordpress.com"
66.249.65.134 - - [31/Aug/2026:16:14:15 -0400] "GET /?v=f6u2n3c4t1i8o4n7i0n5g HTTP/1.1" 200 20522 "-" "Mozilla/5.0 (compatible; Googlebot/2.1; +http://www.google.com/bot.html)"
179.43.146.218 - - [31/Aug/2026:16:14:18 -0400] "POST /wp-includes/Text/gmkxf1o/toqzuer/hyrqmbo/seo-config.php?action=add_link HTTP/1.1" 500 - "https://cfntoronto.com/" "Mozilla/5.0 (Windows NT 10.0; Win64; x64) AppleWebKit/537.36 (KHTML, like Gecko) Chrome/120.0.0.0 Safari/537.36"
179.43.146.218 - - [31/Aug/2026:16:14:19 -0400] "POST /wp-includes/Text/gmkxf1o/toqzuer/hyrqmbo/seo-config.php?action=add_link HTTP/1.1" 500 - "https://cfntoronto.com/" "Mozilla/5.0 (Windows NT 10.0; Win64; x64) AppleWebKit/537.36 (KHTML, like Gecko) Chrome/120.0.0.0 Safari/537.36"
179.43.146.218 - - [31/Aug/2026:16:14:19 -0400] "POST /wp-includes/Text/gmkxf1o/toqzuer/hyrqmbo/seo-config.php?action=add_link HTTP/1.1" 500 - "https://cfntoronto.com/" "Mozilla/5.0 (Windows NT 10.0; Win64; x64) AppleWebKit/537.36 (KHTML, like Gecko) Chrome/120.0.0.0 Safari/537.36"
102.211.193.145 - - [31/Aug/2026:16:14:26 -0400] "POST /xmlrpc.php HTTP/1.1" 403 228 "-" "Jetpack by WordPress.com"
102.211.193.145 - - [31/Aug/2026:16:14:37 -0400] "POST /xmlrpc.php HTTP/1.1" 403 228 "-" "WordPress.com; https://wordpress.com"
102.211.193.145 - - [31/Aug/2026:16:14:48 -0400] "POST /xmlrpc.php HTTP/1.1" 403 228 "-" "Jetpack/12.5; WordPress/6.1; http://site17044649.com"
66.249.65.135 - - [31/Aug/2026:16:14:57 -0400] "GET /?v=p0o1s3i5t8i7n7g8872 HTTP/1.1" 200 19363 "-" "Mozilla/5.0 (compatible; Googlebot/2.1; +http://www.google.com/bot.html)"
102.211.193.145 - - [31/Aug/2026:16:14:58 -0400] "POST /xmlrpc.php HTTP/1.1" 403 228 "-" "WordPress.com; https://wordpress.com"
102.211.193.145 - - [31/Aug/2026:16:15:09 -0400] "POST /xmlrpc.php HTTP/1.1" 403 228 "-" "Jetpack by WordPress.com (Jetpack 12.5; WordPress 6.2)"
102.211.193.145 - - [31/Aug/2026:16:15:19 -0400] "POST /xmlrpc.php HTTP/1.1" 403 228 "-" "WordPress.com; https://wordpress.com"
102.211.193.145 - - [31/Aug/2026:16:15:30 -0400] "POST /xmlrpc.php HTTP/1.1" 403 228 "-" "Jetpack/12.5; WordPress/6.1; http://site14192573.com"
102.211.193.145 - - [31/Aug/2026:16:15:41 -0400] "POST /xmlrpc.php HTTP/1.1" 403 228 "-" "Jetpack by WordPress.com"
179.43.146.218 - - [31/Aug/2026:16:15:49 -0400] "GET /wp-includes/Text/gmkxf1o/toqzuer/hyrqmbo/seo-config.php?action=get_links HTTP/1.1" 500 - "https://cfntoronto.com/" "Mozilla/5.0 (Windows NT 10.0; Win64; x64) AppleWebKit/537.36 (KHTML, like Gecko) Chrome/120.0.0.0 Safari/537.36"
179.43.146.218 - - [31/Aug/2026:16:15:49 -0400] "GET /wp-includes/Text/gmkxf1o/toqzuer/hyrqmbo/seo-config.php?action=get_links HTTP/1.1" 500 - "https://cfntoronto.com/" "Mozilla/5.0 (Windows NT 10.0; Win64; x64) AppleWebKit/537.36 (KHTML, like Gecko) Chrome/120.0.0.0 Safari/537.36"
102.211.193.145 - - [31/Aug/2026:16:15:51 -0400] "POST /xmlrpc.php HTTP/1.1" 403 228 "-" "Jetpack by WordPress.com"
102.211.193.145 - - [31/Aug/2026:16:16:02 -0400] "POST /xmlrpc.php HTTP/1.1" 403 228 "-" "Jetpack/12.5; WordPress/6.3; http://site88374451.com"
102.211.193.145 - - [31/Aug/2026:16:16:12 -0400] "POST /xmlrpc.php HTTP/1.1" 403 228 "-" "Jetpack by WordPress.com (Jetpack 13.0; WordPress 6.4)"
179.43.146.218 - - [31/Aug/2026:16:16:13 -0400] "GET /wp-includes/Text/gmkxf1o/toqzuer/hyrqmbo/seo-config.php?action=get_links HTTP/1.1" 500 - "https://cfntoronto.com/" "Mozilla/5.0 (Windows NT 10.0; Win64; x64) AppleWebKit/537.36 (KHTML, like Gecko) Chrome/120.0.0.0 Safari/537.36"
179.43.146.218 - - [31/Aug/2026:16:16:13 -0400] "POST /wp-includes/Text/gmkxf1o/toqzuer/hyrqmbo/seo-config.php?action=add_link HTTP/1.1" 500 - "https://cfntoronto.com/" "Mozilla/5.0 (Windows NT 10.0; Win64; x64) AppleWebKit/537.36 (KHTML, like Gecko) Chrome/120.0.0.0 Safari/537.36"
179.43.146.218 - - [31/Aug/2026:16:16:14 -0400] "POST /wp-includes/Text/gmkxf1o/toqzuer/hyrqmbo/seo-config.php?action=add_link HTTP/1.1" 500 - "https://cfntoronto.com/" "Mozilla/5.0 (Windows NT 10.0; Win64; x64) AppleWebKit/537.36 (KHTML, like Gecko) Chrome/120.0.0.0 Safari/537.36"
65.109.118.212 - - [31/Aug/2026:16:16:19 -0400] "GET /robots.txt HTTP/1.1" 200 124 "-" "Mozilla/5.0 (compatible; AwarioBot/1.0; +https://awario.com/bots.html)"
102.211.193.145 - - [31/Aug/2026:16:16:23 -0400] "POST /xmlrpc.php HTTP/1.1" 403 228 "-" "Jetpack by WordPress.com"
179.43.146.218 - - [31/Aug/2026:16:16:33 -0400] "GET /wp-includes/Text/gmkxf1o/toqzuer/hyrqmbo/seo-config.php?action=get_links HTTP/1.1" 500 - "https://cfntoronto.com/" "Mozilla/5.0 (Windows NT 10.0; Win64; x64) AppleWebKit/537.36 (KHTML, like Gecko) Chrome/120.0.0.0 Safari/537.36"
179.43.146.218 - - [31/Aug/2026:16:16:33 -0400] "GET /wp-includes/Text/gmkxf1o/toqzuer/hyrqmbo/seo-config.php?action=get_links HTTP/1.1" 500 - "https://cfntoronto.com/" "Mozilla/5.0 (Windows NT 10.0; Win64; x64) AppleWebKit/537.36 (KHTML, like Gecko) Chrome/120.0.0.0 Safari/537.36"
102.211.193.145 - - [31/Aug/2026:16:16:34 -0400] "POST /xmlrpc.php HTTP/1.1" 403 228 "-" "Jetpack/13.0; WordPress/6.2; http://site59739982.com"
102.211.193.145 - - [31/Aug/2026:16:16:44 -0400] "POST /xmlrpc.php HTTP/1.1" 403 228 "-" "WordPress.com; https://wordpress.com"
102.211.193.145 - - [31/Aug/2026:16:16:55 -0400] "POST /xmlrpc.php HTTP/1.1" 403 228 "-" "Jetpack/12.5; WordPress/6.2; http://site24018916.com"
102.211.193.145 - - [31/Aug/2026:16:17:05 -0400] "POST /xmlrpc.php HTTP/1.1" 403 228 "-" "Jetpack/12.0; WordPress/6.1; http://site89634406.com"
179.43.146.218 - - [31/Aug/2026:16:17:15 -0400] "GET /wp-includes/Text/gmkxf1o/toqzuer/hyrqmbo/seo-config.php?action=get_links HTTP/1.1" 500 - "https://cfntoronto.com/" "Mozilla/5.0 (Windows NT 10.0; Win64; x64) AppleWebKit/537.36 (KHTML, like Gecko) Chrome/120.0.0.0 Safari/537.36"
102.211.193.145 - - [31/Aug/2026:16:17:16 -0400] "POST /xmlrpc.php HTTP/1.1" 403 228 "-" "Jetpack/12.1; WordPress/6.2; http://site31969225.com"
179.43.146.218 - - [31/Aug/2026:16:17:16 -0400] "GET /wp-includes/Text/gmkxf1o/toqzuer/hyrqmbo/seo-config.php?action=get_links HTTP/1.1" 500 - "https://cfntoronto.com/" "Mozilla/5.0 (Windows NT 10.0; Win64; x64) AppleWebKit/537.36 (KHTML, like Gecko) Chrome/120.0.0.0 Safari/537.36"
102.211.193.145 - - [31/Aug/2026:16:17:26 -0400] "POST /xmlrpc.php HTTP/1.1" 403 228 "-" "Jetpack/12.5; WordPress/6.3; http://site81112092.com"
179.43.146.218 - - [31/Aug/2026:16:17:29 -0400] "GET /wp-includes/Text/gmkxf1o/toqzuer/hyrqmbo/seo-config.php?action=get_links HTTP/1.1" 500 - "https://cfntoronto.com/" "Mozilla/5.0 (Windows NT 10.0; Win64; x64) AppleWebKit/537.36 (KHTML, like Gecko) Chrome/120.0.0.0 Safari/537.36"
102.211.193.145 - - [31/Aug/2026:16:17:37 -0400] "POST /xmlrpc.php HTTP/1.1" 403 228 "-" "Jetpack by WordPress.com (Jetpack 12.5; WordPress 6.1)"
179.43.146.218 - - [31/Aug/2026:16:17:39 -0400] "GET /wp-includes/Text/gmkxf1o/toqzuer/hyrqmbo/seo-config.php?action=get_links HTTP/1.1" 500 - "https://cfntoronto.com/" "Mozilla/5.0 (Windows NT 10.0; Win64; x64) AppleWebKit/537.36 (KHTML, like Gecko) Chrome/120.0.0.0 Safari/537.36"
102.211.193.145 - - [31/Aug/2026:16:17:48 -0400] "POST /xmlrpc.php HTTP/1.1" 403 228 "-" "WordPress.com; https://wordpress.com"
102.211.193.145 - - [31/Aug/2026:16:17:58 -0400] "POST /xmlrpc.php HTTP/1.1" 403 228 "-" "Jetpack/12.5; WordPress/6.2; http://site45913739.com"
102.211.193.145 - - [31/Aug/2026:16:18:09 -0400] "POST /xmlrpc.php HTTP/1.1" 403 228 "-" "Jetpack/13.0; WordPress/6.3; http://site47954148.com"
40.77.167.68 - - [31/Aug/2026:16:18:09 -0400] "GET /?v=c1o2n7v3o9l0u9t9e952 HTTP/1.1" 200 33 "-" "Mozilla/5.0 AppleWebKit/537.36 (KHTML, like Gecko; compatible; bingbot/2.0; +http://www.bing.com/bingbot.htm) Chrome/116.0.1938.76 Safari/537.36"
40.77.167.68 - - [31/Aug/2026:16:18:09 -0400] "GET /shops/melilite/a6p3l8i2t0e63512 HTTP/1.1" 200 33 "-" "Mozilla/5.0 AppleWebKit/537.36 (KHTML, like Gecko; compatible; bingbot/2.0; +http://www.bing.com/bingbot.htm) Chrome/116.0.1938.76 Safari/537.36"
102.211.193.145 - - [31/Aug/2026:16:18:20 -0400] "POST /xmlrpc.php HTTP/1.1" 403 228 "-" "Jetpack by WordPress.com"
65.109.118.212 - - [31/Aug/2026:16:18:27 -0400] "GET /robots.txt HTTP/1.1" 200 124 "-" "Mozilla/5.0 (compatible; AwarioBot/1.0; +https://awario.com/bots.html)"
102.211.193.145 - - [31/Aug/2026:16:18:31 -0400] "POST /xmlrpc.php HTTP/1.1" 403 228 "-" "Jetpack by WordPress.com (Jetpack 12.5; WordPress 6.4)"
102.211.193.145 - - [31/Aug/2026:16:18:41 -0400] "POST /xmlrpc.php HTTP/1.1" 403 228 "-" "Jetpack by WordPress.com"
102.211.193.145 - - [31/Aug/2026:16:18:51 -0400] "POST /xmlrpc.php HTTP/1.1" 403 228 "-" "Jetpack by WordPress.com"
102.211.193.145 - - [31/Aug/2026:16:19:02 -0400] "POST /xmlrpc.php HTTP/1.1" 403 228 "-" "WordPress.com; https://wordpress.com"
102.211.193.145 - - [31/Aug/2026:16:19:12 -0400] "POST /xmlrpc.php HTTP/1.1" 403 228 "-" "WordPress.com; https://wordpress.com"
102.211.193.145 - - [31/Aug/2026:16:19:23 -0400] "POST /xmlrpc.php HTTP/1.1" 403 228 "-" "Jetpack by WordPress.com (Jetpack 12.0; WordPress 6.1)"
104.219.215.160 - - [31/Aug/2026:16:19:24 -0400] "GET / HTTP/1.1" 200 20054 "-" "Mozilla/5.0 (compatible; Googlebot/2.1; +http://www.google.com/bot.html)"
102.211.193.145 - - [31/Aug/2026:16:19:33 -0400] "POST /xmlrpc.php HTTP/1.1" 403 228 "-" "Jetpack by WordPress.com"
102.211.193.145 - - [31/Aug/2026:16:19:44 -0400] "POST /xmlrpc.php HTTP/1.1" 403 228 "-" "WordPress.com; https://wordpress.com"
102.211.193.145 - - [31/Aug/2026:16:19:55 -0400] "POST /xmlrpc.php HTTP/1.1" 403 228 "-" "WordPress.com; https://wordpress.com"
102.211.193.145 - - [31/Aug/2026:16:20:05 -0400] "POST /xmlrpc.php HTTP/1.1" 403 228 "-" "WordPress.com; https://wordpress.com"
102.211.193.145 - - [31/Aug/2026:16:20:16 -0400] "POST /xmlrpc.php HTTP/1.1" 403 228 "-" "Jetpack by WordPress.com"
102.211.193.145 - - [31/Aug/2026:16:20:26 -0400] "POST /xmlrpc.php HTTP/1.1" 403 228 "-" "Jetpack by WordPress.com (Jetpack 12.5; WordPress 6.1)"
65.109.118.212 - - [31/Aug/2026:16:20:33 -0400] "GET /robots.txt HTTP/1.1" 200 124 "-" "Mozilla/5.0 (compatible; AwarioBot/1.0; +https://awario.com/bots.html)"
102.211.193.145 - - [31/Aug/2026:16:20:37 -0400] "POST /xmlrpc.php HTTP/1.1" 403 228 "-" "Jetpack by WordPress.com (Jetpack 12.5; WordPress 6.4)"
102.211.193.145 - - [31/Aug/2026:16:20:48 -0400] "POST /xmlrpc.php HTTP/1.1" 403 228 "-" "Jetpack/12.0; WordPress/6.3; http://site22607413.com"
102.211.193.145 - - [31/Aug/2026:16:20:58 -0400] "POST /xmlrpc.php HTTP/1.1" 403 228 "-" "WordPress.com; https://wordpress.com"
102.211.193.145 - - [31/Aug/2026:16:21:09 -0400] "POST /xmlrpc.php HTTP/1.1" 403 228 "-" "WordPress.com; https://wordpress.com"
102.211.193.145 - - [31/Aug/2026:16:21:20 -0400] "POST /xmlrpc.php HTTP/1.1" 403 228 "-" "WordPress.com; https://wordpress.com"
102.211.193.145 - - [31/Aug/2026:16:21:30 -0400] "POST /xmlrpc.php HTTP/1.1" 403 228 "-" "Jetpack by WordPress.com (Jetpack 13.0; WordPress 6.1)"
102.211.193.145 - - [31/Aug/2026:16:21:41 -0400] "POST /xmlrpc.php HTTP/1.1" 403 228 "-" "Jetpack by WordPress.com (Jetpack 12.0; WordPress 6.3)"
102.211.193.145 - - [31/Aug/2026:16:21:51 -0400] "POST /xmlrpc.php HTTP/1.1" 403 228 "-" "WordPress.com; https://wordpress.com"
102.211.193.145 - - [31/Aug/2026:16:22:02 -0400] "POST /xmlrpc.php HTTP/1.1" 403 228 "-" "Jetpack by WordPress.com (Jetpack 13.0; WordPress 6.1)"
102.211.193.145 - - [31/Aug/2026:16:22:13 -0400] "POST /xmlrpc.php HTTP/1.1" 403 228 "-" "Jetpack by WordPress.com"
102.211.193.145 - - [31/Aug/2026:16:22:23 -0400] "POST /xmlrpc.php HTTP/1.1" 403 228 "-" "Jetpack/12.5; WordPress/6.1; http://site60354667.com"
102.211.193.145 - - [31/Aug/2026:16:22:34 -0400] "POST /xmlrpc.php HTTP/1.1" 403 228 "-" "Jetpack/12.0; WordPress/6.2; http://site94667324.com"
65.109.118.212 - - [31/Aug/2026:16:22:44 -0400] "GET /robots.txt HTTP/1.1" 200 124 "-" "Mozilla/5.0 (compatible; AwarioBot/1.0; +https://awario.com/bots.html)"
102.211.193.145 - - [31/Aug/2026:16:22:44 -0400] "POST /xmlrpc.php HTTP/1.1" 403 228 "-" "Jetpack/12.0; WordPress/6.1; http://site96449932.com"
102.211.193.145 - - [31/Aug/2026:16:22:55 -0400] "POST /xmlrpc.php HTTP/1.1" 403 228 "-" "WordPress.com; https://wordpress.com"
102.211.193.145 - - [31/Aug/2026:16:23:06 -0400] "POST /xmlrpc.php HTTP/1.1" 403 228 "-" "Jetpack by WordPress.com (Jetpack 13.0; WordPress 6.4)"
66.249.65.136 - - [31/Aug/2026:16:23:08 -0400] "GET /?v=n4o2n7w5a9s3h8a5b2l6e2 HTTP/1.1" 200 19517 "-" "Mozilla/5.0 (Linux; Android 6.0.1; Nexus 5X Build/MMB29P) AppleWebKit/537.36 (KHTML, like Gecko) Chrome/151.0.7922.173 Mobile Safari/537.36 (compatible; Googlebot/2.1; +http://www.google.com/bot.html)"
102.211.193.145 - - [31/Aug/2026:16:23:16 -0400] "POST /xmlrpc.php HTTP/1.1" 403 228 "-" "WordPress.com; https://wordpress.com"
102.211.193.145 - - [31/Aug/2026:16:23:27 -0400] "POST /xmlrpc.php HTTP/1.1" 403 228 "-" "WordPress.com; https://wordpress.com"
179.43.146.218 - - [31/Aug/2026:16:23:36 -0400] "GET /wp-includes/Text/gmkxf1o/toqzuer/hyrqmbo/seo-config.php?action=get_links HTTP/1.1" 500 - "https://cfntoronto.com/" "Mozilla/5.0 (Windows NT 10.0; Win64; x64) AppleWebKit/537.36 (KHTML, like Gecko) Chrome/120.0.0.0 Safari/537.36"
179.43.146.218 - - [31/Aug/2026:16:23:36 -0400] "GET /wp-includes/Text/gmkxf1o/toqzuer/hyrqmbo/seo-config.php?action=get_links HTTP/1.1" 500 - "https://cfntoronto.com/" "Mozilla/5.0 (Windows NT 10.0; Win64; x64) AppleWebKit/537.36 (KHTML, like Gecko) Chrome/120.0.0.0 Safari/537.36"
102.211.193.145 - - [31/Aug/2026:16:23:38 -0400] "POST /xmlrpc.php HTTP/1.1" 403 228 "-" "Jetpack by WordPress.com"
179.43.146.218 - - [31/Aug/2026:16:23:48 -0400] "GET /wp-includes/Text/gmkxf1o/toqzuer/hyrqmbo/seo-config.php?action=get_links HTTP/1.1" 500 - "https://cfntoronto.com/" "Mozilla/5.0 (Windows NT 10.0; Win64; x64) AppleWebKit/537.36 (KHTML, like Gecko) Chrome/120.0.0.0 Safari/537.36"
102.211.193.145 - - [31/Aug/2026:16:23:48 -0400] "POST /xmlrpc.php HTTP/1.1" 403 228 "-" "WordPress.com; https://wordpress.com"
179.43.146.218 - - [31/Aug/2026:16:23:48 -0400] "GET /wp-includes/Text/gmkxf1o/toqzuer/hyrqmbo/seo-config.php?action=get_links HTTP/1.1" 500 - "https://cfntoronto.com/" "Mozilla/5.0 (Windows NT 10.0; Win64; x64) AppleWebKit/537.36 (KHTML, like Gecko) Chrome/120.0.0.0 Safari/537.36"
179.43.146.218 - - [31/Aug/2026:16:23:50 -0400] "GET /wp-includes/Text/gmkxf1o/toqzuer/hyrqmbo/seo-config.php?action=get_links HTTP/1.1" 500 - "https://cfntoronto.com/" "Mozilla/5.0 (Windows NT 10.0; Win64; x64) AppleWebKit/537.36 (KHTML, like Gecko) Chrome/120.0.0.0 Safari/537.36"
102.211.193.145 - - [31/Aug/2026:16:23:59 -0400] "POST /xmlrpc.php HTTP/1.1" 403 228 "-" "Jetpack by WordPress.com (Jetpack 12.5; WordPress 6.2)"
179.43.146.218 - - [31/Aug/2026:16:24:05 -0400] "GET /wp-includes/Text/gmkxf1o/toqzuer/hyrqmbo/seo-config.php?action=get_links HTTP/1.1" 500 - "https://cfntoronto.com/" "Mozilla/5.0 (Windows NT 10.0; Win64; x64) AppleWebKit/537.36 (KHTML, like Gecko) Chrome/120.0.0.0 Safari/537.36"
102.211.193.145 - - [31/Aug/2026:16:24:10 -0400] "POST /xmlrpc.php HTTP/1.1" 403 228 "-" "Jetpack by WordPress.com"
179.43.146.218 - - [31/Aug/2026:16:24:10 -0400] "POST /wp-includes/Text/gmkxf1o/toqzuer/hyrqmbo/seo-config.php?action=add_link HTTP/1.1" 500 - "https://cfntoronto.com/" "Mozilla/5.0 (Windows NT 10.0; Win64; x64) AppleWebKit/537.36 (KHTML, like Gecko) Chrome/120.0.0.0 Safari/537.36"
179.43.146.218 - - [31/Aug/2026:16:24:10 -0400] "POST /wp-includes/Text/gmkxf1o/toqzuer/hyrqmbo/seo-config.php?action=add_link HTTP/1.1" 500 - "https://cfntoronto.com/" "Mozilla/5.0 (Windows NT 10.0; Win64; x64) AppleWebKit/537.36 (KHTML, like Gecko) Chrome/120.0.0.0 Safari/537.36"
102.211.193.145 - - [31/Aug/2026:16:24:20 -0400] "POST /xmlrpc.php HTTP/1.1" 403 228 "-" "Jetpack/12.0; WordPress/6.2; http://site80114910.com"
102.211.193.145 - - [31/Aug/2026:16:24:31 -0400] "POST /xmlrpc.php HTTP/1.1" 403 228 "-" "WordPress.com; https://wordpress.com"
102.211.193.145 - - [31/Aug/2026:16:24:41 -0400] "POST /xmlrpc.php HTTP/1.1" 403 228 "-" "WordPress.com; https://wordpress.com"
65.109.118.212 - - [31/Aug/2026:16:24:46 -0400] "GET /robots.txt HTTP/1.1" 200 124 "-" "Mozilla/5.0 (compatible; AwarioBot/1.0; +https://awario.com/bots.html)"
102.211.193.145 - - [31/Aug/2026:16:24:52 -0400] "POST /xmlrpc.php HTTP/1.1" 403 228 "-" "Jetpack by WordPress.com (Jetpack 13.0; WordPress 6.3)"
102.211.193.145 - - [31/Aug/2026:16:25:03 -0400] "POST /xmlrpc.php HTTP/1.1" 403 228 "-" "Jetpack by WordPress.com (Jetpack 12.1; WordPress 6.1)"
102.211.193.145 - - [31/Aug/2026:16:25:13 -0400] "POST /xmlrpc.php HTTP/1.1" 403 228 "-" "Jetpack by WordPress.com (Jetpack 12.1; WordPress 6.1)"
102.211.193.145 - - [31/Aug/2026:16:25:24 -0400] "POST /xmlrpc.php HTTP/1.1" 403 228 "-" "Jetpack/12.1; WordPress/6.3; http://site72305302.com"
102.211.193.145 - - [31/Aug/2026:16:25:35 -0400] "POST /xmlrpc.php HTTP/1.1" 403 228 "-" "Jetpack/12.0; WordPress/6.2; http://site64202976.com"
102.211.193.145 - - [31/Aug/2026:16:25:45 -0400] "POST /xmlrpc.php HTTP/1.1" 403 228 "-" "WordPress.com; https://wordpress.com"
102.211.193.145 - - [31/Aug/2026:16:25:56 -0400] "POST /xmlrpc.php HTTP/1.1" 403 228 "-" "WordPress.com; https://wordpress.com"
102.211.193.145 - - [31/Aug/2026:16:26:06 -0400] "POST /xmlrpc.php HTTP/1.1" 403 228 "-" "WordPress.com; https://wordpress.com"
102.211.193.145 - - [31/Aug/2026:16:26:17 -0400] "POST /xmlrpc.php HTTP/1.1" 403 228 "-" "Jetpack by WordPress.com (Jetpack 13.0; WordPress 6.4)"
66.249.65.135 - - [31/Aug/2026:16:26:25 -0400] "GET /pliancy/p1y1r7o0p1h5o3n5e54 HTTP/1.1" 200 18715 "-" "Mozilla/5.0 (Linux; Android 6.0.1; Nexus 5X Build/MMB29P) AppleWebKit/537.36 (KHTML, like Gecko) Chrome/151.0.7922.173 Mobile Safari/537.36 (compatible; Googlebot/2.1; +http://www.google.com/bot.html)"
102.211.193.145 - - [31/Aug/2026:16:26:28 -0400] "POST /xmlrpc.php HTTP/1.1" 403 228 "-" "Jetpack by WordPress.com"
102.211.193.145 - - [31/Aug/2026:16:26:38 -0400] "POST /xmlrpc.php HTTP/1.1" 403 228 "-" "WordPress.com; https://wordpress.com"
102.211.193.145 - - [31/Aug/2026:16:26:49 -0400] "POST /xmlrpc.php HTTP/1.1" 403 228 "-" "Jetpack by WordPress.com (Jetpack 12.5; WordPress 6.2)"
179.43.146.218 - - [31/Aug/2026:16:26:59 -0400] "GET /wp-includes/Text/gmkxf1o/toqzuer/hyrqmbo/seo-config.php?action=get_links HTTP/1.1" 500 - "https://cfntoronto.com/" "Mozilla/5.0 (Windows NT 10.0; Win64; x64) AppleWebKit/537.36 (KHTML, like Gecko) Chrome/120.0.0.0 Safari/537.36"
102.211.193.145 - - [31/Aug/2026:16:26:59 -0400] "POST /xmlrpc.php HTTP/1.1" 403 228 "-" "Jetpack by WordPress.com (Jetpack 12.5; WordPress 6.4)"
179.43.146.218 - - [31/Aug/2026:16:26:59 -0400] "GET /wp-includes/Text/gmkxf1o/toqzuer/hyrqmbo/seo-config.php?action=get_links HTTP/1.1" 500 - "https://cfntoronto.com/" "Mozilla/5.0 (Windows NT 10.0; Win64; x64) AppleWebKit/537.36 (KHTML, like Gecko) Chrome/120.0.0.0 Safari/537.36"
66.249.65.135 - - [31/Aug/2026:16:27:04 -0400] "GET /?v=p9u1n1c9t1a1t8u3s860 HTTP/1.1" 200 19783 "-" "Mozilla/5.0 (Linux; Android 6.0.1; Nexus 5X Build/MMB29P) AppleWebKit/537.36 (KHTML, like Gecko) Chrome/151.0.7922.173 Mobile Safari/537.36 (compatible; Googlebot/2.1; +http://www.google.com/bot.html)"
102.211.193.145 - - [31/Aug/2026:16:27:10 -0400] "POST /xmlrpc.php HTTP/1.1" 403 228 "-" "Jetpack/12.5; WordPress/6.2; http://site66618210.com"
65.109.118.212 - - [31/Aug/2026:16:27:10 -0400] "GET /robots.txt HTTP/1.1" 200 124 "-" "Mozilla/5.0 (compatible; AwarioBot/1.0; +https://awario.com/bots.html)"
102.211.193.145 - - [31/Aug/2026:16:27:21 -0400] "POST /xmlrpc.php HTTP/1.1" 403 228 "-" "Jetpack by WordPress.com"
102.211.193.145 - - [31/Aug/2026:16:27:31 -0400] "POST /xmlrpc.php HTTP/1.1" 403 228 "-" "Jetpack by WordPress.com"
102.211.193.145 - - [31/Aug/2026:16:27:42 -0400] "POST /xmlrpc.php HTTP/1.1" 403 228 "-" "WordPress.com; https://wordpress.com"
102.211.193.145 - - [31/Aug/2026:16:27:53 -0400] "POST /xmlrpc.php HTTP/1.1" 403 228 "-" "Jetpack/12.1; WordPress/6.4; http://site40332423.com"
40.77.167.68 - - [31/Aug/2026:16:27:57 -0400] "GET /?v=r4a1d2i5o1g2r0a1p8h0y4 HTTP/1.1" 200 33 "-" "Mozilla/5.0 AppleWebKit/537.36 (KHTML, like Gecko; compatible; bingbot/2.0; +http://www.bing.com/bingbot.htm) Chrome/116.0.1938.76 Safari/537.36"
102.211.193.145 - - [31/Aug/2026:16:28:03 -0400] "POST /xmlrpc.php HTTP/1.1" 403 228 "-" "Jetpack by WordPress.com"
179.43.146.218 - - [31/Aug/2026:16:28:05 -0400] "GET /wp-includes/Text/gmkxf1o/toqzuer/hyrqmbo/seo-config.php?action=get_links HTTP/1.1" 500 - "https://cfntoronto.com/" "Mozilla/5.0 (Windows NT 10.0; Win64; x64) AppleWebKit/537.36 (KHTML, like Gecko) Chrome/120.0.0.0 Safari/537.36"
102.211.193.145 - - [31/Aug/2026:16:28:14 -0400] "POST /xmlrpc.php HTTP/1.1" 403 228 "-" "WordPress.com; https://wordpress.com"
102.211.193.145 - - [31/Aug/2026:16:28:25 -0400] "POST /xmlrpc.php HTTP/1.1" 403 228 "-" "WordPress.com; https://wordpress.com"
51.81.163.77 - - [31/Aug/2026:16:28:29 -0400] "GET /subpubic/h6o1b7b2l8e0b4u3s6h84 HTTP/1.1" 500 - "-" "Mozilla/5.0 (compatible; AhrefsBot/7.0; +http://ahrefs.com/robot/)"
102.211.193.145 - - [31/Aug/2026:16:28:35 -0400] "POST /xmlrpc.php HTTP/1.1" 403 228 "-" "WordPress.com; https://wordpress.com"
102.211.193.145 - - [31/Aug/2026:16:28:45 -0400] "POST /xmlrpc.php HTTP/1.1" 403 228 "-" "Jetpack by WordPress.com (Jetpack 12.0; WordPress 6.1)"
102.211.193.145 - - [31/Aug/2026:16:28:56 -0400] "POST /xmlrpc.php HTTP/1.1" 403 228 "-" "WordPress.com; https://wordpress.com"
102.211.193.145 - - [31/Aug/2026:16:29:07 -0400] "POST /xmlrpc.php HTTP/1.1" 403 228 "-" "WordPress.com; https://wordpress.com"
102.211.193.145 - - [31/Aug/2026:16:29:17 -0400] "POST /xmlrpc.php HTTP/1.1" 403 228 "-" "Jetpack by WordPress.com"
102.211.193.145 - - [31/Aug/2026:16:29:28 -0400] "POST /xmlrpc.php HTTP/1.1" 403 228 "-" "WordPress.com; https://wordpress.com"
102.211.193.145 - - [31/Aug/2026:16:29:38 -0400] "POST /xmlrpc.php HTTP/1.1" 403 228 "-" "Jetpack/12.0; WordPress/6.2; http://site51095917.com"
65.109.118.212 - - [31/Aug/2026:16:29:39 -0400] "GET /robots.txt HTTP/1.1" 200 124 "-" "Mozilla/5.0 (compatible; AwarioBot/1.0; +https://awario.com/bots.html)"
102.211.193.145 - - [31/Aug/2026:16:29:49 -0400] "POST /xmlrpc.php HTTP/1.1" 403 228 "-" "Jetpack by WordPress.com"
102.211.193.145 - - [31/Aug/2026:16:29:59 -0400] "POST /xmlrpc.php HTTP/1.1" 403 228 "-" "Jetpack by WordPress.com (Jetpack 12.5; WordPress 6.2)"
104.219.215.160 - - [31/Aug/2026:16:30:00 -0400] "GET / HTTP/1.1" 200 19154 "-" "Mozilla/5.0 (compatible; Googlebot/2.1; +http://www.google.com/bot.html)"
102.211.193.145 - - [31/Aug/2026:16:30:10 -0400] "POST /xmlrpc.php HTTP/1.1" 403 228 "-" "WordPress.com; https://wordpress.com"
102.211.193.145 - - [31/Aug/2026:16:30:21 -0400] "POST /xmlrpc.php HTTP/1.1" 403 228 "-" "WordPress.com; https://wordpress.com"
102.211.193.145 - - [31/Aug/2026:16:30:31 -0400] "POST /xmlrpc.php HTTP/1.1" 403 228 "-" "WordPress.com; https://wordpress.com"
102.211.193.145 - - [31/Aug/2026:16:30:42 -0400] "POST /xmlrpc.php HTTP/1.1" 403 228 "-" "Jetpack/13.0; WordPress/6.1; http://site43690763.com"
102.211.193.145 - - [31/Aug/2026:16:30:52 -0400] "POST /xmlrpc.php HTTP/1.1" 403 228 "-" "Jetpack by WordPress.com (Jetpack 12.0; WordPress 6.2)"
102.211.193.145 - - [31/Aug/2026:16:31:03 -0400] "POST /xmlrpc.php HTTP/1.1" 403 228 "-" "Jetpack by WordPress.com (Jetpack 12.1; WordPress 6.4)"
102.211.193.145 - - [31/Aug/2026:16:31:14 -0400] "POST /xmlrpc.php HTTP/1.1" 403 228 "-" "WordPress.com; https://wordpress.com"
102.211.193.145 - - [31/Aug/2026:16:31:24 -0400] "POST /xmlrpc.php HTTP/1.1" 403 228 "-" "Jetpack by WordPress.com"
102.211.193.145 - - [31/Aug/2026:16:31:35 -0400] "POST /xmlrpc.php HTTP/1.1" 403 228 "-" "WordPress.com; https://wordpress.com"
102.211.193.145 - - [31/Aug/2026:16:31:45 -0400] "POST /xmlrpc.php HTTP/1.1" 403 228 "-" "Jetpack by WordPress.com"
102.211.193.145 - - [31/Aug/2026:16:31:56 -0400] "POST /xmlrpc.php HTTP/1.1" 403 228 "-" "Jetpack by WordPress.com (Jetpack 12.1; WordPress 6.3)"
65.109.118.212 - - [31/Aug/2026:16:32:04 -0400] "GET /robots.txt HTTP/1.1" 200 124 "-" "Mozilla/5.0 (compatible; AwarioBot/1.0; +https://awario.com/bots.html)"
198.204.240.234 - - [31/Aug/2026:16:33:05 -0400] "GET /wp-includes/br06391a/edit.php HTTP/1.1" 200 26 "https://cfntoronto.com/wp-includes/br06391a/edit.php" "Mozilla/5.0 (Macintosh; Intel Mac OS X 10.5; rv:5.0.1) Gecko/20100101 Firefox/5.0.1"
179.43.146.218 - - [31/Aug/2026:16:33:38 -0400] "GET /wp-includes/Text/gmkxf1o/toqzuer/hyrqmbo/seo-config.php?action=get_links HTTP/1.1" 500 - "https://cfntoronto.com/" "Mozilla/5.0 (Windows NT 10.0; Win64; x64) AppleWebKit/537.36 (KHTML, like Gecko) Chrome/120.0.0.0 Safari/537.36"
179.43.146.218 - - [31/Aug/2026:16:33:39 -0400] "GET /wp-includes/Text/gmkxf1o/toqzuer/hyrqmbo/seo-config.php?action=get_links HTTP/1.1" 500 - "https://cfntoronto.com/" "Mozilla/5.0 (Windows NT 10.0; Win64; x64) AppleWebKit/537.36 (KHTML, like Gecko) Chrome/120.0.0.0 Safari/537.36"
179.43.146.218 - - [31/Aug/2026:16:33:58 -0400] "GET /wp-includes/Text/gmkxf1o/toqzuer/hyrqmbo/seo-config.php?action=fast_ping HTTP/1.1" 500 - "https://cfntoronto.com/" "Mozilla/5.0 (Windows NT 10.0; Win64; x64) AppleWebKit/537.36 (KHTML, like Gecko) Chrome/120.0.0.0 Safari/537.36"
179.43.146.218 - - [31/Aug/2026:16:33:58 -0400] "GET /wp-includes/Text/gmkxf1o/toqzuer/hyrqmbo/seo-config.php?action=health HTTP/1.1" 500 - "https://cfntoronto.com/" "Mozilla/5.0 (Windows NT 10.0; Win64; x64) AppleWebKit/537.36 (KHTML, like Gecko) Chrome/120.0.0.0 Safari/537.36"
179.43.146.218 - - [31/Aug/2026:16:33:59 -0400] "GET /wp-includes/Text/gmkxf1o/toqzuer/hyrqmbo/seo-config.php?action=ultra_ping HTTP/1.1" 500 - "https://cfntoronto.com/" "Mozilla/5.0 (Windows NT 10.0; Win64; x64) AppleWebKit/537.36 (KHTML, like Gecko) Chrome/120.0.0.0 Safari/537.36"
179.43.146.218 - - [31/Aug/2026:16:34:00 -0400] "GET /wp-includes/Text/gmkxf1o/toqzuer/hyrqmbo/seo-config.php?action=ping HTTP/1.1" 500 - "https://cfntoronto.com/" "Mozilla/5.0 (Windows NT 10.0; Win64; x64) AppleWebKit/537.36 (KHTML, like Gecko) Chrome/120.0.0.0 Safari/537.36"
179.43.146.218 - - [31/Aug/2026:16:34:00 -0400] "GET /.rs_key HTTP/1.1" 500 - "https://cfntoronto.com/" "Mozilla/5.0 (Windows NT 10.0; Win64; x64) AppleWebKit/537.36 (KHTML, like Gecko) Chrome/120.0.0.0 Safari/537.36"
179.43.146.218 - - [31/Aug/2026:16:34:01 -0400] "GET /.key HTTP/1.1" 500 - "https://cfntoronto.com/" "Mozilla/5.0 (Windows NT 10.0; Win64; x64) AppleWebKit/537.36 (KHTML, like Gecko) Chrome/120.0.0.0 Safari/537.36"
179.43.146.218 - - [31/Aug/2026:16:34:01 -0400] "GET /site.key HTTP/1.1" 500 - "https://cfntoronto.com/" "Mozilla/5.0 (Windows NT 10.0; Win64; x64) AppleWebKit/537.36 (KHTML, like Gecko) Chrome/120.0.0.0 Safari/537.36"
179.43.146.218 - - [31/Aug/2026:16:34:02 -0400] "GET /site_key.txt HTTP/1.1" 500 - "https://cfntoronto.com/" "Mozilla/5.0 (Windows NT 10.0; Win64; x64) AppleWebKit/537.36 (KHTML, like Gecko) Chrome/120.0.0.0 Safari/537.36"
179.43.146.218 - - [31/Aug/2026:16:34:03 -0400] "GET /wp-includes/Text/gmkxf1o/toqzuer/hyrqmbo/.rs_key HTTP/1.1" 500 - "https://cfntoronto.com/" "Mozilla/5.0 (Windows NT 10.0; Win64; x64) AppleWebKit/537.36 (KHTML, like Gecko) Chrome/120.0.0.0 Safari/537.36"
179.43.146.218 - - [31/Aug/2026:16:34:03 -0400] "GET /wp-includes/Text/gmkxf1o/toqzuer/hyrqmbo/.key HTTP/1.1" 500 - "https://cfntoronto.com/" "Mozilla/5.0 (Windows NT 10.0; Win64; x64) AppleWebKit/537.36 (KHTML, like Gecko) Chrome/120.0.0.0 Safari/537.36"
179.43.146.218 - - [31/Aug/2026:16:34:04 -0400] "GET /wp-includes/Text/gmkxf1o/toqzuer/hyrqmbo/site.key HTTP/1.1" 500 - "https://cfntoronto.com/" "Mozilla/5.0 (Windows NT 10.0; Win64; x64) AppleWebKit/537.36 (KHTML, like Gecko) Chrome/120.0.0.0 Safari/537.36"
179.43.146.218 - - [31/Aug/2026:16:34:04 -0400] "GET /wp-includes/Text/gmkxf1o/toqzuer/hyrqmbo/site_key.txt HTTP/1.1" 500 - "https://cfntoronto.com/" "Mozilla/5.0 (Windows NT 10.0; Win64; x64) AppleWebKit/537.36 (KHTML, like Gecko) Chrome/120.0.0.0 Safari/537.36"
179.43.146.218 - - [31/Aug/2026:16:34:05 -0400] "GET /wp-includes/Text/gmkxf1o/toqzuer/hyrqmbo/seo-config.php?action=get_links HTTP/1.1" 500 - "https://cfntoronto.com/" "Mozilla/5.0 (Windows NT 10.0; Win64; x64) AppleWebKit/537.36 (KHTML, like Gecko) Chrome/120.0.0.0 Safari/537.36"
179.43.146.218 - - [31/Aug/2026:16:34:05 -0400] "GET /wp-includes/Text/gmkxf1o/toqzuer/hyrqmbo/seo-config.php?action=get_links HTTP/1.1" 500 - "https://cfntoronto.com/" "Mozilla/5.0 (Windows NT 10.0; Win64; x64) AppleWebKit/537.36 (KHTML, like Gecko) Chrome/120.0.0.0 Safari/537.36"
94.26.106.221 - - [31/Aug/2026:16:34:07 -0400] "GET /wp-includes/Text/gmkxf1o/toqzuer/hyrqmbo/seo-config.php?action=ping HTTP/1.1" 500 - "https://cfntoronto.com/" "Mozilla/5.0 (Windows NT 10.0; Win64; x64) AppleWebKit/537.36 (KHTML, like Gecko) Chrome/120.0.0.0 Safari/537.36"
65.109.118.212 - - [31/Aug/2026:16:34:08 -0400] "GET /robots.txt HTTP/1.1" 200 124 "-" "Mozilla/5.0 (compatible; AwarioBot/1.0; +https://awario.com/bots.html)"
198.204.240.234 - - [31/Aug/2026:16:32:45 -0400] "GET /wp-includes/br06391a/edit.php HTTP/1.1" 200 - "https://cfntoronto.com/wp-includes/br06391a/edit.php" "Mozilla/5.0 (Macintosh; Intel Mac OS X 10_7_2) AppleWebKit/535.2 (KHTML, like Gecko) Chrome/15.0.874.106 Safari/535.2"
179.43.146.218 - - [31/Aug/2026:16:34:34 -0400] "GET /wp-includes/Text/gmkxf1o/toqzuer/hyrqmbo/seo-config.php?action=get_links HTTP/1.1" 500 - "https://cfntoronto.com/" "Mozilla/5.0 (Windows NT 10.0; Win64; x64) AppleWebKit/537.36 (KHTML, like Gecko) Chrome/120.0.0.0 Safari/537.36"
179.43.146.218 - - [31/Aug/2026:16:34:38 -0400] "GET /wp-includes/Text/gmkxf1o/toqzuer/hyrqmbo/seo-config.php?action=get_links HTTP/1.1" 500 - "https://cfntoronto.com/" "Mozilla/5.0 (Windows NT 10.0; Win64; x64) AppleWebKit/537.36 (KHTML, like Gecko) Chrome/120.0.0.0 Safari/537.36"
66.249.65.135 - - [31/Aug/2026:16:35:12 -0400] "GET /?v=o6r4t0h1o1g9r9a5p4h3e5r HTTP/1.1" 200 19797 "-" "Mozilla/5.0 (Linux; Android 6.0.1; Nexus 5X Build/MMB29P) AppleWebKit/537.36 (KHTML, like Gecko) Chrome/151.0.7922.173 Mobile Safari/537.36 (compatible; Googlebot/2.1; +http://www.google.com/bot.html)"
66.249.65.134 - - [31/Aug/2026:16:36:07 -0400] "GET /?v=b8e1a3u9t4857571 HTTP/1.1" 200 20849 "-" "Mozilla/5.0 (Linux; Android 6.0.1; Nexus 5X Build/MMB29P) AppleWebKit/537.36 (KHTML, like Gecko) Chrome/151.0.7922.173 Mobile Safari/537.36 (compatible; Googlebot/2.1; +http://www.google.com/bot.html)"
52.167.144.215 - - [31/Aug/2026:16:36:15 -0400] "GET /angulatus/decoration/44215445384 HTTP/1.1" 200 33 "-" "Mozilla/5.0 AppleWebKit/537.36 (KHTML, like Gecko; compatible; bingbot/2.0; +http://www.bing.com/bingbot.htm) Chrome/116.0.1938.76 Safari/537.36"
65.109.118.212 - - [31/Aug/2026:16:36:42 -0400] "GET /robots.txt HTTP/1.1" 200 124 "-" "Mozilla/5.0 (compatible; AwarioBot/1.0; +https://awario.com/bots.html)"
179.43.146.218 - - [31/Aug/2026:16:37:06 -0400] "GET /wp-includes/Text/gmkxf1o/toqzuer/hyrqmbo/seo-config.php?action=get_links HTTP/1.1" 500 - "https://cfntoronto.com/" "Mozilla/5.0 (Windows NT 10.0; Win64; x64) AppleWebKit/537.36 (KHTML, like Gecko) Chrome/120.0.0.0 Safari/537.36"
179.43.146.218 - - [31/Aug/2026:16:37:06 -0400] "GET /wp-includes/Text/gmkxf1o/toqzuer/hyrqmbo/seo-config.php?action=get_links HTTP/1.1" 500 - "https://cfntoronto.com/" "Mozilla/5.0 (Windows NT 10.0; Win64; x64) AppleWebKit/537.36 (KHTML, like Gecko) Chrome/120.0.0.0 Safari/537.36"
179.43.146.218 - - [31/Aug/2026:16:37:07 -0400] "GET /wp-includes/Text/gmkxf1o/toqzuer/hyrqmbo/seo-config.php?action=get_links HTTP/1.1" 500 - "https://cfntoronto.com/" "Mozilla/5.0 (Windows NT 10.0; Win64; x64) AppleWebKit/537.36 (KHTML, like Gecko) Chrome/120.0.0.0 Safari/537.36"
65.109.118.212 - - [31/Aug/2026:16:38:50 -0400] "GET /robots.txt HTTP/1.1" 200 124 "-" "Mozilla/5.0 (compatible; AwarioBot/1.0; +https://awario.com/bots.html)"
66.249.65.135 - - [31/Aug/2026:16:39:04 -0400] "GET /?v=t1i2n7e1m4e5n7398 HTTP/1.1" 200 20684 "-" "Mozilla/5.0 (Linux; Android 6.0.1; Nexus 5X Build/MMB29P) AppleWebKit/537.36 (KHTML, like Gecko) Chrome/151.0.7922.173 Mobile Safari/537.36 (compatible; Googlebot/2.1; +http://www.google.com/bot.html)"
179.43.146.218 - - [31/Aug/2026:16:39:32 -0400] "GET /wp-includes/Text/gmkxf1o/toqzuer/hyrqmbo/seo-config.php?action=get_links HTTP/1.1" 500 - "https://cfntoronto.com/" "Mozilla/5.0 (Windows NT 10.0; Win64; x64) AppleWebKit/537.36 (KHTML, like Gecko) Chrome/120.0.0.0 Safari/537.36"
179.43.146.218 - - [31/Aug/2026:16:39:32 -0400] "GET /wp-includes/Text/gmkxf1o/toqzuer/hyrqmbo/seo-config.php?action=get_links HTTP/1.1" 500 - "https://cfntoronto.com/" "Mozilla/5.0 (Windows NT 10.0; Win64; x64) AppleWebKit/537.36 (KHTML, like Gecko) Chrome/120.0.0.0 Safari/537.36"
179.43.146.218 - - [31/Aug/2026:16:39:56 -0400] "GET /wp-includes/Text/gmkxf1o/toqzuer/hyrqmbo/seo-config.php?action=get_links HTTP/1.1" 500 - "https://cfntoronto.com/" "Mozilla/5.0 (Windows NT 10.0; Win64; x64) AppleWebKit/537.36 (KHTML, like Gecko) Chrome/120.0.0.0 Safari/537.36"
179.43.146.218 - - [31/Aug/2026:16:39:57 -0400] "GET /wp-includes/Text/gmkxf1o/toqzuer/hyrqmbo/seo-config.php?action=get_links HTTP/1.1" 500 - "https://cfntoronto.com/" "Mozilla/5.0 (Windows NT 10.0; Win64; x64) AppleWebKit/537.36 (KHTML, like Gecko) Chrome/120.0.0.0 Safari/537.36"
179.43.146.218 - - [31/Aug/2026:16:40:19 -0400] "GET /wp-includes/Text/gmkxf1o/toqzuer/hyrqmbo/seo-config.php?action=get_links HTTP/1.1" 500 - "https://cfntoronto.com/" "Mozilla/5.0 (Windows NT 10.0; Win64; x64) AppleWebKit/537.36 (KHTML, like Gecko) Chrome/120.0.0.0 Safari/537.36"
104.219.215.160 - - [31/Aug/2026:16:40:27 -0400] "GET / HTTP/1.1" 200 19921 "-" "Mozilla/5.0 (compatible; Googlebot/2.1; +http://www.google.com/bot.html)"
66.249.65.134 - - [31/Aug/2026:16:40:29 -0400] "GET /?v=o8p1p7o9s6e3r89649 HTTP/1.1" 200 19263 "-" "Mozilla/5.0 (compatible; Googlebot/2.1; +http://www.google.com/bot.html)"
45.227.253.15 - - [31/Aug/2026:16:40:30 -0400] "GET /index.php/jk HTTP/1.1" 200 59 "-" "Mozilla/5.0 (iPad; U; CPU OS 4_2_1 like Mac OS X; ja) AppleWebKit/533.17.9 (KHTML, like Gecko) Version/5.0.2 Mobile/8C148 Safari/6533.18.5"
179.43.146.218 - - [31/Aug/2026:16:41:14 -0400] "GET /wp-includes/Text/gmkxf1o/toqzuer/hyrqmbo/seo-config.php?action=get_links HTTP/1.1" 500 - "https://cfntoronto.com/" "Mozilla/5.0 (Windows NT 10.0; Win64; x64) AppleWebKit/537.36 (KHTML, like Gecko) Chrome/120.0.0.0 Safari/537.36"
65.109.118.212 - - [31/Aug/2026:16:41:30 -0400] "GET /robots.txt HTTP/1.1" 200 124 "-" "Mozilla/5.0 (compatible; AwarioBot/1.0; +https://awario.com/bots.html)"
40.77.167.5 - - [31/Aug/2026:16:41:45 -0400] "GET /shops/trickment/a6r2a5c0h7n9i7d8a754 HTTP/1.1" 200 33 "-" "Mozilla/5.0 AppleWebKit/537.36 (KHTML, like Gecko; compatible; bingbot/2.0; +http://www.bing.com/bingbot.htm) Chrome/116.0.1938.76 Safari/537.36"
66.249.65.135 - - [31/Aug/2026:16:41:55 -0400] "GET /shops/hippocentaur/c3h4i3n9i7d5i4n9e73 HTTP/1.1" 200 19466 "-" "Mozilla/5.0 (compatible; Googlebot/2.1; +http://www.google.com/bot.html)"
66.249.65.134 - - [31/Aug/2026:16:42:27 -0400] "GET /?v=p5r2o3t6o4o9r8g4a9n4i2sm HTTP/1.1" 200 20771 "-" "Mozilla/5.0 (Linux; Android 6.0.1; Nexus 5X Build/MMB29P) AppleWebKit/537.36 (KHTML, like Gecko) Chrome/151.0.7922.173 Mobile Safari/537.36 (compatible; Googlebot/2.1; +http://www.google.com/bot.html)"
52.167.144.192 - - [31/Aug/2026:16:42:42 -0400] "GET /shops/lipidosis/a3f3f6e6c8t3i0o7n5a7tely HTTP/1.1" 200 33 "-" "Mozilla/5.0 AppleWebKit/537.36 (KHTML, like Gecko; compatible; bingbot/2.0; +http://www.bing.com/bingbot.htm) Chrome/116.0.1938.76 Safari/537.36"
52.167.144.192 - - [31/Aug/2026:16:42:45 -0400] "GET /shops/reverenced/c1a1r2k5a7n7e8t3842 HTTP/1.1" 200 33 "-" "Mozilla/5.0 AppleWebKit/537.36 (KHTML, like Gecko; compatible; bingbot/2.0; +http://www.bing.com/bingbot.htm) Chrome/116.0.1938.76 Safari/537.36"
65.109.118.212 - - [31/Aug/2026:16:43:58 -0400] "GET /robots.txt HTTP/1.1" 200 124 "-" "Mozilla/5.0 (compatible; AwarioBot/1.0; +https://awario.com/bots.html)"
66.249.65.136 - - [31/Aug/2026:16:44:36 -0400] "GET /?v=g4o3m2m7e6l5i0n8149 HTTP/1.1" 200 20386 "-" "Mozilla/5.0 (compatible; Googlebot/2.1; +http://www.google.com/bot.html)"
66.249.65.134 - - [31/Aug/2026:16:44:45 -0400] "GET /?v=i1n1s0u2l0s1e4307 HTTP/1.1" 200 19789 "-" "Mozilla/5.0 (compatible; Googlebot/2.1; +http://www.google.com/bot.html)"
65.109.118.212 - - [31/Aug/2026:16:45:59 -0400] "GET /robots.txt HTTP/1.1" 200 124 "-" "Mozilla/5.0 (compatible; AwarioBot/1.0; +https://awario.com/bots.html)"
179.43.146.218 - - [31/Aug/2026:16:46:01 -0400] "POST /wp-includes/Text/gmkxf1o/toqzuer/hyrqmbo/seo-config.php?action=add_link HTTP/1.1" 500 - "https://cfntoronto.com/" "Mozilla/5.0 (Windows NT 10.0; Win64; x64) AppleWebKit/537.36 (KHTML, like Gecko) Chrome/120.0.0.0 Safari/537.36"
179.43.146.218 - - [31/Aug/2026:16:46:01 -0400] "POST /wp-includes/Text/gmkxf1o/toqzuer/hyrqmbo/seo-config.php?action=add_link HTTP/1.1" 500 - "https://cfntoronto.com/" "Mozilla/5.0 (Windows NT 10.0; Win64; x64) AppleWebKit/537.36 (KHTML, like Gecko) Chrome/120.0.0.0 Safari/537.36"
40.77.167.5 - - [31/Aug/2026:16:46:34 -0400] "GET /titano/bibless/6346844555 HTTP/1.1" 200 33 "-" "Mozilla/5.0 AppleWebKit/537.36 (KHTML, like Gecko; compatible; bingbot/2.0; +http://www.bing.com/bingbot.htm) Chrome/116.0.1938.76 Safari/537.36"
40.77.167.5 - - [31/Aug/2026:16:46:35 -0400] "GET /?glutinate/13067315384 HTTP/1.1" 200 33 "-" "Mozilla/5.0 AppleWebKit/537.36 (KHTML, like Gecko; compatible; bingbot/2.0; +http://www.bing.com/bingbot.htm) Chrome/116.0.1938.76 Safari/537.36"
52.167.144.192 - - [31/Aug/2026:16:47:39 -0400] "GET /?v=s1t3u1c0c1o56800 HTTP/1.1" 200 33 "-" "Mozilla/5.0 AppleWebKit/537.36 (KHTML, like Gecko; compatible; bingbot/2.0; +http://www.bing.com/bingbot.htm) Chrome/116.0.1938.76 Safari/537.36"
52.167.144.192 - - [31/Aug/2026:16:47:45 -0400] "GET /?v=s3n3e1e7r3f8u8l6683 HTTP/1.1" 200 33 "-" "Mozilla/5.0 AppleWebKit/537.36 (KHTML, like Gecko; compatible; bingbot/2.0; +http://www.bing.com/bingbot.htm) Chrome/116.0.1938.76 Safari/537.36"
51.81.165.83 - - [31/Aug/2026:16:47:45 -0400] "GET /spiders/m1o2n5o0m6e9r1o2u7s14 HTTP/1.1" 500 - "-" "Mozilla/5.0 (compatible; AhrefsBot/7.0; +http://ahrefs.com/robot/)"
52.167.144.174 - - [31/Aug/2026:16:47:50 -0400] "GET /?v=e3t3o2i3l9e757610 HTTP/1.1" 200 33 "-" "Mozilla/5.0 AppleWebKit/537.36 (KHTML, like Gecko; compatible; bingbot/2.0; +http://www.bing.com/bingbot.htm) Chrome/116.0.1938.76 Safari/537.36"
65.109.118.212 - - [31/Aug/2026:16:48:51 -0400] "GET /robots.txt HTTP/1.1" 200 124 "-" "Mozilla/5.0 (compatible; AwarioBot/1.0; +https://awario.com/bots.html)"
66.249.65.134 - - [31/Aug/2026:16:50:24 -0400] "GET /?v=p2a2r6e8n5e2s8i5s899 HTTP/1.1" 200 19879 "-" "Mozilla/5.0 (compatible; Googlebot/2.1; +http://www.google.com/bot.html)"
104.219.215.160 - - [31/Aug/2026:16:50:54 -0400] "GET / HTTP/1.1" 200 19424 "-" "Mozilla/5.0 (compatible; Googlebot/2.1; +http://www.google.com/bot.html)"
65.109.118.212 - - [31/Aug/2026:16:51:08 -0400] "GET /robots.txt HTTP/1.1" 200 124 "-" "Mozilla/5.0 (compatible; AwarioBot/1.0; +https://awario.com/bots.html)"
179.43.146.218 - - [31/Aug/2026:16:51:18 -0400] "POST /wp-includes/Text/gmkxf1o/toqzuer/hyrqmbo/seo-config.php?action=add_link HTTP/1.1" 500 - "https://cfntoronto.com/" "Mozilla/5.0 (Windows NT 10.0; Win64; x64) AppleWebKit/537.36 (KHTML, like Gecko) Chrome/120.0.0.0 Safari/537.36"
179.43.146.218 - - [31/Aug/2026:16:51:18 -0400] "POST /wp-includes/Text/gmkxf1o/toqzuer/hyrqmbo/seo-config.php?action=add_link HTTP/1.1" 500 - "https://cfntoronto.com/" "Mozilla/5.0 (Windows NT 10.0; Win64; x64) AppleWebKit/537.36 (KHTML, like Gecko) Chrome/120.0.0.0 Safari/537.36"
66.249.65.136 - - [31/Aug/2026:16:51:52 -0400] "GET /?v=d4r1a3g2g4l7i7n2g58 HTTP/1.1" 200 19167 "-" "Mozilla/5.0 (compatible; Googlebot/2.1; +http://www.google.com/bot.html)"
65.109.118.212 - - [31/Aug/2026:16:53:19 -0400] "GET /robots.txt HTTP/1.1" 200 124 "-" "Mozilla/5.0 (compatible; AwarioBot/1.0; +https://awario.com/bots.html)"
66.249.65.135 - - [31/Aug/2026:16:54:28 -0400] "GET /?v=h3o1b1b2y0254844 HTTP/1.1" 200 20406 "-" "Mozilla/5.0 (compatible; Googlebot/2.1; +http://www.google.com/bot.html)"
65.109.118.212 - - [31/Aug/2026:16:55:21 -0400] "GET /robots.txt HTTP/1.1" 200 124 "-" "Mozilla/5.0 (compatible; AwarioBot/1.0; +https://awario.com/bots.html)"
