74.7.241.19 - - [31/Aug/2026:10:14:41 -0400] "GET /?v=d2i6s0p5l6a9c0i7n5g9 HTTP/1.1" 500 - "https://cfntoronto.com/sitemap.xml" "Mozilla/5.0 AppleWebKit/537.36 (KHTML, like Gecko; compatible; GPTBot/1.4; +https://openai.com/gptbot)"
74.7.241.19 - - [31/Aug/2026:10:15:01 -0400] "GET /?v=p2y3r5o3m1e5t8r0i0c4 HTTP/1.1" 500 - "https://cfntoronto.com/sitemap.xml" "Mozilla/5.0 AppleWebKit/537.36 (KHTML, like Gecko; compatible; GPTBot/1.4; +https://openai.com/gptbot)"
66.249.65.136 - - [31/Aug/2026:10:15:12 -0400] "GET /?v=g3a4b8l3e3d32356 HTTP/1.1" 200 19533 "-" "Mozilla/5.0 (compatible; Googlebot/2.1; +http://www.google.com/bot.html)"
74.7.241.19 - - [31/Aug/2026:10:15:21 -0400] "GET /?v=a2c3t9i7o9n7a7b6l8e4 HTTP/1.1" 500 - "https://cfntoronto.com/sitemap.xml" "Mozilla/5.0 AppleWebKit/537.36 (KHTML, like Gecko; compatible; GPTBot/1.4; +https://openai.com/gptbot)"
179.43.146.218 - - [31/Aug/2026:10:15:33 -0400] "POST /wp-includes/Text/gmkxf1o/toqzuer/hyrqmbo/seo-config.php?action=add_link HTTP/1.1" 500 - "https://cfntoronto.com/" "Mozilla/5.0 (Windows NT 10.0; Win64; x64) AppleWebKit/537.36 (KHTML, like Gecko) Chrome/120.0.0.0 Safari/537.36"
179.43.146.218 - - [31/Aug/2026:10:15:33 -0400] "POST /wp-includes/Text/gmkxf1o/toqzuer/hyrqmbo/seo-config.php?action=add_link HTTP/1.1" 500 - "https://cfntoronto.com/" "Mozilla/5.0 (Windows NT 10.0; Win64; x64) AppleWebKit/537.36 (KHTML, like Gecko) Chrome/120.0.0.0 Safari/537.36"
66.249.65.135 - - [31/Aug/2026:10:15:34 -0400] "GET /?v=g2o2r3e6d5406081 HTTP/1.1" 200 19471 "-" "Mozilla/5.0 (Linux; Android 6.0.1; Nexus 5X Build/MMB29P) AppleWebKit/537.36 (KHTML, like Gecko) Chrome/151.0.7922.173 Mobile Safari/537.36 (compatible; Googlebot/2.1; +http://www.google.com/bot.html)"
65.109.118.212 - - [31/Aug/2026:10:15:41 -0400] "GET /robots.txt HTTP/1.1" 200 124 "-" "Mozilla/5.0 (compatible; AwarioBot/1.0; +https://awario.com/bots.html)"
74.7.241.19 - - [31/Aug/2026:10:15:41 -0400] "GET /?v=t2o7l9e1r0a8t8i5o9n6 HTTP/1.1" 500 - "https://cfntoronto.com/sitemap.xml" "Mozilla/5.0 AppleWebKit/537.36 (KHTML, like Gecko; compatible; GPTBot/1.4; +https://openai.com/gptbot)"
179.43.146.218 - - [31/Aug/2026:10:15:47 -0400] "POST /wp-includes/Text/gmkxf1o/toqzuer/hyrqmbo/seo-config.php?action=add_link HTTP/1.1" 500 - "https://cfntoronto.com/" "Mozilla/5.0 (Windows NT 10.0; Win64; x64) AppleWebKit/537.36 (KHTML, like Gecko) Chrome/120.0.0.0 Safari/537.36"
179.43.146.218 - - [31/Aug/2026:10:15:48 -0400] "POST /wp-includes/Text/gmkxf1o/toqzuer/hyrqmbo/seo-config.php?action=add_link HTTP/1.1" 500 - "https://cfntoronto.com/" "Mozilla/5.0 (Windows NT 10.0; Win64; x64) AppleWebKit/537.36 (KHTML, like Gecko) Chrome/120.0.0.0 Safari/537.36"
179.43.146.218 - - [31/Aug/2026:10:15:55 -0400] "POST /wp-includes/Text/gmkxf1o/toqzuer/hyrqmbo/seo-config.php?action=add_link HTTP/1.1" 500 - "https://cfntoronto.com/" "Mozilla/5.0 (Windows NT 10.0; Win64; x64) AppleWebKit/537.36 (KHTML, like Gecko) Chrome/120.0.0.0 Safari/537.36"
179.43.146.218 - - [31/Aug/2026:10:15:56 -0400] "POST /wp-includes/Text/gmkxf1o/toqzuer/hyrqmbo/seo-config.php?action=add_link HTTP/1.1" 500 - "https://cfntoronto.com/" "Mozilla/5.0 (Windows NT 10.0; Win64; x64) AppleWebKit/537.36 (KHTML, like Gecko) Chrome/120.0.0.0 Safari/537.36"
179.43.146.218 - - [31/Aug/2026:10:16:00 -0400] "POST /wp-includes/Text/gmkxf1o/toqzuer/hyrqmbo/seo-config.php?action=add_link HTTP/1.1" 500 - "https://cfntoronto.com/" "Mozilla/5.0 (Windows NT 10.0; Win64; x64) AppleWebKit/537.36 (KHTML, like Gecko) Chrome/120.0.0.0 Safari/537.36"
66.249.65.136 - - [31/Aug/2026:10:16:00 -0400] "GET /?v=a9l1l8a7n4t2o0i0d988 HTTP/1.1" 200 20329 "-" "Mozilla/5.0 (Linux; Android 6.0.1; Nexus 5X Build/MMB29P) AppleWebKit/537.36 (KHTML, like Gecko) Chrome/151.0.7922.173 Mobile Safari/537.36 (compatible; Googlebot/2.1; +http://www.google.com/bot.html)"
74.7.241.19 - - [31/Aug/2026:10:16:01 -0400] "GET /?v=c2h9o7l7e6r5i3c1l2y4 HTTP/1.1" 500 - "https://cfntoronto.com/sitemap.xml" "Mozilla/5.0 AppleWebKit/537.36 (KHTML, like Gecko; compatible; GPTBot/1.4; +https://openai.com/gptbot)"
104.219.215.160 - - [31/Aug/2026:10:16:20 -0400] "GET / HTTP/1.1" 200 19655 "-" "Mozilla/5.0 (compatible; Googlebot/2.1; +http://www.google.com/bot.html)"
74.7.241.19 - - [31/Aug/2026:10:16:21 -0400] "GET /?v=p2h5y1s9i6c4k3i3n6g2 HTTP/1.1" 500 - "https://cfntoronto.com/sitemap.xml" "Mozilla/5.0 AppleWebKit/537.36 (KHTML, like Gecko; compatible; GPTBot/1.4; +https://openai.com/gptbot)"
66.249.65.135 - - [31/Aug/2026:10:16:27 -0400] "GET /?v=s9i3d7e9b3a5r71405 HTTP/1.1" 200 19955 "-" "Mozilla/5.0 (compatible; Googlebot/2.1; +http://www.google.com/bot.html)"
74.7.241.19 - - [31/Aug/2026:10:16:41 -0400] "GET /?v=c2o2s6m8o7g7r6a8p9h9i4cal HTTP/1.1" 500 - "https://cfntoronto.com/sitemap.xml" "Mozilla/5.0 AppleWebKit/537.36 (KHTML, like Gecko; compatible; GPTBot/1.4; +https://openai.com/gptbot)"
179.43.146.218 - - [31/Aug/2026:10:16:46 -0400] "POST /wp-includes/Text/gmkxf1o/toqzuer/hyrqmbo/seo-config.php?action=add_link HTTP/1.1" 500 - "https://cfntoronto.com/" "Mozilla/5.0 (Windows NT 10.0; Win64; x64) AppleWebKit/537.36 (KHTML, like Gecko) Chrome/120.0.0.0 Safari/537.36"
179.43.146.218 - - [31/Aug/2026:10:16:46 -0400] "POST /wp-includes/Text/gmkxf1o/toqzuer/hyrqmbo/seo-config.php?action=add_link HTTP/1.1" 500 - "https://cfntoronto.com/" "Mozilla/5.0 (Windows NT 10.0; Win64; x64) AppleWebKit/537.36 (KHTML, like Gecko) Chrome/120.0.0.0 Safari/537.36"
74.7.241.19 - - [31/Aug/2026:10:17:01 -0400] "GET /?v=s2u9p8r3a6n1a7t5u5r0alism HTTP/1.1" 500 - "https://cfntoronto.com/sitemap.xml" "Mozilla/5.0 AppleWebKit/537.36 (KHTML, like Gecko; compatible; GPTBot/1.4; +https://openai.com/gptbot)"
66.249.65.136 - - [31/Aug/2026:10:17:10 -0400] "GET /?v=i1n2g2l1o4r3i2o3u1s8l8y HTTP/1.1" 200 19526 "-" "Mozilla/5.0 (Linux; Android 6.0.1; Nexus 5X Build/MMB29P) AppleWebKit/537.36 (KHTML, like Gecko) Chrome/151.0.7922.173 Mobile Safari/537.36 (compatible; Googlebot/2.1; +http://www.google.com/bot.html)"
74.7.241.19 - - [31/Aug/2026:10:17:21 -0400] "GET /?v=u2n3g3r7a0t5e9f6u2lly HTTP/1.1" 500 - "https://cfntoronto.com/sitemap.xml" "Mozilla/5.0 AppleWebKit/537.36 (KHTML, like Gecko; compatible; GPTBot/1.4; +https://openai.com/gptbot)"
74.7.241.19 - - [31/Aug/2026:10:17:41 -0400] "GET /?v=i2n2s2t3i0n7c1t1i7v0i7ty HTTP/1.1" 500 - "https://cfntoronto.com/sitemap.xml" "Mozilla/5.0 AppleWebKit/537.36 (KHTML, like Gecko; compatible; GPTBot/1.4; +https://openai.com/gptbot)"
51.89.59.46 - - [31/Aug/2026:10:17:53 -0400] "GET /selenium/w8o3r3k3m8e0n9s3912 HTTP/1.1" 500 - "-" "Mozilla/5.0 (compatible; AhrefsBot/7.0; +http://ahrefs.com/robot/)"
74.7.241.19 - - [31/Aug/2026:10:18:01 -0400] "GET /?v=l2a2e0v5o8r7o1t1a1t2o5ry HTTP/1.1" 500 - "https://cfntoronto.com/sitemap.xml" "Mozilla/5.0 AppleWebKit/537.36 (KHTML, like Gecko; compatible; GPTBot/1.4; +https://openai.com/gptbot)"
65.109.118.212 - - [31/Aug/2026:10:18:12 -0400] "GET /robots.txt HTTP/1.1" 200 124 "-" "Mozilla/5.0 (compatible; AwarioBot/1.0; +https://awario.com/bots.html)"
74.7.241.19 - - [31/Aug/2026:10:18:21 -0400] "GET /?sufferableness/23191917838 HTTP/1.1" 500 - "https://cfntoronto.com/sitemap.xml" "Mozilla/5.0 AppleWebKit/537.36 (KHTML, like Gecko; compatible; GPTBot/1.4; +https://openai.com/gptbot)"
66.249.65.136 - - [31/Aug/2026:10:18:30 -0400] "GET /?v=e5x4c0o5c5t4i9o2n874 HTTP/1.1" 200 19481 "-" "Mozilla/5.0 (Linux; Android 6.0.1; Nexus 5X Build/MMB29P) AppleWebKit/537.36 (KHTML, like Gecko) Chrome/151.0.7922.173 Mobile Safari/537.36 (compatible; Googlebot/2.1; +http://www.google.com/bot.html)"
52.167.144.156 - - [31/Aug/2026:10:18:36 -0400] "GET /?battledoor/6958573409 HTTP/1.1" 200 33 "-" "Mozilla/5.0 AppleWebKit/537.36 (KHTML, like Gecko; compatible; bingbot/2.0; +http://www.bing.com/bingbot.htm) Chrome/116.0.1938.76 Safari/537.36"
74.7.241.19 - - [31/Aug/2026:10:18:41 -0400] "GET /?v=d2i2s8h8e1r1i3t2i2n9g2 HTTP/1.1" 500 - "https://cfntoronto.com/sitemap.xml" "Mozilla/5.0 AppleWebKit/537.36 (KHTML, like Gecko; compatible; GPTBot/1.4; +https://openai.com/gptbot)"
66.249.65.136 - - [31/Aug/2026:10:18:51 -0400] "GET /?v=g4i2b1b1e3r3e8l4l9a35 HTTP/1.1" 200 18334 "-" "Mozilla/5.0 (Linux; Android 6.0.1; Nexus 5X Build/MMB29P) AppleWebKit/537.36 (KHTML, like Gecko) Chrome/151.0.7922.173 Mobile Safari/537.36 (compatible; Googlebot/2.1; +http://www.google.com/bot.html)"
74.7.241.19 - - [31/Aug/2026:10:19:01 -0400] "GET /?v=c2o1r2p6o7r3a3t7u7r3e0 HTTP/1.1" 500 - "https://cfntoronto.com/sitemap.xml" "Mozilla/5.0 AppleWebKit/537.36 (KHTML, like Gecko; compatible; GPTBot/1.4; +https://openai.com/gptbot)"
74.7.241.19 - - [31/Aug/2026:10:19:21 -0400] "GET /?v=o2p7h7i1o4g0l5o4s2s9aceae HTTP/1.1" 500 - "https://cfntoronto.com/sitemap.xml" "Mozilla/5.0 AppleWebKit/537.36 (KHTML, like Gecko; compatible; GPTBot/1.4; +https://openai.com/gptbot)"
66.249.65.135 - - [31/Aug/2026:10:19:23 -0400] "GET /?v=s3p3o7r3o0p1h4y3t0e46 HTTP/1.1" 200 19800 "-" "Mozilla/5.0 (Linux; Android 6.0.1; Nexus 5X Build/MMB29P) AppleWebKit/537.36 (KHTML, like Gecko) Chrome/151.0.7922.173 Mobile Safari/537.36 (compatible; Googlebot/2.1; +http://www.google.com/bot.html)"
66.249.65.135 - - [31/Aug/2026:10:19:34 -0400] "GET /?v=u5r1i9n8i3f3e6r3o6u8s7 HTTP/1.1" 200 18881 "-" "Mozilla/5.0 (compatible; Googlebot/2.1; +http://www.google.com/bot.html)"
74.7.241.19 - - [31/Aug/2026:10:19:41 -0400] "GET /?threeflowered/23479437838 HTTP/1.1" 500 - "https://cfntoronto.com/sitemap.xml" "Mozilla/5.0 AppleWebKit/537.36 (KHTML, like Gecko; compatible; GPTBot/1.4; +https://openai.com/gptbot)"
66.249.65.134 - - [31/Aug/2026:10:19:56 -0400] "GET /?v=h1y3g6r4o7s8c4o2p2i2c2 HTTP/1.1" 200 19907 "-" "Mozilla/5.0 (Linux; Android 6.0.1; Nexus 5X Build/MMB29P) AppleWebKit/537.36 (KHTML, like Gecko) Chrome/151.0.7922.173 Mobile Safari/537.36 (compatible; Googlebot/2.1; +http://www.google.com/bot.html)"
74.7.241.19 - - [31/Aug/2026:10:20:01 -0400] "GET /?v=s2c2h3i3s3m2a5t3i7c4a4l HTTP/1.1" 500 - "https://cfntoronto.com/sitemap.xml" "Mozilla/5.0 AppleWebKit/537.36 (KHTML, like Gecko; compatible; GPTBot/1.4; +https://openai.com/gptbot)"
179.43.146.218 - - [31/Aug/2026:10:20:05 -0400] "POST /wp-includes/Text/gmkxf1o/toqzuer/hyrqmbo/seo-config.php?action=add_link HTTP/1.1" 500 - "https://cfntoronto.com/" "Mozilla/5.0 (Windows NT 10.0; Win64; x64) AppleWebKit/537.36 (KHTML, like Gecko) Chrome/120.0.0.0 Safari/537.36"
74.7.241.19 - - [31/Aug/2026:10:20:21 -0400] "GET /?deceptiveness/21808203308 HTTP/1.1" 500 - "https://cfntoronto.com/sitemap.xml" "Mozilla/5.0 AppleWebKit/537.36 (KHTML, like Gecko; compatible; GPTBot/1.4; +https://openai.com/gptbot)"
66.249.65.135 - - [31/Aug/2026:10:20:22 -0400] "GET /?v=e5x1c1e8e2d1e4r3816 HTTP/1.1" 200 19366 "-" "Mozilla/5.0 (compatible; Googlebot/2.1; +http://www.google.com/bot.html)"
65.109.118.212 - - [31/Aug/2026:10:20:38 -0400] "GET /robots.txt HTTP/1.1" 200 124 "-" "Mozilla/5.0 (compatible; AwarioBot/1.0; +https://awario.com/bots.html)"
66.249.65.134 - - [31/Aug/2026:10:20:38 -0400] "GET /amophorae/f2a2r8m6i6n5g75888 HTTP/1.1" 200 19279 "-" "Mozilla/5.0 (compatible; Googlebot/2.1; +http://www.google.com/bot.html)"
74.7.241.19 - - [31/Aug/2026:10:20:41 -0400] "GET /?v=c2o2n7v1e1x2o7p0l2a6n1e HTTP/1.1" 500 - "https://cfntoronto.com/sitemap.xml" "Mozilla/5.0 AppleWebKit/537.36 (KHTML, like Gecko; compatible; GPTBot/1.4; +https://openai.com/gptbot)"
66.249.65.134 - - [31/Aug/2026:10:21:00 -0400] "GET /?v=t6e1n1d6o3n9o0u3s045 HTTP/1.1" 200 20063 "-" "Mozilla/5.0 (compatible; Googlebot/2.1; +http://www.google.com/bot.html)"
74.7.241.19 - - [31/Aug/2026:10:21:01 -0400] "GET /?stratographic/22336630433 HTTP/1.1" 500 - "https://cfntoronto.com/sitemap.xml" "Mozilla/5.0 AppleWebKit/537.36 (KHTML, like Gecko; compatible; GPTBot/1.4; +https://openai.com/gptbot)"
110.54.97.153 - - [31/Aug/2026:10:21:07 -0400] "GET /?v=i8n3h5o1s6p2i7t6a7b7l4e HTTP/1.1" 200 206 "https://www.google.com/" "Mozilla/5.0 (iPhone; CPU iPhone OS 18_7 like Mac OS X) AppleWebKit/605.1.15 (KHTML, like Gecko) Version/26.6.1 Mobile/15E148 Safari/604.1"
110.54.97.153 - - [31/Aug/2026:10:21:07 -0400] "GET /favicon.ico HTTP/1.1" 500 - "https://cfntoronto.com/?v=i8n3h5o1s6p2i7t6a7b7l4e" "Mozilla/5.0 (iPhone; CPU iPhone OS 18_7 like Mac OS X) AppleWebKit/605.1.15 (KHTML, like Gecko) Version/26.6.1 Mobile/15E148 Safari/604.1"
110.54.97.153 - - [31/Aug/2026:10:21:19 -0400] "GET /?v=i8n3h5o1s6p2i7t6a7b7l4e HTTP/1.1" 200 206 "https://www.google.com/" "Mozilla/5.0 (iPhone; CPU iPhone OS 18_7 like Mac OS X) AppleWebKit/605.1.15 (KHTML, like Gecko) Version/26.6.1 Mobile/15E148 Safari/604.1"
74.7.241.19 - - [31/Aug/2026:10:21:21 -0400] "GET /?v=e2x3t7e3r1i0o0r7i9z5ation HTTP/1.1" 500 - "https://cfntoronto.com/sitemap.xml" "Mozilla/5.0 AppleWebKit/537.36 (KHTML, like Gecko; compatible; GPTBot/1.4; +https://openai.com/gptbot)"
66.249.65.134 - - [31/Aug/2026:10:21:31 -0400] "GET /?v=t7u2b2u8l5a7r6i5a4e39 HTTP/1.1" 200 19799 "-" "Mozilla/5.0 (compatible; Googlebot/2.1; +http://www.google.com/bot.html)"
110.54.97.153 - - [31/Aug/2026:10:21:35 -0400] "GET /?v=i8n3h5o1s6p2i7t6a7b7l4e HTTP/1.1" 200 206 "https://www.google.com/" "Mozilla/5.0 (iPhone; CPU iPhone OS 18_7 like Mac OS X) AppleWebKit/605.1.15 (KHTML, like Gecko) Version/26.6.1 Mobile/15E148 Safari/604.1"
74.7.241.19 - - [31/Aug/2026:10:21:41 -0400] "GET /?v=h2a9c0k8b1u6t5t4e8r6 HTTP/1.1" 500 - "https://cfntoronto.com/sitemap.xml" "Mozilla/5.0 AppleWebKit/537.36 (KHTML, like Gecko; compatible; GPTBot/1.4; +https://openai.com/gptbot)"
66.249.65.134 - - [31/Aug/2026:10:21:53 -0400] "GET /?v=h0a3e9m7o5d1r2o5m7o7g6raph HTTP/1.1" 200 21232 "-" "Mozilla/5.0 (Linux; Android 6.0.1; Nexus 5X Build/MMB29P) AppleWebKit/537.36 (KHTML, like Gecko) Chrome/151.0.7922.173 Mobile Safari/537.36 (compatible; Googlebot/2.1; +http://www.google.com/bot.html)"
74.7.241.19 - - [31/Aug/2026:10:22:01 -0400] "GET /?v=s2u3b6g2e4l8a1t8i9n6o7us HTTP/1.1" 500 - "https://cfntoronto.com/sitemap.xml" "Mozilla/5.0 AppleWebKit/537.36 (KHTML, like Gecko; compatible; GPTBot/1.4; +https://openai.com/gptbot)"
66.249.65.136 - - [31/Aug/2026:10:22:03 -0400] "GET /metapodium/o1r3t7h6o3t1o1n1e234 HTTP/1.1" 200 19619 "-" "Mozilla/5.0 (compatible; Googlebot/2.1; +http://www.google.com/bot.html)"
74.7.241.19 - - [31/Aug/2026:10:22:21 -0400] "GET /?v=s2u2c4c2e3s0s7i7v1e2l2y HTTP/1.1" 500 - "https://cfntoronto.com/sitemap.xml" "Mozilla/5.0 AppleWebKit/537.36 (KHTML, like Gecko; compatible; GPTBot/1.4; +https://openai.com/gptbot)"
66.249.65.134 - - [31/Aug/2026:10:22:24 -0400] "GET /?v=m2e2s8s6i8n8g62976 HTTP/1.1" 200 20811 "-" "Mozilla/5.0 (Linux; Android 6.0.1; Nexus 5X Build/MMB29P) AppleWebKit/537.36 (KHTML, like Gecko) Chrome/151.0.7922.173 Mobile Safari/537.36 (compatible; Googlebot/2.1; +http://www.google.com/bot.html)"
198.204.240.234 - - [31/Aug/2026:10:22:30 -0400] "GET /wp-includes/br06391a/edit.php HTTP/1.1" 200 26 "https://cfntoronto.com/wp-includes/br06391a/edit.php" "Mozilla/5.0 (compatible; MSIE 10.0; Windows NT 6.2; Win64; x64; Trident/6.0)"
66.249.65.134 - - [31/Aug/2026:10:22:30 -0400] "GET /marinism/b1i3c4o6l7o4u7r7e3d04 HTTP/1.1" 200 19769 "-" "Mozilla/5.0 (compatible; Googlebot/2.1; +http://www.google.com/bot.html)"
65.109.118.212 - - [31/Aug/2026:10:22:39 -0400] "GET /robots.txt HTTP/1.1" 200 124 "-" "Mozilla/5.0 (compatible; AwarioBot/1.0; +https://awario.com/bots.html)"
74.7.241.19 - - [31/Aug/2026:10:22:41 -0400] "GET /?requisiteness/21890061193 HTTP/1.1" 500 - "https://cfntoronto.com/sitemap.xml" "Mozilla/5.0 AppleWebKit/537.36 (KHTML, like Gecko; compatible; GPTBot/1.4; +https://openai.com/gptbot)"
66.249.65.134 - - [31/Aug/2026:10:22:46 -0400] "GET /shops/precipitious/a9q1u8a3p0u8n9c4t0u2r4e HTTP/1.1" 200 20132 "-" "Mozilla/5.0 (Linux; Android 6.0.1; Nexus 5X Build/MMB29P) AppleWebKit/537.36 (KHTML, like Gecko) Chrome/151.0.7922.173 Mobile Safari/537.36 (compatible; Googlebot/2.1; +http://www.google.com/bot.html)"
74.7.241.19 - - [31/Aug/2026:10:23:01 -0400] "GET /?v=i2n1c0r6e4d6u1l0o6usness HTTP/1.1" 500 - "https://cfntoronto.com/sitemap.xml" "Mozilla/5.0 AppleWebKit/537.36 (KHTML, like Gecko; compatible; GPTBot/1.4; +https://openai.com/gptbot)"
66.249.65.134 - - [31/Aug/2026:10:23:07 -0400] "GET /?v=a0m1i8s4s7i3b2i1l0i2t4y HTTP/1.1" 200 21041 "-" "Mozilla/5.0 (compatible; Googlebot/2.1; +http://www.google.com/bot.html)"
66.249.65.135 - - [31/Aug/2026:10:23:12 -0400] "GET /?v=k7n1e6e2b6r4u9s5h060 HTTP/1.1" 200 19385 "-" "Mozilla/5.0 (Linux; Android 6.0.1; Nexus 5X Build/MMB29P) AppleWebKit/537.36 (KHTML, like Gecko) Chrome/151.0.7922.173 Mobile Safari/537.36 (compatible; Googlebot/2.1; +http://www.google.com/bot.html)"
74.7.241.19 - - [31/Aug/2026:10:23:21 -0400] "GET /?v=d2i1s2p3l2e2a8s2a2n6t4ly HTTP/1.1" 500 - "https://cfntoronto.com/sitemap.xml" "Mozilla/5.0 AppleWebKit/537.36 (KHTML, like Gecko; compatible; GPTBot/1.4; +https://openai.com/gptbot)"
198.204.240.234 - - [31/Aug/2026:10:22:09 -0400] "GET /wp-includes/br06391a/edit.php HTTP/1.1" 200 - "https://cfntoronto.com/wp-includes/br06391a/edit.php" "Mozilla/5.0 (Windows NT 6.1; WOW64; rv:5.0) Gecko/20100101 Firefox/5.0"
66.249.65.134 - - [31/Aug/2026:10:23:38 -0400] "GET /?v=t5o9r8e5t278089 HTTP/1.1" 200 19084 "-" "Mozilla/5.0 (Linux; Android 6.0.1; Nexus 5X Build/MMB29P) AppleWebKit/537.36 (KHTML, like Gecko) Chrome/151.0.7922.173 Mobile Safari/537.36 (compatible; Googlebot/2.1; +http://www.google.com/bot.html)"
74.7.241.19 - - [31/Aug/2026:10:23:41 -0400] "GET /?conglutinative/22855043288 HTTP/1.1" 500 - "https://cfntoronto.com/sitemap.xml" "Mozilla/5.0 AppleWebKit/537.36 (KHTML, like Gecko; compatible; GPTBot/1.4; +https://openai.com/gptbot)"
66.249.65.134 - - [31/Aug/2026:10:23:44 -0400] "GET /?v=b4i3l2a8n2d403809 HTTP/1.1" 200 19144 "-" "Mozilla/5.0 (compatible; Googlebot/2.1; +http://www.google.com/bot.html)"
66.249.65.134 - - [31/Aug/2026:10:23:54 -0400] "GET /?v=p1o4l2y1p2h5o5n8i6c00 HTTP/1.1" 200 19718 "-" "Mozilla/5.0 (Linux; Android 6.0.1; Nexus 5X Build/MMB29P) AppleWebKit/537.36 (KHTML, like Gecko) Chrome/151.0.7922.173 Mobile Safari/537.36 (compatible; Googlebot/2.1; +http://www.google.com/bot.html)"
74.7.241.19 - - [31/Aug/2026:10:24:01 -0400] "GET /?v=d2i3m1i7n1i0s2h2i5n7g2ly HTTP/1.1" 500 - "https://cfntoronto.com/sitemap.xml" "Mozilla/5.0 AppleWebKit/537.36 (KHTML, like Gecko; compatible; GPTBot/1.4; +https://openai.com/gptbot)"
179.43.146.218 - - [31/Aug/2026:10:24:05 -0400] "GET /wp-includes/Text/gmkxf1o/toqzuer/hyrqmbo/seo-config.php?action=get_links HTTP/1.1" 500 - "https://cfntoronto.com/" "Mozilla/5.0 (Windows NT 10.0; Win64; x64) AppleWebKit/537.36 (KHTML, like Gecko) Chrome/120.0.0.0 Safari/537.36"
179.43.146.218 - - [31/Aug/2026:10:24:16 -0400] "POST /wp-includes/Text/gmkxf1o/toqzuer/hyrqmbo/seo-config.php?action=add_link HTTP/1.1" 500 - "https://cfntoronto.com/" "Mozilla/5.0 (Windows NT 10.0; Win64; x64) AppleWebKit/537.36 (KHTML, like Gecko) Chrome/120.0.0.0 Safari/537.36"
179.43.146.218 - - [31/Aug/2026:10:24:17 -0400] "POST /wp-includes/Text/gmkxf1o/toqzuer/hyrqmbo/seo-config.php?action=add_link HTTP/1.1" 500 - "https://cfntoronto.com/" "Mozilla/5.0 (Windows NT 10.0; Win64; x64) AppleWebKit/537.36 (KHTML, like Gecko) Chrome/120.0.0.0 Safari/537.36"
74.7.241.19 - - [31/Aug/2026:10:24:21 -0400] "GET /?v=i2m4p0r9a8c3t6i1c4a8b1ly HTTP/1.1" 500 - "https://cfntoronto.com/sitemap.xml" "Mozilla/5.0 AppleWebKit/537.36 (KHTML, like Gecko; compatible; GPTBot/1.4; +https://openai.com/gptbot)"
74.7.241.19 - - [31/Aug/2026:10:24:41 -0400] "GET /?v=u2n3l1e7a2r2n3e4d6n7e1ss HTTP/1.1" 500 - "https://cfntoronto.com/sitemap.xml" "Mozilla/5.0 AppleWebKit/537.36 (KHTML, like Gecko; compatible; GPTBot/1.4; +https://openai.com/gptbot)"
66.249.65.134 - - [31/Aug/2026:10:24:42 -0400] "GET /?outdare/31476423617 HTTP/1.1" 200 19844 "-" "Mozilla/5.0 (Linux; Android 6.0.1; Nexus 5X Build/MMB29P) AppleWebKit/537.36 (KHTML, like Gecko) Chrome/151.0.7922.173 Mobile Safari/537.36 (compatible; Googlebot/2.1; +http://www.google.com/bot.html)"
179.43.146.218 - - [31/Aug/2026:10:24:51 -0400] "POST /wp-includes/Text/gmkxf1o/toqzuer/hyrqmbo/seo-config.php?action=add_link HTTP/1.1" 500 - "https://cfntoronto.com/" "Mozilla/5.0 (Windows NT 10.0; Win64; x64) AppleWebKit/537.36 (KHTML, like Gecko) Chrome/120.0.0.0 Safari/537.36"
179.43.146.218 - - [31/Aug/2026:10:24:51 -0400] "POST /wp-includes/Text/gmkxf1o/toqzuer/hyrqmbo/seo-config.php?action=add_link HTTP/1.1" 500 - "https://cfntoronto.com/" "Mozilla/5.0 (Windows NT 10.0; Win64; x64) AppleWebKit/537.36 (KHTML, like Gecko) Chrome/120.0.0.0 Safari/537.36"
179.43.146.218 - - [31/Aug/2026:10:24:52 -0400] "POST /wp-includes/Text/gmkxf1o/toqzuer/hyrqmbo/seo-config.php?action=add_link HTTP/1.1" 500 - "https://cfntoronto.com/" "Mozilla/5.0 (Windows NT 10.0; Win64; x64) AppleWebKit/537.36 (KHTML, like Gecko) Chrome/120.0.0.0 Safari/537.36"
66.249.65.134 - - [31/Aug/2026:10:24:52 -0400] "GET /?v=m0o6u0s6e1k6e5t2e0e6r HTTP/1.1" 200 19538 "-" "Mozilla/5.0 (Linux; Android 6.0.1; Nexus 5X Build/MMB29P) AppleWebKit/537.36 (KHTML, like Gecko) Chrome/151.0.7922.173 Mobile Safari/537.36 (compatible; Googlebot/2.1; +http://www.google.com/bot.html)"
65.109.118.212 - - [31/Aug/2026:10:24:54 -0400] "GET /robots.txt HTTP/1.1" 200 124 "-" "Mozilla/5.0 (compatible; AwarioBot/1.0; +https://awario.com/bots.html)"
74.7.241.19 - - [31/Aug/2026:10:25:01 -0400] "GET /?v=s2p2h0e1n2o7g2r4a7p7h0er HTTP/1.1" 500 - "https://cfntoronto.com/sitemap.xml" "Mozilla/5.0 AppleWebKit/537.36 (KHTML, like Gecko; compatible; GPTBot/1.4; +https://openai.com/gptbot)"
66.249.65.134 - - [31/Aug/2026:10:25:03 -0400] "GET /?v=o2v2e9r1t5o7o7k4289 HTTP/1.1" 200 20928 "-" "Mozilla/5.0 (Linux; Android 6.0.1; Nexus 5X Build/MMB29P) AppleWebKit/537.36 (KHTML, like Gecko) Chrome/151.0.7922.173 Mobile Safari/537.36 (compatible; Googlebot/2.1; +http://www.google.com/bot.html)"
107.150.52.226 - - [31/Aug/2026:10:23:37 -0400] "GET /wp-includes/br06391a/edit.php?id=823179$sp HTTP/1.1" 200 - "https://cfntoronto.com/wp-includes/br06391a/edit.php?id=823179$sp" "Mozilla/5.0"
74.7.241.19 - - [31/Aug/2026:10:25:21 -0400] "GET /?v=c2o7n0s1o2n6a7n4t1a7l HTTP/1.1" 500 - "https://cfntoronto.com/sitemap.xml" "Mozilla/5.0 AppleWebKit/537.36 (KHTML, like Gecko; compatible; GPTBot/1.4; +https://openai.com/gptbot)"
66.249.65.135 - - [31/Aug/2026:10:25:24 -0400] "GET /?v=i1n6w4a5l0l8e9d242 HTTP/1.1" 200 19645 "-" "Mozilla/5.0 (Linux; Android 6.0.1; Nexus 5X Build/MMB29P) AppleWebKit/537.36 (KHTML, like Gecko) Chrome/151.0.7922.173 Mobile Safari/537.36 (compatible; Googlebot/2.1; +http://www.google.com/bot.html)"
66.249.65.134 - - [31/Aug/2026:10:25:29 -0400] "GET /?fimble/152285704 HTTP/1.1" 200 21003 "-" "Mozilla/5.0 (compatible; Googlebot/2.1; +http://www.google.com/bot.html)"
74.7.241.19 - - [31/Aug/2026:10:25:41 -0400] "GET /?v=s2y3p9h0i2l2i2z8a6t2i7on HTTP/1.1" 500 - "https://cfntoronto.com/sitemap.xml" "Mozilla/5.0 AppleWebKit/537.36 (KHTML, like Gecko; compatible; GPTBot/1.4; +https://openai.com/gptbot)"
74.7.241.19 - - [31/Aug/2026:10:26:01 -0400] "GET /?v=a2d2m4i4s1s9i8b9i6l1i7ty HTTP/1.1" 500 - "https://cfntoronto.com/sitemap.xml" "Mozilla/5.0 AppleWebKit/537.36 (KHTML, like Gecko; compatible; GPTBot/1.4; +https://openai.com/gptbot)"
66.249.65.134 - - [31/Aug/2026:10:26:12 -0400] "GET /?v=p2a2l7a3e3s3t4r4i7c36 HTTP/1.1" 200 19709 "-" "Mozilla/5.0 (Linux; Android 6.0.1; Nexus 5X Build/MMB29P) AppleWebKit/537.36 (KHTML, like Gecko) Chrome/151.0.7922.173 Mobile Safari/537.36 (compatible; Googlebot/2.1; +http://www.google.com/bot.html)"
66.249.65.135 - - [31/Aug/2026:10:26:17 -0400] "GET /?v=i4n3d0i5f3f8e1r5e1n9t5 HTTP/1.1" 200 19779 "-" "Mozilla/5.0 (Linux; Android 6.0.1; Nexus 5X Build/MMB29P) AppleWebKit/537.36 (KHTML, like Gecko) Chrome/151.0.7922.173 Mobile Safari/537.36 (compatible; Googlebot/2.1; +http://www.google.com/bot.html)"
52.167.144.236 - - [31/Aug/2026:10:26:21 -0400] "GET /?beseemingly/43710451336 HTTP/1.1" 200 33 "-" "Mozilla/5.0 AppleWebKit/537.36 (KHTML, like Gecko; compatible; bingbot/2.0; +http://www.bing.com/bingbot.htm) Chrome/116.0.1938.76 Safari/537.36"
74.7.241.19 - - [31/Aug/2026:10:26:21 -0400] "GET /?v=p2l3e7u4r7o4t8o2m5a4r4ia HTTP/1.1" 500 - "https://cfntoronto.com/sitemap.xml" "Mozilla/5.0 AppleWebKit/537.36 (KHTML, like Gecko; compatible; GPTBot/1.4; +https://openai.com/gptbot)"
66.249.65.134 - - [31/Aug/2026:10:26:28 -0400] "GET /?v=l4e7a2g4u7e7s7299 HTTP/1.1" 200 19475 "-" "Mozilla/5.0 (compatible; Googlebot/2.1; +http://www.google.com/bot.html)"
179.43.146.218 - - [31/Aug/2026:10:26:40 -0400] "POST /wp-includes/Text/gmkxf1o/toqzuer/hyrqmbo/seo-config.php?action=add_link HTTP/1.1" 500 - "https://cfntoronto.com/" "Mozilla/5.0 (Windows NT 10.0; Win64; x64) AppleWebKit/537.36 (KHTML, like Gecko) Chrome/120.0.0.0 Safari/537.36"
179.43.146.218 - - [31/Aug/2026:10:26:41 -0400] "POST /wp-includes/Text/gmkxf1o/toqzuer/hyrqmbo/seo-config.php?action=add_link HTTP/1.1" 500 - "https://cfntoronto.com/" "Mozilla/5.0 (Windows NT 10.0; Win64; x64) AppleWebKit/537.36 (KHTML, like Gecko) Chrome/120.0.0.0 Safari/537.36"
74.7.241.19 - - [31/Aug/2026:10:26:41 -0400] "GET /?v=a2c2c2o4u4n8t7a1n8c7y5 HTTP/1.1" 500 - "https://cfntoronto.com/sitemap.xml" "Mozilla/5.0 AppleWebKit/537.36 (KHTML, like Gecko; compatible; GPTBot/1.4; +https://openai.com/gptbot)"
104.219.215.160 - - [31/Aug/2026:10:26:42 -0400] "GET / HTTP/1.1" 200 20177 "-" "Mozilla/5.0 (compatible; Googlebot/2.1; +http://www.google.com/bot.html)"
47.128.60.249 - - [31/Aug/2026:10:26:54 -0400] "GET /shops/jimhickey/d0i2v1e7r3s9i0l3o4b4a6 HTTP/1.1" 500 - "-" "Mozilla/5.0 (Linux; Android 5.0) AppleWebKit/537.36 (KHTML, like Gecko) Mobile Safari/537.36 (compatible; Bytespider; spider-feedback@bytedance.com)"
66.249.65.135 - - [31/Aug/2026:10:27:00 -0400] "GET /?v=c9o1m7p2l0i7c9a1t4e9l4y HTTP/1.1" 200 20600 "-" "Mozilla/5.0 (Linux; Android 6.0.1; Nexus 5X Build/MMB29P) AppleWebKit/537.36 (KHTML, like Gecko) Chrome/151.0.7922.173 Mobile Safari/537.36 (compatible; Googlebot/2.1; +http://www.google.com/bot.html)"
74.7.241.19 - - [31/Aug/2026:10:27:01 -0400] "GET /?malcontentedly/23261804768 HTTP/1.1" 500 - "https://cfntoronto.com/sitemap.xml" "Mozilla/5.0 AppleWebKit/537.36 (KHTML, like Gecko; compatible; GPTBot/1.4; +https://openai.com/gptbot)"
66.249.65.134 - - [31/Aug/2026:10:27:05 -0400] "GET /?v=r7e9f2r8a6g0a1b0i0l4ity HTTP/1.1" 200 19106 "-" "Mozilla/5.0 (Linux; Android 6.0.1; Nexus 5X Build/MMB29P) AppleWebKit/537.36 (KHTML, like Gecko) Chrome/151.0.7922.173 Mobile Safari/537.36 (compatible; Googlebot/2.1; +http://www.google.com/bot.html)"
74.7.241.19 - - [31/Aug/2026:10:27:21 -0400] "GET /?v=i2n3t5e2r5l4o2c4a2t0i9on HTTP/1.1" 500 - "https://cfntoronto.com/sitemap.xml" "Mozilla/5.0 AppleWebKit/537.36 (KHTML, like Gecko; compatible; GPTBot/1.4; +https://openai.com/gptbot)"
179.43.146.218 - - [31/Aug/2026:10:27:23 -0400] "POST /wp-includes/Text/gmkxf1o/toqzuer/hyrqmbo/seo-config.php?action=add_link HTTP/1.1" 500 - "https://cfntoronto.com/" "Mozilla/5.0 (Windows NT 10.0; Win64; x64) AppleWebKit/537.36 (KHTML, like Gecko) Chrome/120.0.0.0 Safari/537.36"
179.43.146.218 - - [31/Aug/2026:10:27:24 -0400] "POST /wp-includes/Text/gmkxf1o/toqzuer/hyrqmbo/seo-config.php?action=add_link HTTP/1.1" 500 - "https://cfntoronto.com/" "Mozilla/5.0 (Windows NT 10.0; Win64; x64) AppleWebKit/537.36 (KHTML, like Gecko) Chrome/120.0.0.0 Safari/537.36"
66.249.65.134 - - [31/Aug/2026:10:27:26 -0400] "GET /?v=b7y1z8a9n3t1i5a9n06 HTTP/1.1" 200 19861 "-" "Mozilla/5.0 (Linux; Android 6.0.1; Nexus 5X Build/MMB29P) AppleWebKit/537.36 (KHTML, like Gecko) Chrome/151.0.7922.173 Mobile Safari/537.36 (compatible; Googlebot/2.1; +http://www.google.com/bot.html)"
66.249.65.134 - - [31/Aug/2026:10:27:32 -0400] "GET /?v=m2o4r2r4o5w937182 HTTP/1.1" 200 20224 "-" "Mozilla/5.0 (Linux; Android 6.0.1; Nexus 5X Build/MMB29P) AppleWebKit/537.36 (KHTML, like Gecko) Chrome/151.0.7922.173 Mobile Safari/537.36 (compatible; Googlebot/2.1; +http://www.google.com/bot.html)"
74.7.241.19 - - [31/Aug/2026:10:27:41 -0400] "GET /?v=l2i3t4h3o3c6o6l5l6e5t1is HTTP/1.1" 500 - "https://cfntoronto.com/sitemap.xml" "Mozilla/5.0 AppleWebKit/537.36 (KHTML, like Gecko; compatible; GPTBot/1.4; +https://openai.com/gptbot)"
179.43.146.218 - - [31/Aug/2026:10:27:42 -0400] "POST /wp-includes/Text/gmkxf1o/toqzuer/hyrqmbo/seo-config.php?action=add_link HTTP/1.1" 500 - "https://cfntoronto.com/" "Mozilla/5.0 (Windows NT 10.0; Win64; x64) AppleWebKit/537.36 (KHTML, like Gecko) Chrome/120.0.0.0 Safari/537.36"
66.249.65.134 - - [31/Aug/2026:10:27:42 -0400] "GET /?v=b7y1z8a9n3t1i5a9n06 HTTP/1.1" 200 20447 "-" "Mozilla/5.0 (compatible; Googlebot/2.1; +http://www.google.com/bot.html)"
179.43.146.218 - - [31/Aug/2026:10:27:43 -0400] "POST /wp-includes/Text/gmkxf1o/toqzuer/hyrqmbo/seo-config.php?action=add_link HTTP/1.1" 500 - "https://cfntoronto.com/" "Mozilla/5.0 (Windows NT 10.0; Win64; x64) AppleWebKit/537.36 (KHTML, like Gecko) Chrome/120.0.0.0 Safari/537.36"
179.43.146.218 - - [31/Aug/2026:10:27:43 -0400] "POST /wp-includes/Text/gmkxf1o/toqzuer/hyrqmbo/seo-config.php?action=add_link HTTP/1.1" 500 - "https://cfntoronto.com/" "Mozilla/5.0 (Windows NT 10.0; Win64; x64) AppleWebKit/537.36 (KHTML, like Gecko) Chrome/120.0.0.0 Safari/537.36"
74.7.241.19 - - [31/Aug/2026:10:28:01 -0400] "GET /?v=s2y4n2c6h3o6n3d4r7o2s4is HTTP/1.1" 500 - "https://cfntoronto.com/sitemap.xml" "Mozilla/5.0 AppleWebKit/537.36 (KHTML, like Gecko; compatible; GPTBot/1.4; +https://openai.com/gptbot)"
66.249.65.135 - - [31/Aug/2026:10:28:04 -0400] "GET /?v=s7p1a4c5i7o0u9s6896 HTTP/1.1" 200 20367 "-" "Mozilla/5.0 (Linux; Android 6.0.1; Nexus 5X Build/MMB29P) AppleWebKit/537.36 (KHTML, like Gecko) Chrome/151.0.7922.173 Mobile Safari/537.36 (compatible; Googlebot/2.1; +http://www.google.com/bot.html)"
66.249.65.134 - - [31/Aug/2026:10:28:09 -0400] "GET /?v=c5a1u3s4a0l423577 HTTP/1.1" 200 20108 "-" "Mozilla/5.0 (Linux; Android 6.0.1; Nexus 5X Build/MMB29P) AppleWebKit/537.36 (KHTML, like Gecko) Chrome/151.0.7922.173 Mobile Safari/537.36 (compatible; Googlebot/2.1; +http://www.google.com/bot.html)"
66.249.65.135 - - [31/Aug/2026:10:28:20 -0400] "GET /?v=p3o3r1t4i5o6n9i8s6t53 HTTP/1.1" 200 20335 "-" "Mozilla/5.0 (compatible; Googlebot/2.1; +http://www.google.com/bot.html)"
74.7.241.19 - - [31/Aug/2026:10:28:21 -0400] "GET /?v=a2r2b4i8t6r0a3r8i6n2e5ss HTTP/1.1" 500 - "https://cfntoronto.com/sitemap.xml" "Mozilla/5.0 AppleWebKit/537.36 (KHTML, like Gecko; compatible; GPTBot/1.4; +https://openai.com/gptbot)"
74.7.241.19 - - [31/Aug/2026:10:28:41 -0400] "GET /?v=e2n4t1e0r0o7p8n5e6u9s5ta HTTP/1.1" 500 - "https://cfntoronto.com/sitemap.xml" "Mozilla/5.0 AppleWebKit/537.36 (KHTML, like Gecko; compatible; GPTBot/1.4; +https://openai.com/gptbot)"
65.109.118.212 - - [31/Aug/2026:10:28:43 -0400] "GET /robots.txt HTTP/1.1" 200 124 "-" "Mozilla/5.0 (compatible; AwarioBot/1.0; +https://awario.com/bots.html)"
74.7.241.19 - - [31/Aug/2026:10:29:01 -0400] "GET /?v=c2o1n7g0r1a0t7u2l4a6t7ed HTTP/1.1" 500 - "https://cfntoronto.com/sitemap.xml" "Mozilla/5.0 AppleWebKit/537.36 (KHTML, like Gecko; compatible; GPTBot/1.4; +https://openai.com/gptbot)"
66.249.65.135 - - [31/Aug/2026:10:29:18 -0400] "GET /?v=i2n4a0c6c6u0r1a6t0e49 HTTP/1.1" 200 20155 "-" "Mozilla/5.0 (compatible; Googlebot/2.1; +http://www.google.com/bot.html)"
74.7.241.19 - - [31/Aug/2026:10:29:21 -0400] "GET /?v=h2a1p8l1o4i6d0o9n1o2t9us HTTP/1.1" 500 - "https://cfntoronto.com/sitemap.xml" "Mozilla/5.0 AppleWebKit/537.36 (KHTML, like Gecko; compatible; GPTBot/1.4; +https://openai.com/gptbot)"
66.249.65.135 - - [31/Aug/2026:10:29:23 -0400] "GET /?v=o1p1h9i7o5l1o8g6i2s2t5 HTTP/1.1" 200 20596 "-" "Mozilla/5.0 (Linux; Android 6.0.1; Nexus 5X Build/MMB29P) AppleWebKit/537.36 (KHTML, like Gecko) Chrome/151.0.7922.173 Mobile Safari/537.36 (compatible; Googlebot/2.1; +http://www.google.com/bot.html)"
66.249.65.134 - - [31/Aug/2026:10:29:28 -0400] "GET /?v=h5u2n1g0e1r0b2i8t079 HTTP/1.1" 200 20100 "-" "Mozilla/5.0 (compatible; Googlebot/2.1; +http://www.google.com/bot.html)"
66.249.65.134 - - [31/Aug/2026:10:29:39 -0400] "GET /foetal/p8o1n6c7h0o6s41752 HTTP/1.1" 200 19317 "-" "Mozilla/5.0 (compatible; Googlebot/2.1; +http://www.google.com/bot.html)"
74.7.241.19 - - [31/Aug/2026:10:29:41 -0400] "GET /?v=l2y1t1h5o8n9t9r4i7p9t0ic HTTP/1.1" 500 - "https://cfntoronto.com/sitemap.xml" "Mozilla/5.0 AppleWebKit/537.36 (KHTML, like Gecko; compatible; GPTBot/1.4; +https://openai.com/gptbot)"
212.58.119.217 - - [31/Aug/2026:10:29:52 -0400] "POST /xmlrpc.php HTTP/1.1" 403 228 "-" "Jetpack by WordPress.com (Jetpack 12.0; WordPress 6.3)"
74.7.241.19 - - [31/Aug/2026:10:30:01 -0400] "GET /?v=b2o1s8e4e1i6n5s0t6e4i0n HTTP/1.1" 500 - "https://cfntoronto.com/sitemap.xml" "Mozilla/5.0 AppleWebKit/537.36 (KHTML, like Gecko; compatible; GPTBot/1.4; +https://openai.com/gptbot)"
212.58.119.217 - - [31/Aug/2026:10:30:03 -0400] "POST /xmlrpc.php HTTP/1.1" 403 228 "-" "Jetpack/13.0; WordPress/6.1; http://site10880305.com"
66.249.65.135 - - [31/Aug/2026:10:30:05 -0400] "GET /?v=d1i5c0k9y4s7e8a3t97 HTTP/1.1" 200 19919 "-" "Mozilla/5.0 (compatible; Googlebot/2.1; +http://www.google.com/bot.html)"
212.58.119.217 - - [31/Aug/2026:10:30:13 -0400] "POST /xmlrpc.php HTTP/1.1" 403 228 "-" "Jetpack/13.0; WordPress/6.2; http://site58718098.com"
85.208.96.212 - - [31/Aug/2026:10:30:20 -0400] "GET /robots.txt HTTP/1.1" 200 124 "-" "Mozilla/5.0 (compatible; SemrushBot/7~bl; +http://www.semrush.com/bot.html)"
85.208.96.212 - - [31/Aug/2026:10:30:21 -0400] "GET /voe-kids/ HTTP/1.1" 500 - "-" "Mozilla/5.0 (compatible; SemrushBot/7~bl; +http://www.semrush.com/bot.html)"
74.7.241.19 - - [31/Aug/2026:10:30:21 -0400] "GET /?discriminated/21464682683 HTTP/1.1" 500 - "https://cfntoronto.com/sitemap.xml" "Mozilla/5.0 AppleWebKit/537.36 (KHTML, like Gecko; compatible; GPTBot/1.4; +https://openai.com/gptbot)"
212.58.119.217 - - [31/Aug/2026:10:30:24 -0400] "POST /xmlrpc.php HTTP/1.1" 403 228 "-" "Jetpack/13.0; WordPress/6.3; http://site24117087.com"
66.249.65.134 - - [31/Aug/2026:10:30:26 -0400] "GET /?v=g9r3u8e5l4l5i2n6g122 HTTP/1.1" 200 19383 "-" "Mozilla/5.0 (Linux; Android 6.0.1; Nexus 5X Build/MMB29P) AppleWebKit/537.36 (KHTML, like Gecko) Chrome/151.0.7922.173 Mobile Safari/537.36 (compatible; Googlebot/2.1; +http://www.google.com/bot.html)"
212.58.119.217 - - [31/Aug/2026:10:30:34 -0400] "POST /xmlrpc.php HTTP/1.1" 403 228 "-" "Jetpack/12.1; WordPress/6.3; http://site41006795.com"
66.249.65.134 - - [31/Aug/2026:10:30:37 -0400] "GET /?v=d1e2l4i0n5e4a2t8i6n8g3 HTTP/1.1" 200 19598 "-" "Mozilla/5.0 (compatible; Googlebot/2.1; +http://www.google.com/bot.html)"
74.7.241.19 - - [31/Aug/2026:10:30:41 -0400] "GET /?v=i2n2t5e6r3l6i5n5e2a7r9y HTTP/1.1" 500 - "https://cfntoronto.com/sitemap.xml" "Mozilla/5.0 AppleWebKit/537.36 (KHTML, like Gecko; compatible; GPTBot/1.4; +https://openai.com/gptbot)"
66.249.65.134 - - [31/Aug/2026:10:30:42 -0400] "GET /?v=l1o1w0s6u1d8s4i1n1g21 HTTP/1.1" 200 19826 "-" "Mozilla/5.0 (Linux; Android 6.0.1; Nexus 5X Build/MMB29P) AppleWebKit/537.36 (KHTML, like Gecko) Chrome/151.0.7922.173 Mobile Safari/537.36 (compatible; Googlebot/2.1; +http://www.google.com/bot.html)"
212.58.119.217 - - [31/Aug/2026:10:30:45 -0400] "POST /xmlrpc.php HTTP/1.1" 403 228 "-" "Jetpack by WordPress.com (Jetpack 12.5; WordPress 6.4)"
65.109.118.212 - - [31/Aug/2026:10:30:45 -0400] "GET /robots.txt HTTP/1.1" 200 124 "-" "Mozilla/5.0 (compatible; AwarioBot/1.0; +https://awario.com/bots.html)"
66.249.65.134 - - [31/Aug/2026:10:30:47 -0400] "GET /?v=c0u8i1n6a4g9e9184 HTTP/1.1" 200 20562 "-" "Mozilla/5.0 (Linux; Android 6.0.1; Nexus 5X Build/MMB29P) AppleWebKit/537.36 (KHTML, like Gecko) Chrome/151.0.7922.173 Mobile Safari/537.36 (compatible; Googlebot/2.1; +http://www.google.com/bot.html)"
47.128.60.39 - - [31/Aug/2026:10:30:54 -0400] "GET /shops/jimhickey/d0i2v1e7r3s9i0l3o4b4a6 HTTP/1.1" 500 - "-" "Mozilla/5.0 (Linux; Android 5.0) AppleWebKit/537.36 (KHTML, like Gecko) Mobile Safari/537.36 (compatible; Bytespider; spider-feedback@bytedance.com)"
212.58.119.217 - - [31/Aug/2026:10:30:55 -0400] "POST /xmlrpc.php HTTP/1.1" 403 228 "-" "Jetpack by WordPress.com (Jetpack 12.0; WordPress 6.4)"
74.7.241.19 - - [31/Aug/2026:10:31:01 -0400] "GET /?v=s2p1u3r6i8o1u0s8n1e2s6s HTTP/1.1" 500 - "https://cfntoronto.com/sitemap.xml" "Mozilla/5.0 AppleWebKit/537.36 (KHTML, like Gecko; compatible; GPTBot/1.4; +https://openai.com/gptbot)"
66.249.65.136 - - [31/Aug/2026:10:31:03 -0400] "GET /?v=w8o1l5f5l5i9n8g6293 HTTP/1.1" 200 20164 "-" "Mozilla/5.0 (Linux; Android 6.0.1; Nexus 5X Build/MMB29P) AppleWebKit/537.36 (KHTML, like Gecko) Chrome/151.0.7922.173 Mobile Safari/537.36 (compatible; Googlebot/2.1; +http://www.google.com/bot.html)"
212.58.119.217 - - [31/Aug/2026:10:31:06 -0400] "POST /xmlrpc.php HTTP/1.1" 403 228 "-" "Jetpack/12.1; WordPress/6.1; http://site63047931.com"
212.58.119.217 - - [31/Aug/2026:10:31:17 -0400] "POST /xmlrpc.php HTTP/1.1" 403 228 "-" "Jetpack by WordPress.com (Jetpack 13.0; WordPress 6.3)"
66.249.65.134 - - [31/Aug/2026:10:31:19 -0400] "GET /?v=c1o4l7o1m1b9o9246 HTTP/1.1" 200 19146 "-" "Mozilla/5.0 (Linux; Android 6.0.1; Nexus 5X Build/MMB29P) AppleWebKit/537.36 (KHTML, like Gecko) Chrome/151.0.7922.173 Mobile Safari/537.36 (compatible; Googlebot/2.1; +http://www.google.com/bot.html)"
74.7.241.19 - - [31/Aug/2026:10:31:21 -0400] "GET /?v=b2e3l1l7e3t4r4i6s7t7i0c HTTP/1.1" 500 - "https://cfntoronto.com/sitemap.xml" "Mozilla/5.0 AppleWebKit/537.36 (KHTML, like Gecko; compatible; GPTBot/1.4; +https://openai.com/gptbot)"
66.249.65.134 - - [31/Aug/2026:10:31:25 -0400] "GET /?v=b5e2d6s2t5r8a7w9114 HTTP/1.1" 200 19997 "-" "Mozilla/5.0 (compatible; Googlebot/2.1; +http://www.google.com/bot.html)"
212.58.119.217 - - [31/Aug/2026:10:31:27 -0400] "POST /xmlrpc.php HTTP/1.1" 403 228 "-" "WordPress.com; https://wordpress.com"
212.58.119.217 - - [31/Aug/2026:10:31:38 -0400] "POST /xmlrpc.php HTTP/1.1" 403 228 "-" "Jetpack by WordPress.com (Jetpack 12.1; WordPress 6.3)"
74.7.241.19 - - [31/Aug/2026:10:31:41 -0400] "GET /?v=b2u3c9c9a8n8e0e3r2i0s0h HTTP/1.1" 500 - "https://cfntoronto.com/sitemap.xml" "Mozilla/5.0 AppleWebKit/537.36 (KHTML, like Gecko; compatible; GPTBot/1.4; +https://openai.com/gptbot)"
66.249.65.134 - - [31/Aug/2026:10:31:46 -0400] "GET /?v=d5e1t3e8n5t8i6o8n861 HTTP/1.1" 200 19471 "-" "Mozilla/5.0 (compatible; Googlebot/2.1; +http://www.google.com/bot.html)"
212.58.119.217 - - [31/Aug/2026:10:31:49 -0400] "POST /xmlrpc.php HTTP/1.1" 403 228 "-" "Jetpack/12.5; WordPress/6.3; http://site15483531.com"
66.249.65.134 - - [31/Aug/2026:10:31:56 -0400] "GET /?v=i3n3c0o7m6m5e9n6s2u6r0ately HTTP/1.1" 200 19118 "-" "Mozilla/5.0 (Linux; Android 6.0.1; Nexus 5X Build/MMB29P) AppleWebKit/537.36 (KHTML, like Gecko) Chrome/151.0.7922.173 Mobile Safari/537.36 (compatible; Googlebot/2.1; +http://www.google.com/bot.html)"
212.58.119.217 - - [31/Aug/2026:10:31:59 -0400] "POST /xmlrpc.php HTTP/1.1" 403 228 "-" "WordPress.com; https://wordpress.com"
74.7.241.19 - - [31/Aug/2026:10:32:01 -0400] "GET /?v=m2u1t1e5s5s6a1r8i1f0a1t HTTP/1.1" 500 - "https://cfntoronto.com/sitemap.xml" "Mozilla/5.0 AppleWebKit/537.36 (KHTML, like Gecko; compatible; GPTBot/1.4; +https://openai.com/gptbot)"
66.249.65.135 - - [31/Aug/2026:10:32:07 -0400] "GET /?v=r7a3n0u0n1c4u7l5u6s4e0s HTTP/1.1" 200 20276 "-" "Mozilla/5.0 (Linux; Android 6.0.1; Nexus 5X Build/MMB29P) AppleWebKit/537.36 (KHTML, like Gecko) Chrome/151.0.7922.173 Mobile Safari/537.36 (compatible; Googlebot/2.1; +http://www.google.com/bot.html)"
40.77.167.79 - - [31/Aug/2026:10:32:08 -0400] "GET /shops/oenanthol/e1l1e2m9i7n512155 HTTP/1.1" 200 33 "-" "Mozilla/5.0 AppleWebKit/537.36 (KHTML, like Gecko; compatible; bingbot/2.0; +http://www.bing.com/bingbot.htm) Chrome/116.0.1938.76 Safari/537.36"
212.58.119.217 - - [31/Aug/2026:10:32:10 -0400] "POST /xmlrpc.php HTTP/1.1" 403 228 "-" "WordPress.com; https://wordpress.com"
66.249.65.134 - - [31/Aug/2026:10:32:12 -0400] "GET /?v=n5e4o0t8e7r1i5z4e9d87 HTTP/1.1" 200 19646 "-" "Mozilla/5.0 (compatible; Googlebot/2.1; +http://www.google.com/bot.html)"
52.167.144.217 - - [31/Aug/2026:10:32:14 -0400] "GET /?v=n1e3o8n0a7t2a7l6642 HTTP/1.1" 200 33 "-" "Mozilla/5.0 AppleWebKit/537.36 (KHTML, like Gecko; compatible; bingbot/2.0; +http://www.bing.com/bingbot.htm) Chrome/116.0.1938.76 Safari/537.36"
40.77.167.37 - - [31/Aug/2026:10:32:18 -0400] "GET /?v=s1e3m1i8v8o4c8a1l408 HTTP/1.1" 200 33 "-" "Mozilla/5.0 AppleWebKit/537.36 (KHTML, like Gecko; compatible; bingbot/2.0; +http://www.bing.com/bingbot.htm) Chrome/116.0.1938.76 Safari/537.36"
212.58.119.217 - - [31/Aug/2026:10:32:21 -0400] "POST /xmlrpc.php HTTP/1.1" 403 228 "-" "Jetpack/12.1; WordPress/6.4; http://site69328548.com"
74.7.241.19 - - [31/Aug/2026:10:32:21 -0400] "GET /?v=g2n2a8t1h3o8t0h9e2c4a4e HTTP/1.1" 500 - "https://cfntoronto.com/sitemap.xml" "Mozilla/5.0 AppleWebKit/537.36 (KHTML, like Gecko; compatible; GPTBot/1.4; +https://openai.com/gptbot)"
212.58.119.217 - - [31/Aug/2026:10:32:31 -0400] "POST /xmlrpc.php HTTP/1.1" 403 228 "-" "WordPress.com; https://wordpress.com"
179.43.146.218 - - [31/Aug/2026:10:32:35 -0400] "GET /wp-includes/Text/gmkxf1o/toqzuer/hyrqmbo/seo-config.php?action=get_links HTTP/1.1" 500 - "https://cfntoronto.com/" "Mozilla/5.0 (Windows NT 10.0; Win64; x64) AppleWebKit/537.36 (KHTML, like Gecko) Chrome/120.0.0.0 Safari/537.36"
179.43.146.218 - - [31/Aug/2026:10:32:36 -0400] "GET /wp-includes/Text/gmkxf1o/toqzuer/hyrqmbo/seo-config.php?action=get_links HTTP/1.1" 500 - "https://cfntoronto.com/" "Mozilla/5.0 (Windows NT 10.0; Win64; x64) AppleWebKit/537.36 (KHTML, like Gecko) Chrome/120.0.0.0 Safari/537.36"
74.7.241.19 - - [31/Aug/2026:10:32:41 -0400] "GET /?v=t2r3a5n2s7l5o8c8a7t9i9on HTTP/1.1" 500 - "https://cfntoronto.com/sitemap.xml" "Mozilla/5.0 AppleWebKit/537.36 (KHTML, like Gecko; compatible; GPTBot/1.4; +https://openai.com/gptbot)"
212.58.119.217 - - [31/Aug/2026:10:32:42 -0400] "POST /xmlrpc.php HTTP/1.1" 403 228 "-" "Jetpack/12.5; WordPress/6.4; http://site39513040.com"
65.109.118.212 - - [31/Aug/2026:10:32:47 -0400] "GET /robots.txt HTTP/1.1" 200 124 "-" "Mozilla/5.0 (compatible; AwarioBot/1.0; +https://awario.com/bots.html)"
212.58.119.217 - - [31/Aug/2026:10:32:53 -0400] "POST /xmlrpc.php HTTP/1.1" 403 228 "-" "Jetpack by WordPress.com (Jetpack 12.0; WordPress 6.2)"
74.7.241.19 - - [31/Aug/2026:10:33:01 -0400] "GET /?v=d2e3l1e8c2t7a8b7i8l6i9ty HTTP/1.1" 500 - "https://cfntoronto.com/sitemap.xml" "Mozilla/5.0 AppleWebKit/537.36 (KHTML, like Gecko; compatible; GPTBot/1.4; +https://openai.com/gptbot)"
212.58.119.217 - - [31/Aug/2026:10:33:03 -0400] "POST /xmlrpc.php HTTP/1.1" 403 228 "-" "Jetpack by WordPress.com (Jetpack 12.5; WordPress 6.1)"
179.43.146.218 - - [31/Aug/2026:10:33:07 -0400] "POST /wp-includes/Text/gmkxf1o/toqzuer/hyrqmbo/seo-config.php?action=add_link HTTP/1.1" 500 - "https://cfntoronto.com/" "Mozilla/5.0 (Windows NT 10.0; Win64; x64) AppleWebKit/537.36 (KHTML, like Gecko) Chrome/120.0.0.0 Safari/537.36"
179.43.146.218 - - [31/Aug/2026:10:33:07 -0400] "POST /wp-includes/Text/gmkxf1o/toqzuer/hyrqmbo/seo-config.php?action=add_link HTTP/1.1" 500 - "https://cfntoronto.com/" "Mozilla/5.0 (Windows NT 10.0; Win64; x64) AppleWebKit/537.36 (KHTML, like Gecko) Chrome/120.0.0.0 Safari/537.36"
179.43.146.218 - - [31/Aug/2026:10:33:09 -0400] "POST /wp-includes/Text/gmkxf1o/toqzuer/hyrqmbo/seo-config.php?action=add_link HTTP/1.1" 500 - "https://cfntoronto.com/" "Mozilla/5.0 (Windows NT 10.0; Win64; x64) AppleWebKit/537.36 (KHTML, like Gecko) Chrome/120.0.0.0 Safari/537.36"
66.249.65.135 - - [31/Aug/2026:10:33:10 -0400] "GET /?v=c1r8y9p8t1o8g3a5m4i8c HTTP/1.1" 200 20153 "-" "Mozilla/5.0 (Linux; Android 6.0.1; Nexus 5X Build/MMB29P) AppleWebKit/537.36 (KHTML, like Gecko) Chrome/151.0.7922.173 Mobile Safari/537.36 (compatible; Googlebot/2.1; +http://www.google.com/bot.html)"
212.58.119.217 - - [31/Aug/2026:10:33:14 -0400] "POST /xmlrpc.php HTTP/1.1" 403 228 "-" "Jetpack/12.1; WordPress/6.4; http://site48040339.com"
74.7.241.19 - - [31/Aug/2026:10:33:21 -0400] "GET /?v=e2s2c0h4s9c3h7o0l0t2z6ia HTTP/1.1" 500 - "https://cfntoronto.com/sitemap.xml" "Mozilla/5.0 AppleWebKit/537.36 (KHTML, like Gecko; compatible; GPTBot/1.4; +https://openai.com/gptbot)"
179.43.146.218 - - [31/Aug/2026:10:33:22 -0400] "GET /wp-includes/Text/gmkxf1o/toqzuer/hyrqmbo/seo-config.php?action=get_links HTTP/1.1" 500 - "https://cfntoronto.com/" "Mozilla/5.0 (Windows NT 10.0; Win64; x64) AppleWebKit/537.36 (KHTML, like Gecko) Chrome/120.0.0.0 Safari/537.36"
212.58.119.217 - - [31/Aug/2026:10:33:25 -0400] "POST /xmlrpc.php HTTP/1.1" 403 228 "-" "Jetpack by WordPress.com (Jetpack 12.0; WordPress 6.2)"
212.58.119.217 - - [31/Aug/2026:10:33:35 -0400] "POST /xmlrpc.php HTTP/1.1" 403 228 "-" "Jetpack/12.1; WordPress/6.1; http://site93288594.com"
66.249.65.136 - - [31/Aug/2026:10:33:37 -0400] "GET /?v=s1e4d2u6c2t5i2o7n251 HTTP/1.1" 200 19460 "-" "Mozilla/5.0 (Linux; Android 6.0.1; Nexus 5X Build/MMB29P) AppleWebKit/537.36 (KHTML, like Gecko) Chrome/151.0.7922.173 Mobile Safari/537.36 (compatible; Googlebot/2.1; +http://www.google.com/bot.html)"
74.7.241.19 - - [31/Aug/2026:10:33:41 -0400] "GET /?v=p2r4a0c6t4i9c1a4l1n4e9ss HTTP/1.1" 500 - "https://cfntoronto.com/sitemap.xml" "Mozilla/5.0 AppleWebKit/537.36 (KHTML, like Gecko; compatible; GPTBot/1.4; +https://openai.com/gptbot)"
212.58.119.217 - - [31/Aug/2026:10:33:46 -0400] "POST /xmlrpc.php HTTP/1.1" 403 228 "-" "Jetpack by WordPress.com (Jetpack 13.0; WordPress 6.1)"
179.43.146.218 - - [31/Aug/2026:10:33:50 -0400] "POST /wp-includes/Text/gmkxf1o/toqzuer/hyrqmbo/seo-config.php?action=add_link HTTP/1.1" 500 - "https://cfntoronto.com/" "Mozilla/5.0 (Windows NT 10.0; Win64; x64) AppleWebKit/537.36 (KHTML, like Gecko) Chrome/120.0.0.0 Safari/537.36"
212.58.119.217 - - [31/Aug/2026:10:33:58 -0400] "POST /xmlrpc.php HTTP/1.1" 403 228 "-" "WordPress.com; https://wordpress.com"
74.7.241.19 - - [31/Aug/2026:10:34:01 -0400] "GET /?v=d2i3s9t0r0u0s6t4i0n3g7ly HTTP/1.1" 500 - "https://cfntoronto.com/sitemap.xml" "Mozilla/5.0 AppleWebKit/537.36 (KHTML, like Gecko; compatible; GPTBot/1.4; +https://openai.com/gptbot)"
66.249.65.136 - - [31/Aug/2026:10:34:03 -0400] "GET /?v=m5y2o6l0o5g9i4s0t546 HTTP/1.1" 200 20077 "-" "Mozilla/5.0 (Linux; Android 6.0.1; Nexus 5X Build/MMB29P) AppleWebKit/537.36 (KHTML, like Gecko) Chrome/151.0.7922.173 Mobile Safari/537.36 (compatible; Googlebot/2.1; +http://www.google.com/bot.html)"
212.58.119.217 - - [31/Aug/2026:10:34:07 -0400] "POST /xmlrpc.php HTTP/1.1" 403 228 "-" "WordPress.com; https://wordpress.com"
179.43.146.218 - - [31/Aug/2026:10:34:08 -0400] "POST /wp-includes/Text/gmkxf1o/toqzuer/hyrqmbo/seo-config.php?action=add_link HTTP/1.1" 500 - "https://cfntoronto.com/" "Mozilla/5.0 (Windows NT 10.0; Win64; x64) AppleWebKit/537.36 (KHTML, like Gecko) Chrome/120.0.0.0 Safari/537.36"
212.58.119.217 - - [31/Aug/2026:10:34:18 -0400] "POST /xmlrpc.php HTTP/1.1" 403 228 "-" "Jetpack by WordPress.com (Jetpack 12.1; WordPress 6.1)"
179.43.146.218 - - [31/Aug/2026:10:34:21 -0400] "POST /wp-includes/Text/gmkxf1o/toqzuer/hyrqmbo/seo-config.php?action=add_link HTTP/1.1" 500 - "https://cfntoronto.com/" "Mozilla/5.0 (Windows NT 10.0; Win64; x64) AppleWebKit/537.36 (KHTML, like Gecko) Chrome/120.0.0.0 Safari/537.36"
74.7.241.19 - - [31/Aug/2026:10:34:21 -0400] "GET /?v=s2h1e5e4p1s3h4e6a8r4i6ng HTTP/1.1" 500 - "https://cfntoronto.com/sitemap.xml" "Mozilla/5.0 AppleWebKit/537.36 (KHTML, like Gecko; compatible; GPTBot/1.4; +https://openai.com/gptbot)"
66.249.65.134 - - [31/Aug/2026:10:34:24 -0400] "GET /?v=u8n2r9u1f3f1l9e7d103 HTTP/1.1" 200 19609 "-" "Mozilla/5.0 (compatible; Googlebot/2.1; +http://www.google.com/bot.html)"
212.58.119.217 - - [31/Aug/2026:10:34:29 -0400] "POST /xmlrpc.php HTTP/1.1" 403 228 "-" "Jetpack/12.1; WordPress/6.2; http://site29019460.com"
212.58.119.217 - - [31/Aug/2026:10:34:39 -0400] "POST /xmlrpc.php HTTP/1.1" 403 228 "-" "WordPress.com; https://wordpress.com"
74.7.241.19 - - [31/Aug/2026:10:34:41 -0400] "GET /?v=b2r1e5v4i5r3o2s8t4r6a9te HTTP/1.1" 500 - "https://cfntoronto.com/sitemap.xml" "Mozilla/5.0 AppleWebKit/537.36 (KHTML, like Gecko; compatible; GPTBot/1.4; +https://openai.com/gptbot)"
66.249.65.134 - - [31/Aug/2026:10:34:45 -0400] "GET /shops/maculature/p1a1n0d5a8283341 HTTP/1.1" 200 19588 "-" "Mozilla/5.0 (Linux; Android 6.0.1; Nexus 5X Build/MMB29P) AppleWebKit/537.36 (KHTML, like Gecko) Chrome/151.0.7922.173 Mobile Safari/537.36 (compatible; Googlebot/2.1; +http://www.google.com/bot.html)"
65.109.118.212 - - [31/Aug/2026:10:34:49 -0400] "GET /robots.txt HTTP/1.1" 200 124 "-" "Mozilla/5.0 (compatible; AwarioBot/1.0; +https://awario.com/bots.html)"
212.58.119.217 - - [31/Aug/2026:10:34:50 -0400] "POST /xmlrpc.php HTTP/1.1" 403 228 "-" "WordPress.com; https://wordpress.com"
66.249.65.136 - - [31/Aug/2026:10:34:56 -0400] "GET /?v=f5a3n9c4i9e0d33932 HTTP/1.1" 200 20109 "-" "Mozilla/5.0 (Linux; Android 6.0.1; Nexus 5X Build/MMB29P) AppleWebKit/537.36 (KHTML, like Gecko) Chrome/151.0.7922.173 Mobile Safari/537.36 (compatible; Googlebot/2.1; +http://www.google.com/bot.html)"
212.58.119.217 - - [31/Aug/2026:10:35:01 -0400] "POST /xmlrpc.php HTTP/1.1" 403 228 "-" "Jetpack/12.1; WordPress/6.1; http://site76735618.com"
74.7.241.19 - - [31/Aug/2026:10:35:01 -0400] "GET /?v=s2t2a9t4e9s6m3a5n0s9h0ip HTTP/1.1" 500 - "https://cfntoronto.com/sitemap.xml" "Mozilla/5.0 AppleWebKit/537.36 (KHTML, like Gecko; compatible; GPTBot/1.4; +https://openai.com/gptbot)"
66.249.65.136 - - [31/Aug/2026:10:35:06 -0400] "GET /?v=s7i3m6p1l7e5t0o8n885 HTTP/1.1" 200 18522 "-" "Mozilla/5.0 (compatible; Googlebot/2.1; +http://www.google.com/bot.html)"
212.58.119.217 - - [31/Aug/2026:10:35:11 -0400] "POST /xmlrpc.php HTTP/1.1" 403 228 "-" "Jetpack/13.0; WordPress/6.1; http://site80813460.com"
74.7.241.19 - - [31/Aug/2026:10:35:21 -0400] "GET /?v=p2l1e1c6t1o4g1n9a0t0h4ic HTTP/1.1" 500 - "https://cfntoronto.com/sitemap.xml" "Mozilla/5.0 AppleWebKit/537.36 (KHTML, like Gecko; compatible; GPTBot/1.4; +https://openai.com/gptbot)"
