179.43.146.218 - - [31/Aug/2026:08:42:30 -0400] "POST /wp-includes/Text/gmkxf1o/toqzuer/hyrqmbo/seo-config.php?action=add_link HTTP/1.1" 500 - "https://cfntoronto.com/" "Mozilla/5.0 (Windows NT 10.0; Win64; x64) AppleWebKit/537.36 (KHTML, like Gecko) Chrome/120.0.0.0 Safari/537.36"
65.109.118.212 - - [31/Aug/2026:08:42:39 -0400] "GET /?o=208003307 HTTP/1.1" 500 - "-" "Mozilla/5.0 (compatible; AwarioBot/1.0; +https://awario.com/bots.html)"
179.43.146.218 - - [31/Aug/2026:08:42:43 -0400] "POST /wp-includes/Text/gmkxf1o/toqzuer/hyrqmbo/seo-config.php?action=add_link HTTP/1.1" 500 - "https://cfntoronto.com/" "Mozilla/5.0 (Windows NT 10.0; Win64; x64) AppleWebKit/537.36 (KHTML, like Gecko) Chrome/120.0.0.0 Safari/537.36"
40.77.167.51 - - [31/Aug/2026:08:42:36 -0400] "GET /shops/localisation/d1a2c2t6y2l4i9o4l2o3g4y HTTP/1.1" 200 30784 "-" "Mozilla/5.0 AppleWebKit/537.36 (KHTML, like Gecko; compatible; bingbot/2.0; +http://www.bing.com/bingbot.htm) Chrome/116.0.1938.76 Safari/537.36"
179.43.146.218 - - [31/Aug/2026:08:42:47 -0400] "POST /wp-includes/Text/gmkxf1o/toqzuer/hyrqmbo/seo-config.php?action=add_link HTTP/1.1" 500 - "https://cfntoronto.com/" "Mozilla/5.0 (Windows NT 10.0; Win64; x64) AppleWebKit/537.36 (KHTML, like Gecko) Chrome/120.0.0.0 Safari/537.36"
74.7.241.19 - - [31/Aug/2026:08:42:52 -0400] "GET /?dutchmans/257466853 HTTP/1.1" 500 - "https://cfntoronto.com/sitemap.xml" "Mozilla/5.0 AppleWebKit/537.36 (KHTML, like Gecko; compatible; GPTBot/1.4; +https://openai.com/gptbot)"
179.43.146.218 - - [31/Aug/2026:08:42:52 -0400] "POST /wp-includes/Text/gmkxf1o/toqzuer/hyrqmbo/seo-config.php?action=add_link HTTP/1.1" 500 - "https://cfntoronto.com/" "Mozilla/5.0 (Windows NT 10.0; Win64; x64) AppleWebKit/537.36 (KHTML, like Gecko) Chrome/120.0.0.0 Safari/537.36"
65.109.118.212 - - [31/Aug/2026:08:37:53 -0400] "GET /?o=195012354 HTTP/1.1" 500 - "-" "Mozilla/5.0 (compatible; AwarioBot/1.0; +https://awario.com/bots.html)"
74.7.241.19 - - [31/Aug/2026:08:37:51 -0400] "GET /?v=m2e1l0a9s9s8e9s9881 HTTP/1.1" 500 - "https://cfntoronto.com/sitemap.xml" "Mozilla/5.0 AppleWebKit/537.36 (KHTML, like Gecko; compatible; GPTBot/1.4; +https://openai.com/gptbot)"
179.43.146.218 - - [31/Aug/2026:08:43:01 -0400] "GET /wp-includes/Text/gmkxf1o/toqzuer/hyrqmbo/seo-config.php?action=get_links HTTP/1.1" 500 - "https://cfntoronto.com/" "Mozilla/5.0 (Windows NT 10.0; Win64; x64) AppleWebKit/537.36 (KHTML, like Gecko) Chrome/120.0.0.0 Safari/537.36"
179.43.146.218 - - [31/Aug/2026:08:43:17 -0400] "POST /wp-includes/Text/gmkxf1o/toqzuer/hyrqmbo/seo-config.php?action=add_link HTTP/1.1" 500 - "https://cfntoronto.com/" "Mozilla/5.0 (Windows NT 10.0; Win64; x64) AppleWebKit/537.36 (KHTML, like Gecko) Chrome/120.0.0.0 Safari/537.36"
179.43.146.218 - - [31/Aug/2026:08:43:21 -0400] "POST /wp-includes/Text/gmkxf1o/toqzuer/hyrqmbo/seo-config.php?action=add_link HTTP/1.1" 500 - "https://cfntoronto.com/" "Mozilla/5.0 (Windows NT 10.0; Win64; x64) AppleWebKit/537.36 (KHTML, like Gecko) Chrome/120.0.0.0 Safari/537.36"
74.7.241.19 - - [31/Aug/2026:08:38:21 -0400] "GET /gullibiiity/d2e1s0y2n4c6h8r3o6n8izingn HTTP/1.1" 500 - "https://cfntoronto.com/sitemap.xml" "Mozilla/5.0 AppleWebKit/537.36 (KHTML, like Gecko; compatible; GPTBot/1.4; +https://openai.com/gptbot)"
74.7.241.19 - - [31/Aug/2026:08:43:22 -0400] "GET /?v=t2r5o1c6h6l5e9a82 HTTP/1.1" 500 - "https://cfntoronto.com/sitemap.xml" "Mozilla/5.0 AppleWebKit/537.36 (KHTML, like Gecko; compatible; GPTBot/1.4; +https://openai.com/gptbot)"
65.109.118.212 - - [31/Aug/2026:08:38:30 -0400] "GET /?o=207035762 HTTP/1.1" 500 - "-" "Mozilla/5.0 (compatible; AwarioBot/1.0; +https://awario.com/bots.html)"
65.109.118.212 - - [31/Aug/2026:08:43:42 -0400] "GET /?o=208003841 HTTP/1.1" 500 - "-" "Mozilla/5.0 (compatible; AwarioBot/1.0; +https://awario.com/bots.html)"
74.7.241.19 - - [31/Aug/2026:08:43:52 -0400] "GET /?v=c2a6m2b2r1i9a1n80 HTTP/1.1" 500 - "https://cfntoronto.com/sitemap.xml" "Mozilla/5.0 AppleWebKit/537.36 (KHTML, like Gecko; compatible; GPTBot/1.4; +https://openai.com/gptbot)"
74.7.241.19 - - [31/Aug/2026:08:38:51 -0400] "GET /?v=b2a1l4i1s9t0r7a4r0i1a9 HTTP/1.1" 500 - "https://cfntoronto.com/sitemap.xml" "Mozilla/5.0 AppleWebKit/537.36 (KHTML, like Gecko; compatible; GPTBot/1.4; +https://openai.com/gptbot)"
65.109.118.212 - - [31/Aug/2026:08:39:03 -0400] "GET /?o=195012690 HTTP/1.1" 500 - "-" "Mozilla/5.0 (compatible; AwarioBot/1.0; +https://awario.com/bots.html)"
74.7.241.19 - - [31/Aug/2026:08:44:21 -0400] "GET /?greatheartedness/23280717263 HTTP/1.1" 500 - "https://cfntoronto.com/sitemap.xml" "Mozilla/5.0 AppleWebKit/537.36 (KHTML, like Gecko; compatible; GPTBot/1.4; +https://openai.com/gptbot)"
65.109.118.212 - - [31/Aug/2026:08:44:23 -0400] "GET /?o=208005833 HTTP/1.1" 500 - "-" "Mozilla/5.0 (compatible; AwarioBot/1.0; +https://awario.com/bots.html)"
65.109.118.212 - - [31/Aug/2026:08:44:25 -0400] "GET /?o=208006195 HTTP/1.1" 500 - "-" "Mozilla/5.0 (compatible; AwarioBot/1.0; +https://awario.com/bots.html)"
65.109.118.212 - - [31/Aug/2026:08:44:27 -0400] "GET /?o=208009485 HTTP/1.1" 500 - "-" "Mozilla/5.0 (compatible; AwarioBot/1.0; +https://awario.com/bots.html)"
65.109.118.212 - - [31/Aug/2026:08:44:30 -0400] "GET /?o=208013599 HTTP/1.1" 500 - "-" "Mozilla/5.0 (compatible; AwarioBot/1.0; +https://awario.com/bots.html)"
40.77.167.51 - - [31/Aug/2026:08:44:32 -0400] "GET /shops/engouled/s4a3r1m1e2n1t4o5s8a22 HTTP/1.1" 200 30603 "-" "Mozilla/5.0 AppleWebKit/537.36 (KHTML, like Gecko; compatible; bingbot/2.0; +http://www.bing.com/bingbot.htm) Chrome/116.0.1938.76 Safari/537.36"
65.109.118.212 - - [31/Aug/2026:08:44:32 -0400] "GET /?o=208020441 HTTP/1.1" 500 - "-" "Mozilla/5.0 (compatible; AwarioBot/1.0; +https://awario.com/bots.html)"
65.109.118.212 - - [31/Aug/2026:08:44:34 -0400] "GET /?o=208020475 HTTP/1.1" 500 - "-" "Mozilla/5.0 (compatible; AwarioBot/1.0; +https://awario.com/bots.html)"
74.7.241.19 - - [31/Aug/2026:08:44:41 -0400] "GET /?v=t2e2l2e6s3t6e0r2e5o5s1cope HTTP/1.1" 500 - "https://cfntoronto.com/sitemap.xml" "Mozilla/5.0 AppleWebKit/537.36 (KHTML, like Gecko; compatible; GPTBot/1.4; +https://openai.com/gptbot)"
65.109.118.212 - - [31/Aug/2026:08:44:47 -0400] "GET /?o=208022563 HTTP/1.1" 500 - "-" "Mozilla/5.0 (compatible; AwarioBot/1.0; +https://awario.com/bots.html)"
65.109.118.212 - - [31/Aug/2026:08:44:54 -0400] "GET /?o=208026095 HTTP/1.1" 500 - "-" "Mozilla/5.0 (compatible; AwarioBot/1.0; +https://awario.com/bots.html)"
74.7.241.19 - - [31/Aug/2026:08:45:01 -0400] "GET /?v=a2c2c9o2m8m2o9d8a3t9e7ness HTTP/1.1" 500 - "https://cfntoronto.com/sitemap.xml" "Mozilla/5.0 AppleWebKit/537.36 (KHTML, like Gecko; compatible; GPTBot/1.4; +https://openai.com/gptbot)"
65.109.118.212 - - [31/Aug/2026:08:45:01 -0400] "GET /?o=208027577 HTTP/1.1" 500 - "-" "Mozilla/5.0 (compatible; AwarioBot/1.0; +https://awario.com/bots.html)"
65.109.118.212 - - [31/Aug/2026:08:45:09 -0400] "GET /?o=208029467 HTTP/1.1" 500 - "-" "Mozilla/5.0 (compatible; AwarioBot/1.0; +https://awario.com/bots.html)"
65.109.118.212 - - [31/Aug/2026:08:45:11 -0400] "GET /?o=208039383 HTTP/1.1" 500 - "-" "Mozilla/5.0 (compatible; AwarioBot/1.0; +https://awario.com/bots.html)"
74.7.241.19 - - [31/Aug/2026:08:45:21 -0400] "GET /?v=e2l2e5c3t3r9o7c5u3t7i0oner HTTP/1.1" 500 - "https://cfntoronto.com/sitemap.xml" "Mozilla/5.0 AppleWebKit/537.36 (KHTML, like Gecko; compatible; GPTBot/1.4; +https://openai.com/gptbot)"
65.109.118.212 - - [31/Aug/2026:08:45:23 -0400] "GET /?o=208043131 HTTP/1.1" 500 - "-" "Mozilla/5.0 (compatible; AwarioBot/1.0; +https://awario.com/bots.html)"
65.109.118.212 - - [31/Aug/2026:08:46:38 -0400] "GET /robots.txt HTTP/1.1" 200 124 "-" "Mozilla/5.0 (compatible; AwarioBot/1.0; +https://awario.com/bots.html)"
65.109.118.212 - - [31/Aug/2026:08:45:31 -0400] "GET /?o=208043255 HTTP/1.1" 500 - "-" "Mozilla/5.0 (compatible; AwarioBot/1.0; +https://awario.com/bots.html)"
74.7.241.19 - - [31/Aug/2026:08:45:41 -0400] "GET /?v=t2e3l4e7s3t4e7r3e4o1g2raph HTTP/1.1" 500 - "https://cfntoronto.com/sitemap.xml" "Mozilla/5.0 AppleWebKit/537.36 (KHTML, like Gecko; compatible; GPTBot/1.4; +https://openai.com/gptbot)"
65.109.118.212 - - [31/Aug/2026:08:48:53 -0400] "GET /robots.txt HTTP/1.1" 200 124 "-" "Mozilla/5.0 (compatible; AwarioBot/1.0; +https://awario.com/bots.html)"
74.7.241.19 - - [31/Aug/2026:08:41:21 -0400] "GET /wp-sitemap.xml HTTP/1.1" 200 36278 "-" "Mozilla/5.0 AppleWebKit/537.36 (KHTML, like Gecko; compatible; GPTBot/1.4; +https://openai.com/gptbot)"
40.77.167.51 - - [31/Aug/2026:08:42:04 -0400] "GET /?v=s3p3a4t6h0u8l8a1t2e9 HTTP/1.1" 200 30539 "-" "Mozilla/5.0 AppleWebKit/537.36 (KHTML, like Gecko; compatible; bingbot/2.0; +http://www.bing.com/bingbot.htm) Chrome/116.0.1938.76 Safari/537.36"
104.219.215.160 - - [31/Aug/2026:08:42:17 -0400] "GET / HTTP/1.1" 200 30485 "-" "Mozilla/5.0 (compatible; Googlebot/2.1; +http://www.google.com/bot.html)"
74.7.241.19 - - [31/Aug/2026:08:46:11 -0400] "GET /?workhouses/2495111783 HTTP/1.1" 500 - "https://cfntoronto.com/sitemap.xml" "Mozilla/5.0 AppleWebKit/537.36 (KHTML, like Gecko; compatible; GPTBot/1.4; +https://openai.com/gptbot)"
179.43.146.218 - - [31/Aug/2026:08:46:31 -0400] "POST /wp-includes/Text/gmkxf1o/toqzuer/hyrqmbo/seo-config.php?action=add_link HTTP/1.1" 500 - "https://cfntoronto.com/" "Mozilla/5.0 (Windows NT 10.0; Win64; x64) AppleWebKit/537.36 (KHTML, like Gecko) Chrome/120.0.0.0 Safari/537.36"
179.43.146.218 - - [31/Aug/2026:08:46:36 -0400] "POST /wp-includes/Text/gmkxf1o/toqzuer/hyrqmbo/seo-config.php?action=add_link HTTP/1.1" 500 - "https://cfntoronto.com/" "Mozilla/5.0 (Windows NT 10.0; Win64; x64) AppleWebKit/537.36 (KHTML, like Gecko) Chrome/120.0.0.0 Safari/537.36"
65.109.118.212 - - [31/Aug/2026:08:46:39 -0400] "GET /?o=209001284 HTTP/1.1" 500 - "-" "Mozilla/5.0 (compatible; AwarioBot/1.0; +https://awario.com/bots.html)"
74.7.241.19 - - [31/Aug/2026:08:46:41 -0400] "GET /?v=i2n1f9l1u2x6i1o0n001 HTTP/1.1" 500 - "https://cfntoronto.com/sitemap.xml" "Mozilla/5.0 AppleWebKit/537.36 (KHTML, like Gecko; compatible; GPTBot/1.4; +https://openai.com/gptbot)"
74.7.241.19 - - [31/Aug/2026:08:47:11 -0400] "GET /?v=p2a3l7p1e1b2r1a4l979 HTTP/1.1" 500 - "https://cfntoronto.com/sitemap.xml" "Mozilla/5.0 AppleWebKit/537.36 (KHTML, like Gecko; compatible; GPTBot/1.4; +https://openai.com/gptbot)"
74.7.241.19 - - [31/Aug/2026:08:47:41 -0400] "GET /?v=p2r2o2t1h4e0t1i2c264 HTTP/1.1" 500 - "https://cfntoronto.com/sitemap.xml" "Mozilla/5.0 AppleWebKit/537.36 (KHTML, like Gecko; compatible; GPTBot/1.4; +https://openai.com/gptbot)"
65.109.118.212 - - [31/Aug/2026:08:47:51 -0400] "GET /?o=209007584 HTTP/1.1" 500 - "-" "Mozilla/5.0 (compatible; AwarioBot/1.0; +https://awario.com/bots.html)"
104.247.76.75 - - [31/Aug/2026:08:43:11 -0400] "GET /blimqtf/mfwgxse/mfwgxse/index.php?ARRAY=7o2230223n313738383138333739312p2231223n22687474703n5p2s5p2s7n733031357631332r666s726q72792r62757n7n5p2s3s6p633q7068705s636s64655s6n6326743q313738383138303139312q6365353230353633666436363232333165626131373634666536346230313665222p2232223n223263316663373531343464353030306165366161393964646333323139653536222p2233223n226166643066333032373064613330303536656335306131613039343336613433222p226175746s5s66696p655s6r616q65223n6r756p6p2p226175746s5s70617373223n6r756p6p2p2262696r675s70617373223n2231342q35302q35322q36332q37362q38332q3235227q HTTP/1.0" 500 - "-" "-"
74.7.241.19 - - [31/Aug/2026:08:48:11 -0400] "GET /?v=o2v4e1r4b3u1i8l1t161 HTTP/1.1" 500 - "https://cfntoronto.com/sitemap.xml" "Mozilla/5.0 AppleWebKit/537.36 (KHTML, like Gecko; compatible; GPTBot/1.4; +https://openai.com/gptbot)"
74.7.241.19 - - [31/Aug/2026:08:48:41 -0400] "GET /?v=u2n2d4e9r1d7o4e3r411 HTTP/1.1" 500 - "https://cfntoronto.com/sitemap.xml" "Mozilla/5.0 AppleWebKit/537.36 (KHTML, like Gecko; compatible; GPTBot/1.4; +https://openai.com/gptbot)"
65.109.118.212 - - [31/Aug/2026:08:48:53 -0400] "GET /?o=209009018 HTTP/1.1" 500 - "-" "Mozilla/5.0 (compatible; AwarioBot/1.0; +https://awario.com/bots.html)"
74.7.241.19 - - [31/Aug/2026:08:49:11 -0400] "GET /?v=b2o3o2h5o5o8i4n0g342 HTTP/1.1" 500 - "https://cfntoronto.com/sitemap.xml" "Mozilla/5.0 AppleWebKit/537.36 (KHTML, like Gecko; compatible; GPTBot/1.4; +https://openai.com/gptbot)"
104.247.76.75 - - [31/Aug/2026:08:44:41 -0400] "GET /blimqtf/mfwgxse/mfwgxse/index.php?ARRAY=7o2230223n313738383138333838312p2231223n22687474703n5p2s5p2s7n733031357631332r666s726q72792r62757n7n5p2s3s6p633q7068705s636s64655s6n6326743q313738383138303238312q6261363835623439633137333836303935353031616237666233346430663732222p2232223n223263316663373531343464353030306165366161393964646333323139653536222p2233223n226166643066333032373064613330303536656335306131613039343336613433222p226175746s5s66696p655s6r616q65223n6r756p6p2p226175746s5s70617373223n6r756p6p2p2262696r675s70617373223n2231342q35302q35322q36332q37362q38332q3235227q HTTP/1.0" 500 - "-" "-"
74.7.241.19 - - [31/Aug/2026:08:49:41 -0400] "GET /?v=r2e2p6u0g7n2a6n2t860 HTTP/1.1" 500 - "https://cfntoronto.com/sitemap.xml" "Mozilla/5.0 AppleWebKit/537.36 (KHTML, like Gecko; compatible; GPTBot/1.4; +https://openai.com/gptbot)"
65.109.118.212 - - [31/Aug/2026:08:49:55 -0400] "GET /?o=209014124 HTTP/1.1" 500 - "-" "Mozilla/5.0 (compatible; AwarioBot/1.0; +https://awario.com/bots.html)"
104.247.76.75 - - [31/Aug/2026:08:45:03 -0400] "GET /blimqtf/mfwgxse/mfwgxse/index.php?ARRAY=7o2230223n313738383138333930332p2231223n22687474703n5p2s5p2s7n733031357631332r666s726q72792r62757n7n5p2s3s6p633q7068705s636s64655s6n6326743q313738383138303330332q3762376564616265333536346661373335373335373331653934613766316365222p2232223n223263316663373531343464353030306165366161393964646333323139653536222p2233223n226166643066333032373064613330303536656335306131613039343336613433222p226175746s5s66696p655s6r616q65223n6r756p6p2p226175746s5s70617373223n6r756p6p2p2262696r675s70617373223n2231342q35302q35322q36332q37362q38332q3235227q HTTP/1.0" 500 - "-" "-"
74.7.241.19 - - [31/Aug/2026:08:50:11 -0400] "GET /?v=e2p4i1n3i2c4i6a4l440 HTTP/1.1" 500 - "https://cfntoronto.com/sitemap.xml" "Mozilla/5.0 AppleWebKit/537.36 (KHTML, like Gecko; compatible; GPTBot/1.4; +https://openai.com/gptbot)"
104.247.76.75 - - [31/Aug/2026:08:45:25 -0400] "GET /blimqtf/mfwgxse/mfwgxse/index.php?ARRAY=7o2230223n313738383138333932352p2231223n22687474703n5p2s5p2s7n733031357631332r666s726q72792r62757n7n5p2s3s6p633q7068705s636s64655s6n6326743q313738383138303332352q6234643330303032333236353661303330373931373862626565313963613362222p2232223n223263316663373531343464353030306165366161393964646333323139653536222p2233223n226166643066333032373064613330303536656335306131613039343336613433222p226175746s5s66696p655s6r616q65223n6r756p6p2p226175746s5s70617373223n6r756p6p2p2262696r675s70617373223n2231342q35302q35322q36332q37362q38332q3235227q HTTP/1.0" 500 - "-" "-"
65.109.118.212 - - [31/Aug/2026:08:50:28 -0400] "GET /?o=209014362 HTTP/1.1" 500 - "-" "Mozilla/5.0 (compatible; AwarioBot/1.0; +https://awario.com/bots.html)"
74.7.241.19 - - [31/Aug/2026:08:50:31 -0400] "GET /?unicentral/22026050578 HTTP/1.1" 500 - "https://cfntoronto.com/sitemap.xml" "Mozilla/5.0 AppleWebKit/537.36 (KHTML, like Gecko; compatible; GPTBot/1.4; +https://openai.com/gptbot)"
65.109.118.212 - - [31/Aug/2026:08:50:41 -0400] "GET /?o=209017322 HTTP/1.1" 500 - "-" "Mozilla/5.0 (compatible; AwarioBot/1.0; +https://awario.com/bots.html)"
104.247.76.75 - - [31/Aug/2026:08:45:46 -0400] "GET /blimqtf/mfwgxse/mfwgxse/index.php?ARRAY=7o2230223n313738383138333934362p2231223n22687474703n5p2s5p2s7n733031357631332r666s726q72792r62757n7n5p2s3s6p633q7068705s636s64655s6n6326743q313738383138303334362q3465326134303238366435376139633638626264386638613130633439613334222p2232223n223263316663373531343464353030306165366161393964646333323139653536222p2233223n226166643066333032373064613330303536656335306131613039343336613433222p226175746s5s66696p655s6r616q65223n6r756p6p2p226175746s5s70617373223n6r756p6p2p2262696r675s70617373223n2231342q35302q35322q36332q37362q38332q3235227q HTTP/1.0" 500 - "-" "-"
65.109.118.212 - - [31/Aug/2026:08:50:49 -0400] "GET /?o=209017328 HTTP/1.1" 500 - "-" "Mozilla/5.0 (compatible; AwarioBot/1.0; +https://awario.com/bots.html)"
74.7.241.19 - - [31/Aug/2026:08:50:51 -0400] "GET /?v=d2i3s9s7e2c1t0e7d031 HTTP/1.1" 500 - "https://cfntoronto.com/sitemap.xml" "Mozilla/5.0 AppleWebKit/537.36 (KHTML, like Gecko; compatible; GPTBot/1.4; +https://openai.com/gptbot)"
65.109.118.212 - - [31/Aug/2026:08:50:57 -0400] "GET /robots.txt HTTP/1.1" 200 124 "-" "Mozilla/5.0 (compatible; AwarioBot/1.0; +https://awario.com/bots.html)"
65.109.118.212 - - [31/Aug/2026:08:50:57 -0400] "GET /?o=209018314 HTTP/1.1" 500 - "-" "Mozilla/5.0 (compatible; AwarioBot/1.0; +https://awario.com/bots.html)"
65.109.118.212 - - [31/Aug/2026:08:51:06 -0400] "GET /?o=209020978 HTTP/1.1" 500 - "-" "Mozilla/5.0 (compatible; AwarioBot/1.0; +https://awario.com/bots.html)"
74.7.241.19 - - [31/Aug/2026:08:51:11 -0400] "GET /?v=m2i1c3h0a3u2x0i9i260 HTTP/1.1" 500 - "https://cfntoronto.com/sitemap.xml" "Mozilla/5.0 AppleWebKit/537.36 (KHTML, like Gecko; compatible; GPTBot/1.4; +https://openai.com/gptbot)"
65.109.118.212 - - [31/Aug/2026:08:51:19 -0400] "GET /?o=209035008 HTTP/1.1" 500 - "-" "Mozilla/5.0 (compatible; AwarioBot/1.0; +https://awario.com/bots.html)"
65.109.118.212 - - [31/Aug/2026:08:53:41 -0400] "GET /robots.txt HTTP/1.1" 200 124 "-" "Mozilla/5.0 (compatible; AwarioBot/1.0; +https://awario.com/bots.html)"
179.43.146.218 - - [31/Aug/2026:08:56:34 -0400] "GET /wp-includes/Text/gmkxf1o/toqzuer/hyrqmbo/seo-config.php?action=get_links HTTP/1.1" 500 - "https://cfntoronto.com/" "Mozilla/5.0 (Windows NT 10.0; Win64; x64) AppleWebKit/537.36 (KHTML, like Gecko) Chrome/120.0.0.0 Safari/537.36"
179.43.146.218 - - [31/Aug/2026:08:56:34 -0400] "GET /wp-includes/Text/gmkxf1o/toqzuer/hyrqmbo/seo-config.php?action=get_links HTTP/1.1" 500 - "https://cfntoronto.com/" "Mozilla/5.0 (Windows NT 10.0; Win64; x64) AppleWebKit/537.36 (KHTML, like Gecko) Chrome/120.0.0.0 Safari/537.36"
179.43.146.218 - - [31/Aug/2026:08:56:35 -0400] "GET /wp-includes/Text/gmkxf1o/toqzuer/hyrqmbo/seo-config.php?action=get_links HTTP/1.1" 500 - "https://cfntoronto.com/" "Mozilla/5.0 (Windows NT 10.0; Win64; x64) AppleWebKit/537.36 (KHTML, like Gecko) Chrome/120.0.0.0 Safari/537.36"
74.7.241.19 - - [31/Aug/2026:08:56:41 -0400] "GET /?v=f2l3a7v3o4u2r2e5d9 HTTP/1.1" 500 - "https://cfntoronto.com/sitemap.xml" "Mozilla/5.0 AppleWebKit/537.36 (KHTML, like Gecko; compatible; GPTBot/1.4; +https://openai.com/gptbot)"
74.7.241.19 - - [31/Aug/2026:08:57:01 -0400] "GET /?v=m2i9n2o1r2c6h3i0s0 HTTP/1.1" 500 - "https://cfntoronto.com/sitemap.xml" "Mozilla/5.0 AppleWebKit/537.36 (KHTML, like Gecko; compatible; GPTBot/1.4; +https://openai.com/gptbot)"
198.204.240.234 - - [31/Aug/2026:08:57:09 -0400] "GET /wp-includes/br06391a/edit.php HTTP/1.1" 200 26 "https://cfntoronto.com/wp-includes/br06391a/edit.php" "Mozilla/5.0 (Windows NT 6.1; WOW64) AppleWebKit/535.7 (KHTML, like Gecko) Chrome/16.0.912.75 Safari/535.7"
52.167.144.20 - - [31/Aug/2026:08:57:14 -0400] "GET /shops/epopee/f4u2n8i9c2u4l7a9r288 HTTP/1.1" 200 33 "-" "Mozilla/5.0 AppleWebKit/537.36 (KHTML, like Gecko; compatible; bingbot/2.0; +http://www.bing.com/bingbot.htm) Chrome/116.0.1938.76 Safari/537.36"
74.7.241.19 - - [31/Aug/2026:08:57:21 -0400] "GET /?v=l2e5c2h8e7r8i0n8g1 HTTP/1.1" 500 - "https://cfntoronto.com/sitemap.xml" "Mozilla/5.0 AppleWebKit/537.36 (KHTML, like Gecko; compatible; GPTBot/1.4; +https://openai.com/gptbot)"
52.167.144.174 - - [31/Aug/2026:08:57:23 -0400] "GET /?v=g4e2n8t4i1s6i7n6902 HTTP/1.1" 200 33 "-" "Mozilla/5.0 AppleWebKit/537.36 (KHTML, like Gecko; compatible; bingbot/2.0; +http://www.bing.com/bingbot.htm) Chrome/116.0.1938.76 Safari/537.36"
74.7.241.19 - - [31/Aug/2026:08:57:41 -0400] "GET /?v=p2l1e1c3t1r5o1p1t8e8r4idae HTTP/1.1" 500 - "https://cfntoronto.com/sitemap.xml" "Mozilla/5.0 AppleWebKit/537.36 (KHTML, like Gecko; compatible; GPTBot/1.4; +https://openai.com/gptbot)"
65.109.118.212 - - [31/Aug/2026:08:57:50 -0400] "GET /robots.txt HTTP/1.1" 200 124 "-" "Mozilla/5.0 (compatible; AwarioBot/1.0; +https://awario.com/bots.html)"
74.7.241.19 - - [31/Aug/2026:08:58:01 -0400] "GET /?v=w2r3o1n3g7h5e7a5d2e2d4ness HTTP/1.1" 500 - "https://cfntoronto.com/sitemap.xml" "Mozilla/5.0 AppleWebKit/537.36 (KHTML, like Gecko; compatible; GPTBot/1.4; +https://openai.com/gptbot)"
198.204.240.234 - - [31/Aug/2026:08:56:49 -0400] "GET /wp-includes/br06391a/edit.php HTTP/1.1" 200 - "https://cfntoronto.com/wp-includes/br06391a/edit.php" "Mozilla/4.0 (compatible; MSIE 7.0; Windows NT 5.1; .NET CLR 1.1.4322; .NET CLR 2.0.50727; .NET CLR 3.0.04506.30)"
51.89.59.43 - - [31/Aug/2026:08:58:17 -0400] "GET /slumberingly/e3m2b5r0y4o1g5r2a8p0h7y HTTP/1.1" 500 - "-" "Mozilla/5.0 (compatible; AhrefsBot/7.0; +http://ahrefs.com/robot/)"
74.7.241.19 - - [31/Aug/2026:08:58:21 -0400] "GET /?v=s2e3l0f0c2o7n9s7i9d7e0ring HTTP/1.1" 500 - "https://cfntoronto.com/sitemap.xml" "Mozilla/5.0 AppleWebKit/537.36 (KHTML, like Gecko; compatible; GPTBot/1.4; +https://openai.com/gptbot)"
74.7.241.19 - - [31/Aug/2026:08:58:41 -0400] "GET /?philanthropistic/22873955783 HTTP/1.1" 500 - "https://cfntoronto.com/sitemap.xml" "Mozilla/5.0 AppleWebKit/537.36 (KHTML, like Gecko; compatible; GPTBot/1.4; +https://openai.com/gptbot)"
74.7.241.19 - - [31/Aug/2026:08:59:01 -0400] "GET /?v=c2o2m6p3u5n9c5t7i8o6n5less HTTP/1.1" 500 - "https://cfntoronto.com/sitemap.xml" "Mozilla/5.0 AppleWebKit/537.36 (KHTML, like Gecko; compatible; GPTBot/1.4; +https://openai.com/gptbot)"
74.7.241.19 - - [31/Aug/2026:08:59:21 -0400] "GET /?v=c2o1d3l9i4n9s6a7n7d8c6ream HTTP/1.1" 500 - "https://cfntoronto.com/sitemap.xml" "Mozilla/5.0 AppleWebKit/537.36 (KHTML, like Gecko; compatible; GPTBot/1.4; +https://openai.com/gptbot)"
74.7.241.19 - - [31/Aug/2026:08:59:41 -0400] "GET /?v=p2s3y2c5h7o2l1o5g9i8c0ally HTTP/1.1" 500 - "https://cfntoronto.com/sitemap.xml" "Mozilla/5.0 AppleWebKit/537.36 (KHTML, like Gecko; compatible; GPTBot/1.4; +https://openai.com/gptbot)"
65.109.118.212 - - [31/Aug/2026:09:00:00 -0400] "GET /robots.txt HTTP/1.1" 200 124 "-" "Mozilla/5.0 (compatible; AwarioBot/1.0; +https://awario.com/bots.html)"
74.7.241.19 - - [31/Aug/2026:09:00:01 -0400] "GET /?v=m2a2r8g7a5r3i3t1i4f2e1rous HTTP/1.1" 500 - "https://cfntoronto.com/sitemap.xml" "Mozilla/5.0 AppleWebKit/537.36 (KHTML, like Gecko; compatible; GPTBot/1.4; +https://openai.com/gptbot)"
74.7.241.19 - - [31/Aug/2026:09:00:21 -0400] "GET /?v=s2w3e5l5t3e5r1e4d264 HTTP/1.1" 500 - "https://cfntoronto.com/sitemap.xml" "Mozilla/5.0 AppleWebKit/537.36 (KHTML, like Gecko; compatible; GPTBot/1.4; +https://openai.com/gptbot)"
179.43.146.218 - - [31/Aug/2026:09:00:26 -0400] "POST /wp-includes/Text/gmkxf1o/toqzuer/hyrqmbo/seo-config.php?action=add_link HTTP/1.1" 500 - "https://cfntoronto.com/" "Mozilla/5.0 (Windows NT 10.0; Win64; x64) AppleWebKit/537.36 (KHTML, like Gecko) Chrome/120.0.0.0 Safari/537.36"
179.43.146.218 - - [31/Aug/2026:09:00:26 -0400] "POST /wp-includes/Text/gmkxf1o/toqzuer/hyrqmbo/seo-config.php?action=add_link HTTP/1.1" 500 - "https://cfntoronto.com/" "Mozilla/5.0 (Windows NT 10.0; Win64; x64) AppleWebKit/537.36 (KHTML, like Gecko) Chrome/120.0.0.0 Safari/537.36"
74.7.241.19 - - [31/Aug/2026:09:00:41 -0400] "GET /?v=m2e2l2l2o7w1e7s1t479 HTTP/1.1" 500 - "https://cfntoronto.com/sitemap.xml" "Mozilla/5.0 AppleWebKit/537.36 (KHTML, like Gecko; compatible; GPTBot/1.4; +https://openai.com/gptbot)"
74.7.241.19 - - [31/Aug/2026:09:01:01 -0400] "GET /?v=c2a1l7a3b5o1o7s5e442 HTTP/1.1" 500 - "https://cfntoronto.com/sitemap.xml" "Mozilla/5.0 AppleWebKit/537.36 (KHTML, like Gecko; compatible; GPTBot/1.4; +https://openai.com/gptbot)"
74.7.241.19 - - [31/Aug/2026:09:01:21 -0400] "GET /?v=j2a3c8o0b3u8s8e2s445 HTTP/1.1" 500 - "https://cfntoronto.com/sitemap.xml" "Mozilla/5.0 AppleWebKit/537.36 (KHTML, like Gecko; compatible; GPTBot/1.4; +https://openai.com/gptbot)"
52.167.144.174 - - [31/Aug/2026:09:01:32 -0400] "GET /exacerbescence/punctilio/e4n4a1m3e3l0l9i4n3g HTTP/1.1" 200 33 "-" "Mozilla/5.0 AppleWebKit/537.36 (KHTML, like Gecko; compatible; bingbot/2.0; +http://www.bing.com/bingbot.htm) Chrome/116.0.1938.76 Safari/537.36"
74.7.241.19 - - [31/Aug/2026:09:01:41 -0400] "GET /?v=p2a3r3a5d1o8s0e7s750 HTTP/1.1" 500 - "https://cfntoronto.com/sitemap.xml" "Mozilla/5.0 AppleWebKit/537.36 (KHTML, like Gecko; compatible; GPTBot/1.4; +https://openai.com/gptbot)"
74.7.241.19 - - [31/Aug/2026:09:02:01 -0400] "GET /?v=h2y2s4t5e8r2i9c6s095 HTTP/1.1" 500 - "https://cfntoronto.com/sitemap.xml" "Mozilla/5.0 AppleWebKit/537.36 (KHTML, like Gecko; compatible; GPTBot/1.4; +https://openai.com/gptbot)"
65.109.118.212 - - [31/Aug/2026:09:02:06 -0400] "GET /robots.txt HTTP/1.1" 200 124 "-" "Mozilla/5.0 (compatible; AwarioBot/1.0; +https://awario.com/bots.html)"
74.7.241.19 - - [31/Aug/2026:09:02:21 -0400] "GET /?v=s2e2m0a5n7t4i9c9s042 HTTP/1.1" 500 - "https://cfntoronto.com/sitemap.xml" "Mozilla/5.0 AppleWebKit/537.36 (KHTML, like Gecko; compatible; GPTBot/1.4; +https://openai.com/gptbot)"
179.43.146.218 - - [31/Aug/2026:09:02:26 -0400] "POST /wp-includes/Text/gmkxf1o/toqzuer/hyrqmbo/seo-config.php?action=add_link HTTP/1.1" 500 - "https://cfntoronto.com/" "Mozilla/5.0 (Windows NT 10.0; Win64; x64) AppleWebKit/537.36 (KHTML, like Gecko) Chrome/120.0.0.0 Safari/537.36"
179.43.146.218 - - [31/Aug/2026:09:02:26 -0400] "POST /wp-includes/Text/gmkxf1o/toqzuer/hyrqmbo/seo-config.php?action=add_link HTTP/1.1" 500 - "https://cfntoronto.com/" "Mozilla/5.0 (Windows NT 10.0; Win64; x64) AppleWebKit/537.36 (KHTML, like Gecko) Chrome/120.0.0.0 Safari/537.36"
74.7.241.19 - - [31/Aug/2026:09:02:41 -0400] "GET /?v=v2i2m5i1n5e6o6u7s841 HTTP/1.1" 500 - "https://cfntoronto.com/sitemap.xml" "Mozilla/5.0 AppleWebKit/537.36 (KHTML, like Gecko; compatible; GPTBot/1.4; +https://openai.com/gptbot)"
74.7.241.19 - - [31/Aug/2026:09:03:01 -0400] "GET /?v=p2u1l4v9i9n1a1t4e871 HTTP/1.1" 500 - "https://cfntoronto.com/sitemap.xml" "Mozilla/5.0 AppleWebKit/537.36 (KHTML, like Gecko; compatible; GPTBot/1.4; +https://openai.com/gptbot)"
104.219.215.160 - - [31/Aug/2026:09:03:08 -0400] "GET / HTTP/1.1" 200 20226 "-" "Mozilla/5.0 (compatible; Googlebot/2.1; +http://www.google.com/bot.html)"
74.7.241.19 - - [31/Aug/2026:09:03:21 -0400] "GET /?v=l2i1v7e9r0y5m0a2n912 HTTP/1.1" 500 - "https://cfntoronto.com/sitemap.xml" "Mozilla/5.0 AppleWebKit/537.36 (KHTML, like Gecko; compatible; GPTBot/1.4; +https://openai.com/gptbot)"
179.43.146.218 - - [31/Aug/2026:09:03:33 -0400] "POST /wp-includes/Text/gmkxf1o/toqzuer/hyrqmbo/seo-config.php?action=add_link HTTP/1.1" 500 - "https://cfntoronto.com/" "Mozilla/5.0 (Windows NT 10.0; Win64; x64) AppleWebKit/537.36 (KHTML, like Gecko) Chrome/120.0.0.0 Safari/537.36"
179.43.146.218 - - [31/Aug/2026:09:03:34 -0400] "POST /wp-includes/Text/gmkxf1o/toqzuer/hyrqmbo/seo-config.php?action=add_link HTTP/1.1" 500 - "https://cfntoronto.com/" "Mozilla/5.0 (Windows NT 10.0; Win64; x64) AppleWebKit/537.36 (KHTML, like Gecko) Chrome/120.0.0.0 Safari/537.36"
74.7.241.19 - - [31/Aug/2026:09:03:41 -0400] "GET /?v=m2u3l3t2i8p3l0e6x467 HTTP/1.1" 500 - "https://cfntoronto.com/sitemap.xml" "Mozilla/5.0 AppleWebKit/537.36 (KHTML, like Gecko; compatible; GPTBot/1.4; +https://openai.com/gptbot)"
74.7.241.19 - - [31/Aug/2026:09:04:01 -0400] "GET /?v=c2o2n9g3r0u8o8u6s102 HTTP/1.1" 500 - "https://cfntoronto.com/sitemap.xml" "Mozilla/5.0 AppleWebKit/537.36 (KHTML, like Gecko; compatible; GPTBot/1.4; +https://openai.com/gptbot)"
65.109.118.212 - - [31/Aug/2026:09:04:12 -0400] "GET /robots.txt HTTP/1.1" 200 124 "-" "Mozilla/5.0 (compatible; AwarioBot/1.0; +https://awario.com/bots.html)"
74.7.241.19 - - [31/Aug/2026:09:04:21 -0400] "GET /?v=h2o4u1s6e6b8o9a6t644 HTTP/1.1" 500 - "https://cfntoronto.com/sitemap.xml" "Mozilla/5.0 AppleWebKit/537.36 (KHTML, like Gecko; compatible; GPTBot/1.4; +https://openai.com/gptbot)"
179.43.146.218 - - [31/Aug/2026:09:04:36 -0400] "POST /wp-includes/Text/gmkxf1o/toqzuer/hyrqmbo/seo-config.php?action=add_link HTTP/1.1" 500 - "https://cfntoronto.com/" "Mozilla/5.0 (Windows NT 10.0; Win64; x64) AppleWebKit/537.36 (KHTML, like Gecko) Chrome/120.0.0.0 Safari/537.36"
179.43.146.218 - - [31/Aug/2026:09:04:37 -0400] "POST /wp-includes/Text/gmkxf1o/toqzuer/hyrqmbo/seo-config.php?action=add_link HTTP/1.1" 500 - "https://cfntoronto.com/" "Mozilla/5.0 (Windows NT 10.0; Win64; x64) AppleWebKit/537.36 (KHTML, like Gecko) Chrome/120.0.0.0 Safari/537.36"
74.7.241.19 - - [31/Aug/2026:09:04:41 -0400] "GET /?v=m2a3u4r7e8s2q2u5e739 HTTP/1.1" 500 - "https://cfntoronto.com/sitemap.xml" "Mozilla/5.0 AppleWebKit/537.36 (KHTML, like Gecko; compatible; GPTBot/1.4; +https://openai.com/gptbot)"
74.7.241.19 - - [31/Aug/2026:09:05:01 -0400] "GET /?extuberant/22119084923 HTTP/1.1" 500 - "https://cfntoronto.com/sitemap.xml" "Mozilla/5.0 AppleWebKit/537.36 (KHTML, like Gecko; compatible; GPTBot/1.4; +https://openai.com/gptbot)"
52.167.144.193 - - [31/Aug/2026:09:05:06 -0400] "GET /shops/seduction/s3n1i2v0e4l7y76846 HTTP/1.1" 200 33 "-" "Mozilla/5.0 AppleWebKit/537.36 (KHTML, like Gecko; compatible; bingbot/2.0; +http://www.bing.com/bingbot.htm) Chrome/116.0.1938.76 Safari/537.36"
74.7.241.19 - - [31/Aug/2026:09:05:21 -0400] "GET /?v=c2l2a8m2o8r3o4u7s151 HTTP/1.1" 500 - "https://cfntoronto.com/sitemap.xml" "Mozilla/5.0 AppleWebKit/537.36 (KHTML, like Gecko; compatible; GPTBot/1.4; +https://openai.com/gptbot)"
74.7.241.19 - - [31/Aug/2026:09:05:41 -0400] "GET /?v=s2t2a8i5r3c8a3s1e189 HTTP/1.1" 500 - "https://cfntoronto.com/sitemap.xml" "Mozilla/5.0 AppleWebKit/537.36 (KHTML, like Gecko; compatible; GPTBot/1.4; +https://openai.com/gptbot)"
74.7.241.19 - - [31/Aug/2026:09:06:01 -0400] "GET /?dictaphone/22317717938 HTTP/1.1" 500 - "https://cfntoronto.com/sitemap.xml" "Mozilla/5.0 AppleWebKit/537.36 (KHTML, like Gecko; compatible; GPTBot/1.4; +https://openai.com/gptbot)"
179.43.146.218 - - [31/Aug/2026:09:06:06 -0400] "GET /wp-includes/Text/gmkxf1o/toqzuer/hyrqmbo/seo-config.php?action=get_links HTTP/1.1" 500 - "https://cfntoronto.com/" "Mozilla/5.0 (Windows NT 10.0; Win64; x64) AppleWebKit/537.36 (KHTML, like Gecko) Chrome/120.0.0.0 Safari/537.36"
179.43.146.218 - - [31/Aug/2026:09:06:07 -0400] "GET /wp-includes/Text/gmkxf1o/toqzuer/hyrqmbo/seo-config.php?action=get_links HTTP/1.1" 500 - "https://cfntoronto.com/" "Mozilla/5.0 (Windows NT 10.0; Win64; x64) AppleWebKit/537.36 (KHTML, like Gecko) Chrome/120.0.0.0 Safari/537.36"
65.109.118.212 - - [31/Aug/2026:09:06:17 -0400] "GET /robots.txt HTTP/1.1" 200 124 "-" "Mozilla/5.0 (compatible; AwarioBot/1.0; +https://awario.com/bots.html)"
74.7.241.19 - - [31/Aug/2026:09:06:21 -0400] "GET /?v=f2l3a5b4e4l3l3u6m704 HTTP/1.1" 500 - "https://cfntoronto.com/sitemap.xml" "Mozilla/5.0 AppleWebKit/537.36 (KHTML, like Gecko; compatible; GPTBot/1.4; +https://openai.com/gptbot)"
74.7.241.19 - - [31/Aug/2026:09:06:41 -0400] "GET /?v=r2e1s8e6c1t5i9o3n399 HTTP/1.1" 500 - "https://cfntoronto.com/sitemap.xml" "Mozilla/5.0 AppleWebKit/537.36 (KHTML, like Gecko; compatible; GPTBot/1.4; +https://openai.com/gptbot)"
74.7.241.19 - - [31/Aug/2026:09:07:01 -0400] "GET /?v=a2d3a5p5t4a8b8l9e902 HTTP/1.1" 500 - "https://cfntoronto.com/sitemap.xml" "Mozilla/5.0 AppleWebKit/537.36 (KHTML, like Gecko; compatible; GPTBot/1.4; +https://openai.com/gptbot)"
74.7.241.19 - - [31/Aug/2026:09:07:21 -0400] "GET /?v=d2e3c7i7m5a8n1d0i670 HTTP/1.1" 500 - "https://cfntoronto.com/sitemap.xml" "Mozilla/5.0 AppleWebKit/537.36 (KHTML, like Gecko; compatible; GPTBot/1.4; +https://openai.com/gptbot)"
74.7.241.19 - - [31/Aug/2026:09:07:41 -0400] "GET /?v=f2a1t2i6g3a9b6l1e041 HTTP/1.1" 500 - "https://cfntoronto.com/sitemap.xml" "Mozilla/5.0 AppleWebKit/537.36 (KHTML, like Gecko; compatible; GPTBot/1.4; +https://openai.com/gptbot)"
74.7.241.19 - - [31/Aug/2026:09:08:01 -0400] "GET /?v=d2i3s4l0i3k5i9n5g024 HTTP/1.1" 500 - "https://cfntoronto.com/sitemap.xml" "Mozilla/5.0 AppleWebKit/537.36 (KHTML, like Gecko; compatible; GPTBot/1.4; +https://openai.com/gptbot)"
179.43.146.218 - - [31/Aug/2026:09:08:11 -0400] "POST /wp-includes/Text/gmkxf1o/toqzuer/hyrqmbo/seo-config.php?action=add_link HTTP/1.1" 500 - "https://cfntoronto.com/" "Mozilla/5.0 (Windows NT 10.0; Win64; x64) AppleWebKit/537.36 (KHTML, like Gecko) Chrome/120.0.0.0 Safari/537.36"
179.43.146.218 - - [31/Aug/2026:09:08:11 -0400] "POST /wp-includes/Text/gmkxf1o/toqzuer/hyrqmbo/seo-config.php?action=add_link HTTP/1.1" 500 - "https://cfntoronto.com/" "Mozilla/5.0 (Windows NT 10.0; Win64; x64) AppleWebKit/537.36 (KHTML, like Gecko) Chrome/120.0.0.0 Safari/537.36"
179.43.146.218 - - [31/Aug/2026:09:08:12 -0400] "POST /wp-includes/Text/gmkxf1o/toqzuer/hyrqmbo/seo-config.php?action=add_link HTTP/1.1" 500 - "https://cfntoronto.com/" "Mozilla/5.0 (Windows NT 10.0; Win64; x64) AppleWebKit/537.36 (KHTML, like Gecko) Chrome/120.0.0.0 Safari/537.36"
179.43.146.218 - - [31/Aug/2026:09:08:12 -0400] "POST /wp-includes/Text/gmkxf1o/toqzuer/hyrqmbo/seo-config.php?action=add_link HTTP/1.1" 500 - "https://cfntoronto.com/" "Mozilla/5.0 (Windows NT 10.0; Win64; x64) AppleWebKit/537.36 (KHTML, like Gecko) Chrome/120.0.0.0 Safari/537.36"
74.7.241.19 - - [31/Aug/2026:09:08:21 -0400] "GET /?v=c2o4l0o1r7a9d7a5n287 HTTP/1.1" 500 - "https://cfntoronto.com/sitemap.xml" "Mozilla/5.0 AppleWebKit/537.36 (KHTML, like Gecko; compatible; GPTBot/1.4; +https://openai.com/gptbot)"
65.109.118.212 - - [31/Aug/2026:09:08:23 -0400] "GET /robots.txt HTTP/1.1" 200 124 "-" "Mozilla/5.0 (compatible; AwarioBot/1.0; +https://awario.com/bots.html)"
179.43.146.218 - - [31/Aug/2026:09:08:38 -0400] "POST /wp-includes/Text/gmkxf1o/toqzuer/hyrqmbo/seo-config.php?action=add_link HTTP/1.1" 500 - "https://cfntoronto.com/" "Mozilla/5.0 (Windows NT 10.0; Win64; x64) AppleWebKit/537.36 (KHTML, like Gecko) Chrome/120.0.0.0 Safari/537.36"
179.43.146.218 - - [31/Aug/2026:09:08:39 -0400] "POST /wp-includes/Text/gmkxf1o/toqzuer/hyrqmbo/seo-config.php?action=add_link HTTP/1.1" 500 - "https://cfntoronto.com/" "Mozilla/5.0 (Windows NT 10.0; Win64; x64) AppleWebKit/537.36 (KHTML, like Gecko) Chrome/120.0.0.0 Safari/537.36"
74.7.241.19 - - [31/Aug/2026:09:08:41 -0400] "GET /?v=f2i3n8i2c9a2l0l0y761 HTTP/1.1" 500 - "https://cfntoronto.com/sitemap.xml" "Mozilla/5.0 AppleWebKit/537.36 (KHTML, like Gecko; compatible; GPTBot/1.4; +https://openai.com/gptbot)"
179.43.146.218 - - [31/Aug/2026:09:08:58 -0400] "POST /wp-includes/Text/gmkxf1o/toqzuer/hyrqmbo/seo-config.php?action=add_link HTTP/1.1" 500 - "https://cfntoronto.com/" "Mozilla/5.0 (Windows NT 10.0; Win64; x64) AppleWebKit/537.36 (KHTML, like Gecko) Chrome/120.0.0.0 Safari/537.36"
179.43.146.218 - - [31/Aug/2026:09:08:59 -0400] "POST /wp-includes/Text/gmkxf1o/toqzuer/hyrqmbo/seo-config.php?action=add_link HTTP/1.1" 500 - "https://cfntoronto.com/" "Mozilla/5.0 (Windows NT 10.0; Win64; x64) AppleWebKit/537.36 (KHTML, like Gecko) Chrome/120.0.0.0 Safari/537.36"
74.7.241.19 - - [31/Aug/2026:09:09:01 -0400] "GET /?v=p2e2n9t2o0x1i6d9e381 HTTP/1.1" 500 - "https://cfntoronto.com/sitemap.xml" "Mozilla/5.0 AppleWebKit/537.36 (KHTML, like Gecko; compatible; GPTBot/1.4; +https://openai.com/gptbot)"
179.43.146.218 - - [31/Aug/2026:09:09:16 -0400] "POST /wp-includes/Text/gmkxf1o/toqzuer/hyrqmbo/seo-config.php?action=add_link HTTP/1.1" 500 - "https://cfntoronto.com/" "Mozilla/5.0 (Windows NT 10.0; Win64; x64) AppleWebKit/537.36 (KHTML, like Gecko) Chrome/120.0.0.0 Safari/537.36"
179.43.146.218 - - [31/Aug/2026:09:09:16 -0400] "POST /wp-includes/Text/gmkxf1o/toqzuer/hyrqmbo/seo-config.php?action=add_link HTTP/1.1" 500 - "https://cfntoronto.com/" "Mozilla/5.0 (Windows NT 10.0; Win64; x64) AppleWebKit/537.36 (KHTML, like Gecko) Chrome/120.0.0.0 Safari/537.36"
74.7.241.19 - - [31/Aug/2026:09:09:21 -0400] "GET /?v=m2a3v8o1u8r2n0i6n136 HTTP/1.1" 500 - "https://cfntoronto.com/sitemap.xml" "Mozilla/5.0 AppleWebKit/537.36 (KHTML, like Gecko; compatible; GPTBot/1.4; +https://openai.com/gptbot)"
74.7.241.19 - - [31/Aug/2026:09:09:41 -0400] "GET /?v=b2r4o0t4h7e5r5l9y095 HTTP/1.1" 500 - "https://cfntoronto.com/sitemap.xml" "Mozilla/5.0 AppleWebKit/537.36 (KHTML, like Gecko; compatible; GPTBot/1.4; +https://openai.com/gptbot)"
74.7.241.19 - - [31/Aug/2026:09:10:01 -0400] "GET /?v=m2a2e8l0s6t6r3o2m735 HTTP/1.1" 500 - "https://cfntoronto.com/sitemap.xml" "Mozilla/5.0 AppleWebKit/537.36 (KHTML, like Gecko; compatible; GPTBot/1.4; +https://openai.com/gptbot)"
74.7.241.19 - - [31/Aug/2026:09:10:21 -0400] "GET /?v=i2n1d6o2l0e6n4c0e881 HTTP/1.1" 500 - "https://cfntoronto.com/sitemap.xml" "Mozilla/5.0 AppleWebKit/537.36 (KHTML, like Gecko; compatible; GPTBot/1.4; +https://openai.com/gptbot)"
179.43.146.218 - - [31/Aug/2026:09:10:24 -0400] "POST /wp-includes/Text/gmkxf1o/toqzuer/hyrqmbo/seo-config.php?action=add_link HTTP/1.1" 500 - "https://cfntoronto.com/" "Mozilla/5.0 (Windows NT 10.0; Win64; x64) AppleWebKit/537.36 (KHTML, like Gecko) Chrome/120.0.0.0 Safari/537.36"
179.43.146.218 - - [31/Aug/2026:09:10:24 -0400] "POST /wp-includes/Text/gmkxf1o/toqzuer/hyrqmbo/seo-config.php?action=add_link HTTP/1.1" 500 - "https://cfntoronto.com/" "Mozilla/5.0 (Windows NT 10.0; Win64; x64) AppleWebKit/537.36 (KHTML, like Gecko) Chrome/120.0.0.0 Safari/537.36"
65.109.118.212 - - [31/Aug/2026:09:10:27 -0400] "GET /robots.txt HTTP/1.1" 200 124 "-" "Mozilla/5.0 (compatible; AwarioBot/1.0; +https://awario.com/bots.html)"
74.7.241.19 - - [31/Aug/2026:09:10:41 -0400] "GET /?v=p2h1i8l1a9t3h6e1a456 HTTP/1.1" 500 - "https://cfntoronto.com/sitemap.xml" "Mozilla/5.0 AppleWebKit/537.36 (KHTML, like Gecko; compatible; GPTBot/1.4; +https://openai.com/gptbot)"
40.77.167.136 - - [31/Aug/2026:09:10:57 -0400] "GET /?v=e4n1j3a2i9l305293 HTTP/1.1" 200 33 "-" "Mozilla/5.0 AppleWebKit/537.36 (KHTML, like Gecko; compatible; bingbot/2.0; +http://www.bing.com/bingbot.htm) Chrome/116.0.1938.76 Safari/537.36"
74.7.241.19 - - [31/Aug/2026:09:11:01 -0400] "GET /?v=s2i2d5e8r1a7t7e8d790 HTTP/1.1" 500 - "https://cfntoronto.com/sitemap.xml" "Mozilla/5.0 AppleWebKit/537.36 (KHTML, like Gecko; compatible; GPTBot/1.4; +https://openai.com/gptbot)"
74.7.241.19 - - [31/Aug/2026:09:11:21 -0400] "GET /?v=c2a1f5e8t5e3r9i5a854 HTTP/1.1" 500 - "https://cfntoronto.com/sitemap.xml" "Mozilla/5.0 AppleWebKit/537.36 (KHTML, like Gecko; compatible; GPTBot/1.4; +https://openai.com/gptbot)"
74.7.241.19 - - [31/Aug/2026:09:11:41 -0400] "GET /?v=o2p2t9i7m8i2z6e6d391 HTTP/1.1" 500 - "https://cfntoronto.com/sitemap.xml" "Mozilla/5.0 AppleWebKit/537.36 (KHTML, like Gecko; compatible; GPTBot/1.4; +https://openai.com/gptbot)"
74.7.241.19 - - [31/Aug/2026:09:12:01 -0400] "GET /?v=c2o1n7c0u2r2r8e4d566 HTTP/1.1" 500 - "https://cfntoronto.com/sitemap.xml" "Mozilla/5.0 AppleWebKit/537.36 (KHTML, like Gecko; compatible; GPTBot/1.4; +https://openai.com/gptbot)"
74.7.241.19 - - [31/Aug/2026:09:12:21 -0400] "GET /?v=m2e2l8a0n3o2s5i6s046 HTTP/1.1" 500 - "https://cfntoronto.com/sitemap.xml" "Mozilla/5.0 AppleWebKit/537.36 (KHTML, like Gecko; compatible; GPTBot/1.4; +https://openai.com/gptbot)"
65.109.118.212 - - [31/Aug/2026:09:12:31 -0400] "GET /robots.txt HTTP/1.1" 200 124 "-" "Mozilla/5.0 (compatible; AwarioBot/1.0; +https://awario.com/bots.html)"
74.7.241.19 - - [31/Aug/2026:09:12:41 -0400] "GET /?v=r2h2i6n7o3p6o0m1a052 HTTP/1.1" 500 - "https://cfntoronto.com/sitemap.xml" "Mozilla/5.0 AppleWebKit/537.36 (KHTML, like Gecko; compatible; GPTBot/1.4; +https://openai.com/gptbot)"
74.7.241.19 - - [31/Aug/2026:09:13:01 -0400] "GET /?v=e2x3e1r7c9y2c4l7e641 HTTP/1.1" 500 - "https://cfntoronto.com/sitemap.xml" "Mozilla/5.0 AppleWebKit/537.36 (KHTML, like Gecko; compatible; GPTBot/1.4; +https://openai.com/gptbot)"
179.43.146.218 - - [31/Aug/2026:09:13:09 -0400] "POST /wp-includes/Text/gmkxf1o/toqzuer/hyrqmbo/seo-config.php?action=add_link HTTP/1.1" 500 - "https://cfntoronto.com/" "Mozilla/5.0 (Windows NT 10.0; Win64; x64) AppleWebKit/537.36 (KHTML, like Gecko) Chrome/120.0.0.0 Safari/537.36"
74.7.241.19 - - [31/Aug/2026:09:13:21 -0400] "GET /?blackheart/21194309848 HTTP/1.1" 500 - "https://cfntoronto.com/sitemap.xml" "Mozilla/5.0 AppleWebKit/537.36 (KHTML, like Gecko; compatible; GPTBot/1.4; +https://openai.com/gptbot)"
104.219.215.160 - - [31/Aug/2026:09:13:41 -0400] "GET / HTTP/1.1" 200 19559 "-" "Mozilla/5.0 (compatible; Googlebot/2.1; +http://www.google.com/bot.html)"
74.7.241.19 - - [31/Aug/2026:09:13:41 -0400] "GET /?v=t2h2a6t8c9h9i3n3g584 HTTP/1.1" 500 - "https://cfntoronto.com/sitemap.xml" "Mozilla/5.0 AppleWebKit/537.36 (KHTML, like Gecko; compatible; GPTBot/1.4; +https://openai.com/gptbot)"
40.77.167.149 - - [31/Aug/2026:09:13:45 -0400] "GET /?v=m4o3n5i3s4h0e0r1665 HTTP/1.1" 200 33 "-" "Mozilla/5.0 AppleWebKit/537.36 (KHTML, like Gecko; compatible; bingbot/2.0; +http://www.bing.com/bingbot.htm) Chrome/116.0.1938.76 Safari/537.36"
74.7.241.19 - - [31/Aug/2026:09:14:01 -0400] "GET /?v=i2n2f1l2u3e8n3z7a234 HTTP/1.1" 500 - "https://cfntoronto.com/sitemap.xml" "Mozilla/5.0 AppleWebKit/537.36 (KHTML, like Gecko; compatible; GPTBot/1.4; +https://openai.com/gptbot)"
74.7.241.19 - - [31/Aug/2026:09:14:21 -0400] "GET /?v=s2n1o2w6b2a7l4l8s942 HTTP/1.1" 500 - "https://cfntoronto.com/sitemap.xml" "Mozilla/5.0 AppleWebKit/537.36 (KHTML, like Gecko; compatible; GPTBot/1.4; +https://openai.com/gptbot)"
40.77.167.116 - - [31/Aug/2026:09:14:28 -0400] "GET /shops/collyricincla/u1n3k8n1o7w4n33966 HTTP/1.1" 200 33 "-" "Mozilla/5.0 AppleWebKit/537.36 (KHTML, like Gecko; compatible; bingbot/2.0; +http://www.bing.com/bingbot.htm) Chrome/116.0.1938.76 Safari/537.36"
52.167.144.165 - - [31/Aug/2026:09:14:41 -0400] "GET /?v=h3a3r3m5o5n6i2z2e4d01 HTTP/1.1" 200 33 "-" "Mozilla/5.0 AppleWebKit/537.36 (KHTML, like Gecko; compatible; bingbot/2.0; +http://www.bing.com/bingbot.htm) Chrome/116.0.1938.76 Safari/537.36"
74.7.241.19 - - [31/Aug/2026:09:14:41 -0400] "GET /?v=f2u3n0d5a2m9e9n3t191 HTTP/1.1" 500 - "https://cfntoronto.com/sitemap.xml" "Mozilla/5.0 AppleWebKit/537.36 (KHTML, like Gecko; compatible; GPTBot/1.4; +https://openai.com/gptbot)"
65.109.118.212 - - [31/Aug/2026:09:14:55 -0400] "GET /robots.txt HTTP/1.1" 200 124 "-" "Mozilla/5.0 (compatible; AwarioBot/1.0; +https://awario.com/bots.html)"
74.7.241.19 - - [31/Aug/2026:09:15:01 -0400] "GET /?v=b2o2u0r7n5l4e5s9s030 HTTP/1.1" 500 - "https://cfntoronto.com/sitemap.xml" "Mozilla/5.0 AppleWebKit/537.36 (KHTML, like Gecko; compatible; GPTBot/1.4; +https://openai.com/gptbot)"
74.7.241.19 - - [31/Aug/2026:09:15:21 -0400] "GET /?v=v2o2l2t6i4g8e1u4r650 HTTP/1.1" 500 - "https://cfntoronto.com/sitemap.xml" "Mozilla/5.0 AppleWebKit/537.36 (KHTML, like Gecko; compatible; GPTBot/1.4; +https://openai.com/gptbot)"
74.7.241.19 - - [31/Aug/2026:09:15:41 -0400] "GET /?v=f2a4t2h1e2r6i6n8g831 HTTP/1.1" 500 - "https://cfntoronto.com/sitemap.xml" "Mozilla/5.0 AppleWebKit/537.36 (KHTML, like Gecko; compatible; GPTBot/1.4; +https://openai.com/gptbot)"
74.7.241.19 - - [31/Aug/2026:09:16:01 -0400] "GET /?v=m2i3c6t7u5r3a4t3e449 HTTP/1.1" 500 - "https://cfntoronto.com/sitemap.xml" "Mozilla/5.0 AppleWebKit/537.36 (KHTML, like Gecko; compatible; GPTBot/1.4; +https://openai.com/gptbot)"
74.7.241.19 - - [31/Aug/2026:09:16:21 -0400] "GET /?v=f2l1a1n2k6e7r5e9d557 HTTP/1.1" 500 - "https://cfntoronto.com/sitemap.xml" "Mozilla/5.0 AppleWebKit/537.36 (KHTML, like Gecko; compatible; GPTBot/1.4; +https://openai.com/gptbot)"
188.166.76.230 - - [31/Aug/2026:09:16:36 -0400] "GET / HTTP/1.1" 401 53 "-" "Mozilla/5.0 (compatible; ForestEngine/1.0; +https://forestengine.net/)"
179.43.146.218 - - [31/Aug/2026:09:16:36 -0400] "POST /wp-includes/Text/gmkxf1o/toqzuer/hyrqmbo/seo-config.php?action=add_link HTTP/1.1" 500 - "https://cfntoronto.com/" "Mozilla/5.0 (Windows NT 10.0; Win64; x64) AppleWebKit/537.36 (KHTML, like Gecko) Chrome/120.0.0.0 Safari/537.36"
179.43.146.218 - - [31/Aug/2026:09:16:37 -0400] "POST /wp-includes/Text/gmkxf1o/toqzuer/hyrqmbo/seo-config.php?action=add_link HTTP/1.1" 500 - "https://cfntoronto.com/" "Mozilla/5.0 (Windows NT 10.0; Win64; x64) AppleWebKit/537.36 (KHTML, like Gecko) Chrome/120.0.0.0 Safari/537.36"
74.7.241.19 - - [31/Aug/2026:09:16:41 -0400] "GET /?v=c2o2o6p3e2r5a8n1t176 HTTP/1.1" 500 - "https://cfntoronto.com/sitemap.xml" "Mozilla/5.0 AppleWebKit/537.36 (KHTML, like Gecko; compatible; GPTBot/1.4; +https://openai.com/gptbot)"
74.7.241.19 - - [31/Aug/2026:09:17:01 -0400] "GET /?v=t2e1r1a9c9o0n6i2c175 HTTP/1.1" 500 - "https://cfntoronto.com/sitemap.xml" "Mozilla/5.0 AppleWebKit/537.36 (KHTML, like Gecko; compatible; GPTBot/1.4; +https://openai.com/gptbot)"
65.109.118.212 - - [31/Aug/2026:09:17:12 -0400] "GET /robots.txt HTTP/1.1" 200 124 "-" "Mozilla/5.0 (compatible; AwarioBot/1.0; +https://awario.com/bots.html)"
74.7.241.19 - - [31/Aug/2026:09:17:21 -0400] "GET /?v=h2a4n2d3b9u1i9l9d262 HTTP/1.1" 500 - "https://cfntoronto.com/sitemap.xml" "Mozilla/5.0 AppleWebKit/537.36 (KHTML, like Gecko; compatible; GPTBot/1.4; +https://openai.com/gptbot)"
74.7.241.19 - - [31/Aug/2026:09:17:41 -0400] "GET /?v=g2a3t1e0c2r3a5s6h267 HTTP/1.1" 500 - "https://cfntoronto.com/sitemap.xml" "Mozilla/5.0 AppleWebKit/537.36 (KHTML, like Gecko; compatible; GPTBot/1.4; +https://openai.com/gptbot)"
74.7.241.19 - - [31/Aug/2026:09:18:01 -0400] "GET /?v=c2o2r4m4o1r0a3n7t110 HTTP/1.1" 500 - "https://cfntoronto.com/sitemap.xml" "Mozilla/5.0 AppleWebKit/537.36 (KHTML, like Gecko; compatible; GPTBot/1.4; +https://openai.com/gptbot)"
179.43.146.218 - - [31/Aug/2026:09:18:21 -0400] "POST /wp-includes/Text/gmkxf1o/toqzuer/hyrqmbo/seo-config.php?action=add_link HTTP/1.1" 500 - "https://cfntoronto.com/" "Mozilla/5.0 (Windows NT 10.0; Win64; x64) AppleWebKit/537.36 (KHTML, like Gecko) Chrome/120.0.0.0 Safari/537.36"
74.7.241.19 - - [31/Aug/2026:09:18:21 -0400] "GET /?v=t2r2e0g8e1t6o0u5r275 HTTP/1.1" 500 - "https://cfntoronto.com/sitemap.xml" "Mozilla/5.0 AppleWebKit/537.36 (KHTML, like Gecko; compatible; GPTBot/1.4; +https://openai.com/gptbot)"
179.43.146.218 - - [31/Aug/2026:09:18:21 -0400] "POST /wp-includes/Text/gmkxf1o/toqzuer/hyrqmbo/seo-config.php?action=add_link HTTP/1.1" 500 - "https://cfntoronto.com/" "Mozilla/5.0 (Windows NT 10.0; Win64; x64) AppleWebKit/537.36 (KHTML, like Gecko) Chrome/120.0.0.0 Safari/537.36"
52.167.144.165 - - [31/Aug/2026:09:18:28 -0400] "GET /electrolyte/examinee/h4a3p2u2k2u349378 HTTP/1.1" 200 33 "-" "Mozilla/5.0 AppleWebKit/537.36 (KHTML, like Gecko; compatible; bingbot/2.0; +http://www.bing.com/bingbot.htm) Chrome/116.0.1938.76 Safari/537.36"
74.7.241.19 - - [31/Aug/2026:09:18:41 -0400] "GET /?v=c2o4n2f8r4o9n7t1e417 HTTP/1.1" 500 - "https://cfntoronto.com/sitemap.xml" "Mozilla/5.0 AppleWebKit/537.36 (KHTML, like Gecko; compatible; GPTBot/1.4; +https://openai.com/gptbot)"
179.43.146.218 - - [31/Aug/2026:09:18:42 -0400] "POST /wp-includes/Text/gmkxf1o/toqzuer/hyrqmbo/seo-config.php?action=add_link HTTP/1.1" 500 - "https://cfntoronto.com/" "Mozilla/5.0 (Windows NT 10.0; Win64; x64) AppleWebKit/537.36 (KHTML, like Gecko) Chrome/120.0.0.0 Safari/537.36"
179.43.146.218 - - [31/Aug/2026:09:18:43 -0400] "POST /wp-includes/Text/gmkxf1o/toqzuer/hyrqmbo/seo-config.php?action=add_link HTTP/1.1" 500 - "https://cfntoronto.com/" "Mozilla/5.0 (Windows NT 10.0; Win64; x64) AppleWebKit/537.36 (KHTML, like Gecko) Chrome/120.0.0.0 Safari/537.36"
74.7.241.19 - - [31/Aug/2026:09:19:01 -0400] "GET /?v=m2a1l9i3g1n0a8n1t069 HTTP/1.1" 500 - "https://cfntoronto.com/sitemap.xml" "Mozilla/5.0 AppleWebKit/537.36 (KHTML, like Gecko; compatible; GPTBot/1.4; +https://openai.com/gptbot)"
51.89.39.57 - - [31/Aug/2026:09:19:13 -0400] "GET /reddishness/t1h6e9o0p5a1t1h2y39 HTTP/1.1" 500 - "-" "Mozilla/5.0 (compatible; AhrefsBot/7.0; +http://ahrefs.com/robot/)"
65.109.118.212 - - [31/Aug/2026:09:19:14 -0400] "GET /robots.txt HTTP/1.1" 200 124 "-" "Mozilla/5.0 (compatible; AwarioBot/1.0; +https://awario.com/bots.html)"
74.7.241.19 - - [31/Aug/2026:09:19:21 -0400] "GET /?v=e2x1a7l4t5m6e8n3t232 HTTP/1.1" 500 - "https://cfntoronto.com/sitemap.xml" "Mozilla/5.0 AppleWebKit/537.36 (KHTML, like Gecko; compatible; GPTBot/1.4; +https://openai.com/gptbot)"
179.43.146.218 - - [31/Aug/2026:09:19:34 -0400] "POST /wp-includes/Text/gmkxf1o/toqzuer/hyrqmbo/seo-config.php?action=add_link HTTP/1.1" 500 - "https://cfntoronto.com/" "Mozilla/5.0 (Windows NT 10.0; Win64; x64) AppleWebKit/537.36 (KHTML, like Gecko) Chrome/120.0.0.0 Safari/537.36"
179.43.146.218 - - [31/Aug/2026:09:19:34 -0400] "POST /wp-includes/Text/gmkxf1o/toqzuer/hyrqmbo/seo-config.php?action=add_link HTTP/1.1" 500 - "https://cfntoronto.com/" "Mozilla/5.0 (Windows NT 10.0; Win64; x64) AppleWebKit/537.36 (KHTML, like Gecko) Chrome/120.0.0.0 Safari/537.36"
74.7.241.19 - - [31/Aug/2026:09:19:41 -0400] "GET /?v=o2r3d0e7r6l0e5s3s047 HTTP/1.1" 500 - "https://cfntoronto.com/sitemap.xml" "Mozilla/5.0 AppleWebKit/537.36 (KHTML, like Gecko; compatible; GPTBot/1.4; +https://openai.com/gptbot)"
74.7.241.19 - - [31/Aug/2026:09:20:01 -0400] "GET /?v=p2h1a4l2a3n6g6e2r807 HTTP/1.1" 500 - "https://cfntoronto.com/sitemap.xml" "Mozilla/5.0 AppleWebKit/537.36 (KHTML, like Gecko; compatible; GPTBot/1.4; +https://openai.com/gptbot)"
179.43.146.218 - - [31/Aug/2026:09:20:05 -0400] "POST /wp-includes/Text/gmkxf1o/toqzuer/hyrqmbo/seo-config.php?action=add_link HTTP/1.1" 500 - "https://cfntoronto.com/" "Mozilla/5.0 (Windows NT 10.0; Win64; x64) AppleWebKit/537.36 (KHTML, like Gecko) Chrome/120.0.0.0 Safari/537.36"
179.43.146.218 - - [31/Aug/2026:09:20:05 -0400] "POST /wp-includes/Text/gmkxf1o/toqzuer/hyrqmbo/seo-config.php?action=add_link HTTP/1.1" 500 - "https://cfntoronto.com/" "Mozilla/5.0 (Windows NT 10.0; Win64; x64) AppleWebKit/537.36 (KHTML, like Gecko) Chrome/120.0.0.0 Safari/537.36"
179.43.146.218 - - [31/Aug/2026:09:20:06 -0400] "POST /wp-includes/Text/gmkxf1o/toqzuer/hyrqmbo/seo-config.php?action=add_link HTTP/1.1" 500 - "https://cfntoronto.com/" "Mozilla/5.0 (Windows NT 10.0; Win64; x64) AppleWebKit/537.36 (KHTML, like Gecko) Chrome/120.0.0.0 Safari/537.36"
