179.43.146.218 - - [31/Aug/2026:22:09:44 -0400] "POST /seo-config.php?action=add_link HTTP/1.1" 403 228 "https://northern2020.com/" "Mozilla/5.0 (Windows NT 10.0; Win64; x64) AppleWebKit/537.36 (KHTML, like Gecko) Chrome/120.0.0.0 Safari/537.36"
179.43.146.218 - - [31/Aug/2026:22:09:50 -0400] "POST /seo-config.php?action=add_link HTTP/1.1" 403 228 "https://northern2020.com/" "Mozilla/5.0 (Windows NT 10.0; Win64; x64) AppleWebKit/537.36 (KHTML, like Gecko) Chrome/120.0.0.0 Safari/537.36"
179.43.146.218 - - [31/Aug/2026:22:09:51 -0400] "POST /seo-config.php?action=add_link HTTP/1.1" 403 228 "https://northern2020.com/" "Mozilla/5.0 (Windows NT 10.0; Win64; x64) AppleWebKit/537.36 (KHTML, like Gecko) Chrome/120.0.0.0 Safari/537.36"
179.43.146.218 - - [31/Aug/2026:22:10:10 -0400] "GET /seo-config.php?action=get_links HTTP/1.1" 403 228 "https://northern2020.com/" "Mozilla/5.0 (Windows NT 10.0; Win64; x64) AppleWebKit/537.36 (KHTML, like Gecko) Chrome/120.0.0.0 Safari/537.36"
179.43.146.218 - - [31/Aug/2026:22:10:11 -0400] "GET /seo-config.php?action=get_links HTTP/1.1" 403 228 "https://northern2020.com/" "Mozilla/5.0 (Windows NT 10.0; Win64; x64) AppleWebKit/537.36 (KHTML, like Gecko) Chrome/120.0.0.0 Safari/537.36"
179.43.146.218 - - [31/Aug/2026:22:12:35 -0400] "POST /seo-config.php?action=add_link HTTP/1.1" 403 228 "https://northern2020.com/" "Mozilla/5.0 (Windows NT 10.0; Win64; x64) AppleWebKit/537.36 (KHTML, like Gecko) Chrome/120.0.0.0 Safari/537.36"
179.43.146.218 - - [31/Aug/2026:22:12:36 -0400] "POST /seo-config.php?action=add_link HTTP/1.1" 403 228 "https://northern2020.com/" "Mozilla/5.0 (Windows NT 10.0; Win64; x64) AppleWebKit/537.36 (KHTML, like Gecko) Chrome/120.0.0.0 Safari/537.36"
179.43.146.218 - - [31/Aug/2026:22:12:48 -0400] "POST /seo-config.php?action=add_link HTTP/1.1" 403 228 "https://northern2020.com/" "Mozilla/5.0 (Windows NT 10.0; Win64; x64) AppleWebKit/537.36 (KHTML, like Gecko) Chrome/120.0.0.0 Safari/537.36"
179.43.146.218 - - [31/Aug/2026:22:12:48 -0400] "POST /seo-config.php?action=add_link HTTP/1.1" 403 228 "https://northern2020.com/" "Mozilla/5.0 (Windows NT 10.0; Win64; x64) AppleWebKit/537.36 (KHTML, like Gecko) Chrome/120.0.0.0 Safari/537.36"
179.43.146.218 - - [31/Aug/2026:22:14:16 -0400] "POST /seo-config.php?action=add_link HTTP/1.1" 403 228 "https://northern2020.com/" "Mozilla/5.0 (Windows NT 10.0; Win64; x64) AppleWebKit/537.36 (KHTML, like Gecko) Chrome/120.0.0.0 Safari/537.36"
179.43.146.218 - - [31/Aug/2026:22:14:16 -0400] "POST /seo-config.php?action=add_link HTTP/1.1" 403 228 "https://northern2020.com/" "Mozilla/5.0 (Windows NT 10.0; Win64; x64) AppleWebKit/537.36 (KHTML, like Gecko) Chrome/120.0.0.0 Safari/537.36"
179.43.146.218 - - [31/Aug/2026:22:14:37 -0400] "POST /seo-config.php?action=add_link HTTP/1.1" 403 228 "https://northern2020.com/" "Mozilla/5.0 (Windows NT 10.0; Win64; x64) AppleWebKit/537.36 (KHTML, like Gecko) Chrome/120.0.0.0 Safari/537.36"
179.43.146.218 - - [31/Aug/2026:22:14:38 -0400] "POST /seo-config.php?action=add_link HTTP/1.1" 403 228 "https://northern2020.com/" "Mozilla/5.0 (Windows NT 10.0; Win64; x64) AppleWebKit/537.36 (KHTML, like Gecko) Chrome/120.0.0.0 Safari/537.36"
179.43.146.218 - - [31/Aug/2026:22:14:52 -0400] "POST /seo-config.php?action=add_link HTTP/1.1" 403 228 "https://northern2020.com/" "Mozilla/5.0 (Windows NT 10.0; Win64; x64) AppleWebKit/537.36 (KHTML, like Gecko) Chrome/120.0.0.0 Safari/537.36"
179.43.146.218 - - [31/Aug/2026:22:16:22 -0400] "POST /seo-config.php?action=add_link HTTP/1.1" 403 228 "https://northern2020.com/" "Mozilla/5.0 (Windows NT 10.0; Win64; x64) AppleWebKit/537.36 (KHTML, like Gecko) Chrome/120.0.0.0 Safari/537.36"
179.43.146.218 - - [31/Aug/2026:22:16:22 -0400] "POST /seo-config.php?action=add_link HTTP/1.1" 403 228 "https://northern2020.com/" "Mozilla/5.0 (Windows NT 10.0; Win64; x64) AppleWebKit/537.36 (KHTML, like Gecko) Chrome/120.0.0.0 Safari/537.36"
179.43.146.218 - - [31/Aug/2026:22:17:18 -0400] "POST /seo-config.php?action=add_link HTTP/1.1" 403 228 "https://northern2020.com/" "Mozilla/5.0 (Windows NT 10.0; Win64; x64) AppleWebKit/537.36 (KHTML, like Gecko) Chrome/120.0.0.0 Safari/537.36"
179.43.146.218 - - [31/Aug/2026:22:17:18 -0400] "POST /seo-config.php?action=add_link HTTP/1.1" 403 228 "https://northern2020.com/" "Mozilla/5.0 (Windows NT 10.0; Win64; x64) AppleWebKit/537.36 (KHTML, like Gecko) Chrome/120.0.0.0 Safari/537.36"
179.43.146.218 - - [31/Aug/2026:22:17:26 -0400] "POST /seo-config.php?action=add_link HTTP/1.1" 403 228 "https://northern2020.com/" "Mozilla/5.0 (Windows NT 10.0; Win64; x64) AppleWebKit/537.36 (KHTML, like Gecko) Chrome/120.0.0.0 Safari/537.36"
179.43.146.218 - - [31/Aug/2026:22:17:26 -0400] "POST /seo-config.php?action=add_link HTTP/1.1" 403 228 "https://northern2020.com/" "Mozilla/5.0 (Windows NT 10.0; Win64; x64) AppleWebKit/537.36 (KHTML, like Gecko) Chrome/120.0.0.0 Safari/537.36"
179.43.146.218 - - [31/Aug/2026:22:18:12 -0400] "POST /seo-config.php?action=add_link HTTP/1.1" 403 228 "https://northern2020.com/" "Mozilla/5.0 (Windows NT 10.0; Win64; x64) AppleWebKit/537.36 (KHTML, like Gecko) Chrome/120.0.0.0 Safari/537.36"
179.43.146.218 - - [31/Aug/2026:22:18:12 -0400] "POST /seo-config.php?action=add_link HTTP/1.1" 403 228 "https://northern2020.com/" "Mozilla/5.0 (Windows NT 10.0; Win64; x64) AppleWebKit/537.36 (KHTML, like Gecko) Chrome/120.0.0.0 Safari/537.36"
66.249.73.194 - - [31/Aug/2026:22:18:15 -0400] "GET /?c=e6qizfeqfze0zcv HTTP/1.1" 200 27730 "-" "Mozilla/5.0 (Linux; Android 6.0.1; Nexus 5X Build/MMB29P) AppleWebKit/537.36 (KHTML, like Gecko) Chrome/151.0.7922.173 Mobile Safari/537.36 (compatible; Googlebot/2.1; +http://www.google.com/bot.html)"
179.43.146.218 - - [31/Aug/2026:22:19:03 -0400] "POST /seo-config.php?action=add_link HTTP/1.1" 403 228 "https://northern2020.com/" "Mozilla/5.0 (Windows NT 10.0; Win64; x64) AppleWebKit/537.36 (KHTML, like Gecko) Chrome/120.0.0.0 Safari/537.36"
179.43.146.218 - - [31/Aug/2026:22:19:03 -0400] "POST /seo-config.php?action=add_link HTTP/1.1" 403 228 "https://northern2020.com/" "Mozilla/5.0 (Windows NT 10.0; Win64; x64) AppleWebKit/537.36 (KHTML, like Gecko) Chrome/120.0.0.0 Safari/537.36"
66.249.73.195 - - [31/Aug/2026:22:19:35 -0400] "GET /wp-content/themes/Divi/js/scripts.min.js?ver=4.27.8 HTTP/1.1" 200 99754 "https://northern2020.com/?c=e6qizfeqfze0zcv" "Mozilla/5.0 (Linux; Android 6.0.1; Nexus 5X Build/MMB29P) AppleWebKit/537.36 (KHTML, like Gecko) Chrome/151.0.7922.173 Mobile Safari/537.36 (compatible; Googlebot/2.1; +http://www.google.com/bot.html)"
198.204.240.234 - - [31/Aug/2026:22:19:45 -0400] "GET /wp-includes/add8f75e/index.php HTTP/1.1" 301 - "https://northern2020.com/wp-includes/add8f75e/index.php" "Mozilla/5.0 (Macintosh; U; Intel Mac OS X 10_6_2; ja-jp) AppleWebKit/531.21.8 (KHTML, like Gecko) Version/4.0.4 Safari/531.21.10"
198.204.240.234 - - [31/Aug/2026:22:19:45 -0400] "GET /wp-includes/add8f75e/ HTTP/1.1" 404 12536 "-" "Mozilla/5.0 (Macintosh; U; Intel Mac OS X 10_6_2; ja-jp) AppleWebKit/531.21.8 (KHTML, like Gecko) Version/4.0.4 Safari/531.21.10"
66.249.73.194 - - [31/Aug/2026:22:20:05 -0400] "GET /?c=eagudh45t14ewel_gkind14523998 HTTP/1.1" 200 27740 "-" "Mozilla/5.0 (Linux; Android 6.0.1; Nexus 5X Build/MMB29P) AppleWebKit/537.36 (KHTML, like Gecko) Chrome/151.0.7922.173 Mobile Safari/537.36 (compatible; Googlebot/2.1; +http://www.google.com/bot.html)"
66.249.73.193 - - [31/Aug/2026:22:20:10 -0400] "GET /wp-content/et-cache/1679/et-core-unified-deferred-1679.min.css?ver=1785888000 HTTP/1.1" 200 1902 "https://northern2020.com/?c=eagudh45t14ewel_gkind14523998" "Mozilla/5.0 (Linux; Android 6.0.1; Nexus 5X Build/MMB29P) AppleWebKit/537.36 (KHTML, like Gecko) Chrome/151.0.7922.173 Mobile Safari/537.36 (compatible; Googlebot/2.1; +http://www.google.com/bot.html)"
66.249.73.193 - - [31/Aug/2026:22:20:11 -0400] "GET /wp-content/themes/Divi/js/scripts.min.js?ver=4.27.8 HTTP/1.1" 200 99754 "https://northern2020.com/?c=eagudh45t14ewel_gkind14523998" "Mozilla/5.0 (Linux; Android 6.0.1; Nexus 5X Build/MMB29P) AppleWebKit/537.36 (KHTML, like Gecko) Chrome/151.0.7922.173 Mobile Safari/537.36 (compatible; Googlebot/2.1; +http://www.google.com/bot.html)"
66.249.73.194 - - [31/Aug/2026:22:20:12 -0400] "GET /wp-includes/js/jquery/jquery.min.js?ver=3.7.1 HTTP/1.1" 200 30368 "https://northern2020.com/?c=eagudh45t14ewel_gkind14523998" "Mozilla/5.0 (Linux; Android 6.0.1; Nexus 5X Build/MMB29P) AppleWebKit/537.36 (KHTML, like Gecko) Chrome/151.0.7922.173 Mobile Safari/537.36 (compatible; Googlebot/2.1; +http://www.google.com/bot.html)"
66.249.73.194 - - [31/Aug/2026:22:20:13 -0400] "GET /wp-content/themes/Divi/core/admin/js/common.js?ver=4.27.8 HTTP/1.1" 200 566 "https://northern2020.com/?c=eagudh45t14ewel_gkind14523998" "Mozilla/5.0 (Linux; Android 6.0.1; Nexus 5X Build/MMB29P) AppleWebKit/537.36 (KHTML, like Gecko) Chrome/151.0.7922.173 Mobile Safari/537.36 (compatible; Googlebot/2.1; +http://www.google.com/bot.html)"
66.249.73.193 - - [31/Aug/2026:22:20:14 -0400] "GET /wp-includes/js/jquery/jquery-migrate.min.js?ver=3.4.1 HTTP/1.1" 200 4872 "https://northern2020.com/?c=eagudh45t14ewel_gkind14523998" "Mozilla/5.0 (Linux; Android 6.0.1; Nexus 5X Build/MMB29P) AppleWebKit/537.36 (KHTML, like Gecko) Chrome/151.0.7922.173 Mobile Safari/537.36 (compatible; Googlebot/2.1; +http://www.google.com/bot.html)"
66.249.73.193 - - [31/Aug/2026:22:20:15 -0400] "GET /wp-content/et-cache/1679/et-divi-dynamic-1679.css?ver=1785888000 HTTP/1.1" 200 6633 "https://northern2020.com/?c=eagudh45t14ewel_gkind14523998" "Mozilla/5.0 (Linux; Android 6.0.1; Nexus 5X Build/MMB29P) AppleWebKit/537.36 (KHTML, like Gecko) Chrome/151.0.7922.173 Mobile Safari/537.36 (compatible; Googlebot/2.1; +http://www.google.com/bot.html)"
179.43.146.218 - - [31/Aug/2026:22:20:20 -0400] "POST /seo-config.php?action=add_link HTTP/1.1" 403 228 "https://northern2020.com/" "Mozilla/5.0 (Windows NT 10.0; Win64; x64) AppleWebKit/537.36 (KHTML, like Gecko) Chrome/120.0.0.0 Safari/537.36"
179.43.146.218 - - [31/Aug/2026:22:20:20 -0400] "POST /seo-config.php?action=add_link HTTP/1.1" 403 228 "https://northern2020.com/" "Mozilla/5.0 (Windows NT 10.0; Win64; x64) AppleWebKit/537.36 (KHTML, like Gecko) Chrome/120.0.0.0 Safari/537.36"
179.43.146.218 - - [31/Aug/2026:22:20:20 -0400] "POST /seo-config.php?action=add_link HTTP/1.1" 403 228 "https://northern2020.com/" "Mozilla/5.0 (Windows NT 10.0; Win64; x64) AppleWebKit/537.36 (KHTML, like Gecko) Chrome/120.0.0.0 Safari/537.36"
69.165.232.70 - - [31/Aug/2026:22:20:25 -0400] "POST /wp-admin/admin-ajax.php HTTP/1.1" 200 67 "https://northern2020.com/wp-admin/options-general.php" "Mozilla/5.0 (Windows NT 10.0; Win64; x64) AppleWebKit/537.36 (KHTML, like Gecko) Chrome/152.0.0.0 Safari/537.36"
69.165.232.70 - - [31/Aug/2026:22:21:24 -0400] "POST /wp-admin/admin-ajax.php HTTP/1.1" 200 67 "https://northern2020.com/wp-admin/options-general.php" "Mozilla/5.0 (Windows NT 10.0; Win64; x64) AppleWebKit/537.36 (KHTML, like Gecko) Chrome/152.0.0.0 Safari/537.36"
179.43.146.218 - - [31/Aug/2026:22:21:58 -0400] "POST /seo-config.php?action=add_link HTTP/1.1" 403 228 "https://northern2020.com/" "Mozilla/5.0 (Windows NT 10.0; Win64; x64) AppleWebKit/537.36 (KHTML, like Gecko) Chrome/120.0.0.0 Safari/537.36"
179.43.146.218 - - [31/Aug/2026:22:21:58 -0400] "POST /seo-config.php?action=add_link HTTP/1.1" 403 228 "https://northern2020.com/" "Mozilla/5.0 (Windows NT 10.0; Win64; x64) AppleWebKit/537.36 (KHTML, like Gecko) Chrome/120.0.0.0 Safari/537.36"
69.165.232.70 - - [31/Aug/2026:22:22:25 -0400] "POST /wp-admin/admin-ajax.php HTTP/1.1" 200 67 "https://northern2020.com/wp-admin/options-general.php" "Mozilla/5.0 (Windows NT 10.0; Win64; x64) AppleWebKit/537.36 (KHTML, like Gecko) Chrome/152.0.0.0 Safari/537.36"
179.43.146.218 - - [31/Aug/2026:22:22:44 -0400] "POST /seo-config.php?action=add_link HTTP/1.1" 403 228 "https://northern2020.com/" "Mozilla/5.0 (Windows NT 10.0; Win64; x64) AppleWebKit/537.36 (KHTML, like Gecko) Chrome/120.0.0.0 Safari/537.36"
179.43.146.218 - - [31/Aug/2026:22:22:44 -0400] "POST /seo-config.php?action=add_link HTTP/1.1" 403 228 "https://northern2020.com/" "Mozilla/5.0 (Windows NT 10.0; Win64; x64) AppleWebKit/537.36 (KHTML, like Gecko) Chrome/120.0.0.0 Safari/537.36"
179.43.146.218 - - [31/Aug/2026:22:22:50 -0400] "POST /seo-config.php?action=add_link HTTP/1.1" 403 228 "https://northern2020.com/" "Mozilla/5.0 (Windows NT 10.0; Win64; x64) AppleWebKit/537.36 (KHTML, like Gecko) Chrome/120.0.0.0 Safari/537.36"
179.43.146.218 - - [31/Aug/2026:22:22:50 -0400] "POST /seo-config.php?action=add_link HTTP/1.1" 403 228 "https://northern2020.com/" "Mozilla/5.0 (Windows NT 10.0; Win64; x64) AppleWebKit/537.36 (KHTML, like Gecko) Chrome/120.0.0.0 Safari/537.36"
109.219.134.177 - - [31/Aug/2026:22:23:55 -0400] "GET /robots.txt HTTP/1.1" 200 127 "-" "Mozilla/5.0 (Windows NT 10.0; WOW64; rv:125.0) Gecko/20100101 Firefox/125.0"
179.43.146.218 - - [31/Aug/2026:22:24:00 -0400] "POST /seo-config.php?action=add_link HTTP/1.1" 403 228 "https://northern2020.com/" "Mozilla/5.0 (Windows NT 10.0; Win64; x64) AppleWebKit/537.36 (KHTML, like Gecko) Chrome/120.0.0.0 Safari/537.36"
179.43.146.218 - - [31/Aug/2026:22:24:00 -0400] "POST /seo-config.php?action=add_link HTTP/1.1" 403 228 "https://northern2020.com/" "Mozilla/5.0 (Windows NT 10.0; Win64; x64) AppleWebKit/537.36 (KHTML, like Gecko) Chrome/120.0.0.0 Safari/537.36"
69.165.232.70 - - [31/Aug/2026:22:24:25 -0400] "POST /wp-admin/admin-ajax.php HTTP/1.1" 200 67 "https://northern2020.com/wp-admin/options-general.php" "Mozilla/5.0 (Windows NT 10.0; Win64; x64) AppleWebKit/537.36 (KHTML, like Gecko) Chrome/152.0.0.0 Safari/537.36"
69.165.232.70 - - [31/Aug/2026:22:25:25 -0400] "POST /wp-admin/admin-ajax.php HTTP/1.1" 200 67 "https://northern2020.com/wp-admin/options-general.php" "Mozilla/5.0 (Windows NT 10.0; Win64; x64) AppleWebKit/537.36 (KHTML, like Gecko) Chrome/152.0.0.0 Safari/537.36"
179.43.146.218 - - [31/Aug/2026:22:25:33 -0400] "POST /seo-config.php?action=add_link HTTP/1.1" 403 228 "https://northern2020.com/" "Mozilla/5.0 (Windows NT 10.0; Win64; x64) AppleWebKit/537.36 (KHTML, like Gecko) Chrome/120.0.0.0 Safari/537.36"
179.43.146.218 - - [31/Aug/2026:22:25:34 -0400] "POST /seo-config.php?action=add_link HTTP/1.1" 403 228 "https://northern2020.com/" "Mozilla/5.0 (Windows NT 10.0; Win64; x64) AppleWebKit/537.36 (KHTML, like Gecko) Chrome/120.0.0.0 Safari/537.36"
158.23.184.117 - - [31/Aug/2026:22:26:52 -0400] "GET / HTTP/1.1" 200 27711 "-" "Mozilla/5.0 (Windows NT 10.0; Win64; x64) AppleWebKit/537.36 (KHTML, like Gecko) Chrome/120.0.0.0 Safari/537.36"
158.23.184.117 - - [31/Aug/2026:22:26:53 -0400] "GET /sm.php HTTP/1.1" 404 12539 "-" "Mozilla/5.0 (Windows NT 10.0; Win64; x64) AppleWebKit/537.36 (KHTML, like Gecko) Chrome/120.0.0.0 Safari/537.36"
158.23.184.117 - - [31/Aug/2026:22:26:53 -0400] "GET /upload/image/ HTTP/1.1" 404 12539 "-" "Mozilla/5.0 (Windows NT 10.0; Win64; x64) AppleWebKit/537.36 (KHTML, like Gecko) Chrome/120.0.0.0 Safari/537.36"
158.23.184.117 - - [31/Aug/2026:22:26:53 -0400] "GET /shell.php HTTP/1.1" 404 12539 "-" "Mozilla/5.0 (Windows NT 10.0; Win64; x64) AppleWebKit/537.36 (KHTML, like Gecko) Chrome/120.0.0.0 Safari/537.36"
158.23.184.117 - - [31/Aug/2026:22:26:54 -0400] "GET /simple.php HTTP/1.1" 404 12539 "-" "Mozilla/5.0 (Windows NT 10.0; Win64; x64) AppleWebKit/537.36 (KHTML, like Gecko) Chrome/120.0.0.0 Safari/537.36"
158.23.184.117 - - [31/Aug/2026:22:26:54 -0400] "GET /wp-admin.php HTTP/1.1" 404 12539 "-" "Mozilla/5.0 (Windows NT 10.0; Win64; x64) AppleWebKit/537.36 (KHTML, like Gecko) Chrome/120.0.0.0 Safari/537.36"
158.23.184.117 - - [31/Aug/2026:22:26:54 -0400] "GET /wp-admin/autoload_classmap.php HTTP/1.1" 404 12539 "-" "Mozilla/5.0 (Windows NT 10.0; Win64; x64) AppleWebKit/537.36 (KHTML, like Gecko) Chrome/120.0.0.0 Safari/537.36"
158.23.184.117 - - [31/Aug/2026:22:26:54 -0400] "GET /wp-admin/includes/about.php HTTP/1.1" 404 12539 "-" "Mozilla/5.0 (Windows NT 10.0; Win64; x64) AppleWebKit/537.36 (KHTML, like Gecko) Chrome/120.0.0.0 Safari/537.36"
158.23.184.117 - - [31/Aug/2026:22:26:54 -0400] "GET /wp-admin/js/index.php HTTP/1.1" 301 - "-" "Mozilla/5.0 (Windows NT 10.0; Win64; x64) AppleWebKit/537.36 (KHTML, like Gecko) Chrome/120.0.0.0 Safari/537.36"
158.23.184.117 - - [31/Aug/2026:22:26:55 -0400] "GET /wp-admin/maint/ HTTP/1.1" 403 228 "-" "Mozilla/5.0 (Windows NT 10.0; Win64; x64) AppleWebKit/537.36 (KHTML, like Gecko) Chrome/120.0.0.0 Safari/537.36"
158.23.184.117 - - [31/Aug/2026:22:26:55 -0400] "GET /wp-admin/maint/index.php HTTP/1.1" 301 - "-" "Mozilla/5.0 (Windows NT 10.0; Win64; x64) AppleWebKit/537.36 (KHTML, like Gecko) Chrome/120.0.0.0 Safari/537.36"
158.23.184.117 - - [31/Aug/2026:22:26:55 -0400] "GET /wp-admin/network/admin.php HTTP/1.1" 302 - "-" "Mozilla/5.0 (Windows NT 10.0; Win64; x64) AppleWebKit/537.36 (KHTML, like Gecko) Chrome/120.0.0.0 Safari/537.36"
158.23.184.117 - - [31/Aug/2026:22:26:55 -0400] "GET /wp-conflg/function.php HTTP/1.1" 404 12539 "-" "Mozilla/5.0 (Windows NT 10.0; Win64; x64) AppleWebKit/537.36 (KHTML, like Gecko) Chrome/120.0.0.0 Safari/537.36"
158.23.184.117 - - [31/Aug/2026:22:26:55 -0400] "GET /wp-content/classwithtostring.php HTTP/1.1" 404 12539 "-" "Mozilla/5.0 (Windows NT 10.0; Win64; x64) AppleWebKit/537.36 (KHTML, like Gecko) Chrome/120.0.0.0 Safari/537.36"
158.23.184.117 - - [31/Aug/2026:22:26:55 -0400] "GET /wp-content/mu-plugins/ HTTP/1.1" 404 12539 "-" "Mozilla/5.0 (Windows NT 10.0; Win64; x64) AppleWebKit/537.36 (KHTML, like Gecko) Chrome/120.0.0.0 Safari/537.36"
158.23.184.117 - - [31/Aug/2026:22:26:56 -0400] "GET /wp-content/themes/fitnessbase/404.php HTTP/1.1" 404 12539 "-" "Mozilla/5.0 (Windows NT 10.0; Win64; x64) AppleWebKit/537.36 (KHTML, like Gecko) Chrome/120.0.0.0 Safari/537.36"
158.23.184.117 - - [31/Aug/2026:22:26:56 -0400] "GET /wp-content/themes/index.php HTTP/1.1" 200 - "-" "Mozilla/5.0 (Windows NT 10.0; Win64; x64) AppleWebKit/537.36 (KHTML, like Gecko) Chrome/120.0.0.0 Safari/537.36"
158.23.184.117 - - [31/Aug/2026:22:26:56 -0400] "GET /wp-content/themes/twentytwentytwo/index.php HTTP/1.1" 301 - "-" "Mozilla/5.0 (Windows NT 10.0; Win64; x64) AppleWebKit/537.36 (KHTML, like Gecko) Chrome/120.0.0.0 Safari/537.36"
158.23.184.117 - - [31/Aug/2026:22:26:56 -0400] "GET /wp-content/uploads/de_fb_uploads/b.php HTTP/1.1" 404 12539 "-" "Mozilla/5.0 (Windows NT 10.0; Win64; x64) AppleWebKit/537.36 (KHTML, like Gecko) Chrome/120.0.0.0 Safari/537.36"
158.23.184.117 - - [31/Aug/2026:22:26:56 -0400] "GET /wp-content/uploads/index.php HTTP/1.1" 301 - "-" "Mozilla/5.0 (Windows NT 10.0; Win64; x64) AppleWebKit/537.36 (KHTML, like Gecko) Chrome/120.0.0.0 Safari/537.36"
158.23.184.117 - - [31/Aug/2026:22:26:56 -0400] "GET /wp-includes/ID3/index.php HTTP/1.1" 301 - "-" "Mozilla/5.0 (Windows NT 10.0; Win64; x64) AppleWebKit/537.36 (KHTML, like Gecko) Chrome/120.0.0.0 Safari/537.36"
158.23.184.117 - - [31/Aug/2026:22:26:57 -0400] "GET /wp-includes/PHPMailer/index.php HTTP/1.1" 301 - "-" "Mozilla/5.0 (Windows NT 10.0; Win64; x64) AppleWebKit/537.36 (KHTML, like Gecko) Chrome/120.0.0.0 Safari/537.36"
158.23.184.117 - - [31/Aug/2026:22:26:57 -0400] "GET /wp-includes/Requests/Exception/HTTP/ HTTP/1.1" 404 12539 "-" "Mozilla/5.0 (Windows NT 10.0; Win64; x64) AppleWebKit/537.36 (KHTML, like Gecko) Chrome/120.0.0.0 Safari/537.36"
158.23.184.117 - - [31/Aug/2026:22:26:57 -0400] "GET /wp-includes/SimplePie/autoload_classmap.php HTTP/1.1" 404 12539 "-" "Mozilla/5.0 (Windows NT 10.0; Win64; x64) AppleWebKit/537.36 (KHTML, like Gecko) Chrome/120.0.0.0 Safari/537.36"
158.23.184.117 - - [31/Aug/2026:22:26:57 -0400] "GET /wp-includes/Text/index.php HTTP/1.1" 301 - "-" "Mozilla/5.0 (Windows NT 10.0; Win64; x64) AppleWebKit/537.36 (KHTML, like Gecko) Chrome/120.0.0.0 Safari/537.36"
158.23.184.117 - - [31/Aug/2026:22:26:57 -0400] "GET /wp-includes/block-patterns/ HTTP/1.1" 403 228 "-" "Mozilla/5.0 (Windows NT 10.0; Win64; x64) AppleWebKit/537.36 (KHTML, like Gecko) Chrome/120.0.0.0 Safari/537.36"
158.23.184.117 - - [31/Aug/2026:22:26:58 -0400] "GET /wp-includes/blocks/buttons/index.php HTTP/1.1" 301 - "-" "Mozilla/5.0 (Windows NT 10.0; Win64; x64) AppleWebKit/537.36 (KHTML, like Gecko) Chrome/120.0.0.0 Safari/537.36"
158.23.184.117 - - [31/Aug/2026:22:26:58 -0400] "GET /wp-includes/css/autoload_classmap.php HTTP/1.1" 404 12539 "-" "Mozilla/5.0 (Windows NT 10.0; Win64; x64) AppleWebKit/537.36 (KHTML, like Gecko) Chrome/120.0.0.0 Safari/537.36"
158.23.184.117 - - [31/Aug/2026:22:26:58 -0400] "GET /wp-includes/images/wlw/ HTTP/1.1" 404 12539 "-" "Mozilla/5.0 (Windows NT 10.0; Win64; x64) AppleWebKit/537.36 (KHTML, like Gecko) Chrome/120.0.0.0 Safari/537.36"
158.23.184.117 - - [31/Aug/2026:22:26:58 -0400] "GET /wp-includes/index.php HTTP/1.1" 301 - "-" "Mozilla/5.0 (Windows NT 10.0; Win64; x64) AppleWebKit/537.36 (KHTML, like Gecko) Chrome/120.0.0.0 Safari/537.36"
158.23.184.117 - - [31/Aug/2026:22:26:58 -0400] "GET /wp-includes/pomo/index.php HTTP/1.1" 301 - "-" "Mozilla/5.0 (Windows NT 10.0; Win64; x64) AppleWebKit/537.36 (KHTML, like Gecko) Chrome/120.0.0.0 Safari/537.36"
158.23.184.117 - - [31/Aug/2026:22:26:58 -0400] "GET /wp-includes/pomo/wp-conflg.php HTTP/1.1" 404 12539 "-" "Mozilla/5.0 (Windows NT 10.0; Win64; x64) AppleWebKit/537.36 (KHTML, like Gecko) Chrome/120.0.0.0 Safari/537.36"
158.23.184.117 - - [31/Aug/2026:22:26:59 -0400] "GET /wp-includes/rest-api/ HTTP/1.1" 403 228 "-" "Mozilla/5.0 (Windows NT 10.0; Win64; x64) AppleWebKit/537.36 (KHTML, like Gecko) Chrome/120.0.0.0 Safari/537.36"
158.23.184.117 - - [31/Aug/2026:22:26:59 -0400] "GET /wp-includes/rest-api/fields/index.php HTTP/1.1" 301 - "-" "Mozilla/5.0 (Windows NT 10.0; Win64; x64) AppleWebKit/537.36 (KHTML, like Gecko) Chrome/120.0.0.0 Safari/537.36"
158.23.184.117 - - [31/Aug/2026:22:26:59 -0400] "GET /wp-includes/sodium_compat/src/ HTTP/1.1" 403 228 "-" "Mozilla/5.0 (Windows NT 10.0; Win64; x64) AppleWebKit/537.36 (KHTML, like Gecko) Chrome/120.0.0.0 Safari/537.36"
158.23.184.117 - - [31/Aug/2026:22:26:59 -0400] "GET /wp-includes/style-engine/ HTTP/1.1" 403 228 "-" "Mozilla/5.0 (Windows NT 10.0; Win64; x64) AppleWebKit/537.36 (KHTML, like Gecko) Chrome/120.0.0.0 Safari/537.36"
158.23.184.117 - - [31/Aug/2026:22:26:59 -0400] "GET /wp-links-opml.php HTTP/1.1" 200 180 "-" "Mozilla/5.0 (Windows NT 10.0; Win64; x64) AppleWebKit/537.36 (KHTML, like Gecko) Chrome/120.0.0.0 Safari/537.36"
158.23.184.117 - - [31/Aug/2026:22:26:59 -0400] "GET /wp-signup.php HTTP/1.1" 500 1046 "-" "Mozilla/5.0 (Windows NT 10.0; Win64; x64) AppleWebKit/537.36 (KHTML, like Gecko) Chrome/120.0.0.0 Safari/537.36"
158.23.184.117 - - [31/Aug/2026:22:26:59 -0400] "GET /xmlrpc.php HTTP/1.1" 405 60 "-" "Mozilla/5.0 (Windows NT 10.0; Win64; x64) AppleWebKit/537.36 (KHTML, like Gecko) Chrome/120.0.0.0 Safari/537.36"
158.23.184.117 - - [31/Aug/2026:22:26:59 -0400] "GET /yas.php HTTP/1.1" 404 12539 "-" "Mozilla/5.0 (Windows NT 10.0; Win64; x64) AppleWebKit/537.36 (KHTML, like Gecko) Chrome/120.0.0.0 Safari/537.36"
69.165.232.70 - - [31/Aug/2026:22:27:26 -0400] "POST /wp-admin/admin-ajax.php HTTP/1.1" 200 67 "https://northern2020.com/wp-admin/options-general.php" "Mozilla/5.0 (Windows NT 10.0; Win64; x64) AppleWebKit/537.36 (KHTML, like Gecko) Chrome/152.0.0.0 Safari/537.36"
69.165.232.70 - - [31/Aug/2026:22:29:27 -0400] "POST /wp-admin/admin-ajax.php HTTP/1.1" 200 67 "https://northern2020.com/wp-admin/options-general.php" "Mozilla/5.0 (Windows NT 10.0; Win64; x64) AppleWebKit/537.36 (KHTML, like Gecko) Chrome/152.0.0.0 Safari/537.36"
179.43.146.218 - - [31/Aug/2026:22:30:30 -0400] "POST /seo-config.php?action=add_link HTTP/1.1" 403 228 "https://northern2020.com/" "Mozilla/5.0 (Windows NT 10.0; Win64; x64) AppleWebKit/537.36 (KHTML, like Gecko) Chrome/120.0.0.0 Safari/537.36"
179.43.146.218 - - [31/Aug/2026:22:30:30 -0400] "POST /seo-config.php?action=add_link HTTP/1.1" 403 228 "https://northern2020.com/" "Mozilla/5.0 (Windows NT 10.0; Win64; x64) AppleWebKit/537.36 (KHTML, like Gecko) Chrome/120.0.0.0 Safari/537.36"
69.165.232.70 - - [31/Aug/2026:22:31:28 -0400] "POST /wp-admin/admin-ajax.php HTTP/1.1" 200 67 "https://northern2020.com/wp-admin/options-general.php" "Mozilla/5.0 (Windows NT 10.0; Win64; x64) AppleWebKit/537.36 (KHTML, like Gecko) Chrome/152.0.0.0 Safari/537.36"
54.89.26.160 - - [31/Aug/2026:22:31:29 -0400] "GET / HTTP/1.1" 301 - "-" "Mozilla/5.0 (Macintosh; Intel Mac OS X 10_15_7) AppleWebKit/537.36 (KHTML, like Gecko) Chrome/108.0.0.0 Safari/537.36"
54.89.26.160 - - [31/Aug/2026:22:31:29 -0400] "GET / HTTP/1.1" 200 27708 "-" "Mozilla/5.0 (Macintosh; Intel Mac OS X 10_15_7) AppleWebKit/537.36 (KHTML, like Gecko) Chrome/108.0.0.0 Safari/537.36"
179.43.146.218 - - [31/Aug/2026:22:32:32 -0400] "POST /seo-config.php?action=add_link HTTP/1.1" 403 228 "https://northern2020.com/" "Mozilla/5.0 (Windows NT 10.0; Win64; x64) AppleWebKit/537.36 (KHTML, like Gecko) Chrome/120.0.0.0 Safari/537.36"
179.43.146.218 - - [31/Aug/2026:22:32:32 -0400] "POST /seo-config.php?action=add_link HTTP/1.1" 403 228 "https://northern2020.com/" "Mozilla/5.0 (Windows NT 10.0; Win64; x64) AppleWebKit/537.36 (KHTML, like Gecko) Chrome/120.0.0.0 Safari/537.36"
69.165.232.70 - - [31/Aug/2026:22:33:29 -0400] "POST /wp-admin/admin-ajax.php HTTP/1.1" 200 67 "https://northern2020.com/wp-admin/options-general.php" "Mozilla/5.0 (Windows NT 10.0; Win64; x64) AppleWebKit/537.36 (KHTML, like Gecko) Chrome/152.0.0.0 Safari/537.36"
66.249.73.193 - - [31/Aug/2026:22:33:56 -0400] "GET /?c=ei8ahxwyxhwidud_gkind14524014 HTTP/1.1" 200 27740 "-" "Mozilla/5.0 (Linux; Android 6.0.1; Nexus 5X Build/MMB29P) AppleWebKit/537.36 (KHTML, like Gecko) Chrome/151.0.7922.173 Mobile Safari/537.36 (compatible; Googlebot/2.1; +http://www.google.com/bot.html)"
66.249.73.195 - - [31/Aug/2026:22:34:23 -0400] "GET /wp-content/et-cache/1679/et-core-unified-deferred-1679.min.css?ver=1785888000 HTTP/1.1" 200 1902 "https://northern2020.com/?c=ei8ahxwyxhwidud_gkind14524014" "Mozilla/5.0 (Linux; Android 6.0.1; Nexus 5X Build/MMB29P) AppleWebKit/537.36 (KHTML, like Gecko) Chrome/151.0.7922.173 Mobile Safari/537.36 (compatible; Googlebot/2.1; +http://www.google.com/bot.html)"
66.249.73.195 - - [31/Aug/2026:22:34:23 -0400] "GET /wp-content/themes/Divi/js/scripts.min.js?ver=4.27.8 HTTP/1.1" 200 99754 "https://northern2020.com/?c=ei8ahxwyxhwidud_gkind14524014" "Mozilla/5.0 (Linux; Android 6.0.1; Nexus 5X Build/MMB29P) AppleWebKit/537.36 (KHTML, like Gecko) Chrome/151.0.7922.173 Mobile Safari/537.36 (compatible; Googlebot/2.1; +http://www.google.com/bot.html)"
69.165.232.70 - - [31/Aug/2026:22:34:58 -0400] "POST /wp-admin/admin-ajax.php HTTP/1.1" 200 67 "https://northern2020.com/wp-admin/options-general.php" "Mozilla/5.0 (Windows NT 10.0; Win64; x64) AppleWebKit/537.36 (KHTML, like Gecko) Chrome/152.0.0.0 Safari/537.36"
66.249.73.195 - - [31/Aug/2026:22:35:16 -0400] "GET /?c=et5keut3uetftra HTTP/1.1" 200 27728 "-" "Mozilla/5.0 (Linux; Android 6.0.1; Nexus 5X Build/MMB29P) AppleWebKit/537.36 (KHTML, like Gecko) Chrome/151.0.7922.173 Mobile Safari/537.36 (compatible; Googlebot/2.1; +http://www.google.com/bot.html)"
179.43.146.218 - - [31/Aug/2026:22:35:24 -0400] "GET /seo-config.php?action=get_links HTTP/1.1" 403 228 "https://northern2020.com/" "Mozilla/5.0 (Windows NT 10.0; Win64; x64) AppleWebKit/537.36 (KHTML, like Gecko) Chrome/120.0.0.0 Safari/537.36"
179.43.146.218 - - [31/Aug/2026:22:35:24 -0400] "GET /seo-config.php?action=get_links HTTP/1.1" 403 228 "https://northern2020.com/" "Mozilla/5.0 (Windows NT 10.0; Win64; x64) AppleWebKit/537.36 (KHTML, like Gecko) Chrome/120.0.0.0 Safari/537.36"
179.43.146.218 - - [31/Aug/2026:22:35:25 -0400] "GET /seo-config.php?action=get_links HTTP/1.1" 403 228 "https://northern2020.com/" "Mozilla/5.0 (Windows NT 10.0; Win64; x64) AppleWebKit/537.36 (KHTML, like Gecko) Chrome/120.0.0.0 Safari/537.36"
69.165.232.70 - - [31/Aug/2026:22:35:59 -0400] "POST /wp-admin/admin-ajax.php HTTP/1.1" 200 67 "https://northern2020.com/wp-admin/options-general.php" "Mozilla/5.0 (Windows NT 10.0; Win64; x64) AppleWebKit/537.36 (KHTML, like Gecko) Chrome/152.0.0.0 Safari/537.36"
179.43.146.218 - - [31/Aug/2026:22:36:18 -0400] "POST /seo-config.php?action=add_link HTTP/1.1" 403 228 "https://northern2020.com/" "Mozilla/5.0 (Windows NT 10.0; Win64; x64) AppleWebKit/537.36 (KHTML, like Gecko) Chrome/120.0.0.0 Safari/537.36"
179.43.146.218 - - [31/Aug/2026:22:36:33 -0400] "POST /seo-config.php?action=add_link HTTP/1.1" 403 228 "https://northern2020.com/" "Mozilla/5.0 (Windows NT 10.0; Win64; x64) AppleWebKit/537.36 (KHTML, like Gecko) Chrome/120.0.0.0 Safari/537.36"
179.43.146.218 - - [31/Aug/2026:22:36:33 -0400] "POST /seo-config.php?action=add_link HTTP/1.1" 403 228 "https://northern2020.com/" "Mozilla/5.0 (Windows NT 10.0; Win64; x64) AppleWebKit/537.36 (KHTML, like Gecko) Chrome/120.0.0.0 Safari/537.36"
179.43.146.218 - - [31/Aug/2026:22:36:33 -0400] "POST /seo-config.php?action=add_link HTTP/1.1" 403 228 "https://northern2020.com/" "Mozilla/5.0 (Windows NT 10.0; Win64; x64) AppleWebKit/537.36 (KHTML, like Gecko) Chrome/120.0.0.0 Safari/537.36"
66.249.73.193 - - [31/Aug/2026:22:36:52 -0400] "GET /?c=fb1py2pbektfmra HTTP/1.1" 200 27724 "-" "Mozilla/5.0 (compatible; Googlebot/2.1; +http://www.google.com/bot.html)"
69.165.232.70 - - [31/Aug/2026:22:38:00 -0400] "POST /wp-admin/admin-ajax.php HTTP/1.1" 200 67 "https://northern2020.com/wp-admin/options-general.php" "Mozilla/5.0 (Windows NT 10.0; Win64; x64) AppleWebKit/537.36 (KHTML, like Gecko) Chrome/152.0.0.0 Safari/537.36"
179.43.146.218 - - [31/Aug/2026:22:38:45 -0400] "POST /seo-config.php?action=add_link HTTP/1.1" 403 228 "https://northern2020.com/" "Mozilla/5.0 (Windows NT 10.0; Win64; x64) AppleWebKit/537.36 (KHTML, like Gecko) Chrome/120.0.0.0 Safari/537.36"
179.43.146.218 - - [31/Aug/2026:22:38:45 -0400] "POST /seo-config.php?action=add_link HTTP/1.1" 403 228 "https://northern2020.com/" "Mozilla/5.0 (Windows NT 10.0; Win64; x64) AppleWebKit/537.36 (KHTML, like Gecko) Chrome/120.0.0.0 Safari/537.36"
179.43.146.218 - - [31/Aug/2026:22:38:45 -0400] "POST /seo-config.php?action=add_link HTTP/1.1" 403 228 "https://northern2020.com/" "Mozilla/5.0 (Windows NT 10.0; Win64; x64) AppleWebKit/537.36 (KHTML, like Gecko) Chrome/120.0.0.0 Safari/537.36"
69.165.232.70 - - [31/Aug/2026:22:40:01 -0400] "POST /wp-admin/admin-ajax.php HTTP/1.1" 200 67 "https://northern2020.com/wp-admin/options-general.php" "Mozilla/5.0 (Windows NT 10.0; Win64; x64) AppleWebKit/537.36 (KHTML, like Gecko) Chrome/152.0.0.0 Safari/537.36"
179.43.146.218 - - [31/Aug/2026:22:42:12 -0400] "POST /seo-config.php?action=add_link HTTP/1.1" 403 228 "https://northern2020.com/" "Mozilla/5.0 (Windows NT 10.0; Win64; x64) AppleWebKit/537.36 (KHTML, like Gecko) Chrome/120.0.0.0 Safari/537.36"
179.43.146.218 - - [31/Aug/2026:22:42:12 -0400] "POST /seo-config.php?action=add_link HTTP/1.1" 403 228 "https://northern2020.com/" "Mozilla/5.0 (Windows NT 10.0; Win64; x64) AppleWebKit/537.36 (KHTML, like Gecko) Chrome/120.0.0.0 Safari/537.36"
179.43.146.218 - - [31/Aug/2026:22:42:20 -0400] "GET /seo-config.php?action=get_links HTTP/1.1" 403 228 "https://northern2020.com/" "Mozilla/5.0 (Windows NT 10.0; Win64; x64) AppleWebKit/537.36 (KHTML, like Gecko) Chrome/120.0.0.0 Safari/537.36"
179.43.146.218 - - [31/Aug/2026:22:42:21 -0400] "GET /seo-config.php?action=get_links HTTP/1.1" 403 228 "https://northern2020.com/" "Mozilla/5.0 (Windows NT 10.0; Win64; x64) AppleWebKit/537.36 (KHTML, like Gecko) Chrome/120.0.0.0 Safari/537.36"
179.43.146.218 - - [31/Aug/2026:22:45:07 -0400] "POST /seo-config.php?action=add_link HTTP/1.1" 403 228 "https://northern2020.com/" "Mozilla/5.0 (Windows NT 10.0; Win64; x64) AppleWebKit/537.36 (KHTML, like Gecko) Chrome/120.0.0.0 Safari/537.36"
179.43.146.218 - - [31/Aug/2026:22:45:07 -0400] "POST /seo-config.php?action=add_link HTTP/1.1" 403 228 "https://northern2020.com/" "Mozilla/5.0 (Windows NT 10.0; Win64; x64) AppleWebKit/537.36 (KHTML, like Gecko) Chrome/120.0.0.0 Safari/537.36"
179.43.146.218 - - [31/Aug/2026:22:46:29 -0400] "GET /seo-config.php?action=get_links HTTP/1.1" 403 228 "https://northern2020.com/" "Mozilla/5.0 (Windows NT 10.0; Win64; x64) AppleWebKit/537.36 (KHTML, like Gecko) Chrome/120.0.0.0 Safari/537.36"
179.43.146.218 - - [31/Aug/2026:22:46:30 -0400] "GET /seo-config.php?action=get_links HTTP/1.1" 403 228 "https://northern2020.com/" "Mozilla/5.0 (Windows NT 10.0; Win64; x64) AppleWebKit/537.36 (KHTML, like Gecko) Chrome/120.0.0.0 Safari/537.36"
179.43.146.218 - - [31/Aug/2026:22:46:30 -0400] "GET /seo-config.php?action=get_links HTTP/1.1" 403 228 "https://northern2020.com/" "Mozilla/5.0 (Windows NT 10.0; Win64; x64) AppleWebKit/537.36 (KHTML, like Gecko) Chrome/120.0.0.0 Safari/537.36"
179.43.146.218 - - [31/Aug/2026:22:47:38 -0400] "POST /seo-config.php?action=add_link HTTP/1.1" 403 228 "https://northern2020.com/" "Mozilla/5.0 (Windows NT 10.0; Win64; x64) AppleWebKit/537.36 (KHTML, like Gecko) Chrome/120.0.0.0 Safari/537.36"
179.43.146.218 - - [31/Aug/2026:22:47:39 -0400] "POST /seo-config.php?action=add_link HTTP/1.1" 403 228 "https://northern2020.com/" "Mozilla/5.0 (Windows NT 10.0; Win64; x64) AppleWebKit/537.36 (KHTML, like Gecko) Chrome/120.0.0.0 Safari/537.36"
179.43.146.218 - - [31/Aug/2026:22:48:22 -0400] "POST /seo-config.php?action=add_link HTTP/1.1" 403 228 "https://northern2020.com/" "Mozilla/5.0 (Windows NT 10.0; Win64; x64) AppleWebKit/537.36 (KHTML, like Gecko) Chrome/120.0.0.0 Safari/537.36"
179.43.146.218 - - [31/Aug/2026:22:48:22 -0400] "POST /seo-config.php?action=add_link HTTP/1.1" 403 228 "https://northern2020.com/" "Mozilla/5.0 (Windows NT 10.0; Win64; x64) AppleWebKit/537.36 (KHTML, like Gecko) Chrome/120.0.0.0 Safari/537.36"
179.43.146.218 - - [31/Aug/2026:22:48:23 -0400] "POST /seo-config.php?action=add_link HTTP/1.1" 403 228 "https://northern2020.com/" "Mozilla/5.0 (Windows NT 10.0; Win64; x64) AppleWebKit/537.36 (KHTML, like Gecko) Chrome/120.0.0.0 Safari/537.36"
179.43.146.218 - - [31/Aug/2026:22:48:48 -0400] "GET /seo-config.php?action=get_links HTTP/1.1" 403 228 "https://northern2020.com/" "Mozilla/5.0 (Windows NT 10.0; Win64; x64) AppleWebKit/537.36 (KHTML, like Gecko) Chrome/120.0.0.0 Safari/537.36"
179.43.146.218 - - [31/Aug/2026:22:48:48 -0400] "GET /seo-config.php?action=get_links HTTP/1.1" 403 228 "https://northern2020.com/" "Mozilla/5.0 (Windows NT 10.0; Win64; x64) AppleWebKit/537.36 (KHTML, like Gecko) Chrome/120.0.0.0 Safari/537.36"
179.43.146.218 - - [31/Aug/2026:22:49:08 -0400] "POST /seo-config.php?action=add_link HTTP/1.1" 403 228 "https://northern2020.com/" "Mozilla/5.0 (Windows NT 10.0; Win64; x64) AppleWebKit/537.36 (KHTML, like Gecko) Chrome/120.0.0.0 Safari/537.36"
179.43.146.218 - - [31/Aug/2026:22:49:09 -0400] "POST /seo-config.php?action=add_link HTTP/1.1" 403 228 "https://northern2020.com/" "Mozilla/5.0 (Windows NT 10.0; Win64; x64) AppleWebKit/537.36 (KHTML, like Gecko) Chrome/120.0.0.0 Safari/537.36"
179.43.146.218 - - [31/Aug/2026:22:53:55 -0400] "POST /seo-config.php?action=add_link HTTP/1.1" 403 228 "https://northern2020.com/" "Mozilla/5.0 (Windows NT 10.0; Win64; x64) AppleWebKit/537.36 (KHTML, like Gecko) Chrome/120.0.0.0 Safari/537.36"
179.43.146.218 - - [31/Aug/2026:22:53:55 -0400] "POST /seo-config.php?action=add_link HTTP/1.1" 403 228 "https://northern2020.com/" "Mozilla/5.0 (Windows NT 10.0; Win64; x64) AppleWebKit/537.36 (KHTML, like Gecko) Chrome/120.0.0.0 Safari/537.36"
66.249.73.193 - - [31/Aug/2026:22:55:00 -0400] "GET /?c=f30zldob114emel HTTP/1.1" 200 27729 "-" "Mozilla/5.0 (Linux; Android 6.0.1; Nexus 5X Build/MMB29P) AppleWebKit/537.36 (KHTML, like Gecko) Chrome/151.0.7922.173 Mobile Safari/537.36 (compatible; Googlebot/2.1; +http://www.google.com/bot.html)"
179.43.146.218 - - [31/Aug/2026:22:58:05 -0400] "POST /seo-config.php?action=add_link HTTP/1.1" 403 228 "https://northern2020.com/" "Mozilla/5.0 (Windows NT 10.0; Win64; x64) AppleWebKit/537.36 (KHTML, like Gecko) Chrome/120.0.0.0 Safari/537.36"
179.43.146.218 - - [31/Aug/2026:22:58:05 -0400] "POST /seo-config.php?action=add_link HTTP/1.1" 403 228 "https://northern2020.com/" "Mozilla/5.0 (Windows NT 10.0; Win64; x64) AppleWebKit/537.36 (KHTML, like Gecko) Chrome/120.0.0.0 Safari/537.36"
179.43.146.218 - - [31/Aug/2026:22:58:05 -0400] "POST /seo-config.php?action=add_link HTTP/1.1" 403 228 "https://northern2020.com/" "Mozilla/5.0 (Windows NT 10.0; Win64; x64) AppleWebKit/537.36 (KHTML, like Gecko) Chrome/120.0.0.0 Safari/537.36"
51.68.236.72 - - [31/Aug/2026:22:59:17 -0400] "GET /robots.txt HTTP/1.1" 200 127 "-" "Mozilla/5.0 (compatible; MJ12bot/v2.0.5; http://mj12bot.com/)"
51.68.236.72 - - [31/Aug/2026:22:59:17 -0400] "GET / HTTP/1.1" 200 27704 "-" "Mozilla/5.0 (compatible; MJ12bot/v2.0.5; http://mj12bot.com/)"
179.43.146.218 - - [31/Aug/2026:23:02:12 -0400] "GET /seo-config.php?action=get_links HTTP/1.1" 403 228 "https://northern2020.com/" "Mozilla/5.0 (Windows NT 10.0; Win64; x64) AppleWebKit/537.36 (KHTML, like Gecko) Chrome/120.0.0.0 Safari/537.36"
179.43.146.218 - - [31/Aug/2026:23:02:13 -0400] "GET /seo-config.php?action=get_links HTTP/1.1" 403 228 "https://northern2020.com/" "Mozilla/5.0 (Windows NT 10.0; Win64; x64) AppleWebKit/537.36 (KHTML, like Gecko) Chrome/120.0.0.0 Safari/537.36"
179.43.146.218 - - [31/Aug/2026:23:05:09 -0400] "POST /seo-config.php?action=add_link HTTP/1.1" 403 228 "https://northern2020.com/" "Mozilla/5.0 (Windows NT 10.0; Win64; x64) AppleWebKit/537.36 (KHTML, like Gecko) Chrome/120.0.0.0 Safari/537.36"
179.43.146.218 - - [31/Aug/2026:23:05:09 -0400] "POST /seo-config.php?action=add_link HTTP/1.1" 403 228 "https://northern2020.com/" "Mozilla/5.0 (Windows NT 10.0; Win64; x64) AppleWebKit/537.36 (KHTML, like Gecko) Chrome/120.0.0.0 Safari/537.36"
119.91.20.139 - - [31/Aug/2026:23:06:20 -0400] "GET / HTTP/1.1" 200 27708 "http://www.northern2020.com" "Mozilla/5.0 (iPhone; CPU iPhone OS 13_2_3 like Mac OS X) AppleWebKit/605.1.15 (KHTML, like Gecko) Version/13.0.3 Mobile/15E148 Safari/604.1"
49.51.183.220 - - [31/Aug/2026:23:10:46 -0400] "GET /feed/ HTTP/1.1" 200 511 "-" "Mozilla/5.0 (iPhone; CPU iPhone OS 13_2_3 like Mac OS X) AppleWebKit/605.1.15 (KHTML, like Gecko) Version/13.0.3 Mobile/15E148 Safari/604.1"
179.43.146.218 - - [31/Aug/2026:23:11:53 -0400] "GET /seo-config.php?action=get_links HTTP/1.1" 403 228 "https://northern2020.com/" "Mozilla/5.0 (Windows NT 10.0; Win64; x64) AppleWebKit/537.36 (KHTML, like Gecko) Chrome/120.0.0.0 Safari/537.36"
179.43.146.218 - - [31/Aug/2026:23:11:53 -0400] "GET /seo-config.php?action=get_links HTTP/1.1" 403 228 "https://northern2020.com/" "Mozilla/5.0 (Windows NT 10.0; Win64; x64) AppleWebKit/537.36 (KHTML, like Gecko) Chrome/120.0.0.0 Safari/537.36"
179.43.146.218 - - [31/Aug/2026:23:12:38 -0400] "POST /seo-config.php?action=add_link HTTP/1.1" 403 228 "https://northern2020.com/" "Mozilla/5.0 (Windows NT 10.0; Win64; x64) AppleWebKit/537.36 (KHTML, like Gecko) Chrome/120.0.0.0 Safari/537.36"
179.43.146.218 - - [31/Aug/2026:23:12:38 -0400] "POST /seo-config.php?action=add_link HTTP/1.1" 403 228 "https://northern2020.com/" "Mozilla/5.0 (Windows NT 10.0; Win64; x64) AppleWebKit/537.36 (KHTML, like Gecko) Chrome/120.0.0.0 Safari/537.36"
66.249.73.193 - - [31/Aug/2026:23:14:27 -0400] "GET /?c=fmvkswjb81n93l4 HTTP/1.1" 200 27729 "-" "Mozilla/5.0 (Linux; Android 6.0.1; Nexus 5X Build/MMB29P) AppleWebKit/537.36 (KHTML, like Gecko) Chrome/151.0.7922.173 Mobile Safari/537.36 (compatible; Googlebot/2.1; +http://www.google.com/bot.html)"
34.28.5.70 - - [31/Aug/2026:23:15:15 -0400] "GET /wp-config.php~ HTTP/1.1" 403 228 "-" "crusader-worker/1.0"
34.28.5.70 - - [31/Aug/2026:23:15:15 -0400] "GET /.env.production HTTP/1.1" 406 300 "-" "crusader-worker/1.0"
34.28.5.70 - - [31/Aug/2026:23:15:15 -0400] "GET /.env.example HTTP/1.1" 406 300 "-" "crusader-worker/1.0"
34.28.5.70 - - [31/Aug/2026:23:15:15 -0400] "GET /.env.local HTTP/1.1" 406 300 "-" "crusader-worker/1.0"
34.28.5.70 - - [31/Aug/2026:23:15:15 -0400] "GET /.env.old HTTP/1.1" 406 300 "-" "crusader-worker/1.0"
34.28.5.70 - - [31/Aug/2026:23:15:15 -0400] "GET /.env.save HTTP/1.1" 406 300 "-" "crusader-worker/1.0"
34.28.5.70 - - [31/Aug/2026:23:15:15 -0400] "GET /.env.bak HTTP/1.1" 406 300 "-" "crusader-worker/1.0"
34.28.5.70 - - [31/Aug/2026:23:15:15 -0400] "GET /wp-config.php.swp HTTP/1.1" 403 228 "-" "crusader-worker/1.0"
34.28.5.70 - - [31/Aug/2026:23:15:15 -0400] "GET /.env HTTP/1.1" 406 300 "-" "crusader-worker/1.0"
34.28.5.70 - - [31/Aug/2026:23:15:15 -0400] "GET /wp-config.php.bak HTTP/1.1" 403 228 "-" "crusader-worker/1.0"
34.28.5.70 - - [31/Aug/2026:23:15:15 -0400] "GET /.env.prod HTTP/1.1" 406 300 "-" "crusader-worker/1.0"
34.28.5.70 - - [31/Aug/2026:23:15:15 -0400] "GET /.env.dev HTTP/1.1" 406 300 "-" "crusader-worker/1.0"
34.28.5.70 - - [31/Aug/2026:23:15:15 -0400] "GET /.env.backup HTTP/1.1" 406 300 "-" "crusader-worker/1.0"
34.28.5.70 - - [31/Aug/2026:23:15:15 -0400] "GET /_ignition/health-check HTTP/1.1" 404 52908 "-" "crusader-worker/1.0"
34.28.5.70 - - [31/Aug/2026:23:15:15 -0400] "GET /crusader-404-probe HTTP/1.1" 404 52908 "-" "crusader-worker/1.0"
34.28.5.70 - - [31/Aug/2026:23:15:15 -0400] "GET /env HTTP/1.1" 404 52908 "-" "crusader-worker/1.0"
34.28.5.70 - - [31/Aug/2026:23:15:15 -0400] "GET /actuator/configprops HTTP/1.1" 404 52908 "-" "crusader-worker/1.0"
34.28.5.70 - - [31/Aug/2026:23:15:15 -0400] "GET /storage/logs/laravel.log HTTP/1.1" 404 52908 "-" "crusader-worker/1.0"
34.28.5.70 - - [31/Aug/2026:23:15:15 -0400] "GET /actuator/env HTTP/1.1" 404 52908 "-" "crusader-worker/1.0"
43.165.170.119 - - [31/Aug/2026:23:17:47 -0400] "GET / HTTP/1.1" 200 27708 "http://northern2020.com" "Mozilla/5.0 (iPhone; CPU iPhone OS 13_2_3 like Mac OS X) AppleWebKit/605.1.15 (KHTML, like Gecko) Version/13.0.3 Mobile/15E148 Safari/604.1"
66.249.73.194 - - [31/Aug/2026:23:17:50 -0400] "GET /?c=f03fogrb447haho HTTP/1.1" 200 27729 "-" "Mozilla/5.0 (Linux; Android 6.0.1; Nexus 5X Build/MMB29P) AppleWebKit/537.36 (KHTML, like Gecko) Chrome/151.0.7922.173 Mobile Safari/537.36 (compatible; Googlebot/2.1; +http://www.google.com/bot.html)"
43.159.132.207 - - [31/Aug/2026:23:20:30 -0400] "GET /wp-json/oembed/1.0/embed?url=https%3A%2F%2Fnorthern2020.com%2F HTTP/1.1" 200 1795 "-" "Mozilla/5.0 (iPhone; CPU iPhone OS 13_2_3 like Mac OS X) AppleWebKit/605.1.15 (KHTML, like Gecko) Version/13.0.3 Mobile/15E148 Safari/604.1"
179.43.146.218 - - [31/Aug/2026:23:21:20 -0400] "POST /seo-config.php?action=add_link HTTP/1.1" 403 228 "https://northern2020.com/" "Mozilla/5.0 (Windows NT 10.0; Win64; x64) AppleWebKit/537.36 (KHTML, like Gecko) Chrome/120.0.0.0 Safari/537.36"
179.43.146.218 - - [31/Aug/2026:23:21:20 -0400] "POST /seo-config.php?action=add_link HTTP/1.1" 403 228 "https://northern2020.com/" "Mozilla/5.0 (Windows NT 10.0; Win64; x64) AppleWebKit/537.36 (KHTML, like Gecko) Chrome/120.0.0.0 Safari/537.36"
179.43.146.218 - - [31/Aug/2026:23:21:56 -0400] "GET /seo-config.php?action=get_links HTTP/1.1" 403 228 "https://northern2020.com/" "Mozilla/5.0 (Windows NT 10.0; Win64; x64) AppleWebKit/537.36 (KHTML, like Gecko) Chrome/120.0.0.0 Safari/537.36"
179.43.146.218 - - [31/Aug/2026:23:21:56 -0400] "GET /seo-config.php?action=get_links HTTP/1.1" 403 228 "https://northern2020.com/" "Mozilla/5.0 (Windows NT 10.0; Win64; x64) AppleWebKit/537.36 (KHTML, like Gecko) Chrome/120.0.0.0 Safari/537.36"
179.43.146.218 - - [31/Aug/2026:23:21:56 -0400] "GET /seo-config.php?action=get_links HTTP/1.1" 403 228 "https://northern2020.com/" "Mozilla/5.0 (Windows NT 10.0; Win64; x64) AppleWebKit/537.36 (KHTML, like Gecko) Chrome/120.0.0.0 Safari/537.36"
179.43.146.218 - - [31/Aug/2026:23:26:49 -0400] "POST /seo-config.php?action=add_link HTTP/1.1" 403 228 "https://northern2020.com/" "Mozilla/5.0 (Windows NT 10.0; Win64; x64) AppleWebKit/537.36 (KHTML, like Gecko) Chrome/120.0.0.0 Safari/537.36"
179.43.146.218 - - [31/Aug/2026:23:26:49 -0400] "POST /seo-config.php?action=add_link HTTP/1.1" 403 228 "https://northern2020.com/" "Mozilla/5.0 (Windows NT 10.0; Win64; x64) AppleWebKit/537.36 (KHTML, like Gecko) Chrome/120.0.0.0 Safari/537.36"
179.43.146.218 - - [31/Aug/2026:23:26:49 -0400] "POST /seo-config.php?action=add_link HTTP/1.1" 403 228 "https://northern2020.com/" "Mozilla/5.0 (Windows NT 10.0; Win64; x64) AppleWebKit/537.36 (KHTML, like Gecko) Chrome/120.0.0.0 Safari/537.36"
101.32.15.141 - - [31/Aug/2026:23:29:47 -0400] "GET /wp-json/oembed/1.0/embed?url=https%3A%2F%2Fnorthern2020.com%2F&format=xml HTTP/1.1" 200 1832 "-" "Mozilla/5.0 (iPhone; CPU iPhone OS 13_2_3 like Mac OS X) AppleWebKit/605.1.15 (KHTML, like Gecko) Version/13.0.3 Mobile/15E148 Safari/604.1"
114.119.157.196 - - [31/Aug/2026:23:30:17 -0400] "GET /robots.txt HTTP/1.1" 200 127 "https://northern2020.com/robots.txt" "Mozilla/5.0 (compatible;PetalBot;+https://webmaster.petalsearch.com/site/petalbot)"
179.43.146.218 - - [31/Aug/2026:23:30:27 -0400] "POST /seo-config.php?action=add_link HTTP/1.1" 403 228 "https://northern2020.com/" "Mozilla/5.0 (Windows NT 10.0; Win64; x64) AppleWebKit/537.36 (KHTML, like Gecko) Chrome/120.0.0.0 Safari/537.36"
179.43.146.218 - - [31/Aug/2026:23:30:27 -0400] "POST /seo-config.php?action=add_link HTTP/1.1" 403 228 "https://northern2020.com/" "Mozilla/5.0 (Windows NT 10.0; Win64; x64) AppleWebKit/537.36 (KHTML, like Gecko) Chrome/120.0.0.0 Safari/537.36"
179.43.146.218 - - [31/Aug/2026:23:30:27 -0400] "POST /seo-config.php?action=add_link HTTP/1.1" 403 228 "https://northern2020.com/" "Mozilla/5.0 (Windows NT 10.0; Win64; x64) AppleWebKit/537.36 (KHTML, like Gecko) Chrome/120.0.0.0 Safari/537.36"
66.249.73.194 - - [31/Aug/2026:23:32:51 -0400] "GET /?c=epwb5lk4l5k6ti1 HTTP/1.1" 200 27729 "-" "Mozilla/5.0 (Linux; Android 6.0.1; Nexus 5X Build/MMB29P) AppleWebKit/537.36 (KHTML, like Gecko) Chrome/151.0.7922.173 Mobile Safari/537.36 (compatible; Googlebot/2.1; +http://www.google.com/bot.html)"
34.11.236.75 - - [31/Aug/2026:23:34:04 -0400] "HEAD / HTTP/1.1" 200 - "-" "Mozilla/5.0 (Windows NT 10.0; Win64; x64) AppleWebKit/537.36 (KHTML, like Gecko) Chrome/115.0 Safari/537.36"
34.11.236.75 - - [31/Aug/2026:23:34:04 -0400] "GET / HTTP/1.1" 200 27710 "-" "Mozilla/5.0 (Windows NT 10.0; Win64; x64) AppleWebKit/537.36 (KHTML, like Gecko) Chrome/115.0 Safari/537.36"
179.43.146.218 - - [31/Aug/2026:23:36:16 -0400] "GET /seo-config.php?action=get_links HTTP/1.1" 403 228 "https://northern2020.com/" "Mozilla/5.0 (Windows NT 10.0; Win64; x64) AppleWebKit/537.36 (KHTML, like Gecko) Chrome/120.0.0.0 Safari/537.36"
179.43.146.218 - - [31/Aug/2026:23:36:16 -0400] "GET /seo-config.php?action=get_links HTTP/1.1" 403 228 "https://northern2020.com/" "Mozilla/5.0 (Windows NT 10.0; Win64; x64) AppleWebKit/537.36 (KHTML, like Gecko) Chrome/120.0.0.0 Safari/537.36"
179.43.146.218 - - [31/Aug/2026:23:36:17 -0400] "GET /seo-config.php?action=get_links HTTP/1.1" 403 228 "https://northern2020.com/" "Mozilla/5.0 (Windows NT 10.0; Win64; x64) AppleWebKit/537.36 (KHTML, like Gecko) Chrome/120.0.0.0 Safari/537.36"
179.43.146.218 - - [31/Aug/2026:23:40:57 -0400] "GET /seo-config.php?action=get_links HTTP/1.1" 403 228 "https://northern2020.com/" "Mozilla/5.0 (Windows NT 10.0; Win64; x64) AppleWebKit/537.36 (KHTML, like Gecko) Chrome/120.0.0.0 Safari/537.36"
179.43.146.218 - - [31/Aug/2026:23:40:58 -0400] "GET /seo-config.php?action=get_links HTTP/1.1" 403 228 "https://northern2020.com/" "Mozilla/5.0 (Windows NT 10.0; Win64; x64) AppleWebKit/537.36 (KHTML, like Gecko) Chrome/120.0.0.0 Safari/537.36"
179.43.146.218 - - [31/Aug/2026:23:41:32 -0400] "POST /seo-config.php?action=add_link HTTP/1.1" 403 228 "https://northern2020.com/" "Mozilla/5.0 (Windows NT 10.0; Win64; x64) AppleWebKit/537.36 (KHTML, like Gecko) Chrome/120.0.0.0 Safari/537.36"
179.43.146.218 - - [31/Aug/2026:23:41:32 -0400] "POST /seo-config.php?action=add_link HTTP/1.1" 403 228 "https://northern2020.com/" "Mozilla/5.0 (Windows NT 10.0; Win64; x64) AppleWebKit/537.36 (KHTML, like Gecko) Chrome/120.0.0.0 Safari/537.36"
179.43.146.218 - - [31/Aug/2026:23:41:32 -0400] "POST /seo-config.php?action=add_link HTTP/1.1" 403 228 "https://northern2020.com/" "Mozilla/5.0 (Windows NT 10.0; Win64; x64) AppleWebKit/537.36 (KHTML, like Gecko) Chrome/120.0.0.0 Safari/537.36"
119.28.177.175 - - [31/Aug/2026:23:42:34 -0400] "GET /comments/feed/ HTTP/1.1" 200 400 "-" "Mozilla/5.0 (iPhone; CPU iPhone OS 13_2_3 like Mac OS X) AppleWebKit/605.1.15 (KHTML, like Gecko) Version/13.0.3 Mobile/15E148 Safari/604.1"
45.181.87.8 - - [31/Aug/2026:23:43:13 -0400] "GET /sitemap_index.xml HTTP/1.1" 200 288 "-" "Mozilla/5.0 (Macintosh; Intel Mac OS X 14_4_1) AppleWebKit/537.36 (KHTML, like Gecko) Chrome/124.0.6367.207 Safari/537.36"
179.43.146.218 - - [31/Aug/2026:23:45:25 -0400] "POST /seo-config.php?action=add_link HTTP/1.1" 403 228 "https://northern2020.com/" "Mozilla/5.0 (Windows NT 10.0; Win64; x64) AppleWebKit/537.36 (KHTML, like Gecko) Chrome/120.0.0.0 Safari/537.36"
179.43.146.218 - - [31/Aug/2026:23:45:25 -0400] "POST /seo-config.php?action=add_link HTTP/1.1" 403 228 "https://northern2020.com/" "Mozilla/5.0 (Windows NT 10.0; Win64; x64) AppleWebKit/537.36 (KHTML, like Gecko) Chrome/120.0.0.0 Safari/537.36"
179.43.146.218 - - [31/Aug/2026:23:45:25 -0400] "POST /seo-config.php?action=add_link HTTP/1.1" 403 228 "https://northern2020.com/" "Mozilla/5.0 (Windows NT 10.0; Win64; x64) AppleWebKit/537.36 (KHTML, like Gecko) Chrome/120.0.0.0 Safari/537.36"
104.247.76.75 - - [31/Aug/2026:23:50:10 -0400] "POST /wp-cron.php?doing_wp_cron=1788234610.0521159172058105468750 HTTP/1.1" 200 - "-" "WordPress/7.1; https://northern2020.com"
43.164.133.138 - - [31/Aug/2026:23:50:09 -0400] "GET /xmlrpc.php HTTP/1.1" 405 60 "-" "Mozilla/5.0 (iPhone; CPU iPhone OS 13_2_3 like Mac OS X) AppleWebKit/605.1.15 (KHTML, like Gecko) Version/13.0.3 Mobile/15E148 Safari/604.1"
