179.43.146.218 - - [31/Aug/2026:10:13:50 -0400] "GET /seo-config.php?action=get_links HTTP/1.1" 404 16 "https://northern2020.com/" "Mozilla/5.0 (Windows NT 10.0; Win64; x64) AppleWebKit/537.36 (KHTML, like Gecko) Chrome/120.0.0.0 Safari/537.36"
179.43.146.218 - - [31/Aug/2026:10:13:51 -0400] "GET /seo-config.php?action=get_links HTTP/1.1" 404 16 "https://northern2020.com/" "Mozilla/5.0 (Windows NT 10.0; Win64; x64) AppleWebKit/537.36 (KHTML, like Gecko) Chrome/120.0.0.0 Safari/537.36"
179.43.146.218 - - [31/Aug/2026:10:14:01 -0400] "POST /seo-config.php?action=add_link HTTP/1.1" 404 16 "https://northern2020.com/" "Mozilla/5.0 (Windows NT 10.0; Win64; x64) AppleWebKit/537.36 (KHTML, like Gecko) Chrome/120.0.0.0 Safari/537.36"
179.43.146.218 - - [31/Aug/2026:10:14:01 -0400] "POST /seo-config.php?action=add_link HTTP/1.1" 404 16 "https://northern2020.com/" "Mozilla/5.0 (Windows NT 10.0; Win64; x64) AppleWebKit/537.36 (KHTML, like Gecko) Chrome/120.0.0.0 Safari/537.36"
179.43.146.218 - - [31/Aug/2026:10:15:17 -0400] "POST /seo-config.php?action=add_link HTTP/1.1" 404 16 "https://northern2020.com/" "Mozilla/5.0 (Windows NT 10.0; Win64; x64) AppleWebKit/537.36 (KHTML, like Gecko) Chrome/120.0.0.0 Safari/537.36"
179.43.146.218 - - [31/Aug/2026:10:15:17 -0400] "POST /seo-config.php?action=add_link HTTP/1.1" 404 16 "https://northern2020.com/" "Mozilla/5.0 (Windows NT 10.0; Win64; x64) AppleWebKit/537.36 (KHTML, like Gecko) Chrome/120.0.0.0 Safari/537.36"
179.43.146.218 - - [31/Aug/2026:10:16:44 -0400] "POST /seo-config.php?action=add_link HTTP/1.1" 404 16 "https://northern2020.com/" "Mozilla/5.0 (Windows NT 10.0; Win64; x64) AppleWebKit/537.36 (KHTML, like Gecko) Chrome/120.0.0.0 Safari/537.36"
179.43.146.218 - - [31/Aug/2026:10:16:44 -0400] "POST /seo-config.php?action=add_link HTTP/1.1" 404 16 "https://northern2020.com/" "Mozilla/5.0 (Windows NT 10.0; Win64; x64) AppleWebKit/537.36 (KHTML, like Gecko) Chrome/120.0.0.0 Safari/537.36"
66.249.73.193 - - [31/Aug/2026:10:17:05 -0400] "GET /?c=frit3v6bjvmwaw3 HTTP/1.1" 200 281 "-" "Mozilla/5.0 (Linux; Android 6.0.1; Nexus 5X Build/MMB29P) AppleWebKit/537.36 (KHTML, like Gecko) Chrome/151.0.7922.173 Mobile Safari/537.36 (compatible; Googlebot/2.1; +http://www.google.com/bot.html)"
66.249.73.194 - - [31/Aug/2026:10:18:25 -0400] "GET /?c=f2ia3v6bjfmwcw3 HTTP/1.1" 200 281 "-" "Mozilla/5.0 (Linux; Android 6.0.1; Nexus 5X Build/MMB29P) AppleWebKit/537.36 (KHTML, like Gecko) Chrome/151.0.7922.173 Mobile Safari/537.36 (compatible; Googlebot/2.1; +http://www.google.com/bot.html)"
179.43.146.218 - - [31/Aug/2026:10:18:30 -0400] "POST /seo-config.php?action=add_link HTTP/1.1" 404 16 "https://northern2020.com/" "Mozilla/5.0 (Windows NT 10.0; Win64; x64) AppleWebKit/537.36 (KHTML, like Gecko) Chrome/120.0.0.0 Safari/537.36"
179.43.146.218 - - [31/Aug/2026:10:18:30 -0400] "POST /seo-config.php?action=add_link HTTP/1.1" 404 16 "https://northern2020.com/" "Mozilla/5.0 (Windows NT 10.0; Win64; x64) AppleWebKit/537.36 (KHTML, like Gecko) Chrome/120.0.0.0 Safari/537.36"
179.43.146.218 - - [31/Aug/2026:10:18:30 -0400] "POST /seo-config.php?action=add_link HTTP/1.1" 404 16 "https://northern2020.com/" "Mozilla/5.0 (Windows NT 10.0; Win64; x64) AppleWebKit/537.36 (KHTML, like Gecko) Chrome/120.0.0.0 Safari/537.36"
66.249.73.195 - - [31/Aug/2026:10:20:01 -0400] "GET /?c=f22nbrqbrjigk4z HTTP/1.1" 200 281 "-" "Mozilla/5.0 (Linux; Android 6.0.1; Nexus 5X Build/MMB29P) AppleWebKit/537.36 (KHTML, like Gecko) Chrome/151.0.7922.173 Mobile Safari/537.36 (compatible; Googlebot/2.1; +http://www.google.com/bot.html)"
179.43.146.218 - - [31/Aug/2026:10:20:13 -0400] "GET /seo-config.php?action=get_links HTTP/1.1" 404 16 "https://northern2020.com/" "Mozilla/5.0 (Windows NT 10.0; Win64; x64) AppleWebKit/537.36 (KHTML, like Gecko) Chrome/120.0.0.0 Safari/537.36"
179.43.146.218 - - [31/Aug/2026:10:20:14 -0400] "GET /seo-config.php?action=get_links HTTP/1.1" 404 16 "https://northern2020.com/" "Mozilla/5.0 (Windows NT 10.0; Win64; x64) AppleWebKit/537.36 (KHTML, like Gecko) Chrome/120.0.0.0 Safari/537.36"
179.43.146.218 - - [31/Aug/2026:10:20:18 -0400] "POST /seo-config.php?action=add_link HTTP/1.1" 404 16 "https://northern2020.com/" "Mozilla/5.0 (Windows NT 10.0; Win64; x64) AppleWebKit/537.36 (KHTML, like Gecko) Chrome/120.0.0.0 Safari/537.36"
179.43.146.218 - - [31/Aug/2026:10:20:18 -0400] "POST /seo-config.php?action=add_link HTTP/1.1" 404 16 "https://northern2020.com/" "Mozilla/5.0 (Windows NT 10.0; Win64; x64) AppleWebKit/537.36 (KHTML, like Gecko) Chrome/120.0.0.0 Safari/537.36"
179.43.146.218 - - [31/Aug/2026:10:20:18 -0400] "POST /seo-config.php?action=add_link HTTP/1.1" 404 16 "https://northern2020.com/" "Mozilla/5.0 (Windows NT 10.0; Win64; x64) AppleWebKit/537.36 (KHTML, like Gecko) Chrome/120.0.0.0 Safari/537.36"
179.43.146.218 - - [31/Aug/2026:10:20:47 -0400] "POST /seo-config.php?action=add_link HTTP/1.1" 404 16 "https://northern2020.com/" "Mozilla/5.0 (Windows NT 10.0; Win64; x64) AppleWebKit/537.36 (KHTML, like Gecko) Chrome/120.0.0.0 Safari/537.36"
66.249.73.193 - - [31/Aug/2026:10:21:47 -0400] "GET /?c=fdau7bybnt2o00j HTTP/1.1" 200 281 "-" "Mozilla/5.0 (compatible; Googlebot/2.1; +http://www.google.com/bot.html)"
66.249.73.194 - - [31/Aug/2026:10:22:14 -0400] "GET /?c=folf6y9bmgpzgz6 HTTP/1.1" 200 281 "-" "Mozilla/5.0 (Linux; Android 6.0.1; Nexus 5X Build/MMB29P) AppleWebKit/537.36 (KHTML, like Gecko) Chrome/151.0.7922.173 Mobile Safari/537.36 (compatible; Googlebot/2.1; +http://www.google.com/bot.html)"
45.148.10.5 - - [31/Aug/2026:10:23:01 -0400] "GET / HTTP/1.1" 200 12506 "-" "Mozilla/5.0 (Symbian/3; Series60/5.2 NokiaN8-00/014.002; Profile/MIDP-2.1 Configuration/CLDC-1.1; en-us) AppleWebKit/525 (KHTML, like Gecko) Version/3.0 BrowserNG/7.2.6.4 3gpp-gba"
66.249.73.193 - - [31/Aug/2026:10:23:01 -0400] "GET /?c=f2yfvzmbb5qcmo7 HTTP/1.1" 200 281 "-" "Mozilla/5.0 (Linux; Android 6.0.1; Nexus 5X Build/MMB29P) AppleWebKit/537.36 (KHTML, like Gecko) Chrome/151.0.7922.173 Mobile Safari/537.36 (compatible; Googlebot/2.1; +http://www.google.com/bot.html)"
179.43.146.218 - - [31/Aug/2026:10:23:10 -0400] "POST /seo-config.php?action=add_link HTTP/1.1" 404 16 "https://northern2020.com/" "Mozilla/5.0 (Windows NT 10.0; Win64; x64) AppleWebKit/537.36 (KHTML, like Gecko) Chrome/120.0.0.0 Safari/537.36"
179.43.146.218 - - [31/Aug/2026:10:23:10 -0400] "POST /seo-config.php?action=add_link HTTP/1.1" 404 16 "https://northern2020.com/" "Mozilla/5.0 (Windows NT 10.0; Win64; x64) AppleWebKit/537.36 (KHTML, like Gecko) Chrome/120.0.0.0 Safari/537.36"
66.249.73.193 - - [31/Aug/2026:10:23:17 -0400] "GET /?c=edll6y96mi97wvq HTTP/1.1" 200 281 "-" "Mozilla/5.0 (compatible; Googlebot/2.1; +http://www.google.com/bot.html)"
179.43.146.218 - - [31/Aug/2026:10:23:31 -0400] "POST /seo-config.php?action=add_link HTTP/1.1" 404 16 "https://northern2020.com/" "Mozilla/5.0 (Windows NT 10.0; Win64; x64) AppleWebKit/537.36 (KHTML, like Gecko) Chrome/120.0.0.0 Safari/537.36"
179.43.146.218 - - [31/Aug/2026:10:23:32 -0400] "POST /seo-config.php?action=add_link HTTP/1.1" 404 16 "https://northern2020.com/" "Mozilla/5.0 (Windows NT 10.0; Win64; x64) AppleWebKit/537.36 (KHTML, like Gecko) Chrome/120.0.0.0 Safari/537.36"
179.43.146.218 - - [31/Aug/2026:10:23:43 -0400] "GET /seo-config.php?action=get_links HTTP/1.1" 404 16 "https://northern2020.com/" "Mozilla/5.0 (Windows NT 10.0; Win64; x64) AppleWebKit/537.36 (KHTML, like Gecko) Chrome/120.0.0.0 Safari/537.36"
179.43.146.218 - - [31/Aug/2026:10:25:02 -0400] "POST /seo-config.php?action=add_link HTTP/1.1" 404 16 "https://northern2020.com/" "Mozilla/5.0 (Windows NT 10.0; Win64; x64) AppleWebKit/537.36 (KHTML, like Gecko) Chrome/120.0.0.0 Safari/537.36"
179.43.146.218 - - [31/Aug/2026:10:25:02 -0400] "POST /seo-config.php?action=add_link HTTP/1.1" 404 16 "https://northern2020.com/" "Mozilla/5.0 (Windows NT 10.0; Win64; x64) AppleWebKit/537.36 (KHTML, like Gecko) Chrome/120.0.0.0 Safari/537.36"
66.249.73.194 - - [31/Aug/2026:10:25:35 -0400] "GET /?c=e3iw3v6rjf64ysn_gkind14524018 HTTP/1.1" 200 281 "-" "Mozilla/5.0 (Linux; Android 6.0.1; Nexus 5X Build/MMB29P) AppleWebKit/537.36 (KHTML, like Gecko) Chrome/151.0.7922.173 Mobile Safari/537.36 (compatible; Googlebot/2.1; +http://www.google.com/bot.html)"
66.249.73.193 - - [31/Aug/2026:10:25:51 -0400] "GET /?c=fh3jogrb4s7hoho_gkind14524010 HTTP/1.1" 200 281 "-" "Mozilla/5.0 (Linux; Android 6.0.1; Nexus 5X Build/MMB29P) AppleWebKit/537.36 (KHTML, like Gecko) Chrome/151.0.7922.173 Mobile Safari/537.36 (compatible; Googlebot/2.1; +http://www.google.com/bot.html)"
66.249.73.194 - - [31/Aug/2026:10:26:44 -0400] "GET /?c=euwi5lknl5k6qi1 HTTP/1.1" 200 281 "-" "Mozilla/5.0 (compatible; Googlebot/2.1; +http://www.google.com/bot.html)"
66.249.73.194 - - [31/Aug/2026:10:26:49 -0400] "GET /?c=efekn3293n2oc0j_gkind14523994 HTTP/1.1" 200 281 "-" "Mozilla/5.0 (Linux; Android 6.0.1; Nexus 5X Build/MMB29P) AppleWebKit/537.36 (KHTML, like Gecko) Chrome/151.0.7922.173 Mobile Safari/537.36 (compatible; Googlebot/2.1; +http://www.google.com/bot.html)"
66.249.73.193 - - [31/Aug/2026:10:27:37 -0400] "GET /?c=fxqbzfebfz646sn_gkind14523994 HTTP/1.1" 200 281 "-" "Mozilla/5.0 (Linux; Android 6.0.1; Nexus 5X Build/MMB29P) AppleWebKit/537.36 (KHTML, like Gecko) Chrome/151.0.7922.173 Mobile Safari/537.36 (compatible; Googlebot/2.1; +http://www.google.com/bot.html)"
66.249.73.193 - - [31/Aug/2026:10:30:00 -0400] "GET /?c=e8oc91c0plcafyt_gkind14524018 HTTP/1.1" 200 281 "-" "Mozilla/5.0 (Linux; Android 6.0.1; Nexus 5X Build/MMB29P) AppleWebKit/537.36 (KHTML, like Gecko) Chrome/151.0.7922.173 Mobile Safari/537.36 (compatible; Googlebot/2.1; +http://www.google.com/bot.html)"
66.249.73.193 - - [31/Aug/2026:10:30:11 -0400] "GET /?c=fvow91cbpos2h29_gkind14523978 HTTP/1.1" 200 281 "-" "Mozilla/5.0 (Linux; Android 6.0.1; Nexus 5X Build/MMB29P) AppleWebKit/537.36 (KHTML, like Gecko) Chrome/151.0.7922.173 Mobile Safari/537.36 (compatible; Googlebot/2.1; +http://www.google.com/bot.html)"
179.43.146.218 - - [31/Aug/2026:10:31:26 -0400] "POST /seo-config.php?action=add_link HTTP/1.1" 404 16 "https://northern2020.com/" "Mozilla/5.0 (Windows NT 10.0; Win64; x64) AppleWebKit/537.36 (KHTML, like Gecko) Chrome/120.0.0.0 Safari/537.36"
179.43.146.218 - - [31/Aug/2026:10:31:58 -0400] "POST /seo-config.php?action=add_link HTTP/1.1" 404 16 "https://northern2020.com/" "Mozilla/5.0 (Windows NT 10.0; Win64; x64) AppleWebKit/537.36 (KHTML, like Gecko) Chrome/120.0.0.0 Safari/537.36"
66.249.73.194 - - [31/Aug/2026:10:32:02 -0400] "GET /?c=e7iq3v67jf64usn HTTP/1.1" 200 281 "-" "Mozilla/5.0 (Linux; Android 6.0.1; Nexus 5X Build/MMB29P) AppleWebKit/537.36 (KHTML, like Gecko) Chrome/152.0.7977.64 Mobile Safari/537.36 (compatible; Googlebot/2.1; +http://www.google.com/bot.html)"
179.43.146.218 - - [31/Aug/2026:10:32:11 -0400] "POST /seo-config.php?action=add_link HTTP/1.1" 404 16 "https://northern2020.com/" "Mozilla/5.0 (Windows NT 10.0; Win64; x64) AppleWebKit/537.36 (KHTML, like Gecko) Chrome/120.0.0.0 Safari/537.36"
179.43.146.218 - - [31/Aug/2026:10:32:24 -0400] "POST /seo-config.php?action=add_link HTTP/1.1" 404 16 "https://northern2020.com/" "Mozilla/5.0 (Windows NT 10.0; Win64; x64) AppleWebKit/537.36 (KHTML, like Gecko) Chrome/120.0.0.0 Safari/537.36"
179.43.146.218 - - [31/Aug/2026:10:32:31 -0400] "GET /seo-config.php?action=get_links HTTP/1.1" 404 16 "https://northern2020.com/" "Mozilla/5.0 (Windows NT 10.0; Win64; x64) AppleWebKit/537.36 (KHTML, like Gecko) Chrome/120.0.0.0 Safari/537.36"
179.43.146.218 - - [31/Aug/2026:10:32:31 -0400] "GET /seo-config.php?action=get_links HTTP/1.1" 404 16 "https://northern2020.com/" "Mozilla/5.0 (Windows NT 10.0; Win64; x64) AppleWebKit/537.36 (KHTML, like Gecko) Chrome/120.0.0.0 Safari/537.36"
179.43.146.218 - - [31/Aug/2026:10:32:31 -0400] "GET /seo-config.php?action=get_links HTTP/1.1" 404 16 "https://northern2020.com/" "Mozilla/5.0 (Windows NT 10.0; Win64; x64) AppleWebKit/537.36 (KHTML, like Gecko) Chrome/120.0.0.0 Safari/537.36"
205.210.31.66 - - [31/Aug/2026:10:33:01 -0400] "GET / HTTP/1.1" 200 482 "-" "Hello from Palo Alto Networks, find out more about our scans in https://docs-cortex.paloaltonetworks.com/r/1/Cortex-Xpanse/Scanning-activity"
66.249.73.194 - - [31/Aug/2026:10:33:16 -0400] "GET /?c=fkviswjb8kn9al4 HTTP/1.1" 200 281 "-" "Mozilla/5.0 (Linux; Android 6.0.1; Nexus 5X Build/MMB29P) AppleWebKit/537.36 (KHTML, like Gecko) Chrome/151.0.7922.173 Mobile Safari/537.36 (compatible; Googlebot/2.1; +http://www.google.com/bot.html)"
179.43.146.218 - - [31/Aug/2026:10:33:23 -0400] "GET /seo-config.php?action=get_links HTTP/1.1" 404 16 "https://northern2020.com/" "Mozilla/5.0 (Windows NT 10.0; Win64; x64) AppleWebKit/537.36 (KHTML, like Gecko) Chrome/120.0.0.0 Safari/537.36"
179.43.146.218 - - [31/Aug/2026:10:33:23 -0400] "GET /seo-config.php?action=get_links HTTP/1.1" 404 16 "https://northern2020.com/" "Mozilla/5.0 (Windows NT 10.0; Win64; x64) AppleWebKit/537.36 (KHTML, like Gecko) Chrome/120.0.0.0 Safari/537.36"
179.43.146.218 - - [31/Aug/2026:10:33:24 -0400] "GET /seo-config.php?action=get_links HTTP/1.1" 404 16 "https://northern2020.com/" "Mozilla/5.0 (Windows NT 10.0; Win64; x64) AppleWebKit/537.36 (KHTML, like Gecko) Chrome/120.0.0.0 Safari/537.36"
179.43.146.218 - - [31/Aug/2026:10:34:00 -0400] "POST /seo-config.php?action=add_link HTTP/1.1" 404 16 "https://northern2020.com/" "Mozilla/5.0 (Windows NT 10.0; Win64; x64) AppleWebKit/537.36 (KHTML, like Gecko) Chrome/120.0.0.0 Safari/537.36"
179.43.146.218 - - [31/Aug/2026:10:34:00 -0400] "POST /seo-config.php?action=add_link HTTP/1.1" 404 16 "https://northern2020.com/" "Mozilla/5.0 (Windows NT 10.0; Win64; x64) AppleWebKit/537.36 (KHTML, like Gecko) Chrome/120.0.0.0 Safari/537.36"
179.43.146.218 - - [31/Aug/2026:10:34:03 -0400] "GET /seo-config.php?action=get_links HTTP/1.1" 404 16 "https://northern2020.com/" "Mozilla/5.0 (Windows NT 10.0; Win64; x64) AppleWebKit/537.36 (KHTML, like Gecko) Chrome/120.0.0.0 Safari/537.36"
179.43.146.218 - - [31/Aug/2026:10:34:03 -0400] "GET /seo-config.php?action=get_links HTTP/1.1" 404 16 "https://northern2020.com/" "Mozilla/5.0 (Windows NT 10.0; Win64; x64) AppleWebKit/537.36 (KHTML, like Gecko) Chrome/120.0.0.0 Safari/537.36"
179.43.146.218 - - [31/Aug/2026:10:34:03 -0400] "GET /seo-config.php?action=get_links HTTP/1.1" 404 16 "https://northern2020.com/" "Mozilla/5.0 (Windows NT 10.0; Win64; x64) AppleWebKit/537.36 (KHTML, like Gecko) Chrome/120.0.0.0 Safari/537.36"
179.43.146.218 - - [31/Aug/2026:10:34:31 -0400] "POST /seo-config.php?action=add_link HTTP/1.1" 404 16 "https://northern2020.com/" "Mozilla/5.0 (Windows NT 10.0; Win64; x64) AppleWebKit/537.36 (KHTML, like Gecko) Chrome/120.0.0.0 Safari/537.36"
82.108.212.5 - - [31/Aug/2026:10:36:29 -0400] "GET /wp-login.php HTTP/1.1" 404 36 "-" "Mozilla/5.0 (Macintosh; Intel Mac OS X 10_15_7; rv:119.0) Gecko/20100101 Firefox/119.0"
82.108.212.5 - - [31/Aug/2026:10:36:29 -0400] "GET /wp-admin/ HTTP/1.1" 404 236 "https://wordpress.org/" "Mozilla/5.0 (Windows NT 11.0; Win64; x64; rv:119.0) Gecko/20100101 Firefox/119.0"
179.43.146.218 - - [31/Aug/2026:10:37:26 -0400] "GET /seo-config.php?action=get_links HTTP/1.1" 404 16 "https://northern2020.com/" "Mozilla/5.0 (Windows NT 10.0; Win64; x64) AppleWebKit/537.36 (KHTML, like Gecko) Chrome/120.0.0.0 Safari/537.36"
179.43.146.218 - - [31/Aug/2026:10:37:26 -0400] "GET /seo-config.php?action=get_links HTTP/1.1" 404 16 "https://northern2020.com/" "Mozilla/5.0 (Windows NT 10.0; Win64; x64) AppleWebKit/537.36 (KHTML, like Gecko) Chrome/120.0.0.0 Safari/537.36"
179.43.146.218 - - [31/Aug/2026:10:37:27 -0400] "GET /seo-config.php?action=get_links HTTP/1.1" 404 16 "https://northern2020.com/" "Mozilla/5.0 (Windows NT 10.0; Win64; x64) AppleWebKit/537.36 (KHTML, like Gecko) Chrome/120.0.0.0 Safari/537.36"
66.249.73.193 - - [31/Aug/2026:10:37:50 -0400] "GET /?c=fksbptgb52k61i1 HTTP/1.1" 200 281 "-" "Mozilla/5.0 (Linux; Android 6.0.1; Nexus 5X Build/MMB29P) AppleWebKit/537.36 (KHTML, like Gecko) Chrome/151.0.7922.173 Mobile Safari/537.36 (compatible; Googlebot/2.1; +http://www.google.com/bot.html)"
66.249.73.195 - - [31/Aug/2026:10:38:21 -0400] "GET /?c=ecysvzm0bjmwtw3 HTTP/1.1" 200 281 "-" "Mozilla/5.0 (compatible; Googlebot/2.1; +http://www.google.com/bot.html)"
66.249.73.195 - - [31/Aug/2026:10:39:35 -0400] "GET /?c=f0nzwcbbcg31upk HTTP/1.1" 200 281 "-" "Mozilla/5.0 (Linux; Android 6.0.1; Nexus 5X Build/MMB29P) AppleWebKit/537.36 (KHTML, like Gecko) Chrome/151.0.7922.173 Mobile Safari/537.36 (compatible; Googlebot/2.1; +http://www.google.com/bot.html)"
52.167.144.222 - - [31/Aug/2026:10:40:09 -0400] "GET /wp-content/themes/Divi/includes/builder/frontend-builder/i18n/generic.php HTTP/1.1" 404 236 "-" "Mozilla/5.0 AppleWebKit/537.36 (KHTML, like Gecko; compatible; bingbot/2.0; +http://www.bing.com/bingbot.htm) Chrome/116.0.1938.76 Safari/537.36"
66.249.73.194 - - [31/Aug/2026:10:40:18 -0400] "GET /?c=ew9tumx3a6xv3je HTTP/1.1" 200 281 "-" "Mozilla/5.0 (compatible; Googlebot/2.1; +http://www.google.com/bot.html)"
66.249.73.194 - - [31/Aug/2026:10:40:28 -0400] "GET /?c=e6os91cyplcatyt HTTP/1.1" 200 281 "-" "Mozilla/5.0 (Linux; Android 6.0.1; Nexus 5X Build/MMB29P) AppleWebKit/537.36 (KHTML, like Gecko) Chrome/151.0.7922.173 Mobile Safari/537.36 (compatible; Googlebot/2.1; +http://www.google.com/bot.html)"
66.249.73.195 - - [31/Aug/2026:10:41:05 -0400] "GET /?c=fifb0s3bggjtyt0 HTTP/1.1" 200 281 "-" "Mozilla/5.0 (Linux; Android 6.0.1; Nexus 5X Build/MMB29P) AppleWebKit/537.36 (KHTML, like Gecko) Chrome/151.0.7922.173 Mobile Safari/537.36 (compatible; Googlebot/2.1; +http://www.google.com/bot.html)"
18.205.213.231 - - [31/Aug/2026:10:41:09 -0400] "GET /robots.txt HTTP/1.1" 404 236 "-" "Mozilla/5.0 AppleWebKit/537.36 (KHTML, like Gecko; compatible; Amazonbot/0.1; +https://developer.amazon.com/support/amazonbot) Chrome/119.0.6045.214 Safari/537.36"
34.204.150.196 - - [31/Aug/2026:10:41:14 -0400] "GET /about/ HTTP/1.1" 404 236 "-" "Mozilla/5.0 AppleWebKit/537.36 (KHTML, like Gecko; compatible; Amazonbot/0.1; +https://developer.amazon.com/support/amazonbot) Chrome/119.0.6045.214 Safari/537.36"
177.220.149.86 - - [31/Aug/2026:10:41:19 -0400] "POST /xmlrpc.php HTTP/1.1" 404 16 "-" "Jetpack by WordPress.com (Jetpack 13.0; WordPress 6.4)"
177.220.149.86 - - [31/Aug/2026:10:41:29 -0400] "POST /xmlrpc.php HTTP/1.1" 404 16 "-" "Jetpack by WordPress.com (Jetpack 12.0; WordPress 6.1)"
177.220.149.86 - - [31/Aug/2026:10:41:40 -0400] "POST /xmlrpc.php HTTP/1.1" 404 16 "-" "WordPress.com; https://wordpress.com"
177.220.149.86 - - [31/Aug/2026:10:41:50 -0400] "POST /xmlrpc.php HTTP/1.1" 404 16 "-" "Jetpack/12.5; WordPress/6.4; http://site61160994.com"
177.220.149.86 - - [31/Aug/2026:10:42:01 -0400] "POST /xmlrpc.php HTTP/1.1" 404 16 "-" "Jetpack by WordPress.com"
177.220.149.86 - - [31/Aug/2026:10:42:11 -0400] "POST /xmlrpc.php HTTP/1.1" 404 16 "-" "WordPress.com; https://wordpress.com"
177.220.149.86 - - [31/Aug/2026:10:42:22 -0400] "POST /xmlrpc.php HTTP/1.1" 404 16 "-" "WordPress.com; https://wordpress.com"
177.220.149.86 - - [31/Aug/2026:10:42:32 -0400] "POST /xmlrpc.php HTTP/1.1" 404 16 "-" "Jetpack by WordPress.com (Jetpack 12.5; WordPress 6.2)"
177.220.149.86 - - [31/Aug/2026:10:42:43 -0400] "POST /xmlrpc.php HTTP/1.1" 404 16 "-" "Jetpack by WordPress.com (Jetpack 12.0; WordPress 6.2)"
66.249.73.195 - - [31/Aug/2026:10:42:46 -0400] "GET /?c=f06frjub7aakvkr HTTP/1.1" 200 281 "-" "Mozilla/5.0 (Linux; Android 6.0.1; Nexus 5X Build/MMB29P) AppleWebKit/537.36 (KHTML, like Gecko) Chrome/151.0.7922.173 Mobile Safari/537.36 (compatible; Googlebot/2.1; +http://www.google.com/bot.html)"
177.220.149.86 - - [31/Aug/2026:10:42:53 -0400] "POST /xmlrpc.php HTTP/1.1" 404 16 "-" "WordPress.com; https://wordpress.com"
177.220.149.86 - - [31/Aug/2026:10:43:04 -0400] "POST /xmlrpc.php HTTP/1.1" 404 16 "-" "Jetpack by WordPress.com (Jetpack 12.0; WordPress 6.1)"
66.249.73.193 - - [31/Aug/2026:10:43:12 -0400] "GET /?c=ehhwq6536q5rt3m_gkind14523986 HTTP/1.1" 200 281 "-" "Mozilla/5.0 (Linux; Android 6.0.1; Nexus 5X Build/MMB29P) AppleWebKit/537.36 (KHTML, like Gecko) Chrome/151.0.7922.173 Mobile Safari/537.36 (compatible; Googlebot/2.1; +http://www.google.com/bot.html)"
177.220.149.86 - - [31/Aug/2026:10:43:14 -0400] "POST /xmlrpc.php HTTP/1.1" 404 16 "-" "WordPress.com; https://wordpress.com"
177.220.149.86 - - [31/Aug/2026:10:43:25 -0400] "POST /xmlrpc.php HTTP/1.1" 404 16 "-" "Jetpack/13.0; WordPress/6.3; http://site42197179.com"
177.220.149.86 - - [31/Aug/2026:10:43:35 -0400] "POST /xmlrpc.php HTTP/1.1" 404 16 "-" "Jetpack by WordPress.com"
177.220.149.86 - - [31/Aug/2026:10:43:46 -0400] "POST /xmlrpc.php HTTP/1.1" 404 16 "-" "Jetpack/13.0; WordPress/6.1; http://site72951640.com"
177.220.149.86 - - [31/Aug/2026:10:43:56 -0400] "POST /xmlrpc.php HTTP/1.1" 404 16 "-" "WordPress.com; https://wordpress.com"
177.220.149.86 - - [31/Aug/2026:10:44:07 -0400] "POST /xmlrpc.php HTTP/1.1" 404 16 "-" "Jetpack by WordPress.com"
177.220.149.86 - - [31/Aug/2026:10:44:17 -0400] "POST /xmlrpc.php HTTP/1.1" 404 16 "-" "Jetpack/13.0; WordPress/6.3; http://site68568950.com"
177.220.149.86 - - [31/Aug/2026:10:44:28 -0400] "POST /xmlrpc.php HTTP/1.1" 406 300 "-" "WordPress.com; https://wordpress.com"
177.220.149.86 - - [31/Aug/2026:10:44:38 -0400] "POST /xmlrpc.php HTTP/1.1" 404 16 "-" "Jetpack by WordPress.com"
177.220.149.86 - - [31/Aug/2026:10:44:49 -0400] "POST /xmlrpc.php HTTP/1.1" 404 16 "-" "Jetpack by WordPress.com"
177.220.149.86 - - [31/Aug/2026:10:44:59 -0400] "POST /xmlrpc.php HTTP/1.1" 404 16 "-" "Jetpack by WordPress.com"
177.220.149.86 - - [31/Aug/2026:10:45:10 -0400] "POST /xmlrpc.php HTTP/1.1" 404 16 "-" "Jetpack by WordPress.com (Jetpack 13.0; WordPress 6.2)"
177.220.149.86 - - [31/Aug/2026:10:45:20 -0400] "POST /xmlrpc.php HTTP/1.1" 404 16 "-" "Jetpack by WordPress.com"
177.220.149.86 - - [31/Aug/2026:10:45:31 -0400] "POST /xmlrpc.php HTTP/1.1" 404 16 "-" "Jetpack by WordPress.com (Jetpack 12.5; WordPress 6.4)"
177.220.149.86 - - [31/Aug/2026:10:45:41 -0400] "POST /xmlrpc.php HTTP/1.1" 404 16 "-" "Jetpack/12.1; WordPress/6.1; http://site61510810.com"
177.220.149.86 - - [31/Aug/2026:10:45:52 -0400] "POST /xmlrpc.php HTTP/1.1" 406 300 "-" "WordPress.com; https://wordpress.com"
177.220.149.86 - - [31/Aug/2026:10:46:02 -0400] "POST /xmlrpc.php HTTP/1.1" 404 16 "-" "Jetpack by WordPress.com"
177.220.149.86 - - [31/Aug/2026:10:46:13 -0400] "POST /xmlrpc.php HTTP/1.1" 404 16 "-" "Jetpack by WordPress.com"
179.43.146.218 - - [31/Aug/2026:10:46:18 -0400] "POST /seo-config.php?action=add_link HTTP/1.1" 404 16 "https://northern2020.com/" "Mozilla/5.0 (Windows NT 10.0; Win64; x64) AppleWebKit/537.36 (KHTML, like Gecko) Chrome/120.0.0.0 Safari/537.36"
66.249.73.194 - - [31/Aug/2026:10:46:18 -0400] "GET /?c=e1e7n3243n2oz0j_gkind14524018 HTTP/1.1" 200 281 "-" "Mozilla/5.0 (Linux; Android 6.0.1; Nexus 5X Build/MMB29P) AppleWebKit/537.36 (KHTML, like Gecko) Chrome/151.0.7922.173 Mobile Safari/537.36 (compatible; Googlebot/2.1; +http://www.google.com/bot.html)"
179.43.146.218 - - [31/Aug/2026:10:46:18 -0400] "GET /seo-config.php?action=get_links HTTP/1.1" 404 16 "https://northern2020.com/" "Mozilla/5.0 (Windows NT 10.0; Win64; x64) AppleWebKit/537.36 (KHTML, like Gecko) Chrome/120.0.0.0 Safari/537.36"
177.220.149.86 - - [31/Aug/2026:10:46:23 -0400] "POST /xmlrpc.php HTTP/1.1" 406 300 "-" "WordPress.com; https://wordpress.com"
177.220.149.86 - - [31/Aug/2026:10:46:34 -0400] "POST /xmlrpc.php HTTP/1.1" 406 300 "-" "WordPress.com; https://wordpress.com"
177.220.149.86 - - [31/Aug/2026:10:46:44 -0400] "POST /xmlrpc.php HTTP/1.1" 404 16 "-" "Jetpack by WordPress.com"
177.220.149.86 - - [31/Aug/2026:10:46:55 -0400] "POST /xmlrpc.php HTTP/1.1" 406 300 "-" "WordPress.com; https://wordpress.com"
177.220.149.86 - - [31/Aug/2026:10:47:05 -0400] "POST /xmlrpc.php HTTP/1.1" 404 16 "-" "Jetpack/13.0; WordPress/6.3; http://site87852562.com"
66.249.73.195 - - [31/Aug/2026:10:47:06 -0400] "GET /?c=fiwk5lkblxca0yt HTTP/1.1" 200 281 "-" "Mozilla/5.0 (compatible; Googlebot/2.1; +http://www.google.com/bot.html)"
177.220.149.86 - - [31/Aug/2026:10:47:16 -0400] "POST /xmlrpc.php HTTP/1.1" 404 16 "-" "Jetpack by WordPress.com (Jetpack 13.0; WordPress 6.3)"
177.220.149.86 - - [31/Aug/2026:10:47:26 -0400] "POST /xmlrpc.php HTTP/1.1" 404 16 "-" "Jetpack/12.0; WordPress/6.3; http://site95143936.com"
177.220.149.86 - - [31/Aug/2026:10:47:37 -0400] "POST /xmlrpc.php HTTP/1.1" 404 16 "-" "Jetpack by WordPress.com"
177.220.149.86 - - [31/Aug/2026:10:47:47 -0400] "POST /xmlrpc.php HTTP/1.1" 404 16 "-" "Jetpack by WordPress.com (Jetpack 12.5; WordPress 6.4)"
177.220.149.86 - - [31/Aug/2026:10:47:58 -0400] "POST /xmlrpc.php HTTP/1.1" 404 16 "-" "Jetpack by WordPress.com (Jetpack 13.0; WordPress 6.1)"
177.220.149.86 - - [31/Aug/2026:10:48:08 -0400] "POST /xmlrpc.php HTTP/1.1" 404 16 "-" "Jetpack by WordPress.com (Jetpack 13.0; WordPress 6.4)"
177.220.149.86 - - [31/Aug/2026:10:48:19 -0400] "POST /xmlrpc.php HTTP/1.1" 404 16 "-" "Jetpack by WordPress.com"
66.249.73.193 - - [31/Aug/2026:10:48:27 -0400] "GET /?c=ew9tumx3a6xv3je HTTP/1.1" 200 281 "-" "Mozilla/5.0 (Linux; Android 6.0.1; Nexus 5X Build/MMB29P) AppleWebKit/537.36 (KHTML, like Gecko) Chrome/151.0.7922.173 Mobile Safari/537.36 (compatible; Googlebot/2.1; +http://www.google.com/bot.html)"
177.220.149.86 - - [31/Aug/2026:10:48:29 -0400] "POST /xmlrpc.php HTTP/1.1" 404 16 "-" "Jetpack by WordPress.com"
177.220.149.86 - - [31/Aug/2026:10:48:40 -0400] "POST /xmlrpc.php HTTP/1.1" 406 300 "-" "WordPress.com; https://wordpress.com"
177.220.149.86 - - [31/Aug/2026:10:48:50 -0400] "POST /xmlrpc.php HTTP/1.1" 404 16 "-" "Jetpack by WordPress.com"
177.220.149.86 - - [31/Aug/2026:10:49:01 -0400] "POST /xmlrpc.php HTTP/1.1" 406 300 "-" "WordPress.com; https://wordpress.com"
177.220.149.86 - - [31/Aug/2026:10:49:11 -0400] "POST /xmlrpc.php HTTP/1.1" 404 16 "-" "Jetpack by WordPress.com"
177.220.149.86 - - [31/Aug/2026:10:49:22 -0400] "POST /xmlrpc.php HTTP/1.1" 404 16 "-" "Jetpack by WordPress.com"
177.220.149.86 - - [31/Aug/2026:10:49:32 -0400] "POST /xmlrpc.php HTTP/1.1" 404 16 "-" "Jetpack by WordPress.com (Jetpack 13.0; WordPress 6.3)"
66.249.73.195 - - [31/Aug/2026:10:49:42 -0400] "GET /?c=f82ybrqbrdig24z HTTP/1.1" 200 281 "-" "Mozilla/5.0 (compatible; Googlebot/2.1; +http://www.google.com/bot.html)"
177.220.149.86 - - [31/Aug/2026:10:49:43 -0400] "POST /xmlrpc.php HTTP/1.1" 404 16 "-" "Jetpack/12.5; WordPress/6.2; http://site62591288.com"
66.249.73.194 - - [31/Aug/2026:10:49:53 -0400] "GET /?c=fhmajnabzge0jcv HTTP/1.1" 200 281 "-" "Mozilla/5.0 (compatible; Googlebot/2.1; +http://www.google.com/bot.html)"
177.220.149.86 - - [31/Aug/2026:10:49:53 -0400] "POST /xmlrpc.php HTTP/1.1" 406 300 "-" "WordPress.com; https://wordpress.com"
177.220.149.86 - - [31/Aug/2026:10:50:04 -0400] "POST /xmlrpc.php HTTP/1.1" 404 16 "-" "Jetpack by WordPress.com (Jetpack 12.5; WordPress 6.2)"
66.249.73.195 - - [31/Aug/2026:10:50:09 -0400] "GET /?c=ey60rju673usbgb_gkind14523978 HTTP/1.1" 200 281 "-" "Mozilla/5.0 (Linux; Android 6.0.1; Nexus 5X Build/MMB29P) AppleWebKit/537.36 (KHTML, like Gecko) Chrome/151.0.7922.173 Mobile Safari/537.36 (compatible; Googlebot/2.1; +http://www.google.com/bot.html)"
177.220.149.86 - - [31/Aug/2026:10:50:14 -0400] "POST /xmlrpc.php HTTP/1.1" 404 16 "-" "Jetpack by WordPress.com"
66.249.73.193 - - [31/Aug/2026:10:50:20 -0400] "GET /?c=e6ymvzm6bjmwbw3 HTTP/1.1" 200 281 "-" "Mozilla/5.0 (compatible; Googlebot/2.1; +http://www.google.com/bot.html)"
177.220.149.86 - - [31/Aug/2026:10:50:25 -0400] "POST /xmlrpc.php HTTP/1.1" 404 16 "-" "Jetpack by WordPress.com (Jetpack 12.5; WordPress 6.4)"
66.249.73.193 - - [31/Aug/2026:10:50:26 -0400] "GET /?c=fgmcjnabzfe00cv HTTP/1.1" 200 281 "-" "Mozilla/5.0 (compatible; Googlebot/2.1; +http://www.google.com/bot.html)"
177.220.149.86 - - [31/Aug/2026:10:50:35 -0400] "POST /xmlrpc.php HTTP/1.1" 404 16 "-" "Jetpack by WordPress.com (Jetpack 12.1; WordPress 6.2)"
177.220.149.86 - - [31/Aug/2026:10:50:46 -0400] "POST /xmlrpc.php HTTP/1.1" 404 16 "-" "Jetpack/12.0; WordPress/6.4; http://site91731817.com"
177.220.149.86 - - [31/Aug/2026:10:50:56 -0400] "POST /xmlrpc.php HTTP/1.1" 404 16 "-" "Jetpack by WordPress.com"
179.43.146.218 - - [31/Aug/2026:10:50:57 -0400] "GET /seo-config.php?action=get_links HTTP/1.1" 404 16 "https://northern2020.com/" "Mozilla/5.0 (Windows NT 10.0; Win64; x64) AppleWebKit/537.36 (KHTML, like Gecko) Chrome/120.0.0.0 Safari/537.36"
179.43.146.218 - - [31/Aug/2026:10:50:58 -0400] "GET /seo-config.php?action=get_links HTTP/1.1" 404 16 "https://northern2020.com/" "Mozilla/5.0 (Windows NT 10.0; Win64; x64) AppleWebKit/537.36 (KHTML, like Gecko) Chrome/120.0.0.0 Safari/537.36"
177.220.149.86 - - [31/Aug/2026:10:51:07 -0400] "POST /xmlrpc.php HTTP/1.1" 404 16 "-" "Jetpack by WordPress.com"
177.220.149.86 - - [31/Aug/2026:10:51:17 -0400] "POST /xmlrpc.php HTTP/1.1" 404 16 "-" "Jetpack by WordPress.com"
177.220.149.86 - - [31/Aug/2026:10:51:28 -0400] "POST /xmlrpc.php HTTP/1.1" 404 16 "-" "Jetpack by WordPress.com (Jetpack 12.0; WordPress 6.1)"
177.220.149.86 - - [31/Aug/2026:10:51:38 -0400] "POST /xmlrpc.php HTTP/1.1" 404 16 "-" "Jetpack/13.0; WordPress/6.1; http://site85571731.com"
177.220.149.86 - - [31/Aug/2026:10:51:49 -0400] "POST /xmlrpc.php HTTP/1.1" 404 16 "-" "Jetpack by WordPress.com (Jetpack 13.0; WordPress 6.4)"
177.220.149.86 - - [31/Aug/2026:10:51:59 -0400] "POST /xmlrpc.php HTTP/1.1" 404 16 "-" "Jetpack/12.0; WordPress/6.4; http://site18063026.com"
177.220.149.86 - - [31/Aug/2026:10:52:10 -0400] "POST /xmlrpc.php HTTP/1.1" 404 16 "-" "Jetpack by WordPress.com"
177.220.149.86 - - [31/Aug/2026:10:52:20 -0400] "POST /xmlrpc.php HTTP/1.1" 404 16 "-" "Jetpack by WordPress.com (Jetpack 12.1; WordPress 6.2)"
177.220.149.86 - - [31/Aug/2026:10:52:31 -0400] "POST /xmlrpc.php HTTP/1.1" 404 16 "-" "Jetpack by WordPress.com (Jetpack 12.0; WordPress 6.1)"
177.220.149.86 - - [31/Aug/2026:10:52:41 -0400] "POST /xmlrpc.php HTTP/1.1" 406 300 "-" "WordPress.com; https://wordpress.com"
45.148.10.74 - - [31/Aug/2026:10:52:49 -0400] "GET /wp-json/gravitysmtp/v1/tests/mock-data?page=gravitysmtp-settings HTTP/1.1" 404 236 "-" "Mozilla/5.0 (Debian; Linux i686) AppleWebKit/537.36 (KHTML, like Gecko) Chrome/137.0.0.0 Safari/537.36"
177.220.149.86 - - [31/Aug/2026:10:52:52 -0400] "POST /xmlrpc.php HTTP/1.1" 404 16 "-" "Jetpack by WordPress.com (Jetpack 13.0; WordPress 6.2)"
177.220.149.86 - - [31/Aug/2026:10:53:02 -0400] "POST /xmlrpc.php HTTP/1.1" 404 16 "-" "Jetpack by WordPress.com (Jetpack 12.0; WordPress 6.4)"
177.220.149.86 - - [31/Aug/2026:10:53:13 -0400] "POST /xmlrpc.php HTTP/1.1" 404 16 "-" "Jetpack by WordPress.com (Jetpack 13.0; WordPress 6.1)"
177.220.149.86 - - [31/Aug/2026:10:53:23 -0400] "POST /xmlrpc.php HTTP/1.1" 404 16 "-" "Jetpack by WordPress.com"
179.43.146.218 - - [31/Aug/2026:10:53:32 -0400] "POST /seo-config.php?action=add_link HTTP/1.1" 404 16 "https://northern2020.com/" "Mozilla/5.0 (Windows NT 10.0; Win64; x64) AppleWebKit/537.36 (KHTML, like Gecko) Chrome/120.0.0.0 Safari/537.36"
177.220.149.86 - - [31/Aug/2026:10:53:34 -0400] "POST /xmlrpc.php HTTP/1.1" 404 16 "-" "Jetpack by WordPress.com"
177.220.149.86 - - [31/Aug/2026:10:53:44 -0400] "POST /xmlrpc.php HTTP/1.1" 404 16 "-" "Jetpack/13.0; WordPress/6.3; http://site61841313.com"
177.220.149.86 - - [31/Aug/2026:10:53:55 -0400] "POST /xmlrpc.php HTTP/1.1" 406 300 "-" "WordPress.com; https://wordpress.com"
177.220.149.86 - - [31/Aug/2026:10:54:05 -0400] "POST /xmlrpc.php HTTP/1.1" 404 16 "-" "Jetpack by WordPress.com"
177.220.149.86 - - [31/Aug/2026:10:54:16 -0400] "POST /xmlrpc.php HTTP/1.1" 404 16 "-" "Jetpack/12.5; WordPress/6.2; http://site42324218.com"
177.220.149.86 - - [31/Aug/2026:10:54:26 -0400] "POST /xmlrpc.php HTTP/1.1" 404 16 "-" "Jetpack/12.5; WordPress/6.1; http://site79671844.com"
177.220.149.86 - - [31/Aug/2026:10:54:37 -0400] "POST /xmlrpc.php HTTP/1.1" 406 300 "-" "WordPress.com; https://wordpress.com"
177.220.149.86 - - [31/Aug/2026:10:54:47 -0400] "POST /xmlrpc.php HTTP/1.1" 406 300 "-" "WordPress.com; https://wordpress.com"
177.220.149.86 - - [31/Aug/2026:10:54:58 -0400] "POST /xmlrpc.php HTTP/1.1" 404 16 "-" "Jetpack by WordPress.com (Jetpack 12.0; WordPress 6.1)"
177.220.149.86 - - [31/Aug/2026:10:55:08 -0400] "POST /xmlrpc.php HTTP/1.1" 406 300 "-" "WordPress.com; https://wordpress.com"
177.220.149.86 - - [31/Aug/2026:10:55:19 -0400] "POST /xmlrpc.php HTTP/1.1" 406 300 "-" "WordPress.com; https://wordpress.com"
177.220.149.86 - - [31/Aug/2026:10:55:29 -0400] "POST /xmlrpc.php HTTP/1.1" 404 16 "-" "Jetpack by WordPress.com"
177.220.149.86 - - [31/Aug/2026:10:55:40 -0400] "POST /xmlrpc.php HTTP/1.1" 404 16 "-" "Jetpack by WordPress.com"
177.220.149.86 - - [31/Aug/2026:10:55:50 -0400] "POST /xmlrpc.php HTTP/1.1" 404 16 "-" "Jetpack/12.5; WordPress/6.3; http://site41695274.com"
177.220.149.86 - - [31/Aug/2026:10:56:01 -0400] "POST /xmlrpc.php HTTP/1.1" 404 16 "-" "Jetpack/12.1; WordPress/6.4; http://site21197987.com"
177.220.149.86 - - [31/Aug/2026:10:56:11 -0400] "POST /xmlrpc.php HTTP/1.1" 404 16 "-" "Jetpack by WordPress.com"
177.220.149.86 - - [31/Aug/2026:10:56:22 -0400] "POST /xmlrpc.php HTTP/1.1" 404 16 "-" "Jetpack by WordPress.com (Jetpack 12.5; WordPress 6.2)"
177.220.149.86 - - [31/Aug/2026:10:56:32 -0400] "POST /xmlrpc.php HTTP/1.1" 404 16 "-" "Jetpack/13.0; WordPress/6.4; http://site34235622.com"
177.220.149.86 - - [31/Aug/2026:10:56:43 -0400] "POST /xmlrpc.php HTTP/1.1" 404 16 "-" "Jetpack by WordPress.com"
177.220.149.86 - - [31/Aug/2026:10:56:53 -0400] "POST /xmlrpc.php HTTP/1.1" 404 16 "-" "Jetpack by WordPress.com"
177.220.149.86 - - [31/Aug/2026:10:57:04 -0400] "POST /xmlrpc.php HTTP/1.1" 406 300 "-" "WordPress.com; https://wordpress.com"
177.220.149.86 - - [31/Aug/2026:10:57:14 -0400] "POST /xmlrpc.php HTTP/1.1" 406 300 "-" "WordPress.com; https://wordpress.com"
177.220.149.86 - - [31/Aug/2026:10:57:25 -0400] "POST /xmlrpc.php HTTP/1.1" 404 16 "-" "Jetpack/12.0; WordPress/6.2; http://site42753609.com"
177.220.149.86 - - [31/Aug/2026:10:57:35 -0400] "POST /xmlrpc.php HTTP/1.1" 404 16 "-" "Jetpack/12.0; WordPress/6.1; http://site83676341.com"
179.43.146.218 - - [31/Aug/2026:10:57:38 -0400] "POST /seo-config.php?action=add_link HTTP/1.1" 404 16 "https://northern2020.com/" "Mozilla/5.0 (Windows NT 10.0; Win64; x64) AppleWebKit/537.36 (KHTML, like Gecko) Chrome/120.0.0.0 Safari/537.36"
177.220.149.86 - - [31/Aug/2026:10:57:46 -0400] "POST /xmlrpc.php HTTP/1.1" 404 16 "-" "Jetpack/12.0; WordPress/6.1; http://site38376351.com"
66.249.73.194 - - [31/Aug/2026:10:57:51 -0400] "GET /?c=ecysvzm0bjmwtw3 HTTP/1.1" 200 281 "-" "Mozilla/5.0 (Linux; Android 6.0.1; Nexus 5X Build/MMB29P) AppleWebKit/537.36 (KHTML, like Gecko) Chrome/151.0.7922.173 Mobile Safari/537.36 (compatible; Googlebot/2.1; +http://www.google.com/bot.html)"
177.220.149.86 - - [31/Aug/2026:10:57:56 -0400] "POST /xmlrpc.php HTTP/1.1" 404 16 "-" "Jetpack by WordPress.com"
177.220.149.86 - - [31/Aug/2026:10:58:07 -0400] "POST /xmlrpc.php HTTP/1.1" 404 16 "-" "Jetpack by WordPress.com"
177.220.149.86 - - [31/Aug/2026:10:58:17 -0400] "POST /xmlrpc.php HTTP/1.1" 404 16 "-" "Jetpack by WordPress.com (Jetpack 13.0; WordPress 6.3)"
177.220.149.86 - - [31/Aug/2026:10:58:28 -0400] "POST /xmlrpc.php HTTP/1.1" 404 16 "-" "Jetpack/12.0; WordPress/6.1; http://site65399069.com"
177.220.149.86 - - [31/Aug/2026:10:58:38 -0400] "POST /xmlrpc.php HTTP/1.1" 404 16 "-" "Jetpack by WordPress.com"
177.220.149.86 - - [31/Aug/2026:10:58:49 -0400] "POST /xmlrpc.php HTTP/1.1" 404 16 "-" "Jetpack by WordPress.com"
24.249.245.225 - - [31/Aug/2026:10:58:49 -0400] "POST /be1qrid/1rydjhq/lpbq1fw/index.php?pass=kDsaNuAMUo6 HTTP/1.1" 404 236 "-" "-"
177.220.149.86 - - [31/Aug/2026:10:58:59 -0400] "POST /xmlrpc.php HTTP/1.1" 406 300 "-" "WordPress.com; https://wordpress.com"
45.227.253.15 - - [31/Aug/2026:10:59:01 -0400] "GET /index.php/jk HTTP/1.1" 404 36 "-" "Mozilla/5.0 (Windows NT 10.0; Win64; x64) AppleWebKit/537.36 (KHTML, like Gecko) Chrome/81.0.3282.140 Safari/537.36 Edge/18.17763"
177.220.149.86 - - [31/Aug/2026:10:59:10 -0400] "POST /xmlrpc.php HTTP/1.1" 404 16 "-" "Jetpack/12.0; WordPress/6.2; http://site91440892.com"
177.220.149.86 - - [31/Aug/2026:10:59:20 -0400] "POST /xmlrpc.php HTTP/1.1" 404 16 "-" "Jetpack/12.1; WordPress/6.4; http://site77404458.com"
34.221.143.94 - - [31/Aug/2026:10:59:24 -0400] "GET / HTTP/1.1" 200 482 "-" "Mozilla/5.0 (Macintosh; Intel Mac OS X 10_15_7) AppleWebKit/537.36 (KHTML, like Gecko) Chrome/134.0.0.0 Safari/537.36"
177.220.149.86 - - [31/Aug/2026:10:59:31 -0400] "POST /xmlrpc.php HTTP/1.1" 404 16 "-" "Jetpack by WordPress.com"
177.220.149.86 - - [31/Aug/2026:10:59:41 -0400] "POST /xmlrpc.php HTTP/1.1" 404 16 "-" "Jetpack by WordPress.com (Jetpack 13.0; WordPress 6.3)"
177.220.149.86 - - [31/Aug/2026:10:59:52 -0400] "POST /xmlrpc.php HTTP/1.1" 404 16 "-" "Jetpack by WordPress.com"
177.220.149.86 - - [31/Aug/2026:11:00:02 -0400] "POST /xmlrpc.php HTTP/1.1" 404 16 "-" "Jetpack by WordPress.com (Jetpack 13.0; WordPress 6.1)"
177.220.149.86 - - [31/Aug/2026:11:00:12 -0400] "POST /xmlrpc.php HTTP/1.1" 404 16 "-" "Jetpack/12.5; WordPress/6.2; http://site33388604.com"
177.220.149.86 - - [31/Aug/2026:11:00:23 -0400] "POST /xmlrpc.php HTTP/1.1" 404 16 "-" "Jetpack by WordPress.com (Jetpack 12.1; WordPress 6.1)"
66.249.73.195 - - [31/Aug/2026:11:00:26 -0400] "GET /?c=edll6y96mi97wvq HTTP/1.1" 200 281 "-" "Mozilla/5.0 (Linux; Android 6.0.1; Nexus 5X Build/MMB29P) AppleWebKit/537.36 (KHTML, like Gecko) Chrome/151.0.7922.173 Mobile Safari/537.36 (compatible; Googlebot/2.1; +http://www.google.com/bot.html)"
177.220.149.86 - - [31/Aug/2026:11:00:34 -0400] "POST /xmlrpc.php HTTP/1.1" 404 16 "-" "Jetpack/12.5; WordPress/6.4; http://site32050754.com"
177.220.149.86 - - [31/Aug/2026:11:00:44 -0400] "POST /xmlrpc.php HTTP/1.1" 404 16 "-" "Jetpack/12.1; WordPress/6.2; http://site76567824.com"
177.220.149.86 - - [31/Aug/2026:11:00:55 -0400] "POST /xmlrpc.php HTTP/1.1" 404 16 "-" "Jetpack by WordPress.com"
177.220.149.86 - - [31/Aug/2026:11:01:05 -0400] "POST /xmlrpc.php HTTP/1.1" 406 300 "-" "WordPress.com; https://wordpress.com"
177.220.149.86 - - [31/Aug/2026:11:01:16 -0400] "POST /xmlrpc.php HTTP/1.1" 404 16 "-" "Jetpack by WordPress.com (Jetpack 13.0; WordPress 6.1)"
177.220.149.86 - - [31/Aug/2026:11:01:26 -0400] "POST /xmlrpc.php HTTP/1.1" 404 16 "-" "Jetpack by WordPress.com"
177.220.149.86 - - [31/Aug/2026:11:01:37 -0400] "POST /xmlrpc.php HTTP/1.1" 404 16 "-" "Jetpack/12.0; WordPress/6.3; http://site83145889.com"
66.249.73.193 - - [31/Aug/2026:11:01:40 -0400] "GET /?c=fiwk5lkblxca0yt HTTP/1.1" 200 281 "-" "Mozilla/5.0 (Linux; Android 6.0.1; Nexus 5X Build/MMB29P) AppleWebKit/537.36 (KHTML, like Gecko) Chrome/151.0.7922.173 Mobile Safari/537.36 (compatible; Googlebot/2.1; +http://www.google.com/bot.html)"
66.249.73.194 - - [31/Aug/2026:11:01:46 -0400] "GET /?c=fifb0s3bggjtyt0 HTTP/1.1" 200 281 "-" "Mozilla/5.0 (Linux; Android 6.0.1; Nexus 5X Build/MMB29P) AppleWebKit/537.36 (KHTML, like Gecko) Chrome/151.0.7922.173 Mobile Safari/537.36 (compatible; Googlebot/2.1; +http://www.google.com/bot.html)"
177.220.149.86 - - [31/Aug/2026:11:01:47 -0400] "POST /xmlrpc.php HTTP/1.1" 404 16 "-" "Jetpack/13.0; WordPress/6.2; http://site91812294.com"
177.220.149.86 - - [31/Aug/2026:11:01:58 -0400] "POST /xmlrpc.php HTTP/1.1" 406 300 "-" "WordPress.com; https://wordpress.com"
177.220.149.86 - - [31/Aug/2026:11:02:08 -0400] "POST /xmlrpc.php HTTP/1.1" 404 16 "-" "Jetpack/12.0; WordPress/6.3; http://site90356262.com"
177.220.149.86 - - [31/Aug/2026:11:02:19 -0400] "POST /xmlrpc.php HTTP/1.1" 404 16 "-" "Jetpack/12.5; WordPress/6.4; http://site70208476.com"
177.220.149.86 - - [31/Aug/2026:11:02:29 -0400] "POST /xmlrpc.php HTTP/1.1" 404 16 "-" "Jetpack/13.0; WordPress/6.3; http://site25414128.com"
66.249.73.193 - - [31/Aug/2026:11:02:39 -0400] "GET /?c=fbio3v6bj4mwrw3 HTTP/1.1" 200 281 "-" "Mozilla/5.0 (Linux; Android 6.0.1; Nexus 5X Build/MMB29P) AppleWebKit/537.36 (KHTML, like Gecko) Chrome/151.0.7922.173 Mobile Safari/537.36 (compatible; Googlebot/2.1; +http://www.google.com/bot.html)"
177.220.149.86 - - [31/Aug/2026:11:02:40 -0400] "POST /xmlrpc.php HTTP/1.1" 404 16 "-" "Jetpack by WordPress.com (Jetpack 12.0; WordPress 6.1)"
177.220.149.86 - - [31/Aug/2026:11:02:50 -0400] "POST /xmlrpc.php HTTP/1.1" 404 16 "-" "Jetpack by WordPress.com"
177.220.149.86 - - [31/Aug/2026:11:03:00 -0400] "POST /xmlrpc.php HTTP/1.1" 404 16 "-" "Jetpack by WordPress.com"
177.220.149.86 - - [31/Aug/2026:11:03:11 -0400] "POST /xmlrpc.php HTTP/1.1" 404 16 "-" "Jetpack by WordPress.com"
177.220.149.86 - - [31/Aug/2026:11:03:21 -0400] "POST /xmlrpc.php HTTP/1.1" 404 16 "-" "Jetpack by WordPress.com (Jetpack 13.0; WordPress 6.3)"
177.220.149.86 - - [31/Aug/2026:11:03:32 -0400] "POST /xmlrpc.php HTTP/1.1" 404 16 "-" "Jetpack/12.0; WordPress/6.4; http://site94534648.com"
66.249.73.194 - - [31/Aug/2026:11:03:32 -0400] "GET /?c=euwi5lknl5k6qi1 HTTP/1.1" 200 281 "-" "Mozilla/5.0 (Linux; Android 6.0.1; Nexus 5X Build/MMB29P) AppleWebKit/537.36 (KHTML, like Gecko) Chrome/151.0.7922.173 Mobile Safari/537.36 (compatible; Googlebot/2.1; +http://www.google.com/bot.html)"
177.220.149.86 - - [31/Aug/2026:11:03:42 -0400] "POST /xmlrpc.php HTTP/1.1" 404 16 "-" "Jetpack/13.0; WordPress/6.1; http://site81171239.com"
177.220.149.86 - - [31/Aug/2026:11:03:53 -0400] "POST /xmlrpc.php HTTP/1.1" 404 16 "-" "Jetpack/13.0; WordPress/6.2; http://site49119734.com"
177.220.149.86 - - [31/Aug/2026:11:04:03 -0400] "POST /xmlrpc.php HTTP/1.1" 404 16 "-" "Jetpack by WordPress.com (Jetpack 12.5; WordPress 6.3)"
177.220.149.86 - - [31/Aug/2026:11:04:14 -0400] "POST /xmlrpc.php HTTP/1.1" 404 16 "-" "Jetpack by WordPress.com"
177.220.149.86 - - [31/Aug/2026:11:04:25 -0400] "POST /xmlrpc.php HTTP/1.1" 406 300 "-" "WordPress.com; https://wordpress.com"
177.220.149.86 - - [31/Aug/2026:11:04:35 -0400] "POST /xmlrpc.php HTTP/1.1" 406 300 "-" "WordPress.com; https://wordpress.com"
177.220.149.86 - - [31/Aug/2026:11:04:46 -0400] "POST /xmlrpc.php HTTP/1.1" 404 16 "-" "Jetpack by WordPress.com (Jetpack 12.1; WordPress 6.4)"
177.220.149.86 - - [31/Aug/2026:11:04:56 -0400] "POST /xmlrpc.php HTTP/1.1" 404 16 "-" "Jetpack/12.0; WordPress/6.1; http://site90754046.com"
177.220.149.86 - - [31/Aug/2026:11:05:06 -0400] "POST /xmlrpc.php HTTP/1.1" 404 16 "-" "Jetpack by WordPress.com (Jetpack 12.5; WordPress 6.3)"
177.220.149.86 - - [31/Aug/2026:11:05:17 -0400] "POST /xmlrpc.php HTTP/1.1" 404 16 "-" "Jetpack/12.1; WordPress/6.2; http://site51565330.com"
177.220.149.86 - - [31/Aug/2026:11:05:27 -0400] "POST /xmlrpc.php HTTP/1.1" 406 300 "-" "WordPress.com; https://wordpress.com"
177.220.149.86 - - [31/Aug/2026:11:05:38 -0400] "POST /xmlrpc.php HTTP/1.1" 406 300 "-" "WordPress.com; https://wordpress.com"
177.220.149.86 - - [31/Aug/2026:11:05:48 -0400] "POST /xmlrpc.php HTTP/1.1" 404 16 "-" "Jetpack by WordPress.com"
177.220.149.86 - - [31/Aug/2026:11:05:59 -0400] "POST /xmlrpc.php HTTP/1.1" 404 16 "-" "Jetpack by WordPress.com"
179.43.146.218 - - [31/Aug/2026:11:06:07 -0400] "POST /seo-config.php?action=add_link HTTP/1.1" 404 16 "https://northern2020.com/" "Mozilla/5.0 (Windows NT 10.0; Win64; x64) AppleWebKit/537.36 (KHTML, like Gecko) Chrome/120.0.0.0 Safari/537.36"
179.43.146.218 - - [31/Aug/2026:11:06:07 -0400] "POST /seo-config.php?action=add_link HTTP/1.1" 404 16 "https://northern2020.com/" "Mozilla/5.0 (Windows NT 10.0; Win64; x64) AppleWebKit/537.36 (KHTML, like Gecko) Chrome/120.0.0.0 Safari/537.36"
179.43.146.218 - - [31/Aug/2026:11:06:07 -0400] "POST /seo-config.php?action=add_link HTTP/1.1" 404 16 "https://northern2020.com/" "Mozilla/5.0 (Windows NT 10.0; Win64; x64) AppleWebKit/537.36 (KHTML, like Gecko) Chrome/120.0.0.0 Safari/537.36"
177.220.149.86 - - [31/Aug/2026:11:06:09 -0400] "POST /xmlrpc.php HTTP/1.1" 404 16 "-" "Jetpack by WordPress.com"
66.249.73.193 - - [31/Aug/2026:11:06:18 -0400] "GET /?c=fgmcjnabzfe00cv HTTP/1.1" 200 281 "-" "Mozilla/5.0 (Linux; Android 6.0.1; Nexus 5X Build/MMB29P) AppleWebKit/537.36 (KHTML, like Gecko) Chrome/151.0.7922.173 Mobile Safari/537.36 (compatible; Googlebot/2.1; +http://www.google.com/bot.html)"
177.220.149.86 - - [31/Aug/2026:11:06:20 -0400] "POST /xmlrpc.php HTTP/1.1" 404 16 "-" "Jetpack/12.5; WordPress/6.4; http://site85530606.com"
177.220.149.86 - - [31/Aug/2026:11:06:30 -0400] "POST /xmlrpc.php HTTP/1.1" 404 16 "-" "Jetpack by WordPress.com (Jetpack 13.0; WordPress 6.4)"
177.220.149.86 - - [31/Aug/2026:11:06:41 -0400] "POST /xmlrpc.php HTTP/1.1" 404 16 "-" "Jetpack/12.5; WordPress/6.4; http://site77517575.com"
177.220.149.86 - - [31/Aug/2026:11:06:51 -0400] "POST /xmlrpc.php HTTP/1.1" 406 300 "-" "WordPress.com; https://wordpress.com"
179.43.146.218 - - [31/Aug/2026:11:06:57 -0400] "POST /seo-config.php?action=add_link HTTP/1.1" 404 16 "https://northern2020.com/" "Mozilla/5.0 (Windows NT 10.0; Win64; x64) AppleWebKit/537.36 (KHTML, like Gecko) Chrome/120.0.0.0 Safari/537.36"
179.43.146.218 - - [31/Aug/2026:11:06:57 -0400] "POST /seo-config.php?action=add_link HTTP/1.1" 404 16 "https://northern2020.com/" "Mozilla/5.0 (Windows NT 10.0; Win64; x64) AppleWebKit/537.36 (KHTML, like Gecko) Chrome/120.0.0.0 Safari/537.36"
179.43.146.218 - - [31/Aug/2026:11:06:58 -0400] "POST /seo-config.php?action=add_link HTTP/1.1" 404 16 "https://northern2020.com/" "Mozilla/5.0 (Windows NT 10.0; Win64; x64) AppleWebKit/537.36 (KHTML, like Gecko) Chrome/120.0.0.0 Safari/537.36"
177.220.149.86 - - [31/Aug/2026:11:07:02 -0400] "POST /xmlrpc.php HTTP/1.1" 406 300 "-" "WordPress.com; https://wordpress.com"
177.220.149.86 - - [31/Aug/2026:11:07:12 -0400] "POST /xmlrpc.php HTTP/1.1" 404 16 "-" "Jetpack by WordPress.com"
177.220.149.86 - - [31/Aug/2026:11:07:23 -0400] "POST /xmlrpc.php HTTP/1.1" 404 16 "-" "Jetpack/12.1; WordPress/6.2; http://site29209520.com"
66.249.73.195 - - [31/Aug/2026:11:09:28 -0400] "GET /?c=eexpialyyulja72 HTTP/1.1" 200 281 "-" "Mozilla/5.0 (Linux; Android 6.0.1; Nexus 5X Build/MMB29P) AppleWebKit/537.36 (KHTML, like Gecko) Chrome/151.0.7922.173 Mobile Safari/537.36 (compatible; Googlebot/2.1; +http://www.google.com/bot.html)"
179.43.146.218 - - [31/Aug/2026:11:09:29 -0400] "GET /seo-config.php?action=get_links HTTP/1.1" 404 16 "https://northern2020.com/" "Mozilla/5.0 (Windows NT 10.0; Win64; x64) AppleWebKit/537.36 (KHTML, like Gecko) Chrome/120.0.0.0 Safari/537.36"
179.43.146.218 - - [31/Aug/2026:11:09:30 -0400] "GET /seo-config.php?action=get_links HTTP/1.1" 404 16 "https://northern2020.com/" "Mozilla/5.0 (Windows NT 10.0; Win64; x64) AppleWebKit/537.36 (KHTML, like Gecko) Chrome/120.0.0.0 Safari/537.36"
179.43.146.218 - - [31/Aug/2026:11:09:30 -0400] "GET /seo-config.php?action=get_links HTTP/1.1" 404 16 "https://northern2020.com/" "Mozilla/5.0 (Windows NT 10.0; Win64; x64) AppleWebKit/537.36 (KHTML, like Gecko) Chrome/120.0.0.0 Safari/537.36"
66.249.73.194 - - [31/Aug/2026:11:14:28 -0400] "GET /?c=e6os91cyplcatyt HTTP/1.1" 200 281 "-" "Mozilla/5.0 (Linux; Android 6.0.1; Nexus 5X Build/MMB29P) AppleWebKit/537.36 (KHTML, like Gecko) Chrome/151.0.7922.173 Mobile Safari/537.36 (compatible; Googlebot/2.1; +http://www.google.com/bot.html)"
179.43.146.218 - - [31/Aug/2026:11:16:11 -0400] "POST /seo-config.php?action=add_link HTTP/1.1" 404 16 "https://northern2020.com/" "Mozilla/5.0 (Windows NT 10.0; Win64; x64) AppleWebKit/537.36 (KHTML, like Gecko) Chrome/120.0.0.0 Safari/537.36"
66.249.73.194 - - [31/Aug/2026:11:16:14 -0400] "GET /?c=fy9eumxbatdntnu_gkind14524026 HTTP/1.1" 200 281 "-" "Mozilla/5.0 (Linux; Android 6.0.1; Nexus 5X Build/MMB29P) AppleWebKit/537.36 (KHTML, like Gecko) Chrome/151.0.7922.173 Mobile Safari/537.36 (compatible; Googlebot/2.1; +http://www.google.com/bot.html)"
179.43.146.218 - - [31/Aug/2026:11:18:23 -0400] "POST /seo-config.php?action=add_link HTTP/1.1" 404 16 "https://northern2020.com/" "Mozilla/5.0 (Windows NT 10.0; Win64; x64) AppleWebKit/537.36 (KHTML, like Gecko) Chrome/120.0.0.0 Safari/537.36"
66.249.73.195 - - [31/Aug/2026:11:19:04 -0400] "GET /?c=fhmajnabzge0jcv HTTP/1.1" 200 281 "-" "Mozilla/5.0 (Linux; Android 6.0.1; Nexus 5X Build/MMB29P) AppleWebKit/537.36 (KHTML, like Gecko) Chrome/151.0.7922.173 Mobile Safari/537.36 (compatible; Googlebot/2.1; +http://www.google.com/bot.html)"
66.249.73.193 - - [31/Aug/2026:11:20:21 -0400] "GET /?c=f06frjub7aakvkr HTTP/1.1" 200 281 "-" "Mozilla/5.0 (Linux; Android 6.0.1; Nexus 5X Build/MMB29P) AppleWebKit/537.36 (KHTML, like Gecko) Chrome/151.0.7922.173 Mobile Safari/537.36 (compatible; Googlebot/2.1; +http://www.google.com/bot.html)"
47.128.21.111 - - [31/Aug/2026:11:25:50 -0400] "GET /robots.txt HTTP/1.1" 404 236 "-" "Mozilla/5.0 (iPhone; CPU iPhone OS 7_1_2 like Mac OS X) AppleWebKit/537.36 (KHTML, like Gecko) Version/7.0 Mobile Safari/537.36 (compatible; Bytespider; https://bytedance.sg.larkoffice.com/docx/K5bxdypulop3IIxrJb0lOjLVgFe)"
66.249.73.195 - - [31/Aug/2026:11:26:32 -0400] "GET /?c=frit3v6bjvmwaw3 HTTP/1.1" 200 281 "-" "Mozilla/5.0 (Linux; Android 6.0.1; Nexus 5X Build/MMB29P) AppleWebKit/537.36 (KHTML, like Gecko) Chrome/151.0.7922.173 Mobile Safari/537.36 (compatible; Googlebot/2.1; +http://www.google.com/bot.html)"
179.43.146.218 - - [31/Aug/2026:11:30:17 -0400] "GET /seo-config.php?action=get_links HTTP/1.1" 404 16 "https://northern2020.com/" "Mozilla/5.0 (Windows NT 10.0; Win64; x64) AppleWebKit/537.36 (KHTML, like Gecko) Chrome/120.0.0.0 Safari/537.36"
179.43.146.218 - - [31/Aug/2026:11:30:17 -0400] "GET /seo-config.php?action=get_links HTTP/1.1" 404 16 "https://northern2020.com/" "Mozilla/5.0 (Windows NT 10.0; Win64; x64) AppleWebKit/537.36 (KHTML, like Gecko) Chrome/120.0.0.0 Safari/537.36"
