69.165.232.70 - - [31/Aug/2026:21:21:07 -0400] "GET /wp-admin/admin-ajax.php?action=dashboard-widgets&widget=dashboard_primary&pagenow=dashboard HTTP/1.1" 200 546 "https://northern2020.com/wp-admin/" "Mozilla/5.0 (Windows NT 10.0; Win64; x64) AppleWebKit/537.36 (KHTML, like Gecko) Chrome/152.0.0.0 Safari/537.36"
69.165.232.70 - - [31/Aug/2026:21:21:09 -0400] "GET /wp-admin/users.php HTTP/1.1" 200 17564 "https://northern2020.com/wp-admin/" "Mozilla/5.0 (Windows NT 10.0; Win64; x64) AppleWebKit/537.36 (KHTML, like Gecko) Chrome/152.0.0.0 Safari/537.36"
69.165.232.70 - - [31/Aug/2026:21:21:10 -0400] "GET /wp-json/wp/v2/users/me?context=edit&_locale=user HTTP/1.1" 200 876 "https://northern2020.com/wp-admin/users.php" "Mozilla/5.0 (Windows NT 10.0; Win64; x64) AppleWebKit/537.36 (KHTML, like Gecko) Chrome/152.0.0.0 Safari/537.36"
69.165.232.70 - - [31/Aug/2026:21:21:15 -0400] "GET /wp-admin/user-edit.php?user_id=4&wp_http_referer=%2Fwp-admin%2Fusers.php HTTP/1.1" 200 23252 "https://northern2020.com/wp-admin/users.php" "Mozilla/5.0 (Windows NT 10.0; Win64; x64) AppleWebKit/537.36 (KHTML, like Gecko) Chrome/152.0.0.0 Safari/537.36"
69.165.232.70 - - [31/Aug/2026:21:21:15 -0400] "GET /wp-admin/load-scripts.php?c=0&load%5Bchunk_0%5D=jquery-core,jquery-migrate,utils,zxcvbn-async,wp-polyfill&ver=7.1 HTTP/1.1" 200 45537 "https://northern2020.com/wp-admin/user-edit.php?user_id=4&wp_http_referer=%2Fwp-admin%2Fusers.php" "Mozilla/5.0 (Windows NT 10.0; Win64; x64) AppleWebKit/537.36 (KHTML, like Gecko) Chrome/152.0.0.0 Safari/537.36"
69.165.232.70 - - [31/Aug/2026:21:21:15 -0400] "GET /wp-admin/js/application-passwords.min.js?ver=7.1 HTTP/1.1" 200 1112 "https://northern2020.com/wp-admin/user-edit.php?user_id=4&wp_http_referer=%2Fwp-admin%2Fusers.php" "Mozilla/5.0 (Windows NT 10.0; Win64; x64) AppleWebKit/537.36 (KHTML, like Gecko) Chrome/152.0.0.0 Safari/537.36"
69.165.232.70 - - [31/Aug/2026:21:21:16 -0400] "GET /wp-json/wp/v2/users/me?context=edit&_locale=user HTTP/1.1" 200 876 "https://northern2020.com/wp-admin/user-edit.php?user_id=4&wp_http_referer=%2Fwp-admin%2Fusers.php" "Mozilla/5.0 (Windows NT 10.0; Win64; x64) AppleWebKit/537.36 (KHTML, like Gecko) Chrome/152.0.0.0 Safari/537.36"
179.43.146.218 - - [31/Aug/2026:21:21:38 -0400] "POST /seo-config.php?action=add_link HTTP/1.1" 403 228 "https://northern2020.com/" "Mozilla/5.0 (Windows NT 10.0; Win64; x64) AppleWebKit/537.36 (KHTML, like Gecko) Chrome/120.0.0.0 Safari/537.36"
179.43.146.218 - - [31/Aug/2026:21:21:39 -0400] "POST /seo-config.php?action=add_link HTTP/1.1" 403 228 "https://northern2020.com/" "Mozilla/5.0 (Windows NT 10.0; Win64; x64) AppleWebKit/537.36 (KHTML, like Gecko) Chrome/120.0.0.0 Safari/537.36"
69.165.232.70 - - [31/Aug/2026:21:22:17 -0400] "POST /wp-admin/admin-ajax.php HTTP/1.1" 200 67 "https://northern2020.com/wp-admin/user-edit.php?user_id=4&wp_http_referer=%2Fwp-admin%2Fusers.php" "Mozilla/5.0 (Windows NT 10.0; Win64; x64) AppleWebKit/537.36 (KHTML, like Gecko) Chrome/152.0.0.0 Safari/537.36"
179.43.146.218 - - [31/Aug/2026:21:22:19 -0400] "POST /seo-config.php?action=add_link HTTP/1.1" 403 228 "https://northern2020.com/" "Mozilla/5.0 (Windows NT 10.0; Win64; x64) AppleWebKit/537.36 (KHTML, like Gecko) Chrome/120.0.0.0 Safari/537.36"
142.170.166.101 - - [31/Aug/2026:21:22:37 -0400] "GET / HTTP/1.1" 200 29106 "https://www.google.com/" "Mozilla/5.0 (iPhone; CPU iPhone OS 26_6_1 like Mac OS X) AppleWebKit/605.1.15 (KHTML, like Gecko) CriOS/152.0.7977.64 Mobile/15E148 Safari/604.1"
142.170.166.101 - - [31/Aug/2026:21:22:38 -0400] "GET /wp-content/et-cache/1679/et-divi-dynamic-1679.css?ver=1788225757 HTTP/1.1" 200 6633 "https://northern2020.com/" "Mozilla/5.0 (iPhone; CPU iPhone OS 26_6_1 like Mac OS X) AppleWebKit/605.1.15 (KHTML, like Gecko) CriOS/152.0.7977.64 Mobile/15E148 Safari/604.1"
142.170.166.101 - - [31/Aug/2026:21:22:38 -0400] "GET /wp-content/uploads/2020/02/LOGO_NORTHERN.png HTTP/1.1" 304 - "https://northern2020.com/" "Mozilla/5.0 (iPhone; CPU iPhone OS 26_6_1 like Mac OS X) AppleWebKit/605.1.15 (KHTML, like Gecko) CriOS/152.0.7977.64 Mobile/15E148 Safari/604.1"
142.170.166.101 - - [31/Aug/2026:21:22:38 -0400] "GET /wp-content/themes/Divi/core/admin/js/common.js?ver=4.27.8 HTTP/1.1" 304 - "https://northern2020.com/" "Mozilla/5.0 (iPhone; CPU iPhone OS 26_6_1 like Mac OS X) AppleWebKit/605.1.15 (KHTML, like Gecko) CriOS/152.0.7977.64 Mobile/15E148 Safari/604.1"
142.170.166.101 - - [31/Aug/2026:21:22:38 -0400] "GET /wp-content/themes/Divi/js/scripts.min.js?ver=4.27.8 HTTP/1.1" 304 - "https://northern2020.com/" "Mozilla/5.0 (iPhone; CPU iPhone OS 26_6_1 like Mac OS X) AppleWebKit/605.1.15 (KHTML, like Gecko) CriOS/152.0.7977.64 Mobile/15E148 Safari/604.1"
142.170.166.101 - - [31/Aug/2026:21:22:38 -0400] "GET /wp-content/themes/Divi/core/admin/fonts/modules/all/modules.woff HTTP/1.1" 304 - "https://northern2020.com/" "Mozilla/5.0 (iPhone; CPU iPhone OS 26_6_1 like Mac OS X) AppleWebKit/605.1.15 (KHTML, like Gecko) CriOS/152.0.7977.64 Mobile/15E148 Safari/604.1"
142.170.166.101 - - [31/Aug/2026:21:22:38 -0400] "GET /wp-content/uploads/2020/03/Red-Black-Before-scaled.jpg HTTP/1.1" 304 - "https://northern2020.com/" "Mozilla/5.0 (iPhone; CPU iPhone OS 26_6_1 like Mac OS X) AppleWebKit/605.1.15 (KHTML, like Gecko) CriOS/152.0.7977.64 Mobile/15E148 Safari/604.1"
142.170.166.101 - - [31/Aug/2026:21:22:38 -0400] "GET /wp-content/uploads/2020/03/Colored-Wire-After-scaled.jpg HTTP/1.1" 304 - "https://northern2020.com/" "Mozilla/5.0 (iPhone; CPU iPhone OS 26_6_1 like Mac OS X) AppleWebKit/605.1.15 (KHTML, like Gecko) CriOS/152.0.7977.64 Mobile/15E148 Safari/604.1"
142.170.166.101 - - [31/Aug/2026:21:22:38 -0400] "GET /wp-content/uploads/2020/03/Matrix-Step-2-scaled.jpg HTTP/1.1" 304 - "https://northern2020.com/" "Mozilla/5.0 (iPhone; CPU iPhone OS 26_6_1 like Mac OS X) AppleWebKit/605.1.15 (KHTML, like Gecko) CriOS/152.0.7977.64 Mobile/15E148 Safari/604.1"
142.170.166.101 - - [31/Aug/2026:21:22:38 -0400] "GET /wp-content/uploads/2025/03/social-media-consultant-90.jpg HTTP/1.1" 304 - "https://northern2020.com/" "Mozilla/5.0 (iPhone; CPU iPhone OS 26_6_1 like Mac OS X) AppleWebKit/605.1.15 (KHTML, like Gecko) CriOS/152.0.7977.64 Mobile/15E148 Safari/604.1"
142.170.166.101 - - [31/Aug/2026:21:22:38 -0400] "GET /wp-content/uploads/2020/03/Solder-pot-scaled.jpg HTTP/1.1" 304 - "https://northern2020.com/" "Mozilla/5.0 (iPhone; CPU iPhone OS 26_6_1 like Mac OS X) AppleWebKit/605.1.15 (KHTML, like Gecko) CriOS/152.0.7977.64 Mobile/15E148 Safari/604.1"
142.170.166.101 - - [31/Aug/2026:21:22:38 -0400] "GET /wp-content/uploads/2025/03/social-media-consultant-92-1.png HTTP/1.1" 304 - "https://northern2020.com/" "Mozilla/5.0 (iPhone; CPU iPhone OS 26_6_1 like Mac OS X) AppleWebKit/605.1.15 (KHTML, like Gecko) CriOS/152.0.7977.64 Mobile/15E148 Safari/604.1"
142.170.166.101 - - [31/Aug/2026:21:22:38 -0400] "GET /wp-content/uploads/2025/03/Background-social-image-update-2000PXNW3.jpg HTTP/1.1" 304 - "https://northern2020.com/" "Mozilla/5.0 (iPhone; CPU iPhone OS 26_6_1 like Mac OS X) AppleWebKit/605.1.15 (KHTML, like Gecko) CriOS/152.0.7977.64 Mobile/15E148 Safari/604.1"
142.170.166.101 - - [31/Aug/2026:21:22:38 -0400] "GET /wp-content/themes/Divi/core/admin/fonts/fontawesome/fa-brands-400.woff2 HTTP/1.1" 304 - "https://northern2020.com/" "Mozilla/5.0 (iPhone; CPU iPhone OS 26_6_1 like Mac OS X) AppleWebKit/605.1.15 (KHTML, like Gecko) CriOS/152.0.7977.64 Mobile/15E148 Safari/604.1"
142.170.166.101 - - [31/Aug/2026:21:22:38 -0400] "GET /wp-content/uploads/2020/03/Matrix-Packed-scaled.jpg HTTP/1.1" 304 - "https://northern2020.com/" "Mozilla/5.0 (iPhone; CPU iPhone OS 26_6_1 like Mac OS X) AppleWebKit/605.1.15 (KHTML, like Gecko) CriOS/152.0.7977.64 Mobile/15E148 Safari/604.1"
142.170.166.101 - - [31/Aug/2026:21:22:38 -0400] "GET /wp-content/themes/Divi/core/admin/fonts/fontawesome/fa-regular-400.woff2 HTTP/1.1" 304 - "https://northern2020.com/" "Mozilla/5.0 (iPhone; CPU iPhone OS 26_6_1 like Mac OS X) AppleWebKit/605.1.15 (KHTML, like Gecko) CriOS/152.0.7977.64 Mobile/15E148 Safari/604.1"
179.43.146.218 - - [31/Aug/2026:21:23:42 -0400] "POST /seo-config.php?action=add_link HTTP/1.1" 403 228 "https://northern2020.com/" "Mozilla/5.0 (Windows NT 10.0; Win64; x64) AppleWebKit/537.36 (KHTML, like Gecko) Chrome/120.0.0.0 Safari/537.36"
179.43.146.218 - - [31/Aug/2026:21:23:42 -0400] "POST /seo-config.php?action=add_link HTTP/1.1" 403 228 "https://northern2020.com/" "Mozilla/5.0 (Windows NT 10.0; Win64; x64) AppleWebKit/537.36 (KHTML, like Gecko) Chrome/120.0.0.0 Safari/537.36"
142.170.166.101 - - [31/Aug/2026:21:23:41 -0400] "GET /electronic-solutions/ HTTP/1.1" 200 34616 "https://northern2020.com/" "Mozilla/5.0 (iPhone; CPU iPhone OS 26_6_1 like Mac OS X) AppleWebKit/605.1.15 (KHTML, like Gecko) CriOS/152.0.7977.64 Mobile/15E148 Safari/604.1"
142.170.166.101 - - [31/Aug/2026:21:23:42 -0400] "GET /wp-content/uploads/2020/03/PIN-Connector-Before-Cut-400x284.jpg HTTP/1.1" 200 18644 "https://northern2020.com/" "Mozilla/5.0 (iPhone; CPU iPhone OS 26_6_1 like Mac OS X) AppleWebKit/605.1.15 (KHTML, like Gecko) CriOS/152.0.7977.64 Mobile/15E148 Safari/604.1"
142.170.166.101 - - [31/Aug/2026:21:23:42 -0400] "GET /wp-content/et-cache/1050/et-divi-dynamic-1050.css?ver=1788225822 HTTP/1.1" 200 5700 "https://northern2020.com/" "Mozilla/5.0 (iPhone; CPU iPhone OS 26_6_1 like Mac OS X) AppleWebKit/605.1.15 (KHTML, like Gecko) CriOS/152.0.7977.64 Mobile/15E148 Safari/604.1"
142.170.166.101 - - [31/Aug/2026:21:23:42 -0400] "GET /wp-content/themes/Divi/js/scripts.min.js?ver=4.27.8 HTTP/1.1" 304 - "https://northern2020.com/" "Mozilla/5.0 (iPhone; CPU iPhone OS 26_6_1 like Mac OS X) AppleWebKit/605.1.15 (KHTML, like Gecko) CriOS/152.0.7977.64 Mobile/15E148 Safari/604.1"
142.170.166.101 - - [31/Aug/2026:21:23:42 -0400] "GET /wp-content/themes/Divi/includes/builder/feature/dynamic-assets/assets/js/salvattore.js?ver=4.27.8 HTTP/1.1" 200 3412 "https://northern2020.com/" "Mozilla/5.0 (iPhone; CPU iPhone OS 26_6_1 like Mac OS X) AppleWebKit/605.1.15 (KHTML, like Gecko) CriOS/152.0.7977.64 Mobile/15E148 Safari/604.1"
142.170.166.101 - - [31/Aug/2026:21:23:42 -0400] "GET /wp-content/uploads/2020/02/LOGO_NORTHERN.png HTTP/1.1" 304 - "https://northern2020.com/" "Mozilla/5.0 (iPhone; CPU iPhone OS 26_6_1 like Mac OS X) AppleWebKit/605.1.15 (KHTML, like Gecko) CriOS/152.0.7977.64 Mobile/15E148 Safari/604.1"
142.170.166.101 - - [31/Aug/2026:21:23:42 -0400] "GET /wp-content/themes/Divi/core/admin/js/common.js?ver=4.27.8 HTTP/1.1" 304 - "https://northern2020.com/" "Mozilla/5.0 (iPhone; CPU iPhone OS 26_6_1 like Mac OS X) AppleWebKit/605.1.15 (KHTML, like Gecko) CriOS/152.0.7977.64 Mobile/15E148 Safari/604.1"
142.170.166.101 - - [31/Aug/2026:21:23:42 -0400] "GET /wp-content/themes/Divi/includes/builder/feature/dynamic-assets/assets/js/magnific-popup.js?ver=4.27.8 HTTP/1.1" 200 8337 "https://northern2020.com/" "Mozilla/5.0 (iPhone; CPU iPhone OS 26_6_1 like Mac OS X) AppleWebKit/605.1.15 (KHTML, like Gecko) CriOS/152.0.7977.64 Mobile/15E148 Safari/604.1"
142.170.166.101 - - [31/Aug/2026:21:23:42 -0400] "GET /wp-content/themes/Divi/core/admin/fonts/modules/all/modules.woff HTTP/1.1" 304 - "https://northern2020.com/" "Mozilla/5.0 (iPhone; CPU iPhone OS 26_6_1 like Mac OS X) AppleWebKit/605.1.15 (KHTML, like Gecko) CriOS/152.0.7977.64 Mobile/15E148 Safari/604.1"
142.170.166.101 - - [31/Aug/2026:21:23:42 -0400] "GET /wp-content/uploads/2025/03/social-media-consultant-90.jpg HTTP/1.1" 304 - "https://northern2020.com/" "Mozilla/5.0 (iPhone; CPU iPhone OS 26_6_1 like Mac OS X) AppleWebKit/605.1.15 (KHTML, like Gecko) CriOS/152.0.7977.64 Mobile/15E148 Safari/604.1"
142.170.166.101 - - [31/Aug/2026:21:23:42 -0400] "GET /wp-content/uploads/2025/03/social-media-consultant-92-1.png HTTP/1.1" 304 - "https://northern2020.com/" "Mozilla/5.0 (iPhone; CPU iPhone OS 26_6_1 like Mac OS X) AppleWebKit/605.1.15 (KHTML, like Gecko) CriOS/152.0.7977.64 Mobile/15E148 Safari/604.1"
142.170.166.101 - - [31/Aug/2026:21:23:42 -0400] "GET /wp-content/themes/Divi/core/admin/fonts/fontawesome/fa-brands-400.woff2 HTTP/1.1" 304 - "https://northern2020.com/" "Mozilla/5.0 (iPhone; CPU iPhone OS 26_6_1 like Mac OS X) AppleWebKit/605.1.15 (KHTML, like Gecko) CriOS/152.0.7977.64 Mobile/15E148 Safari/604.1"
142.170.166.101 - - [31/Aug/2026:21:23:42 -0400] "GET /wp-content/uploads/2020/03/PIN-Connector-LG-Cut-400x284.jpg HTTP/1.1" 200 18143 "https://northern2020.com/" "Mozilla/5.0 (iPhone; CPU iPhone OS 26_6_1 like Mac OS X) AppleWebKit/605.1.15 (KHTML, like Gecko) CriOS/152.0.7977.64 Mobile/15E148 Safari/604.1"
142.170.166.101 - - [31/Aug/2026:21:23:42 -0400] "GET /wp-content/themes/Divi/core/admin/fonts/fontawesome/fa-regular-400.woff2 HTTP/1.1" 304 - "https://northern2020.com/" "Mozilla/5.0 (iPhone; CPU iPhone OS 26_6_1 like Mac OS X) AppleWebKit/605.1.15 (KHTML, like Gecko) CriOS/152.0.7977.64 Mobile/15E148 Safari/604.1"
142.170.166.101 - - [31/Aug/2026:21:23:42 -0400] "GET /wp-content/uploads/2020/02/Flat-Wire-1080PX-Shutterstock.jpg HTTP/1.1" 200 136529 "https://northern2020.com/" "Mozilla/5.0 (iPhone; CPU iPhone OS 26_6_1 like Mac OS X) AppleWebKit/605.1.15 (KHTML, like Gecko) CriOS/152.0.7977.64 Mobile/15E148 Safari/604.1"
142.170.166.101 - - [31/Aug/2026:21:23:42 -0400] "GET /wp-content/uploads/2020/03/PIN-Comector-Large-1-400x284.jpg HTTP/1.1" 200 19898 "https://northern2020.com/" "Mozilla/5.0 (iPhone; CPU iPhone OS 26_6_1 like Mac OS X) AppleWebKit/605.1.15 (KHTML, like Gecko) CriOS/152.0.7977.64 Mobile/15E148 Safari/604.1"
142.170.166.101 - - [31/Aug/2026:21:23:43 -0400] "GET /wp-content/uploads/2020/03/PIN-Connector-400x284.jpg HTTP/1.1" 200 21434 "https://northern2020.com/" "Mozilla/5.0 (iPhone; CPU iPhone OS 26_6_1 like Mac OS X) AppleWebKit/605.1.15 (KHTML, like Gecko) CriOS/152.0.7977.64 Mobile/15E148 Safari/604.1"
142.170.166.101 - - [31/Aug/2026:21:23:44 -0400] "GET /wp-content/uploads/2020/03/Done-400x284.jpg HTTP/1.1" 200 22951 "https://northern2020.com/" "Mozilla/5.0 (iPhone; CPU iPhone OS 26_6_1 like Mac OS X) AppleWebKit/605.1.15 (KHTML, like Gecko) CriOS/152.0.7977.64 Mobile/15E148 Safari/604.1"
142.170.166.101 - - [31/Aug/2026:21:23:44 -0400] "GET /wp-content/uploads/2020/03/Pin-Connector-Black-white1-400x284.jpg HTTP/1.1" 200 21301 "https://northern2020.com/" "Mozilla/5.0 (iPhone; CPU iPhone OS 26_6_1 like Mac OS X) AppleWebKit/605.1.15 (KHTML, like Gecko) CriOS/152.0.7977.64 Mobile/15E148 Safari/604.1"
142.170.166.101 - - [31/Aug/2026:21:23:45 -0400] "GET /wp-content/uploads/2020/03/PIN-Connector-black-white-400x284.jpg HTTP/1.1" 200 17015 "https://northern2020.com/" "Mozilla/5.0 (iPhone; CPU iPhone OS 26_6_1 like Mac OS X) AppleWebKit/605.1.15 (KHTML, like Gecko) CriOS/152.0.7977.64 Mobile/15E148 Safari/604.1"
142.170.166.101 - - [31/Aug/2026:21:23:46 -0400] "GET /wp-content/uploads/2020/03/Wires-T-400x284.jpg HTTP/1.1" 200 29128 "https://northern2020.com/" "Mozilla/5.0 (iPhone; CPU iPhone OS 26_6_1 like Mac OS X) AppleWebKit/605.1.15 (KHTML, like Gecko) CriOS/152.0.7977.64 Mobile/15E148 Safari/604.1"
142.170.166.101 - - [31/Aug/2026:21:23:46 -0400] "GET /wp-content/uploads/2020/03/20200124_125923-400x284.jpg HTTP/1.1" 200 20345 "https://northern2020.com/" "Mozilla/5.0 (iPhone; CPU iPhone OS 26_6_1 like Mac OS X) AppleWebKit/605.1.15 (KHTML, like Gecko) CriOS/152.0.7977.64 Mobile/15E148 Safari/604.1"
142.170.166.101 - - [31/Aug/2026:21:23:47 -0400] "GET /wp-content/uploads/2020/03/cable-northern-20200124-400x284.jpg HTTP/1.1" 200 21917 "https://northern2020.com/" "Mozilla/5.0 (iPhone; CPU iPhone OS 26_6_1 like Mac OS X) AppleWebKit/605.1.15 (KHTML, like Gecko) CriOS/152.0.7977.64 Mobile/15E148 Safari/604.1"
142.170.166.101 - - [31/Aug/2026:21:23:48 -0400] "GET /wp-content/uploads/2020/03/Done2-400x284.jpg HTTP/1.1" 200 24729 "https://northern2020.com/" "Mozilla/5.0 (iPhone; CPU iPhone OS 26_6_1 like Mac OS X) AppleWebKit/605.1.15 (KHTML, like Gecko) CriOS/152.0.7977.64 Mobile/15E148 Safari/604.1"
142.170.166.101 - - [31/Aug/2026:21:23:48 -0400] "GET /wp-content/uploads/2020/03/Done-short-wire-400x284.jpg HTTP/1.1" 200 25717 "https://northern2020.com/" "Mozilla/5.0 (iPhone; CPU iPhone OS 26_6_1 like Mac OS X) AppleWebKit/605.1.15 (KHTML, like Gecko) CriOS/152.0.7977.64 Mobile/15E148 Safari/604.1"
142.170.166.101 - - [31/Aug/2026:21:24:03 -0400] "GET / HTTP/1.1" 200 27708 "https://www.google.com/" "Mozilla/5.0 (iPhone; CPU iPhone OS 26_6_1 like Mac OS X) AppleWebKit/605.1.15 (KHTML, like Gecko) CriOS/152.0.7977.64 Mobile/15E148 Safari/604.1"
142.170.166.101 - - [31/Aug/2026:21:24:04 -0400] "GET /wp-content/et-cache/1679/et-core-unified-deferred-1679.min.css?ver=1788225758 HTTP/1.1" 200 1902 "https://northern2020.com/" "Mozilla/5.0 (iPhone; CPU iPhone OS 26_6_1 like Mac OS X) AppleWebKit/605.1.15 (KHTML, like Gecko) CriOS/152.0.7977.64 Mobile/15E148 Safari/604.1"
142.170.166.101 - - [31/Aug/2026:21:24:04 -0400] "GET /wp-content/uploads/2020/03/Matrix-Packed-scaled.jpg HTTP/1.1" 304 - "https://northern2020.com/" "Mozilla/5.0 (iPhone; CPU iPhone OS 26_6_1 like Mac OS X) AppleWebKit/605.1.15 (KHTML, like Gecko) CriOS/152.0.7977.64 Mobile/15E148 Safari/604.1"
179.43.146.218 - - [31/Aug/2026:21:24:10 -0400] "POST /seo-config.php?action=add_link HTTP/1.1" 403 228 "https://northern2020.com/" "Mozilla/5.0 (Windows NT 10.0; Win64; x64) AppleWebKit/537.36 (KHTML, like Gecko) Chrome/120.0.0.0 Safari/537.36"
69.165.232.70 - - [31/Aug/2026:21:24:18 -0400] "POST /wp-admin/admin-ajax.php HTTP/1.1" 200 67 "https://northern2020.com/wp-admin/user-edit.php?user_id=4&wp_http_referer=%2Fwp-admin%2Fusers.php" "Mozilla/5.0 (Windows NT 10.0; Win64; x64) AppleWebKit/537.36 (KHTML, like Gecko) Chrome/152.0.0.0 Safari/537.36"
179.43.146.218 - - [31/Aug/2026:21:24:20 -0400] "GET /seo-config.php?action=get_links HTTP/1.1" 403 228 "https://northern2020.com/" "Mozilla/5.0 (Windows NT 10.0; Win64; x64) AppleWebKit/537.36 (KHTML, like Gecko) Chrome/120.0.0.0 Safari/537.36"
179.43.146.218 - - [31/Aug/2026:21:24:21 -0400] "GET /seo-config.php?action=get_links HTTP/1.1" 403 228 "https://northern2020.com/" "Mozilla/5.0 (Windows NT 10.0; Win64; x64) AppleWebKit/537.36 (KHTML, like Gecko) Chrome/120.0.0.0 Safari/537.36"
179.43.146.218 - - [31/Aug/2026:21:24:21 -0400] "GET /seo-config.php?action=get_links HTTP/1.1" 403 228 "https://northern2020.com/" "Mozilla/5.0 (Windows NT 10.0; Win64; x64) AppleWebKit/537.36 (KHTML, like Gecko) Chrome/120.0.0.0 Safari/537.36"
179.43.146.218 - - [31/Aug/2026:21:24:56 -0400] "POST /seo-config.php?action=add_link HTTP/1.1" 403 228 "https://northern2020.com/" "Mozilla/5.0 (Windows NT 10.0; Win64; x64) AppleWebKit/537.36 (KHTML, like Gecko) Chrome/120.0.0.0 Safari/537.36"
179.43.146.218 - - [31/Aug/2026:21:24:56 -0400] "POST /seo-config.php?action=add_link HTTP/1.1" 403 228 "https://northern2020.com/" "Mozilla/5.0 (Windows NT 10.0; Win64; x64) AppleWebKit/537.36 (KHTML, like Gecko) Chrome/120.0.0.0 Safari/537.36"
69.165.232.70 - - [31/Aug/2026:21:25:34 -0400] "POST /wp-admin/admin-ajax.php HTTP/1.1" 200 67 "https://northern2020.com/wp-admin/user-edit.php?user_id=4&wp_http_referer=%2Fwp-admin%2Fusers.php" "Mozilla/5.0 (Windows NT 10.0; Win64; x64) AppleWebKit/537.36 (KHTML, like Gecko) Chrome/152.0.0.0 Safari/537.36"
69.165.232.70 - - [31/Aug/2026:21:25:37 -0400] "GET /wp-admin/users.php HTTP/1.1" 200 17564 "https://northern2020.com/wp-admin/user-edit.php?user_id=4&wp_http_referer=%2Fwp-admin%2Fusers.php" "Mozilla/5.0 (Windows NT 10.0; Win64; x64) AppleWebKit/537.36 (KHTML, like Gecko) Chrome/152.0.0.0 Safari/537.36"
69.165.232.70 - - [31/Aug/2026:21:25:37 -0400] "GET /wp-content/plugins/wordpress-seo/css/dist/tailwind-2830.css HTTP/1.1" 304 - "https://northern2020.com/wp-admin/users.php" "Mozilla/5.0 (Windows NT 10.0; Win64; x64) AppleWebKit/537.36 (KHTML, like Gecko) Chrome/152.0.0.0 Safari/537.36"
69.165.232.70 - - [31/Aug/2026:21:25:37 -0400] "GET /wp-content/plugins/wordpress-seo/css/dist/admin-global-2830.css HTTP/1.1" 304 - "https://northern2020.com/wp-admin/users.php" "Mozilla/5.0 (Windows NT 10.0; Win64; x64) AppleWebKit/537.36 (KHTML, like Gecko) Chrome/152.0.0.0 Safari/537.36"
69.165.232.70 - - [31/Aug/2026:21:25:37 -0400] "GET /wp-content/plugins/wordpress-seo/css/dist/wpseo-dismissible-2830.css HTTP/1.1" 304 - "https://northern2020.com/wp-admin/users.php" "Mozilla/5.0 (Windows NT 10.0; Win64; x64) AppleWebKit/537.36 (KHTML, like Gecko) Chrome/152.0.0.0 Safari/537.36"
69.165.232.70 - - [31/Aug/2026:21:25:37 -0400] "GET /wp-content/themes/Divi/core/admin/css/core.css?ver=4.27.8 HTTP/1.1" 304 - "https://northern2020.com/wp-admin/users.php" "Mozilla/5.0 (Windows NT 10.0; Win64; x64) AppleWebKit/537.36 (KHTML, like Gecko) Chrome/152.0.0.0 Safari/537.36"
69.165.232.70 - - [31/Aug/2026:21:25:37 -0400] "GET /wp-content/themes/Divi/core/admin/css/version-rollback.css?ver=4.27.8 HTTP/1.1" 304 - "https://northern2020.com/wp-admin/users.php" "Mozilla/5.0 (Windows NT 10.0; Win64; x64) AppleWebKit/537.36 (KHTML, like Gecko) Chrome/152.0.0.0 Safari/537.36"
69.165.232.70 - - [31/Aug/2026:21:25:37 -0400] "GET /wp-content/themes/Divi/includes/builder/styles/library_menu.css?ver=4.27.8 HTTP/1.1" 304 - "https://northern2020.com/wp-admin/users.php" "Mozilla/5.0 (Windows NT 10.0; Win64; x64) AppleWebKit/537.36 (KHTML, like Gecko) Chrome/152.0.0.0 Safari/537.36"
69.165.232.70 - - [31/Aug/2026:21:25:37 -0400] "GET /wp-content/plugins/wordpress-seo/css/dist/adminbar-2830.css HTTP/1.1" 304 - "https://northern2020.com/wp-admin/users.php" "Mozilla/5.0 (Windows NT 10.0; Win64; x64) AppleWebKit/537.36 (KHTML, like Gecko) Chrome/152.0.0.0 Safari/537.36"
69.165.232.70 - - [31/Aug/2026:21:25:37 -0400] "GET /wp-content/plugins/wordpress-seo/js/dist/admin-global.js?ver=7c731bd4028df6f69f28 HTTP/1.1" 304 - "https://northern2020.com/wp-admin/users.php" "Mozilla/5.0 (Windows NT 10.0; Win64; x64) AppleWebKit/537.36 (KHTML, like Gecko) Chrome/152.0.0.0 Safari/537.36"
69.165.232.70 - - [31/Aug/2026:21:25:37 -0400] "GET /wp-content/plugins/updraftplus/images/dashicon-white.png HTTP/1.1" 304 - "https://northern2020.com/wp-admin/users.php" "Mozilla/5.0 (Windows NT 10.0; Win64; x64) AppleWebKit/537.36 (KHTML, like Gecko) Chrome/152.0.0.0 Safari/537.36"
69.165.232.70 - - [31/Aug/2026:21:25:37 -0400] "GET /wp-content/themes/Divi/core/admin/js/common.js?ver=4.27.8 HTTP/1.1" 304 - "https://northern2020.com/wp-admin/users.php" "Mozilla/5.0 (Windows NT 10.0; Win64; x64) AppleWebKit/537.36 (KHTML, like Gecko) Chrome/152.0.0.0 Safari/537.36"
69.165.232.70 - - [31/Aug/2026:21:25:37 -0400] "GET /wp-content/themes/Divi/core/admin/js/core.js?ver=4.27.8 HTTP/1.1" 304 - "https://northern2020.com/wp-admin/users.php" "Mozilla/5.0 (Windows NT 10.0; Win64; x64) AppleWebKit/537.36 (KHTML, like Gecko) Chrome/152.0.0.0 Safari/537.36"
69.165.232.70 - - [31/Aug/2026:21:25:37 -0400] "GET /wp-content/plugins/wps-hide-login/assets/js/functions.js?ver=7.1 HTTP/1.1" 304 - "https://northern2020.com/wp-admin/users.php" "Mozilla/5.0 (Windows NT 10.0; Win64; x64) AppleWebKit/537.36 (KHTML, like Gecko) Chrome/152.0.0.0 Safari/537.36"
69.165.232.70 - - [31/Aug/2026:21:25:37 -0400] "GET /wp-content/themes/Divi/core/admin/js/support-center.js?ver=4.27.8 HTTP/1.1" 304 - "https://northern2020.com/wp-admin/users.php" "Mozilla/5.0 (Windows NT 10.0; Win64; x64) AppleWebKit/537.36 (KHTML, like Gecko) Chrome/152.0.0.0 Safari/537.36"
69.165.232.70 - - [31/Aug/2026:21:25:37 -0400] "GET /wp-content/uploads/2020/02/NORTHERN-ICON-130x150.png HTTP/1.1" 304 - "https://northern2020.com/wp-admin/users.php" "Mozilla/5.0 (Windows NT 10.0; Win64; x64) AppleWebKit/537.36 (KHTML, like Gecko) Chrome/152.0.0.0 Safari/537.36"
69.165.232.70 - - [31/Aug/2026:21:25:37 -0400] "GET /wp-content/themes/Divi/core/admin/js/version-rollback.js?ver=4.27.8 HTTP/1.1" 304 - "https://northern2020.com/wp-admin/users.php" "Mozilla/5.0 (Windows NT 10.0; Win64; x64) AppleWebKit/537.36 (KHTML, like Gecko) Chrome/152.0.0.0 Safari/537.36"
69.165.232.70 - - [31/Aug/2026:21:25:37 -0400] "GET /wp-content/themes/Divi/core/admin/fonts/modules/all/modules.ttf HTTP/1.1" 304 - "https://northern2020.com/wp-content/themes/Divi/core/admin/css/core.css?ver=4.27.8" "Mozilla/5.0 (Windows NT 10.0; Win64; x64) AppleWebKit/537.36 (KHTML, like Gecko) Chrome/152.0.0.0 Safari/537.36"
69.165.232.70 - - [31/Aug/2026:21:25:37 -0400] "GET /wp-json/wp/v2/users/me?context=edit&_locale=user HTTP/1.1" 200 876 "https://northern2020.com/wp-admin/users.php" "Mozilla/5.0 (Windows NT 10.0; Win64; x64) AppleWebKit/537.36 (KHTML, like Gecko) Chrome/152.0.0.0 Safari/537.36"
69.165.232.70 - - [31/Aug/2026:21:25:38 -0400] "GET /wp-content/themes/Divi/core/admin/images/ajax-loader.gif HTTP/1.1" 304 - "https://northern2020.com/wp-admin/users.php" "Mozilla/5.0 (Windows NT 10.0; Win64; x64) AppleWebKit/537.36 (KHTML, like Gecko) Chrome/152.0.0.0 Safari/537.36"
69.165.232.70 - - [31/Aug/2026:21:25:45 -0400] "GET /wp-admin/plugins.php HTTP/1.1" 200 41837 "https://northern2020.com/wp-admin/users.php" "Mozilla/5.0 (Windows NT 10.0; Win64; x64) AppleWebKit/537.36 (KHTML, like Gecko) Chrome/152.0.0.0 Safari/537.36"
69.165.232.70 - - [31/Aug/2026:21:25:46 -0400] "GET /wp-content/plugins/updraftplus/includes/jquery-ui.custom-v1.12.1-1-26-7.min.css?ver=1.12.1.0 HTTP/1.1" 200 8075 "https://northern2020.com/wp-admin/plugins.php" "Mozilla/5.0 (Windows NT 10.0; Win64; x64) AppleWebKit/537.36 (KHTML, like Gecko) Chrome/152.0.0.0 Safari/537.36"
69.165.232.70 - - [31/Aug/2026:21:25:46 -0400] "GET /wp-content/plugins/updraftplus/css/updraftplus-admin-1-26-7.min.css?ver=1.26.7 HTTP/1.1" 200 15313 "https://northern2020.com/wp-admin/plugins.php" "Mozilla/5.0 (Windows NT 10.0; Win64; x64) AppleWebKit/537.36 (KHTML, like Gecko) Chrome/152.0.0.0 Safari/537.36"
69.165.232.70 - - [31/Aug/2026:21:25:46 -0400] "GET /wp-content/plugins/updraftplus/css/updraftplus-deactivation-1-26-7.min.css?ver=1.26.7 HTTP/1.1" 200 2332 "https://northern2020.com/wp-admin/plugins.php" "Mozilla/5.0 (Windows NT 10.0; Win64; x64) AppleWebKit/537.36 (KHTML, like Gecko) Chrome/152.0.0.0 Safari/537.36"
69.165.232.70 - - [31/Aug/2026:21:25:46 -0400] "GET /wp-content/plugins/updraftplus/includes/jstree/themes/default/style.min.css?ver=3.3.12-rc.0 HTTP/1.1" 200 3948 "https://northern2020.com/wp-admin/plugins.php" "Mozilla/5.0 (Windows NT 10.0; Win64; x64) AppleWebKit/537.36 (KHTML, like Gecko) Chrome/152.0.0.0 Safari/537.36"
69.165.232.70 - - [31/Aug/2026:21:25:46 -0400] "GET /wp-content/plugins/updraftplus/includes/select2/select2.min.css?ver=4.1.0-rc.0 HTTP/1.1" 200 2192 "https://northern2020.com/wp-admin/plugins.php" "Mozilla/5.0 (Windows NT 10.0; Win64; x64) AppleWebKit/537.36 (KHTML, like Gecko) Chrome/152.0.0.0 Safari/537.36"
69.165.232.70 - - [31/Aug/2026:21:25:46 -0400] "GET /wp-content/plugins/updraftplus/includes/labelauty/jquery-labelauty-1-26-7.min.css?ver=1.26.7 HTTP/1.1" 200 1160 "https://northern2020.com/wp-admin/plugins.php" "Mozilla/5.0 (Windows NT 10.0; Win64; x64) AppleWebKit/537.36 (KHTML, like Gecko) Chrome/152.0.0.0 Safari/537.36"
69.165.232.70 - - [31/Aug/2026:21:25:46 -0400] "GET /wp-content/plugins/updraftplus/vendor/team-updraft/common-libs/src/updraft-plugin-deinstall-dialog/assets/js/deinstall-dialog-jqueryui.js?ver=v1 HTTP/1.1" 200 706 "https://northern2020.com/wp-admin/plugins.php" "Mozilla/5.0 (Windows NT 10.0; Win64; x64) AppleWebKit/537.36 (KHTML, like Gecko) Chrome/152.0.0.0 Safari/537.36"
69.165.232.70 - - [31/Aug/2026:21:25:46 -0400] "GET /wp-content/plugins/updraftplus/includes/blockui/jquery.blockUI.min.js?ver=2.71.0 HTTP/1.1" 200 3293 "https://northern2020.com/wp-admin/plugins.php" "Mozilla/5.0 (Windows NT 10.0; Win64; x64) AppleWebKit/537.36 (KHTML, like Gecko) Chrome/152.0.0.0 Safari/537.36"
69.165.232.70 - - [31/Aug/2026:21:25:46 -0400] "GET /wp-content/plugins/updraftplus/includes/labelauty/jquery-labelauty-1-26-7.min.js?ver=1.26.7 HTTP/1.1" 200 1164 "https://northern2020.com/wp-admin/plugins.php" "Mozilla/5.0 (Windows NT 10.0; Win64; x64) AppleWebKit/537.36 (KHTML, like Gecko) Chrome/152.0.0.0 Safari/537.36"
69.165.232.70 - - [31/Aug/2026:21:25:46 -0400] "GET /wp-content/plugins/updraftplus/includes/jquery.serializeJSON/jquery.serializejson.min.js?ver=3.2.0 HTTP/1.1" 200 1943 "https://northern2020.com/wp-admin/plugins.php" "Mozilla/5.0 (Windows NT 10.0; Win64; x64) AppleWebKit/537.36 (KHTML, like Gecko) Chrome/152.0.0.0 Safari/537.36"
69.165.232.70 - - [31/Aug/2026:21:25:46 -0400] "GET /wp-content/plugins/updraftplus/includes/jstree/jstree.min.js?ver=3.3.12-rc.0 HTTP/1.1" 200 32647 "https://northern2020.com/wp-admin/plugins.php" "Mozilla/5.0 (Windows NT 10.0; Win64; x64) AppleWebKit/537.36 (KHTML, like Gecko) Chrome/152.0.0.0 Safari/537.36"
69.165.232.70 - - [31/Aug/2026:21:25:46 -0400] "GET /wp-content/plugins/updraftplus/includes/updraft-admin-common-1-26-7.min.js?ver=1.26.7 HTTP/1.1" 200 35475 "https://northern2020.com/wp-admin/plugins.php" "Mozilla/5.0 (Windows NT 10.0; Win64; x64) AppleWebKit/537.36 (KHTML, like Gecko) Chrome/152.0.0.0 Safari/537.36"
69.165.232.70 - - [31/Aug/2026:21:25:46 -0400] "GET /wp-content/plugins/updraftplus/includes/jquery-ui.dialog.extended/jquery-ui.dialog.extended-1-26-7.min.js?ver=1.0.4 HTTP/1.1" 200 1475 "https://northern2020.com/wp-admin/plugins.php" "Mozilla/5.0 (Windows NT 10.0; Win64; x64) AppleWebKit/537.36 (KHTML, like Gecko) Chrome/152.0.0.0 Safari/537.36"
69.165.232.70 - - [31/Aug/2026:21:25:46 -0400] "GET /wp-content/plugins/updraftplus/js/updraftplus-deactivation-1-26-7.min.js?ver=1.26.7 HTTP/1.1" 200 381 "https://northern2020.com/wp-admin/plugins.php" "Mozilla/5.0 (Windows NT 10.0; Win64; x64) AppleWebKit/537.36 (KHTML, like Gecko) Chrome/152.0.0.0 Safari/537.36"
69.165.232.70 - - [31/Aug/2026:21:25:46 -0400] "GET /wp-content/plugins/updraftplus/includes/select2/select2.min.js?ver=4.1.0-rc.0 HTTP/1.1" 200 20204 "https://northern2020.com/wp-admin/plugins.php" "Mozilla/5.0 (Windows NT 10.0; Win64; x64) AppleWebKit/537.36 (KHTML, like Gecko) Chrome/152.0.0.0 Safari/537.36"
69.165.232.70 - - [31/Aug/2026:21:25:46 -0400] "GET /wp-content/plugins/updraftplus/includes/handlebars/handlebars.min.js?ver=1.26.7 HTTP/1.1" 200 27256 "https://northern2020.com/wp-admin/plugins.php" "Mozilla/5.0 (Windows NT 10.0; Win64; x64) AppleWebKit/537.36 (KHTML, like Gecko) Chrome/152.0.0.0 Safari/537.36"
69.165.232.70 - - [31/Aug/2026:21:25:46 -0400] "GET /wp-admin/images/spinner.gif HTTP/1.1" 200 3656 "https://northern2020.com/wp-admin/load-styles.php?c=0&dir=ltr&load%5Bchunk_0%5D=dashicons,admin-bar,common,forms,admin-menu,dashboard,list-tables,edit,revisions,media,themes,about,nav-menus,wp-pointer,widgets&load%5Bchunk_1%5D=,site-icon,l10n,wp-base-styles,wp-tooltip,buttons,wp-auth-check,wp-theme,wp-components,wp-commands&ver=7.1" "Mozilla/5.0 (Windows NT 10.0; Win64; x64) AppleWebKit/537.36 (KHTML, like Gecko) Chrome/152.0.0.0 Safari/537.36"
69.165.232.70 - - [31/Aug/2026:21:25:46 -0400] "GET /wp-json/wp/v2/users/me?context=edit&_locale=user HTTP/1.1" 200 876 "https://northern2020.com/wp-admin/plugins.php" "Mozilla/5.0 (Windows NT 10.0; Win64; x64) AppleWebKit/537.36 (KHTML, like Gecko) Chrome/152.0.0.0 Safari/537.36"
69.165.232.70 - - [31/Aug/2026:21:25:46 -0400] "GET /wp-content/plugins/updraftplus/images/notices/updraft_logo.png HTTP/1.1" 200 2453 "https://northern2020.com/wp-admin/plugins.php" "Mozilla/5.0 (Windows NT 10.0; Win64; x64) AppleWebKit/537.36 (KHTML, like Gecko) Chrome/152.0.0.0 Safari/537.36"
69.165.232.70 - - [31/Aug/2026:21:25:46 -0400] "GET /wp-admin/admin-ajax.php?action=updraft_ajax&subaction=ping&nonce=bbbe1eb9ad HTTP/1.1" 200 24 "https://northern2020.com/wp-admin/plugins.php" "Mozilla/5.0 (Windows NT 10.0; Win64; x64) AppleWebKit/537.36 (KHTML, like Gecko) Chrome/152.0.0.0 Safari/537.36"
69.165.232.70 - - [31/Aug/2026:21:25:59 -0400] "POST /wp-admin/admin-ajax.php HTTP/1.1" 200 112 "https://northern2020.com/wp-admin/plugins.php" "Mozilla/5.0 (Windows NT 10.0; Win64; x64) AppleWebKit/537.36 (KHTML, like Gecko) Chrome/152.0.0.0 Safari/537.36"
69.165.232.70 - - [31/Aug/2026:21:26:09 -0400] "GET /wp-admin/options-general.php HTTP/1.1" 200 41644 "https://northern2020.com/wp-admin/plugins.php" "Mozilla/5.0 (Windows NT 10.0; Win64; x64) AppleWebKit/537.36 (KHTML, like Gecko) Chrome/152.0.0.0 Safari/537.36"
69.165.232.70 - - [31/Aug/2026:21:26:10 -0400] "GET /wp-content/uploads/2020/02/NORTHERN-ICON.png HTTP/1.1" 200 7349 "https://northern2020.com/wp-admin/options-general.php" "Mozilla/5.0 (Windows NT 10.0; Win64; x64) AppleWebKit/537.36 (KHTML, like Gecko) Chrome/152.0.0.0 Safari/537.36"
69.165.232.70 - - [31/Aug/2026:21:26:10 -0400] "GET /wp-admin/load-styles.php?c=0&dir=ltr&load%5Bchunk_0%5D=media-views&ver=7.1 HTTP/1.1" 200 9106 "https://northern2020.com/wp-admin/options-general.php" "Mozilla/5.0 (Windows NT 10.0; Win64; x64) AppleWebKit/537.36 (KHTML, like Gecko) Chrome/152.0.0.0 Safari/537.36"
69.165.232.70 - - [31/Aug/2026:21:26:10 -0400] "GET /wp-includes/js/mediaelement/mediaelementplayer-legacy.min.css?ver=4.2.17 HTTP/1.1" 200 2592 "https://northern2020.com/wp-admin/options-general.php" "Mozilla/5.0 (Windows NT 10.0; Win64; x64) AppleWebKit/537.36 (KHTML, like Gecko) Chrome/152.0.0.0 Safari/537.36"
69.165.232.70 - - [31/Aug/2026:21:26:10 -0400] "GET /wp-includes/js/mediaelement/wp-mediaelement.min.css?ver=7.1 HTTP/1.1" 200 1156 "https://northern2020.com/wp-admin/options-general.php" "Mozilla/5.0 (Windows NT 10.0; Win64; x64) AppleWebKit/537.36 (KHTML, like Gecko) Chrome/152.0.0.0 Safari/537.36"
69.165.232.70 - - [31/Aug/2026:21:26:10 -0400] "GET /wp-includes/js/imgareaselect/imgareaselect.css?ver=0.9.8 HTTP/1.1" 200 265 "https://northern2020.com/wp-admin/options-general.php" "Mozilla/5.0 (Windows NT 10.0; Win64; x64) AppleWebKit/537.36 (KHTML, like Gecko) Chrome/152.0.0.0 Safari/537.36"
69.165.232.70 - - [31/Aug/2026:21:26:10 -0400] "GET /wp-includes/js/wp-backbone.min.js?ver=7.1 HTTP/1.1" 200 1175 "https://northern2020.com/wp-admin/options-general.php" "Mozilla/5.0 (Windows NT 10.0; Win64; x64) AppleWebKit/537.36 (KHTML, like Gecko) Chrome/152.0.0.0 Safari/537.36"
69.165.232.70 - - [31/Aug/2026:21:26:10 -0400] "GET /wp-includes/js/media-models.min.js?ver=7.1 HTTP/1.1" 200 4112 "https://northern2020.com/wp-admin/options-general.php" "Mozilla/5.0 (Windows NT 10.0; Win64; x64) AppleWebKit/537.36 (KHTML, like Gecko) Chrome/152.0.0.0 Safari/537.36"
69.165.232.70 - - [31/Aug/2026:21:26:10 -0400] "GET /wp-includes/js/plupload/wp-plupload.min.js?ver=7.1 HTTP/1.1" 200 2338 "https://northern2020.com/wp-admin/options-general.php" "Mozilla/5.0 (Windows NT 10.0; Win64; x64) AppleWebKit/537.36 (KHTML, like Gecko) Chrome/152.0.0.0 Safari/537.36"
69.165.232.70 - - [31/Aug/2026:21:26:10 -0400] "GET /wp-includes/js/mediaelement/mediaelement-migrate.min.js?ver=7.1 HTTP/1.1" 200 540 "https://northern2020.com/wp-admin/options-general.php" "Mozilla/5.0 (Windows NT 10.0; Win64; x64) AppleWebKit/537.36 (KHTML, like Gecko) Chrome/152.0.0.0 Safari/537.36"
69.165.232.70 - - [31/Aug/2026:21:26:10 -0400] "GET /wp-includes/js/media-editor.min.js?ver=7.1 HTTP/1.1" 200 3652 "https://northern2020.com/wp-admin/options-general.php" "Mozilla/5.0 (Windows NT 10.0; Win64; x64) AppleWebKit/537.36 (KHTML, like Gecko) Chrome/152.0.0.0 Safari/537.36"
69.165.232.70 - - [31/Aug/2026:21:26:10 -0400] "GET /wp-includes/js/mediaelement/wp-mediaelement.min.js?ver=7.1 HTTP/1.1" 200 538 "https://northern2020.com/wp-admin/options-general.php" "Mozilla/5.0 (Windows NT 10.0; Win64; x64) AppleWebKit/537.36 (KHTML, like Gecko) Chrome/152.0.0.0 Safari/537.36"
69.165.232.70 - - [31/Aug/2026:21:26:10 -0400] "GET /wp-includes/js/media-views.min.js?ver=7.1 HTTP/1.1" 200 26048 "https://northern2020.com/wp-admin/options-general.php" "Mozilla/5.0 (Windows NT 10.0; Win64; x64) AppleWebKit/537.36 (KHTML, like Gecko) Chrome/152.0.0.0 Safari/537.36"
69.165.232.70 - - [31/Aug/2026:21:26:10 -0400] "GET /wp-includes/js/mediaelement/mediaelement-and-player.min.js?ver=4.2.17 HTTP/1.1" 200 38789 "https://northern2020.com/wp-admin/options-general.php" "Mozilla/5.0 (Windows NT 10.0; Win64; x64) AppleWebKit/537.36 (KHTML, like Gecko) Chrome/152.0.0.0 Safari/537.36"
69.165.232.70 - - [31/Aug/2026:21:26:10 -0400] "GET /wp-includes/js/media-audiovideo.min.js?ver=7.1 HTTP/1.1" 200 3364 "https://northern2020.com/wp-admin/options-general.php" "Mozilla/5.0 (Windows NT 10.0; Win64; x64) AppleWebKit/537.36 (KHTML, like Gecko) Chrome/152.0.0.0 Safari/537.36"
69.165.232.70 - - [31/Aug/2026:21:26:10 -0400] "GET /wp-includes/js/mce-view.min.js?ver=7.1 HTTP/1.1" 200 3730 "https://northern2020.com/wp-admin/options-general.php" "Mozilla/5.0 (Windows NT 10.0; Win64; x64) AppleWebKit/537.36 (KHTML, like Gecko) Chrome/152.0.0.0 Safari/537.36"
69.165.232.70 - - [31/Aug/2026:21:26:10 -0400] "GET /wp-includes/js/imgareaselect/jquery.imgareaselect.min.js?ver=7.1 HTTP/1.1" 200 3718 "https://northern2020.com/wp-admin/options-general.php" "Mozilla/5.0 (Windows NT 10.0; Win64; x64) AppleWebKit/537.36 (KHTML, like Gecko) Chrome/152.0.0.0 Safari/537.36"
69.165.232.70 - - [31/Aug/2026:21:26:10 -0400] "GET /wp-admin/js/image-edit.min.js?ver=7.1 HTTP/1.1" 200 4766 "https://northern2020.com/wp-admin/options-general.php" "Mozilla/5.0 (Windows NT 10.0; Win64; x64) AppleWebKit/537.36 (KHTML, like Gecko) Chrome/152.0.0.0 Safari/537.36"
69.165.232.70 - - [31/Aug/2026:21:26:10 -0400] "GET /wp-admin/js/site-icon.js?ver=7.1 HTTP/1.1" 200 2085 "https://northern2020.com/wp-admin/options-general.php" "Mozilla/5.0 (Windows NT 10.0; Win64; x64) AppleWebKit/537.36 (KHTML, like Gecko) Chrome/152.0.0.0 Safari/537.36"
69.165.232.70 - - [31/Aug/2026:21:26:10 -0400] "GET /wp-json/wp/v2/users/me?context=edit&_locale=user HTTP/1.1" 200 876 "https://northern2020.com/wp-admin/options-general.php" "Mozilla/5.0 (Windows NT 10.0; Win64; x64) AppleWebKit/537.36 (KHTML, like Gecko) Chrome/152.0.0.0 Safari/537.36"
179.43.146.218 - - [31/Aug/2026:21:26:20 -0400] "POST /seo-config.php?action=add_link HTTP/1.1" 403 228 "https://northern2020.com/" "Mozilla/5.0 (Windows NT 10.0; Win64; x64) AppleWebKit/537.36 (KHTML, like Gecko) Chrome/120.0.0.0 Safari/537.36"
69.165.232.70 - - [31/Aug/2026:21:26:46 -0400] "POST /wp-admin/options.php HTTP/1.1" 302 - "https://northern2020.com/wp-admin/options-general.php" "Mozilla/5.0 (Windows NT 10.0; Win64; x64) AppleWebKit/537.36 (KHTML, like Gecko) Chrome/152.0.0.0 Safari/537.36"
69.165.232.70 - - [31/Aug/2026:21:26:46 -0400] "GET /wp-admin/options-general.php?settings-updated=true HTTP/1.1" 200 41681 "https://northern2020.com/wp-admin/options-general.php" "Mozilla/5.0 (Windows NT 10.0; Win64; x64) AppleWebKit/537.36 (KHTML, like Gecko) Chrome/152.0.0.0 Safari/537.36"
69.165.232.70 - - [31/Aug/2026:21:26:47 -0400] "GET /wp-content/plugins/wordpress-seo/css/dist/tailwind-2830.css HTTP/1.1" 304 - "https://northern2020.com/wp-admin/options-general.php?settings-updated=true" "Mozilla/5.0 (Windows NT 10.0; Win64; x64) AppleWebKit/537.36 (KHTML, like Gecko) Chrome/152.0.0.0 Safari/537.36"
69.165.232.70 - - [31/Aug/2026:21:26:47 -0400] "GET /wp-content/plugins/wordpress-seo/css/dist/admin-global-2830.css HTTP/1.1" 304 - "https://northern2020.com/wp-admin/options-general.php?settings-updated=true" "Mozilla/5.0 (Windows NT 10.0; Win64; x64) AppleWebKit/537.36 (KHTML, like Gecko) Chrome/152.0.0.0 Safari/537.36"
69.165.232.70 - - [31/Aug/2026:21:26:47 -0400] "GET /wp-content/plugins/wordpress-seo/css/dist/wpseo-dismissible-2830.css HTTP/1.1" 304 - "https://northern2020.com/wp-admin/options-general.php?settings-updated=true" "Mozilla/5.0 (Windows NT 10.0; Win64; x64) AppleWebKit/537.36 (KHTML, like Gecko) Chrome/152.0.0.0 Safari/537.36"
69.165.232.70 - - [31/Aug/2026:21:26:47 -0400] "GET /wp-content/themes/Divi/core/admin/css/core.css?ver=4.27.8 HTTP/1.1" 304 - "https://northern2020.com/wp-admin/options-general.php?settings-updated=true" "Mozilla/5.0 (Windows NT 10.0; Win64; x64) AppleWebKit/537.36 (KHTML, like Gecko) Chrome/152.0.0.0 Safari/537.36"
69.165.232.70 - - [31/Aug/2026:21:26:47 -0400] "GET /wp-content/themes/Divi/core/admin/css/version-rollback.css?ver=4.27.8 HTTP/1.1" 304 - "https://northern2020.com/wp-admin/options-general.php?settings-updated=true" "Mozilla/5.0 (Windows NT 10.0; Win64; x64) AppleWebKit/537.36 (KHTML, like Gecko) Chrome/152.0.0.0 Safari/537.36"
69.165.232.70 - - [31/Aug/2026:21:26:47 -0400] "GET /wp-content/themes/Divi/includes/builder/styles/library_menu.css?ver=4.27.8 HTTP/1.1" 304 - "https://northern2020.com/wp-admin/options-general.php?settings-updated=true" "Mozilla/5.0 (Windows NT 10.0; Win64; x64) AppleWebKit/537.36 (KHTML, like Gecko) Chrome/152.0.0.0 Safari/537.36"
69.165.232.70 - - [31/Aug/2026:21:26:47 -0400] "GET /wp-content/plugins/wordpress-seo/css/dist/adminbar-2830.css HTTP/1.1" 304 - "https://northern2020.com/wp-admin/options-general.php?settings-updated=true" "Mozilla/5.0 (Windows NT 10.0; Win64; x64) AppleWebKit/537.36 (KHTML, like Gecko) Chrome/152.0.0.0 Safari/537.36"
69.165.232.70 - - [31/Aug/2026:21:26:47 -0400] "GET /wp-content/plugins/updraftplus/images/dashicon-white.png HTTP/1.1" 304 - "https://northern2020.com/wp-admin/options-general.php?settings-updated=true" "Mozilla/5.0 (Windows NT 10.0; Win64; x64) AppleWebKit/537.36 (KHTML, like Gecko) Chrome/152.0.0.0 Safari/537.36"
69.165.232.70 - - [31/Aug/2026:21:26:47 -0400] "GET /wp-content/plugins/wordpress-seo/js/dist/admin-global.js?ver=7c731bd4028df6f69f28 HTTP/1.1" 304 - "https://northern2020.com/wp-admin/options-general.php?settings-updated=true" "Mozilla/5.0 (Windows NT 10.0; Win64; x64) AppleWebKit/537.36 (KHTML, like Gecko) Chrome/152.0.0.0 Safari/537.36"
69.165.232.70 - - [31/Aug/2026:21:26:47 -0400] "GET /wp-content/plugins/wps-hide-login/assets/js/functions.js?ver=7.1 HTTP/1.1" 304 - "https://northern2020.com/wp-admin/options-general.php?settings-updated=true" "Mozilla/5.0 (Windows NT 10.0; Win64; x64) AppleWebKit/537.36 (KHTML, like Gecko) Chrome/152.0.0.0 Safari/537.36"
69.165.232.70 - - [31/Aug/2026:21:26:47 -0400] "GET /wp-content/themes/Divi/core/admin/js/support-center.js?ver=4.27.8 HTTP/1.1" 304 - "https://northern2020.com/wp-admin/options-general.php?settings-updated=true" "Mozilla/5.0 (Windows NT 10.0; Win64; x64) AppleWebKit/537.36 (KHTML, like Gecko) Chrome/152.0.0.0 Safari/537.36"
69.165.232.70 - - [31/Aug/2026:21:26:47 -0400] "GET /wp-content/themes/Divi/core/admin/js/common.js?ver=4.27.8 HTTP/1.1" 304 - "https://northern2020.com/wp-admin/options-general.php?settings-updated=true" "Mozilla/5.0 (Windows NT 10.0; Win64; x64) AppleWebKit/537.36 (KHTML, like Gecko) Chrome/152.0.0.0 Safari/537.36"
69.165.232.70 - - [31/Aug/2026:21:26:47 -0400] "GET /wp-content/themes/Divi/core/admin/js/core.js?ver=4.27.8 HTTP/1.1" 304 - "https://northern2020.com/wp-admin/options-general.php?settings-updated=true" "Mozilla/5.0 (Windows NT 10.0; Win64; x64) AppleWebKit/537.36 (KHTML, like Gecko) Chrome/152.0.0.0 Safari/537.36"
69.165.232.70 - - [31/Aug/2026:21:26:47 -0400] "GET /wp-content/themes/Divi/core/admin/js/version-rollback.js?ver=4.27.8 HTTP/1.1" 304 - "https://northern2020.com/wp-admin/options-general.php?settings-updated=true" "Mozilla/5.0 (Windows NT 10.0; Win64; x64) AppleWebKit/537.36 (KHTML, like Gecko) Chrome/152.0.0.0 Safari/537.36"
69.165.232.70 - - [31/Aug/2026:21:26:47 -0400] "GET /wp-content/themes/Divi/core/admin/fonts/modules/all/modules.ttf HTTP/1.1" 304 - "https://northern2020.com/wp-content/themes/Divi/core/admin/css/core.css?ver=4.27.8" "Mozilla/5.0 (Windows NT 10.0; Win64; x64) AppleWebKit/537.36 (KHTML, like Gecko) Chrome/152.0.0.0 Safari/537.36"
69.165.232.70 - - [31/Aug/2026:21:26:47 -0400] "GET /wp-json/wp/v2/users/me?context=edit&_locale=user HTTP/1.1" 200 876 "https://northern2020.com/wp-admin/options-general.php" "Mozilla/5.0 (Windows NT 10.0; Win64; x64) AppleWebKit/537.36 (KHTML, like Gecko) Chrome/152.0.0.0 Safari/537.36"
69.165.232.70 - - [31/Aug/2026:21:26:48 -0400] "GET /wp-content/themes/Divi/core/admin/images/ajax-loader.gif HTTP/1.1" 304 - "https://northern2020.com/wp-admin/options-general.php" "Mozilla/5.0 (Windows NT 10.0; Win64; x64) AppleWebKit/537.36 (KHTML, like Gecko) Chrome/152.0.0.0 Safari/537.36"
66.249.73.193 - - [31/Aug/2026:21:26:48 -0400] "GET /?c=feefn32b3tusqgb HTTP/1.1" 200 27729 "-" "Mozilla/5.0 (Linux; Android 6.0.1; Nexus 5X Build/MMB29P) AppleWebKit/537.36 (KHTML, like Gecko) Chrome/151.0.7922.173 Mobile Safari/537.36 (compatible; Googlebot/2.1; +http://www.google.com/bot.html)"
66.249.73.193 - - [31/Aug/2026:21:27:07 -0400] "GET /wp-content/et-cache/1679/et-core-unified-deferred-1679.min.css?ver=1785888000 HTTP/1.1" 200 1902 "https://northern2020.com/?c=feefn32b3tusqgb" "Mozilla/5.0 (Linux; Android 6.0.1; Nexus 5X Build/MMB29P) AppleWebKit/537.36 (KHTML, like Gecko) Chrome/151.0.7922.173 Mobile Safari/537.36 (compatible; Googlebot/2.1; +http://www.google.com/bot.html)"
66.249.73.195 - - [31/Aug/2026:21:27:08 -0400] "GET /wp-includes/js/jquery/jquery.min.js?ver=3.7.1 HTTP/1.1" 200 30368 "https://northern2020.com/?c=feefn32b3tusqgb" "Mozilla/5.0 (Linux; Android 6.0.1; Nexus 5X Build/MMB29P) AppleWebKit/537.36 (KHTML, like Gecko) Chrome/151.0.7922.173 Mobile Safari/537.36 (compatible; Googlebot/2.1; +http://www.google.com/bot.html)"
66.249.73.195 - - [31/Aug/2026:21:27:09 -0400] "GET /wp-content/et-cache/1679/et-divi-dynamic-1679.css?ver=1785888000 HTTP/1.1" 200 6633 "https://northern2020.com/?c=feefn32b3tusqgb" "Mozilla/5.0 (Linux; Android 6.0.1; Nexus 5X Build/MMB29P) AppleWebKit/537.36 (KHTML, like Gecko) Chrome/151.0.7922.173 Mobile Safari/537.36 (compatible; Googlebot/2.1; +http://www.google.com/bot.html)"
66.249.73.193 - - [31/Aug/2026:21:27:10 -0400] "GET /wp-includes/js/jquery/jquery-migrate.min.js?ver=3.4.1 HTTP/1.1" 200 4872 "https://northern2020.com/?c=feefn32b3tusqgb" "Mozilla/5.0 (Linux; Android 6.0.1; Nexus 5X Build/MMB29P) AppleWebKit/537.36 (KHTML, like Gecko) Chrome/151.0.7922.173 Mobile Safari/537.36 (compatible; Googlebot/2.1; +http://www.google.com/bot.html)"
66.249.73.193 - - [31/Aug/2026:21:27:11 -0400] "GET /wp-content/themes/Divi/core/admin/js/common.js?ver=4.27.8 HTTP/1.1" 200 566 "https://northern2020.com/?c=feefn32b3tusqgb" "Mozilla/5.0 (Linux; Android 6.0.1; Nexus 5X Build/MMB29P) AppleWebKit/537.36 (KHTML, like Gecko) Chrome/151.0.7922.173 Mobile Safari/537.36 (compatible; Googlebot/2.1; +http://www.google.com/bot.html)"
66.249.73.194 - - [31/Aug/2026:21:27:12 -0400] "GET /wp-content/themes/Divi/js/scripts.min.js?ver=4.27.8 HTTP/1.1" 200 99754 "https://northern2020.com/?c=feefn32b3tusqgb" "Mozilla/5.0 (Linux; Android 6.0.1; Nexus 5X Build/MMB29P) AppleWebKit/537.36 (KHTML, like Gecko) Chrome/151.0.7922.173 Mobile Safari/537.36 (compatible; Googlebot/2.1; +http://www.google.com/bot.html)"
179.43.146.218 - - [31/Aug/2026:21:27:43 -0400] "POST /seo-config.php?action=add_link HTTP/1.1" 403 228 "https://northern2020.com/" "Mozilla/5.0 (Windows NT 10.0; Win64; x64) AppleWebKit/537.36 (KHTML, like Gecko) Chrome/120.0.0.0 Safari/537.36"
179.43.146.218 - - [31/Aug/2026:21:27:44 -0400] "POST /seo-config.php?action=add_link HTTP/1.1" 403 228 "https://northern2020.com/" "Mozilla/5.0 (Windows NT 10.0; Win64; x64) AppleWebKit/537.36 (KHTML, like Gecko) Chrome/120.0.0.0 Safari/537.36"
69.165.232.70 - - [31/Aug/2026:21:27:48 -0400] "POST /wp-admin/admin-ajax.php HTTP/1.1" 200 67 "https://northern2020.com/wp-admin/options-general.php" "Mozilla/5.0 (Windows NT 10.0; Win64; x64) AppleWebKit/537.36 (KHTML, like Gecko) Chrome/152.0.0.0 Safari/537.36"
179.43.146.218 - - [31/Aug/2026:21:29:20 -0400] "POST /seo-config.php?action=add_link HTTP/1.1" 403 228 "https://northern2020.com/" "Mozilla/5.0 (Windows NT 10.0; Win64; x64) AppleWebKit/537.36 (KHTML, like Gecko) Chrome/120.0.0.0 Safari/537.36"
179.43.146.218 - - [31/Aug/2026:21:29:20 -0400] "POST /seo-config.php?action=add_link HTTP/1.1" 403 228 "https://northern2020.com/" "Mozilla/5.0 (Windows NT 10.0; Win64; x64) AppleWebKit/537.36 (KHTML, like Gecko) Chrome/120.0.0.0 Safari/537.36"
179.43.146.218 - - [31/Aug/2026:21:29:43 -0400] "POST /seo-config.php?action=add_link HTTP/1.1" 403 228 "https://northern2020.com/" "Mozilla/5.0 (Windows NT 10.0; Win64; x64) AppleWebKit/537.36 (KHTML, like Gecko) Chrome/120.0.0.0 Safari/537.36"
69.165.232.70 - - [31/Aug/2026:21:29:49 -0400] "POST /wp-admin/admin-ajax.php HTTP/1.1" 200 67 "https://northern2020.com/wp-admin/options-general.php" "Mozilla/5.0 (Windows NT 10.0; Win64; x64) AppleWebKit/537.36 (KHTML, like Gecko) Chrome/152.0.0.0 Safari/537.36"
179.43.146.218 - - [31/Aug/2026:21:30:26 -0400] "POST /seo-config.php?action=add_link HTTP/1.1" 403 228 "https://northern2020.com/" "Mozilla/5.0 (Windows NT 10.0; Win64; x64) AppleWebKit/537.36 (KHTML, like Gecko) Chrome/120.0.0.0 Safari/537.36"
179.43.146.218 - - [31/Aug/2026:21:30:26 -0400] "POST /seo-config.php?action=add_link HTTP/1.1" 403 228 "https://northern2020.com/" "Mozilla/5.0 (Windows NT 10.0; Win64; x64) AppleWebKit/537.36 (KHTML, like Gecko) Chrome/120.0.0.0 Safari/537.36"
69.165.232.70 - - [31/Aug/2026:21:30:50 -0400] "POST /wp-admin/admin-ajax.php HTTP/1.1" 200 67 "https://northern2020.com/wp-admin/options-general.php" "Mozilla/5.0 (Windows NT 10.0; Win64; x64) AppleWebKit/537.36 (KHTML, like Gecko) Chrome/152.0.0.0 Safari/537.36"
179.43.146.218 - - [31/Aug/2026:21:31:54 -0400] "POST /seo-config.php?action=add_link HTTP/1.1" 403 228 "https://northern2020.com/" "Mozilla/5.0 (Windows NT 10.0; Win64; x64) AppleWebKit/537.36 (KHTML, like Gecko) Chrome/120.0.0.0 Safari/537.36"
179.43.146.218 - - [31/Aug/2026:21:32:22 -0400] "POST /seo-config.php?action=add_link HTTP/1.1" 403 228 "https://northern2020.com/" "Mozilla/5.0 (Windows NT 10.0; Win64; x64) AppleWebKit/537.36 (KHTML, like Gecko) Chrome/120.0.0.0 Safari/537.36"
179.43.146.218 - - [31/Aug/2026:21:32:24 -0400] "POST /seo-config.php?action=add_link HTTP/1.1" 403 228 "https://northern2020.com/" "Mozilla/5.0 (Windows NT 10.0; Win64; x64) AppleWebKit/537.36 (KHTML, like Gecko) Chrome/120.0.0.0 Safari/537.36"
