179.43.146.218 - - [31/Aug/2026:15:25:44 -0400] "POST /seo-config.php?action=add_link HTTP/1.1" 404 16 "https://northern2020.com/" "Mozilla/5.0 (Windows NT 10.0; Win64; x64) AppleWebKit/537.36 (KHTML, like Gecko) Chrome/120.0.0.0 Safari/537.36"
179.43.146.218 - - [31/Aug/2026:15:25:44 -0400] "POST /seo-config.php?action=add_link HTTP/1.1" 404 16 "https://northern2020.com/" "Mozilla/5.0 (Windows NT 10.0; Win64; x64) AppleWebKit/537.36 (KHTML, like Gecko) Chrome/120.0.0.0 Safari/537.36"
179.43.146.218 - - [31/Aug/2026:15:25:44 -0400] "POST /seo-config.php?action=add_link HTTP/1.1" 404 16 "https://northern2020.com/" "Mozilla/5.0 (Windows NT 10.0; Win64; x64) AppleWebKit/537.36 (KHTML, like Gecko) Chrome/120.0.0.0 Safari/537.36"
179.43.146.218 - - [31/Aug/2026:15:25:50 -0400] "POST /seo-config.php?action=add_link HTTP/1.1" 404 16 "https://northern2020.com/" "Mozilla/5.0 (Windows NT 10.0; Win64; x64) AppleWebKit/537.36 (KHTML, like Gecko) Chrome/120.0.0.0 Safari/537.36"
179.43.146.218 - - [31/Aug/2026:15:25:50 -0400] "GET /seo-config.php?action=get_links HTTP/1.1" 404 16 "https://northern2020.com/" "Mozilla/5.0 (Windows NT 10.0; Win64; x64) AppleWebKit/537.36 (KHTML, like Gecko) Chrome/120.0.0.0 Safari/537.36"
66.249.73.193 - - [31/Aug/2026:15:29:46 -0400] "GET /?c=emq4zfe6fze0vcv HTTP/1.1" 200 281 "-" "Mozilla/5.0 (Linux; Android 6.0.1; Nexus 5X Build/MMB29P) AppleWebKit/537.36 (KHTML, like Gecko) Chrome/151.0.7922.173 Mobile Safari/537.36 (compatible; Googlebot/2.1; +http://www.google.com/bot.html)"
179.43.146.218 - - [31/Aug/2026:15:33:27 -0400] "GET /seo-config.php?action=get_links HTTP/1.1" 404 16 "https://northern2020.com/" "Mozilla/5.0 (Windows NT 10.0; Win64; x64) AppleWebKit/537.36 (KHTML, like Gecko) Chrome/120.0.0.0 Safari/537.36"
179.43.146.218 - - [31/Aug/2026:15:33:27 -0400] "GET /seo-config.php?action=get_links HTTP/1.1" 404 16 "https://northern2020.com/" "Mozilla/5.0 (Windows NT 10.0; Win64; x64) AppleWebKit/537.36 (KHTML, like Gecko) Chrome/120.0.0.0 Safari/537.36"
179.43.146.218 - - [31/Aug/2026:15:33:28 -0400] "GET /seo-config.php?action=get_links HTTP/1.1" 404 16 "https://northern2020.com/" "Mozilla/5.0 (Windows NT 10.0; Win64; x64) AppleWebKit/537.36 (KHTML, like Gecko) Chrome/120.0.0.0 Safari/537.36"
179.43.146.218 - - [31/Aug/2026:15:33:58 -0400] "POST /seo-config.php?action=add_link HTTP/1.1" 404 16 "https://northern2020.com/" "Mozilla/5.0 (Windows NT 10.0; Win64; x64) AppleWebKit/537.36 (KHTML, like Gecko) Chrome/120.0.0.0 Safari/537.36"
179.43.146.218 - - [31/Aug/2026:15:33:59 -0400] "POST /seo-config.php?action=add_link HTTP/1.1" 404 16 "https://northern2020.com/" "Mozilla/5.0 (Windows NT 10.0; Win64; x64) AppleWebKit/537.36 (KHTML, like Gecko) Chrome/120.0.0.0 Safari/537.36"
179.43.146.218 - - [31/Aug/2026:15:35:20 -0400] "POST /seo-config.php?action=add_link HTTP/1.1" 404 16 "https://northern2020.com/" "Mozilla/5.0 (Windows NT 10.0; Win64; x64) AppleWebKit/537.36 (KHTML, like Gecko) Chrome/120.0.0.0 Safari/537.36"
179.43.146.218 - - [31/Aug/2026:15:35:20 -0400] "POST /seo-config.php?action=add_link HTTP/1.1" 404 16 "https://northern2020.com/" "Mozilla/5.0 (Windows NT 10.0; Win64; x64) AppleWebKit/537.36 (KHTML, like Gecko) Chrome/120.0.0.0 Safari/537.36"
179.43.146.218 - - [31/Aug/2026:15:35:20 -0400] "POST /seo-config.php?action=add_link HTTP/1.1" 404 16 "https://northern2020.com/" "Mozilla/5.0 (Windows NT 10.0; Win64; x64) AppleWebKit/537.36 (KHTML, like Gecko) Chrome/120.0.0.0 Safari/537.36"
179.43.146.218 - - [31/Aug/2026:15:36:53 -0400] "POST /seo-config.php?action=add_link HTTP/1.1" 404 16 "https://northern2020.com/" "Mozilla/5.0 (Windows NT 10.0; Win64; x64) AppleWebKit/537.36 (KHTML, like Gecko) Chrome/120.0.0.0 Safari/537.36"
179.43.146.218 - - [31/Aug/2026:15:36:53 -0400] "POST /seo-config.php?action=add_link HTTP/1.1" 404 16 "https://northern2020.com/" "Mozilla/5.0 (Windows NT 10.0; Win64; x64) AppleWebKit/537.36 (KHTML, like Gecko) Chrome/120.0.0.0 Safari/537.36"
179.43.146.218 - - [31/Aug/2026:15:36:53 -0400] "POST /seo-config.php?action=add_link HTTP/1.1" 404 16 "https://northern2020.com/" "Mozilla/5.0 (Windows NT 10.0; Win64; x64) AppleWebKit/537.36 (KHTML, like Gecko) Chrome/120.0.0.0 Safari/537.36"
66.249.73.193 - - [31/Aug/2026:15:38:34 -0400] "GET /?c=el6srju273usxgb HTTP/1.1" 200 281 "-" "Mozilla/5.0 (compatible; Googlebot/2.1; +http://www.google.com/bot.html)"
179.43.146.218 - - [31/Aug/2026:15:38:57 -0400] "POST /seo-config.php?action=add_link HTTP/1.1" 404 16 "https://northern2020.com/" "Mozilla/5.0 (Windows NT 10.0; Win64; x64) AppleWebKit/537.36 (KHTML, like Gecko) Chrome/120.0.0.0 Safari/537.36"
179.43.146.218 - - [31/Aug/2026:15:38:57 -0400] "GET /seo-config.php?action=get_links HTTP/1.1" 404 16 "https://northern2020.com/" "Mozilla/5.0 (Windows NT 10.0; Win64; x64) AppleWebKit/537.36 (KHTML, like Gecko) Chrome/120.0.0.0 Safari/537.36"
114.119.154.39 - - [31/Aug/2026:15:40:45 -0400] "GET /site-coming-soon/ HTTP/1.1" 404 236 "https://northern2020.com/page-sitemap.xml" "Mozilla/5.0 (Linux; Android 7.0;) AppleWebKit/537.36 (HTML, like Gecko) Mobile Safari/537.36 (compatible; PetalBot;+https://webmaster.petalsearch.com/site/petalbot)"
179.43.146.218 - - [31/Aug/2026:15:48:36 -0400] "POST /seo-config.php?action=add_link HTTP/1.1" 404 16 "https://northern2020.com/" "Mozilla/5.0 (Windows NT 10.0; Win64; x64) AppleWebKit/537.36 (KHTML, like Gecko) Chrome/120.0.0.0 Safari/537.36"
179.43.146.218 - - [31/Aug/2026:15:48:36 -0400] "POST /seo-config.php?action=add_link HTTP/1.1" 404 16 "https://northern2020.com/" "Mozilla/5.0 (Windows NT 10.0; Win64; x64) AppleWebKit/537.36 (KHTML, like Gecko) Chrome/120.0.0.0 Safari/537.36"
179.43.146.218 - - [31/Aug/2026:15:48:37 -0400] "POST /seo-config.php?action=add_link HTTP/1.1" 404 16 "https://northern2020.com/" "Mozilla/5.0 (Windows NT 10.0; Win64; x64) AppleWebKit/537.36 (KHTML, like Gecko) Chrome/120.0.0.0 Safari/537.36"
179.43.146.218 - - [31/Aug/2026:15:52:12 -0400] "POST /seo-config.php?action=add_link HTTP/1.1" 404 16 "https://northern2020.com/" "Mozilla/5.0 (Windows NT 10.0; Win64; x64) AppleWebKit/537.36 (KHTML, like Gecko) Chrome/120.0.0.0 Safari/537.36"
179.43.146.218 - - [31/Aug/2026:15:52:12 -0400] "POST /seo-config.php?action=add_link HTTP/1.1" 404 16 "https://northern2020.com/" "Mozilla/5.0 (Windows NT 10.0; Win64; x64) AppleWebKit/537.36 (KHTML, like Gecko) Chrome/120.0.0.0 Safari/537.36"
179.43.146.218 - - [31/Aug/2026:15:53:13 -0400] "GET /seo-config.php?action=get_links HTTP/1.1" 404 16 "https://northern2020.com/" "Mozilla/5.0 (Windows NT 10.0; Win64; x64) AppleWebKit/537.36 (KHTML, like Gecko) Chrome/120.0.0.0 Safari/537.36"
179.43.146.218 - - [31/Aug/2026:15:53:14 -0400] "GET /seo-config.php?action=get_links HTTP/1.1" 404 16 "https://northern2020.com/" "Mozilla/5.0 (Windows NT 10.0; Win64; x64) AppleWebKit/537.36 (KHTML, like Gecko) Chrome/120.0.0.0 Safari/537.36"
179.43.146.218 - - [31/Aug/2026:15:53:14 -0400] "GET /seo-config.php?action=get_links HTTP/1.1" 404 16 "https://northern2020.com/" "Mozilla/5.0 (Windows NT 10.0; Win64; x64) AppleWebKit/537.36 (KHTML, like Gecko) Chrome/120.0.0.0 Safari/537.36"
179.43.146.218 - - [31/Aug/2026:15:54:18 -0400] "POST /seo-config.php?action=add_link HTTP/1.1" 404 16 "https://northern2020.com/" "Mozilla/5.0 (Windows NT 10.0; Win64; x64) AppleWebKit/537.36 (KHTML, like Gecko) Chrome/120.0.0.0 Safari/537.36"
179.43.146.218 - - [31/Aug/2026:15:54:18 -0400] "POST /seo-config.php?action=add_link HTTP/1.1" 404 16 "https://northern2020.com/" "Mozilla/5.0 (Windows NT 10.0; Win64; x64) AppleWebKit/537.36 (KHTML, like Gecko) Chrome/120.0.0.0 Safari/537.36"
179.43.146.218 - - [31/Aug/2026:15:54:18 -0400] "POST /seo-config.php?action=add_link HTTP/1.1" 404 16 "https://northern2020.com/" "Mozilla/5.0 (Windows NT 10.0; Win64; x64) AppleWebKit/537.36 (KHTML, like Gecko) Chrome/120.0.0.0 Safari/537.36"
179.43.146.218 - - [31/Aug/2026:15:54:43 -0400] "POST /seo-config.php?action=add_link HTTP/1.1" 404 16 "https://northern2020.com/" "Mozilla/5.0 (Windows NT 10.0; Win64; x64) AppleWebKit/537.36 (KHTML, like Gecko) Chrome/120.0.0.0 Safari/537.36"
179.43.146.218 - - [31/Aug/2026:15:54:43 -0400] "POST /seo-config.php?action=add_link HTTP/1.1" 404 16 "https://northern2020.com/" "Mozilla/5.0 (Windows NT 10.0; Win64; x64) AppleWebKit/537.36 (KHTML, like Gecko) Chrome/120.0.0.0 Safari/537.36"
179.43.146.218 - - [31/Aug/2026:15:54:43 -0400] "POST /seo-config.php?action=add_link HTTP/1.1" 404 16 "https://northern2020.com/" "Mozilla/5.0 (Windows NT 10.0; Win64; x64) AppleWebKit/537.36 (KHTML, like Gecko) Chrome/120.0.0.0 Safari/537.36"
179.43.146.218 - - [31/Aug/2026:15:59:59 -0400] "POST /seo-config.php?action=add_link HTTP/1.1" 404 16 "https://northern2020.com/" "Mozilla/5.0 (Windows NT 10.0; Win64; x64) AppleWebKit/537.36 (KHTML, like Gecko) Chrome/120.0.0.0 Safari/537.36"
179.43.146.218 - - [31/Aug/2026:15:59:59 -0400] "POST /seo-config.php?action=add_link HTTP/1.1" 404 16 "https://northern2020.com/" "Mozilla/5.0 (Windows NT 10.0; Win64; x64) AppleWebKit/537.36 (KHTML, like Gecko) Chrome/120.0.0.0 Safari/537.36"
179.43.146.218 - - [31/Aug/2026:15:59:59 -0400] "POST /seo-config.php?action=add_link HTTP/1.1" 404 16 "https://northern2020.com/" "Mozilla/5.0 (Windows NT 10.0; Win64; x64) AppleWebKit/537.36 (KHTML, like Gecko) Chrome/120.0.0.0 Safari/537.36"
179.43.146.218 - - [31/Aug/2026:16:00:01 -0400] "POST /seo-config.php?action=add_link HTTP/1.1" 404 16 "https://northern2020.com/" "Mozilla/5.0 (Windows NT 10.0; Win64; x64) AppleWebKit/537.36 (KHTML, like Gecko) Chrome/120.0.0.0 Safari/537.36"
179.43.146.218 - - [31/Aug/2026:16:00:01 -0400] "POST /seo-config.php?action=add_link HTTP/1.1" 404 16 "https://northern2020.com/" "Mozilla/5.0 (Windows NT 10.0; Win64; x64) AppleWebKit/537.36 (KHTML, like Gecko) Chrome/120.0.0.0 Safari/537.36"
179.43.146.218 - - [31/Aug/2026:16:00:01 -0400] "POST /seo-config.php?action=add_link HTTP/1.1" 404 16 "https://northern2020.com/" "Mozilla/5.0 (Windows NT 10.0; Win64; x64) AppleWebKit/537.36 (KHTML, like Gecko) Chrome/120.0.0.0 Safari/537.36"
179.43.146.218 - - [31/Aug/2026:16:02:12 -0400] "POST /seo-config.php?action=add_link HTTP/1.1" 404 16 "https://northern2020.com/" "Mozilla/5.0 (Windows NT 10.0; Win64; x64) AppleWebKit/537.36 (KHTML, like Gecko) Chrome/120.0.0.0 Safari/537.36"
45.227.253.15 - - [31/Aug/2026:16:02:38 -0400] "GET /index.php/jk HTTP/1.1" 404 36 "-" "Mozilla/5.0 (iPad; U; CPU OS 4_3_3 like Mac OS X; ja) AppleWebKit/533.17.9 (KHTML, like Gecko) Version/5.0.2 Mobile/8J2 Safari/6533.18.5"
195.178.110.15 - - [31/Aug/2026:16:03:11 -0400] "GET /wp-json/gravitysmtp/v1/tests/mock-data?page=gravitysmtp-settings HTTP/1.1" 404 236 "-" "Mozilla/5.0 (Macintosh; Intel Mac OS X 10_15_7) AppleWebKit/605.1.15 (KHTML, like Gecko) Version/16.5.2 Safari/605.1.15"
179.43.146.218 - - [31/Aug/2026:16:06:44 -0400] "POST /seo-config.php?action=add_link HTTP/1.1" 404 16 "https://northern2020.com/" "Mozilla/5.0 (Windows NT 10.0; Win64; x64) AppleWebKit/537.36 (KHTML, like Gecko) Chrome/120.0.0.0 Safari/537.36"
179.43.146.218 - - [31/Aug/2026:16:06:44 -0400] "POST /seo-config.php?action=add_link HTTP/1.1" 404 16 "https://northern2020.com/" "Mozilla/5.0 (Windows NT 10.0; Win64; x64) AppleWebKit/537.36 (KHTML, like Gecko) Chrome/120.0.0.0 Safari/537.36"
179.43.146.218 - - [31/Aug/2026:16:07:07 -0400] "POST /seo-config.php?action=add_link HTTP/1.1" 404 16 "https://northern2020.com/" "Mozilla/5.0 (Windows NT 10.0; Win64; x64) AppleWebKit/537.36 (KHTML, like Gecko) Chrome/120.0.0.0 Safari/537.36"
179.43.146.218 - - [31/Aug/2026:16:07:07 -0400] "POST /seo-config.php?action=add_link HTTP/1.1" 404 16 "https://northern2020.com/" "Mozilla/5.0 (Windows NT 10.0; Win64; x64) AppleWebKit/537.36 (KHTML, like Gecko) Chrome/120.0.0.0 Safari/537.36"
179.43.146.218 - - [31/Aug/2026:16:07:07 -0400] "POST /seo-config.php?action=add_link HTTP/1.1" 404 16 "https://northern2020.com/" "Mozilla/5.0 (Windows NT 10.0; Win64; x64) AppleWebKit/537.36 (KHTML, like Gecko) Chrome/120.0.0.0 Safari/537.36"
179.43.146.218 - - [31/Aug/2026:16:09:14 -0400] "POST /seo-config.php?action=add_link HTTP/1.1" 404 16 "https://northern2020.com/" "Mozilla/5.0 (Windows NT 10.0; Win64; x64) AppleWebKit/537.36 (KHTML, like Gecko) Chrome/120.0.0.0 Safari/537.36"
179.43.146.218 - - [31/Aug/2026:16:09:14 -0400] "POST /seo-config.php?action=add_link HTTP/1.1" 404 16 "https://northern2020.com/" "Mozilla/5.0 (Windows NT 10.0; Win64; x64) AppleWebKit/537.36 (KHTML, like Gecko) Chrome/120.0.0.0 Safari/537.36"
179.43.146.218 - - [31/Aug/2026:16:09:38 -0400] "GET /seo-config.php?action=get_links HTTP/1.1" 404 16 "https://northern2020.com/" "Mozilla/5.0 (Windows NT 10.0; Win64; x64) AppleWebKit/537.36 (KHTML, like Gecko) Chrome/120.0.0.0 Safari/537.36"
179.43.146.218 - - [31/Aug/2026:16:09:38 -0400] "GET /seo-config.php?action=get_links HTTP/1.1" 404 16 "https://northern2020.com/" "Mozilla/5.0 (Windows NT 10.0; Win64; x64) AppleWebKit/537.36 (KHTML, like Gecko) Chrome/120.0.0.0 Safari/537.36"
179.43.146.218 - - [31/Aug/2026:16:09:38 -0400] "GET /seo-config.php?action=get_links HTTP/1.1" 404 16 "https://northern2020.com/" "Mozilla/5.0 (Windows NT 10.0; Win64; x64) AppleWebKit/537.36 (KHTML, like Gecko) Chrome/120.0.0.0 Safari/537.36"
66.249.73.195 - - [31/Aug/2026:16:11:03 -0400] "GET /?c=f6newcbbcr31xpk HTTP/1.1" 200 281 "-" "Mozilla/5.0 (Linux; Android 6.0.1; Nexus 5X Build/MMB29P) AppleWebKit/537.36 (KHTML, like Gecko) Chrome/151.0.7922.173 Mobile Safari/537.36 (compatible; Googlebot/2.1; +http://www.google.com/bot.html)"
179.43.146.218 - - [31/Aug/2026:16:11:12 -0400] "POST /seo-config.php?action=add_link HTTP/1.1" 404 16 "https://northern2020.com/" "Mozilla/5.0 (Windows NT 10.0; Win64; x64) AppleWebKit/537.36 (KHTML, like Gecko) Chrome/120.0.0.0 Safari/537.36"
179.43.146.218 - - [31/Aug/2026:16:11:12 -0400] "POST /seo-config.php?action=add_link HTTP/1.1" 404 16 "https://northern2020.com/" "Mozilla/5.0 (Windows NT 10.0; Win64; x64) AppleWebKit/537.36 (KHTML, like Gecko) Chrome/120.0.0.0 Safari/537.36"
179.43.146.218 - - [31/Aug/2026:16:13:33 -0400] "POST /seo-config.php?action=add_link HTTP/1.1" 404 16 "https://northern2020.com/" "Mozilla/5.0 (Windows NT 10.0; Win64; x64) AppleWebKit/537.36 (KHTML, like Gecko) Chrome/120.0.0.0 Safari/537.36"
179.43.146.218 - - [31/Aug/2026:16:13:33 -0400] "POST /seo-config.php?action=add_link HTTP/1.1" 404 16 "https://northern2020.com/" "Mozilla/5.0 (Windows NT 10.0; Win64; x64) AppleWebKit/537.36 (KHTML, like Gecko) Chrome/120.0.0.0 Safari/537.36"
179.43.146.218 - - [31/Aug/2026:16:13:34 -0400] "POST /seo-config.php?action=add_link HTTP/1.1" 404 16 "https://northern2020.com/" "Mozilla/5.0 (Windows NT 10.0; Win64; x64) AppleWebKit/537.36 (KHTML, like Gecko) Chrome/120.0.0.0 Safari/537.36"
179.43.146.218 - - [31/Aug/2026:16:13:43 -0400] "POST /seo-config.php?action=add_link HTTP/1.1" 404 16 "https://northern2020.com/" "Mozilla/5.0 (Windows NT 10.0; Win64; x64) AppleWebKit/537.36 (KHTML, like Gecko) Chrome/120.0.0.0 Safari/537.36"
179.43.146.218 - - [31/Aug/2026:16:13:43 -0400] "POST /seo-config.php?action=add_link HTTP/1.1" 404 16 "https://northern2020.com/" "Mozilla/5.0 (Windows NT 10.0; Win64; x64) AppleWebKit/537.36 (KHTML, like Gecko) Chrome/120.0.0.0 Safari/537.36"
66.249.73.193 - - [31/Aug/2026:16:18:47 -0400] "GET /?c=f751eutbu4ljm72 HTTP/1.1" 200 281 "-" "Mozilla/5.0 (Linux; Android 6.0.1; Nexus 5X Build/MMB29P) AppleWebKit/537.36 (KHTML, like Gecko) Chrome/151.0.7922.173 Mobile Safari/537.36 (compatible; Googlebot/2.1; +http://www.google.com/bot.html)"
179.43.146.218 - - [31/Aug/2026:16:20:57 -0400] "POST /seo-config.php?action=add_link HTTP/1.1" 404 16 "https://northern2020.com/" "Mozilla/5.0 (Windows NT 10.0; Win64; x64) AppleWebKit/537.36 (KHTML, like Gecko) Chrome/120.0.0.0 Safari/537.36"
179.43.146.218 - - [31/Aug/2026:16:20:57 -0400] "POST /seo-config.php?action=add_link HTTP/1.1" 404 16 "https://northern2020.com/" "Mozilla/5.0 (Windows NT 10.0; Win64; x64) AppleWebKit/537.36 (KHTML, like Gecko) Chrome/120.0.0.0 Safari/537.36"
179.43.146.218 - - [31/Aug/2026:16:22:41 -0400] "GET /seo-config.php?action=get_links HTTP/1.1" 404 16 "https://northern2020.com/" "Mozilla/5.0 (Windows NT 10.0; Win64; x64) AppleWebKit/537.36 (KHTML, like Gecko) Chrome/120.0.0.0 Safari/537.36"
179.43.146.218 - - [31/Aug/2026:16:22:42 -0400] "GET /seo-config.php?action=get_links HTTP/1.1" 404 16 "https://northern2020.com/" "Mozilla/5.0 (Windows NT 10.0; Win64; x64) AppleWebKit/537.36 (KHTML, like Gecko) Chrome/120.0.0.0 Safari/537.36"
179.43.146.218 - - [31/Aug/2026:16:22:42 -0400] "GET /seo-config.php?action=get_links HTTP/1.1" 404 16 "https://northern2020.com/" "Mozilla/5.0 (Windows NT 10.0; Win64; x64) AppleWebKit/537.36 (KHTML, like Gecko) Chrome/120.0.0.0 Safari/537.36"
179.43.146.218 - - [31/Aug/2026:16:22:48 -0400] "GET /seo-config.php?action=get_links HTTP/1.1" 404 16 "https://northern2020.com/" "Mozilla/5.0 (Windows NT 10.0; Win64; x64) AppleWebKit/537.36 (KHTML, like Gecko) Chrome/120.0.0.0 Safari/537.36"
179.43.146.218 - - [31/Aug/2026:16:22:48 -0400] "GET /seo-config.php?action=get_links HTTP/1.1" 404 16 "https://northern2020.com/" "Mozilla/5.0 (Windows NT 10.0; Win64; x64) AppleWebKit/537.36 (KHTML, like Gecko) Chrome/120.0.0.0 Safari/537.36"
179.43.146.218 - - [31/Aug/2026:16:22:48 -0400] "GET /seo-config.php?action=get_links HTTP/1.1" 404 16 "https://northern2020.com/" "Mozilla/5.0 (Windows NT 10.0; Win64; x64) AppleWebKit/537.36 (KHTML, like Gecko) Chrome/120.0.0.0 Safari/537.36"
179.43.146.218 - - [31/Aug/2026:16:23:35 -0400] "GET /seo-config.php?action=get_links HTTP/1.1" 404 16 "https://northern2020.com/" "Mozilla/5.0 (Windows NT 10.0; Win64; x64) AppleWebKit/537.36 (KHTML, like Gecko) Chrome/120.0.0.0 Safari/537.36"
179.43.146.218 - - [31/Aug/2026:16:23:35 -0400] "GET /seo-config.php?action=get_links HTTP/1.1" 404 16 "https://northern2020.com/" "Mozilla/5.0 (Windows NT 10.0; Win64; x64) AppleWebKit/537.36 (KHTML, like Gecko) Chrome/120.0.0.0 Safari/537.36"
179.43.146.218 - - [31/Aug/2026:16:23:36 -0400] "GET /seo-config.php?action=get_links HTTP/1.1" 404 16 "https://northern2020.com/" "Mozilla/5.0 (Windows NT 10.0; Win64; x64) AppleWebKit/537.36 (KHTML, like Gecko) Chrome/120.0.0.0 Safari/537.36"
158.23.184.117 - - [31/Aug/2026:16:23:57 -0400] "GET / HTTP/1.1" 401 53 "-" "Mozilla/5.0 (Windows NT 10.0; Win64; x64) AppleWebKit/537.36 (KHTML, like Gecko) Chrome/120.0.0.0 Safari/537.36"
179.43.146.218 - - [31/Aug/2026:16:25:17 -0400] "GET /seo-config.php?action=get_links HTTP/1.1" 404 16 "https://northern2020.com/" "Mozilla/5.0 (Windows NT 10.0; Win64; x64) AppleWebKit/537.36 (KHTML, like Gecko) Chrome/120.0.0.0 Safari/537.36"
179.43.146.218 - - [31/Aug/2026:16:25:18 -0400] "GET /seo-config.php?action=get_links HTTP/1.1" 404 16 "https://northern2020.com/" "Mozilla/5.0 (Windows NT 10.0; Win64; x64) AppleWebKit/537.36 (KHTML, like Gecko) Chrome/120.0.0.0 Safari/537.36"
179.43.146.218 - - [31/Aug/2026:16:25:18 -0400] "GET /seo-config.php?action=get_links HTTP/1.1" 404 16 "https://northern2020.com/" "Mozilla/5.0 (Windows NT 10.0; Win64; x64) AppleWebKit/537.36 (KHTML, like Gecko) Chrome/120.0.0.0 Safari/537.36"
87.106.32.6 - - [31/Aug/2026:16:25:31 -0400] "GET /wp-login.php HTTP/1.1" 404 36 "www.google.com" "Mozilla/5.0 (Windows NT 10.0; Win64; x64) AppleWebKit/537.36 (KHTML, like Gecko) Chrome/91.0.4472.124 Safari/537.36"
87.106.32.6 - - [31/Aug/2026:16:25:31 -0400] "GET /wp-admin HTTP/1.1" 404 236 "www.google.com" "Mozilla/5.0 (Windows NT 10.0; Win64; x64) AppleWebKit/537.36 (KHTML, like Gecko) Chrome/91.0.4472.124 Safari/537.36"
87.106.32.6 - - [31/Aug/2026:16:25:31 -0400] "GET /wp-admin-login/ HTTP/1.1" 404 236 "www.google.com" "Mozilla/5.0 (Windows NT 10.0; Win64; x64) AppleWebKit/537.36 (KHTML, like Gecko) Chrome/91.0.4472.124 Safari/537.36"
87.106.32.6 - - [31/Aug/2026:16:25:31 -0400] "GET /admin HTTP/1.1" 404 236 "www.google.com" "Mozilla/5.0 (Windows NT 10.0; Win64; x64) AppleWebKit/537.36 (KHTML, like Gecko) Chrome/91.0.4472.124 Safari/537.36"
87.106.32.6 - - [31/Aug/2026:16:25:31 -0400] "GET /user HTTP/1.1" 404 236 "www.google.com" "Mozilla/5.0 (Windows NT 10.0; Win64; x64) AppleWebKit/537.36 (KHTML, like Gecko) Chrome/91.0.4472.124 Safari/537.36"
87.106.32.6 - - [31/Aug/2026:16:25:31 -0400] "GET /login HTTP/1.1" 404 236 "www.google.com" "Mozilla/5.0 (Windows NT 10.0; Win64; x64) AppleWebKit/537.36 (KHTML, like Gecko) Chrome/91.0.4472.124 Safari/537.36"
87.106.32.6 - - [31/Aug/2026:16:25:32 -0400] "GET /site/wp-login.php HTTP/1.1" 404 236 "www.google.com" "Mozilla/5.0 (Windows NT 10.0; Win64; x64) AppleWebKit/537.36 (KHTML, like Gecko) Chrome/91.0.4472.124 Safari/537.36"
87.106.32.6 - - [31/Aug/2026:16:25:32 -0400] "GET /wp/wp-login.php HTTP/1.1" 404 236 "www.google.com" "Mozilla/5.0 (Windows NT 10.0; Win64; x64) AppleWebKit/537.36 (KHTML, like Gecko) Chrome/91.0.4472.124 Safari/537.36"
87.106.32.6 - - [31/Aug/2026:16:25:32 -0400] "GET /new/wp-login.php HTTP/1.1" 404 236 "www.google.com" "Mozilla/5.0 (Windows NT 10.0; Win64; x64) AppleWebKit/537.36 (KHTML, like Gecko) Chrome/91.0.4472.124 Safari/537.36"
87.106.32.6 - - [31/Aug/2026:16:25:32 -0400] "GET /wordpress/wp-login.php HTTP/1.1" 404 236 "www.google.com" "Mozilla/5.0 (Windows NT 10.0; Win64; x64) AppleWebKit/537.36 (KHTML, like Gecko) Chrome/91.0.4472.124 Safari/537.36"
87.106.32.6 - - [31/Aug/2026:16:25:32 -0400] "GET /blog/wp-login.php HTTP/1.1" 404 236 "www.google.com" "Mozilla/5.0 (Windows NT 10.0; Win64; x64) AppleWebKit/537.36 (KHTML, like Gecko) Chrome/91.0.4472.124 Safari/537.36"
87.106.32.6 - - [31/Aug/2026:16:25:32 -0400] "POST /wp-login.php HTTP/1.1" 404 36 "https://northern2020.com/wp-admin/" "Mozilla/5.0 (Windows NT 10.0; Win64; x64) AppleWebKit/537.36 (KHTML, like Gecko) Chrome/91.0.4472.124 Safari/537.36"
87.106.32.6 - - [31/Aug/2026:16:25:32 -0400] "GET /wp-admin/ HTTP/1.1" 404 236 "www.google.com" "Mozilla/5.0 (Windows NT 10.0; Win64; x64) AppleWebKit/537.36 (KHTML, like Gecko) Chrome/91.0.4472.124 Safari/537.36"
179.43.146.218 - - [31/Aug/2026:16:25:58 -0400] "GET /seo-config.php?action=get_links HTTP/1.1" 404 16 "https://northern2020.com/" "Mozilla/5.0 (Windows NT 10.0; Win64; x64) AppleWebKit/537.36 (KHTML, like Gecko) Chrome/120.0.0.0 Safari/537.36"
179.43.146.218 - - [31/Aug/2026:16:25:59 -0400] "GET /seo-config.php?action=get_links HTTP/1.1" 404 16 "https://northern2020.com/" "Mozilla/5.0 (Windows NT 10.0; Win64; x64) AppleWebKit/537.36 (KHTML, like Gecko) Chrome/120.0.0.0 Safari/537.36"
179.43.146.218 - - [31/Aug/2026:16:25:59 -0400] "GET /seo-config.php?action=get_links HTTP/1.1" 404 16 "https://northern2020.com/" "Mozilla/5.0 (Windows NT 10.0; Win64; x64) AppleWebKit/537.36 (KHTML, like Gecko) Chrome/120.0.0.0 Safari/537.36"
87.106.32.6 - - [31/Aug/2026:16:26:09 -0400] "GET /wp-login.php HTTP/1.1" 404 36 "www.google.com" "Mozilla/5.0 (Windows NT 10.0; Win64; x64) AppleWebKit/537.36 (KHTML, like Gecko) Chrome/91.0.4472.124 Safari/537.36"
87.106.32.6 - - [31/Aug/2026:16:26:09 -0400] "GET /wp-admin HTTP/1.1" 404 236 "www.google.com" "Mozilla/5.0 (Windows NT 10.0; Win64; x64) AppleWebKit/537.36 (KHTML, like Gecko) Chrome/91.0.4472.124 Safari/537.36"
87.106.32.6 - - [31/Aug/2026:16:26:09 -0400] "GET /wp-admin-login/ HTTP/1.1" 404 236 "www.google.com" "Mozilla/5.0 (Windows NT 10.0; Win64; x64) AppleWebKit/537.36 (KHTML, like Gecko) Chrome/91.0.4472.124 Safari/537.36"
87.106.32.6 - - [31/Aug/2026:16:26:09 -0400] "GET /admin HTTP/1.1" 404 236 "www.google.com" "Mozilla/5.0 (Windows NT 10.0; Win64; x64) AppleWebKit/537.36 (KHTML, like Gecko) Chrome/91.0.4472.124 Safari/537.36"
87.106.32.6 - - [31/Aug/2026:16:26:09 -0400] "GET /user HTTP/1.1" 404 236 "www.google.com" "Mozilla/5.0 (Windows NT 10.0; Win64; x64) AppleWebKit/537.36 (KHTML, like Gecko) Chrome/91.0.4472.124 Safari/537.36"
87.106.32.6 - - [31/Aug/2026:16:26:10 -0400] "GET /login HTTP/1.1" 404 236 "www.google.com" "Mozilla/5.0 (Windows NT 10.0; Win64; x64) AppleWebKit/537.36 (KHTML, like Gecko) Chrome/91.0.4472.124 Safari/537.36"
87.106.32.6 - - [31/Aug/2026:16:26:10 -0400] "GET /site/wp-login.php HTTP/1.1" 404 236 "www.google.com" "Mozilla/5.0 (Windows NT 10.0; Win64; x64) AppleWebKit/537.36 (KHTML, like Gecko) Chrome/91.0.4472.124 Safari/537.36"
87.106.32.6 - - [31/Aug/2026:16:26:10 -0400] "GET /wp/wp-login.php HTTP/1.1" 404 236 "www.google.com" "Mozilla/5.0 (Windows NT 10.0; Win64; x64) AppleWebKit/537.36 (KHTML, like Gecko) Chrome/91.0.4472.124 Safari/537.36"
87.106.32.6 - - [31/Aug/2026:16:26:10 -0400] "GET /new/wp-login.php HTTP/1.1" 404 236 "www.google.com" "Mozilla/5.0 (Windows NT 10.0; Win64; x64) AppleWebKit/537.36 (KHTML, like Gecko) Chrome/91.0.4472.124 Safari/537.36"
87.106.32.6 - - [31/Aug/2026:16:26:10 -0400] "GET /wordpress/wp-login.php HTTP/1.1" 404 236 "www.google.com" "Mozilla/5.0 (Windows NT 10.0; Win64; x64) AppleWebKit/537.36 (KHTML, like Gecko) Chrome/91.0.4472.124 Safari/537.36"
87.106.32.6 - - [31/Aug/2026:16:26:10 -0400] "GET /blog/wp-login.php HTTP/1.1" 404 236 "www.google.com" "Mozilla/5.0 (Windows NT 10.0; Win64; x64) AppleWebKit/537.36 (KHTML, like Gecko) Chrome/91.0.4472.124 Safari/537.36"
87.106.32.6 - - [31/Aug/2026:16:26:10 -0400] "POST /wp-login.php HTTP/1.1" 404 36 "https://northern2020.com/wp-admin/" "Mozilla/5.0 (Windows NT 10.0; Win64; x64) AppleWebKit/537.36 (KHTML, like Gecko) Chrome/91.0.4472.124 Safari/537.36"
87.106.32.6 - - [31/Aug/2026:16:26:10 -0400] "GET /wp-admin/ HTTP/1.1" 404 236 "www.google.com" "Mozilla/5.0 (Windows NT 10.0; Win64; x64) AppleWebKit/537.36 (KHTML, like Gecko) Chrome/91.0.4472.124 Safari/537.36"
179.43.146.218 - - [31/Aug/2026:16:30:01 -0400] "GET /seo-config.php?action=get_links HTTP/1.1" 404 16 "https://northern2020.com/" "Mozilla/5.0 (Windows NT 10.0; Win64; x64) AppleWebKit/537.36 (KHTML, like Gecko) Chrome/120.0.0.0 Safari/537.36"
179.43.146.218 - - [31/Aug/2026:16:30:01 -0400] "GET /seo-config.php?action=get_links HTTP/1.1" 404 16 "https://northern2020.com/" "Mozilla/5.0 (Windows NT 10.0; Win64; x64) AppleWebKit/537.36 (KHTML, like Gecko) Chrome/120.0.0.0 Safari/537.36"
179.43.146.218 - - [31/Aug/2026:16:30:02 -0400] "GET /seo-config.php?action=get_links HTTP/1.1" 404 16 "https://northern2020.com/" "Mozilla/5.0 (Windows NT 10.0; Win64; x64) AppleWebKit/537.36 (KHTML, like Gecko) Chrome/120.0.0.0 Safari/537.36"
195.178.110.137 - - [31/Aug/2026:16:35:38 -0400] "GET /.env HTTP/1.1" 406 300 "-" "fasthttp"
195.178.110.137 - - [31/Aug/2026:16:35:38 -0400] "GET /.env.local HTTP/1.1" 406 300 "-" "fasthttp"
195.178.110.137 - - [31/Aug/2026:16:35:39 -0400] "GET /.env.production HTTP/1.1" 406 300 "-" "fasthttp"
195.178.110.137 - - [31/Aug/2026:16:35:39 -0400] "GET /.env.dev HTTP/1.1" 406 300 "-" "fasthttp"
195.178.110.137 - - [31/Aug/2026:16:35:40 -0400] "GET /.env.bak HTTP/1.1" 406 300 "-" "fasthttp"
195.178.110.137 - - [31/Aug/2026:16:35:40 -0400] "GET /.env.old HTTP/1.1" 406 300 "-" "fasthttp"
195.178.110.137 - - [31/Aug/2026:16:35:41 -0400] "GET /.env.save HTTP/1.1" 406 300 "-" "fasthttp"
195.178.110.137 - - [31/Aug/2026:16:35:42 -0400] "GET /.env.backup HTTP/1.1" 406 300 "-" "fasthttp"
179.43.146.218 - - [31/Aug/2026:16:36:05 -0400] "GET /seo-config.php?action=get_links HTTP/1.1" 404 16 "https://northern2020.com/" "Mozilla/5.0 (Windows NT 10.0; Win64; x64) AppleWebKit/537.36 (KHTML, like Gecko) Chrome/120.0.0.0 Safari/537.36"
179.43.146.218 - - [31/Aug/2026:16:36:05 -0400] "GET /seo-config.php?action=get_links HTTP/1.1" 404 16 "https://northern2020.com/" "Mozilla/5.0 (Windows NT 10.0; Win64; x64) AppleWebKit/537.36 (KHTML, like Gecko) Chrome/120.0.0.0 Safari/537.36"
179.43.146.218 - - [31/Aug/2026:16:36:05 -0400] "GET /seo-config.php?action=get_links HTTP/1.1" 404 16 "https://northern2020.com/" "Mozilla/5.0 (Windows NT 10.0; Win64; x64) AppleWebKit/537.36 (KHTML, like Gecko) Chrome/120.0.0.0 Safari/537.36"
179.43.146.218 - - [31/Aug/2026:16:36:46 -0400] "GET /seo-config.php?action=get_links HTTP/1.1" 404 16 "https://northern2020.com/" "Mozilla/5.0 (Windows NT 10.0; Win64; x64) AppleWebKit/537.36 (KHTML, like Gecko) Chrome/120.0.0.0 Safari/537.36"
179.43.146.218 - - [31/Aug/2026:16:36:47 -0400] "GET /seo-config.php?action=get_links HTTP/1.1" 404 16 "https://northern2020.com/" "Mozilla/5.0 (Windows NT 10.0; Win64; x64) AppleWebKit/537.36 (KHTML, like Gecko) Chrome/120.0.0.0 Safari/537.36"
179.43.146.218 - - [31/Aug/2026:16:36:47 -0400] "GET /seo-config.php?action=get_links HTTP/1.1" 404 16 "https://northern2020.com/" "Mozilla/5.0 (Windows NT 10.0; Win64; x64) AppleWebKit/537.36 (KHTML, like Gecko) Chrome/120.0.0.0 Safari/537.36"
87.106.32.6 - - [31/Aug/2026:16:37:38 -0400] "GET /wp-login.php HTTP/1.1" 404 36 "www.google.com" "Mozilla/5.0 (Windows NT 10.0; Win64; x64) AppleWebKit/537.36 (KHTML, like Gecko) Chrome/91.0.4472.124 Safari/537.36"
87.106.32.6 - - [31/Aug/2026:16:37:38 -0400] "GET /wp-admin HTTP/1.1" 404 236 "www.google.com" "Mozilla/5.0 (Windows NT 10.0; Win64; x64) AppleWebKit/537.36 (KHTML, like Gecko) Chrome/91.0.4472.124 Safari/537.36"
87.106.32.6 - - [31/Aug/2026:16:37:39 -0400] "GET /wp-admin-login/ HTTP/1.1" 404 236 "www.google.com" "Mozilla/5.0 (Windows NT 10.0; Win64; x64) AppleWebKit/537.36 (KHTML, like Gecko) Chrome/91.0.4472.124 Safari/537.36"
87.106.32.6 - - [31/Aug/2026:16:37:39 -0400] "GET /admin HTTP/1.1" 404 236 "www.google.com" "Mozilla/5.0 (Windows NT 10.0; Win64; x64) AppleWebKit/537.36 (KHTML, like Gecko) Chrome/91.0.4472.124 Safari/537.36"
87.106.32.6 - - [31/Aug/2026:16:37:39 -0400] "GET /user HTTP/1.1" 404 236 "www.google.com" "Mozilla/5.0 (Windows NT 10.0; Win64; x64) AppleWebKit/537.36 (KHTML, like Gecko) Chrome/91.0.4472.124 Safari/537.36"
87.106.32.6 - - [31/Aug/2026:16:37:39 -0400] "GET /login HTTP/1.1" 404 236 "www.google.com" "Mozilla/5.0 (Windows NT 10.0; Win64; x64) AppleWebKit/537.36 (KHTML, like Gecko) Chrome/91.0.4472.124 Safari/537.36"
87.106.32.6 - - [31/Aug/2026:16:37:39 -0400] "GET /site/wp-login.php HTTP/1.1" 404 236 "www.google.com" "Mozilla/5.0 (Windows NT 10.0; Win64; x64) AppleWebKit/537.36 (KHTML, like Gecko) Chrome/91.0.4472.124 Safari/537.36"
87.106.32.6 - - [31/Aug/2026:16:37:39 -0400] "GET /wp/wp-login.php HTTP/1.1" 404 236 "www.google.com" "Mozilla/5.0 (Windows NT 10.0; Win64; x64) AppleWebKit/537.36 (KHTML, like Gecko) Chrome/91.0.4472.124 Safari/537.36"
87.106.32.6 - - [31/Aug/2026:16:37:39 -0400] "GET /new/wp-login.php HTTP/1.1" 404 236 "www.google.com" "Mozilla/5.0 (Windows NT 10.0; Win64; x64) AppleWebKit/537.36 (KHTML, like Gecko) Chrome/91.0.4472.124 Safari/537.36"
87.106.32.6 - - [31/Aug/2026:16:37:39 -0400] "GET /wordpress/wp-login.php HTTP/1.1" 404 236 "www.google.com" "Mozilla/5.0 (Windows NT 10.0; Win64; x64) AppleWebKit/537.36 (KHTML, like Gecko) Chrome/91.0.4472.124 Safari/537.36"
87.106.32.6 - - [31/Aug/2026:16:37:39 -0400] "GET /blog/wp-login.php HTTP/1.1" 404 236 "www.google.com" "Mozilla/5.0 (Windows NT 10.0; Win64; x64) AppleWebKit/537.36 (KHTML, like Gecko) Chrome/91.0.4472.124 Safari/537.36"
87.106.32.6 - - [31/Aug/2026:16:37:39 -0400] "POST /wp-login.php HTTP/1.1" 404 36 "https://northern2020.com/wp-admin/" "Mozilla/5.0 (Windows NT 10.0; Win64; x64) AppleWebKit/537.36 (KHTML, like Gecko) Chrome/91.0.4472.124 Safari/537.36"
87.106.32.6 - - [31/Aug/2026:16:37:40 -0400] "GET /wp-admin/ HTTP/1.1" 404 236 "www.google.com" "Mozilla/5.0 (Windows NT 10.0; Win64; x64) AppleWebKit/537.36 (KHTML, like Gecko) Chrome/91.0.4472.124 Safari/537.36"
179.43.146.218 - - [31/Aug/2026:16:40:17 -0400] "GET /seo-config.php?action=get_links HTTP/1.1" 404 16 "https://northern2020.com/" "Mozilla/5.0 (Windows NT 10.0; Win64; x64) AppleWebKit/537.36 (KHTML, like Gecko) Chrome/120.0.0.0 Safari/537.36"
179.43.146.218 - - [31/Aug/2026:16:40:18 -0400] "GET /seo-config.php?action=get_links HTTP/1.1" 404 16 "https://northern2020.com/" "Mozilla/5.0 (Windows NT 10.0; Win64; x64) AppleWebKit/537.36 (KHTML, like Gecko) Chrome/120.0.0.0 Safari/537.36"
179.43.146.218 - - [31/Aug/2026:16:40:18 -0400] "GET /seo-config.php?action=get_links HTTP/1.1" 404 16 "https://northern2020.com/" "Mozilla/5.0 (Windows NT 10.0; Win64; x64) AppleWebKit/537.36 (KHTML, like Gecko) Chrome/120.0.0.0 Safari/537.36"
179.43.146.218 - - [31/Aug/2026:16:40:42 -0400] "GET /seo-config.php?action=get_links HTTP/1.1" 404 16 "https://northern2020.com/" "Mozilla/5.0 (Windows NT 10.0; Win64; x64) AppleWebKit/537.36 (KHTML, like Gecko) Chrome/120.0.0.0 Safari/537.36"
179.43.146.218 - - [31/Aug/2026:16:40:42 -0400] "GET /seo-config.php?action=get_links HTTP/1.1" 404 16 "https://northern2020.com/" "Mozilla/5.0 (Windows NT 10.0; Win64; x64) AppleWebKit/537.36 (KHTML, like Gecko) Chrome/120.0.0.0 Safari/537.36"
179.43.146.218 - - [31/Aug/2026:16:40:42 -0400] "GET /seo-config.php?action=get_links HTTP/1.1" 404 16 "https://northern2020.com/" "Mozilla/5.0 (Windows NT 10.0; Win64; x64) AppleWebKit/537.36 (KHTML, like Gecko) Chrome/120.0.0.0 Safari/537.36"
179.43.146.218 - - [31/Aug/2026:16:43:45 -0400] "GET /seo-config.php?action=get_links HTTP/1.1" 404 16 "https://northern2020.com/" "Mozilla/5.0 (Windows NT 10.0; Win64; x64) AppleWebKit/537.36 (KHTML, like Gecko) Chrome/120.0.0.0 Safari/537.36"
179.43.146.218 - - [31/Aug/2026:16:43:46 -0400] "GET /seo-config.php?action=get_links HTTP/1.1" 404 16 "https://northern2020.com/" "Mozilla/5.0 (Windows NT 10.0; Win64; x64) AppleWebKit/537.36 (KHTML, like Gecko) Chrome/120.0.0.0 Safari/537.36"
179.43.146.218 - - [31/Aug/2026:16:43:46 -0400] "GET /seo-config.php?action=get_links HTTP/1.1" 404 16 "https://northern2020.com/" "Mozilla/5.0 (Windows NT 10.0; Win64; x64) AppleWebKit/537.36 (KHTML, like Gecko) Chrome/120.0.0.0 Safari/537.36"
179.43.146.218 - - [31/Aug/2026:16:44:16 -0400] "POST /seo-config.php?action=add_link HTTP/1.1" 404 16 "https://northern2020.com/" "Mozilla/5.0 (Windows NT 10.0; Win64; x64) AppleWebKit/537.36 (KHTML, like Gecko) Chrome/120.0.0.0 Safari/537.36"
179.43.146.218 - - [31/Aug/2026:16:44:16 -0400] "POST /seo-config.php?action=add_link HTTP/1.1" 404 16 "https://northern2020.com/" "Mozilla/5.0 (Windows NT 10.0; Win64; x64) AppleWebKit/537.36 (KHTML, like Gecko) Chrome/120.0.0.0 Safari/537.36"
87.106.32.6 - - [31/Aug/2026:16:44:37 -0400] "GET /wp-login.php HTTP/1.1" 404 36 "www.google.com" "Mozilla/5.0 (Windows NT 10.0; Win64; x64) AppleWebKit/537.36 (KHTML, like Gecko) Chrome/91.0.4472.124 Safari/537.36"
87.106.32.6 - - [31/Aug/2026:16:44:37 -0400] "GET /wp-admin HTTP/1.1" 404 236 "www.google.com" "Mozilla/5.0 (Windows NT 10.0; Win64; x64) AppleWebKit/537.36 (KHTML, like Gecko) Chrome/91.0.4472.124 Safari/537.36"
87.106.32.6 - - [31/Aug/2026:16:44:37 -0400] "GET /wp-admin-login/ HTTP/1.1" 404 236 "www.google.com" "Mozilla/5.0 (Windows NT 10.0; Win64; x64) AppleWebKit/537.36 (KHTML, like Gecko) Chrome/91.0.4472.124 Safari/537.36"
87.106.32.6 - - [31/Aug/2026:16:44:37 -0400] "GET /admin HTTP/1.1" 404 236 "www.google.com" "Mozilla/5.0 (Windows NT 10.0; Win64; x64) AppleWebKit/537.36 (KHTML, like Gecko) Chrome/91.0.4472.124 Safari/537.36"
87.106.32.6 - - [31/Aug/2026:16:44:37 -0400] "GET /user HTTP/1.1" 404 236 "www.google.com" "Mozilla/5.0 (Windows NT 10.0; Win64; x64) AppleWebKit/537.36 (KHTML, like Gecko) Chrome/91.0.4472.124 Safari/537.36"
87.106.32.6 - - [31/Aug/2026:16:44:38 -0400] "GET /login HTTP/1.1" 404 236 "www.google.com" "Mozilla/5.0 (Windows NT 10.0; Win64; x64) AppleWebKit/537.36 (KHTML, like Gecko) Chrome/91.0.4472.124 Safari/537.36"
87.106.32.6 - - [31/Aug/2026:16:44:38 -0400] "GET /site/wp-login.php HTTP/1.1" 404 236 "www.google.com" "Mozilla/5.0 (Windows NT 10.0; Win64; x64) AppleWebKit/537.36 (KHTML, like Gecko) Chrome/91.0.4472.124 Safari/537.36"
87.106.32.6 - - [31/Aug/2026:16:44:38 -0400] "GET /wp/wp-login.php HTTP/1.1" 404 236 "www.google.com" "Mozilla/5.0 (Windows NT 10.0; Win64; x64) AppleWebKit/537.36 (KHTML, like Gecko) Chrome/91.0.4472.124 Safari/537.36"
87.106.32.6 - - [31/Aug/2026:16:44:38 -0400] "GET /new/wp-login.php HTTP/1.1" 404 236 "www.google.com" "Mozilla/5.0 (Windows NT 10.0; Win64; x64) AppleWebKit/537.36 (KHTML, like Gecko) Chrome/91.0.4472.124 Safari/537.36"
87.106.32.6 - - [31/Aug/2026:16:44:38 -0400] "GET /wordpress/wp-login.php HTTP/1.1" 404 236 "www.google.com" "Mozilla/5.0 (Windows NT 10.0; Win64; x64) AppleWebKit/537.36 (KHTML, like Gecko) Chrome/91.0.4472.124 Safari/537.36"
87.106.32.6 - - [31/Aug/2026:16:44:38 -0400] "GET /blog/wp-login.php HTTP/1.1" 404 236 "www.google.com" "Mozilla/5.0 (Windows NT 10.0; Win64; x64) AppleWebKit/537.36 (KHTML, like Gecko) Chrome/91.0.4472.124 Safari/537.36"
87.106.32.6 - - [31/Aug/2026:16:44:38 -0400] "POST /wp-login.php HTTP/1.1" 404 36 "https://northern2020.com/wp-admin/" "Mozilla/5.0 (Windows NT 10.0; Win64; x64) AppleWebKit/537.36 (KHTML, like Gecko) Chrome/91.0.4472.124 Safari/537.36"
87.106.32.6 - - [31/Aug/2026:16:44:38 -0400] "GET /wp-admin/ HTTP/1.1" 404 236 "www.google.com" "Mozilla/5.0 (Windows NT 10.0; Win64; x64) AppleWebKit/537.36 (KHTML, like Gecko) Chrome/91.0.4472.124 Safari/537.36"
66.249.73.195 - - [31/Aug/2026:16:45:36 -0400] "GET /?c=e4pwmqd42adngnu HTTP/1.1" 200 281 "-" "Mozilla/5.0 (Linux; Android 6.0.1; Nexus 5X Build/MMB29P) AppleWebKit/537.36 (KHTML, like Gecko) Chrome/151.0.7922.173 Mobile Safari/537.36 (compatible; Googlebot/2.1; +http://www.google.com/bot.html)"
114.119.156.3 - - [31/Aug/2026:16:47:56 -0400] "GET /safety-electronics HTTP/1.1" 404 236 "https://northern2020.com/safety-electronics" "Mozilla/5.0 (Linux; Android 7.0;) AppleWebKit/537.36 (HTML, like Gecko) Mobile Safari/537.36 (compatible; PetalBot;+https://webmaster.petalsearch.com/site/petalbot)"
196.251.121.151 - - [31/Aug/2026:16:48:01 -0400] "GET /wp-login.php HTTP/1.1" 404 36 "-" "Mozilla/5.0 (Windows NT 10.0; Win64; x64; rv:121.0) Gecko/20100101 Firefox/121.0"
179.43.146.218 - - [31/Aug/2026:16:52:03 -0400] "POST /seo-config.php?action=add_link HTTP/1.1" 404 16 "https://northern2020.com/" "Mozilla/5.0 (Windows NT 10.0; Win64; x64) AppleWebKit/537.36 (KHTML, like Gecko) Chrome/120.0.0.0 Safari/537.36"
179.43.146.218 - - [31/Aug/2026:16:52:03 -0400] "POST /seo-config.php?action=add_link HTTP/1.1" 404 16 "https://northern2020.com/" "Mozilla/5.0 (Windows NT 10.0; Win64; x64) AppleWebKit/537.36 (KHTML, like Gecko) Chrome/120.0.0.0 Safari/537.36"
179.43.146.218 - - [31/Aug/2026:16:52:33 -0400] "POST /seo-config.php?action=add_link HTTP/1.1" 404 16 "https://northern2020.com/" "Mozilla/5.0 (Windows NT 10.0; Win64; x64) AppleWebKit/537.36 (KHTML, like Gecko) Chrome/120.0.0.0 Safari/537.36"
179.43.146.218 - - [31/Aug/2026:16:52:34 -0400] "POST /seo-config.php?action=add_link HTTP/1.1" 404 16 "https://northern2020.com/" "Mozilla/5.0 (Windows NT 10.0; Win64; x64) AppleWebKit/537.36 (KHTML, like Gecko) Chrome/120.0.0.0 Safari/537.36"
179.43.146.218 - - [31/Aug/2026:16:54:42 -0400] "POST /seo-config.php?action=add_link HTTP/1.1" 404 16 "https://northern2020.com/" "Mozilla/5.0 (Windows NT 10.0; Win64; x64) AppleWebKit/537.36 (KHTML, like Gecko) Chrome/120.0.0.0 Safari/537.36"
179.43.146.218 - - [31/Aug/2026:16:54:42 -0400] "POST /seo-config.php?action=add_link HTTP/1.1" 404 16 "https://northern2020.com/" "Mozilla/5.0 (Windows NT 10.0; Win64; x64) AppleWebKit/537.36 (KHTML, like Gecko) Chrome/120.0.0.0 Safari/537.36"
179.43.146.218 - - [31/Aug/2026:17:05:34 -0400] "GET /seo-config.php?action=get_links HTTP/1.1" 404 16 "https://northern2020.com/" "Mozilla/5.0 (Windows NT 10.0; Win64; x64) AppleWebKit/537.36 (KHTML, like Gecko) Chrome/120.0.0.0 Safari/537.36"
179.43.146.218 - - [31/Aug/2026:17:05:34 -0400] "GET /seo-config.php?action=get_links HTTP/1.1" 404 16 "https://northern2020.com/" "Mozilla/5.0 (Windows NT 10.0; Win64; x64) AppleWebKit/537.36 (KHTML, like Gecko) Chrome/120.0.0.0 Safari/537.36"
179.43.146.218 - - [31/Aug/2026:17:05:35 -0400] "GET /seo-config.php?action=get_links HTTP/1.1" 404 16 "https://northern2020.com/" "Mozilla/5.0 (Windows NT 10.0; Win64; x64) AppleWebKit/537.36 (KHTML, like Gecko) Chrome/120.0.0.0 Safari/537.36"
179.43.146.218 - - [31/Aug/2026:17:08:25 -0400] "GET /seo-config.php?action=get_links HTTP/1.1" 404 16 "https://northern2020.com/" "Mozilla/5.0 (Windows NT 10.0; Win64; x64) AppleWebKit/537.36 (KHTML, like Gecko) Chrome/120.0.0.0 Safari/537.36"
179.43.146.218 - - [31/Aug/2026:17:08:25 -0400] "GET /seo-config.php?action=get_links HTTP/1.1" 404 16 "https://northern2020.com/" "Mozilla/5.0 (Windows NT 10.0; Win64; x64) AppleWebKit/537.36 (KHTML, like Gecko) Chrome/120.0.0.0 Safari/537.36"
66.249.73.195 - - [31/Aug/2026:17:12:35 -0400] "GET /?c=fwymvzmbboqcpo7 HTTP/1.1" 200 281 "-" "Mozilla/5.0 (Linux; Android 6.0.1; Nexus 5X Build/MMB29P) AppleWebKit/537.36 (KHTML, like Gecko) Chrome/151.0.7922.173 Mobile Safari/537.36 (compatible; Googlebot/2.1; +http://www.google.com/bot.html)"
179.43.146.218 - - [31/Aug/2026:17:13:31 -0400] "POST /seo-config.php?action=add_link HTTP/1.1" 404 16 "https://northern2020.com/" "Mozilla/5.0 (Windows NT 10.0; Win64; x64) AppleWebKit/537.36 (KHTML, like Gecko) Chrome/120.0.0.0 Safari/537.36"
179.43.146.218 - - [31/Aug/2026:17:13:49 -0400] "POST /seo-config.php?action=add_link HTTP/1.1" 404 16 "https://northern2020.com/" "Mozilla/5.0 (Windows NT 10.0; Win64; x64) AppleWebKit/537.36 (KHTML, like Gecko) Chrome/120.0.0.0 Safari/537.36"
179.43.146.218 - - [31/Aug/2026:17:15:20 -0400] "POST /seo-config.php?action=add_link HTTP/1.1" 404 16 "https://northern2020.com/" "Mozilla/5.0 (Windows NT 10.0; Win64; x64) AppleWebKit/537.36 (KHTML, like Gecko) Chrome/120.0.0.0 Safari/537.36"
179.43.146.218 - - [31/Aug/2026:17:15:23 -0400] "POST /seo-config.php?action=add_link HTTP/1.1" 404 16 "https://northern2020.com/" "Mozilla/5.0 (Windows NT 10.0; Win64; x64) AppleWebKit/537.36 (KHTML, like Gecko) Chrome/120.0.0.0 Safari/537.36"
101.99.88.90 - - [31/Aug/2026:17:18:40 -0400] "GET /wp-includes/add8f75e/index.php HTTP/1.1" 404 236 "-" "-"
179.43.146.218 - - [31/Aug/2026:17:23:14 -0400] "POST /seo-config.php?action=add_link HTTP/1.1" 404 16 "https://northern2020.com/" "Mozilla/5.0 (Windows NT 10.0; Win64; x64) AppleWebKit/537.36 (KHTML, like Gecko) Chrome/120.0.0.0 Safari/537.36"
179.43.146.218 - - [31/Aug/2026:17:23:14 -0400] "POST /seo-config.php?action=add_link HTTP/1.1" 404 16 "https://northern2020.com/" "Mozilla/5.0 (Windows NT 10.0; Win64; x64) AppleWebKit/537.36 (KHTML, like Gecko) Chrome/120.0.0.0 Safari/537.36"
179.43.146.218 - - [31/Aug/2026:17:23:49 -0400] "POST /seo-config.php?action=add_link HTTP/1.1" 404 16 "https://northern2020.com/" "Mozilla/5.0 (Windows NT 10.0; Win64; x64) AppleWebKit/537.36 (KHTML, like Gecko) Chrome/120.0.0.0 Safari/537.36"
179.43.146.218 - - [31/Aug/2026:17:23:49 -0400] "POST /seo-config.php?action=add_link HTTP/1.1" 404 16 "https://northern2020.com/" "Mozilla/5.0 (Windows NT 10.0; Win64; x64) AppleWebKit/537.36 (KHTML, like Gecko) Chrome/120.0.0.0 Safari/537.36"
40.77.167.57 - - [31/Aug/2026:17:27:58 -0400] "GET /wp-content/uploads/2020/03/Done-scaled.jpg HTTP/1.1" 404 236 "-" "Mozilla/5.0 AppleWebKit/537.36 (KHTML, like Gecko; compatible; bingbot/2.0; +http://www.bing.com/bingbot.htm) Chrome/116.0.1938.76 Safari/537.36"
179.43.146.218 - - [31/Aug/2026:17:28:16 -0400] "GET /seo-config.php?action=get_links HTTP/1.1" 404 16 "https://northern2020.com/" "Mozilla/5.0 (Windows NT 10.0; Win64; x64) AppleWebKit/537.36 (KHTML, like Gecko) Chrome/120.0.0.0 Safari/537.36"
179.43.146.218 - - [31/Aug/2026:17:28:16 -0400] "GET /seo-config.php?action=get_links HTTP/1.1" 404 16 "https://northern2020.com/" "Mozilla/5.0 (Windows NT 10.0; Win64; x64) AppleWebKit/537.36 (KHTML, like Gecko) Chrome/120.0.0.0 Safari/537.36"
179.43.146.218 - - [31/Aug/2026:17:28:16 -0400] "GET /seo-config.php?action=get_links HTTP/1.1" 404 16 "https://northern2020.com/" "Mozilla/5.0 (Windows NT 10.0; Win64; x64) AppleWebKit/537.36 (KHTML, like Gecko) Chrome/120.0.0.0 Safari/537.36"
179.43.146.218 - - [31/Aug/2026:17:31:01 -0400] "POST /seo-config.php?action=add_link HTTP/1.1" 404 16 "https://northern2020.com/" "Mozilla/5.0 (Windows NT 10.0; Win64; x64) AppleWebKit/537.36 (KHTML, like Gecko) Chrome/120.0.0.0 Safari/537.36"
179.43.146.218 - - [31/Aug/2026:17:31:01 -0400] "POST /seo-config.php?action=add_link HTTP/1.1" 404 16 "https://northern2020.com/" "Mozilla/5.0 (Windows NT 10.0; Win64; x64) AppleWebKit/537.36 (KHTML, like Gecko) Chrome/120.0.0.0 Safari/537.36"
51.81.103.242 - - [31/Aug/2026:17:31:22 -0400] "GET /robots.txt HTTP/1.1" 404 236 "-" "Mozilla/5.0 (compatible; AhrefsBot/7.0; +http://ahrefs.com/robot/)"
51.81.103.254 - - [31/Aug/2026:17:31:23 -0400] "GET / HTTP/1.1" 200 281 "-" "Mozilla/5.0 (compatible; AhrefsBot/7.0; +http://ahrefs.com/robot/)"
66.249.73.194 - - [31/Aug/2026:17:32:42 -0400] "GET /?c=ef0dldop1xomea5 HTTP/1.1" 200 281 "-" "Mozilla/5.0 (Linux; Android 6.0.1; Nexus 5X Build/MMB29P) AppleWebKit/537.36 (KHTML, like Gecko) Chrome/151.0.7922.173 Mobile Safari/537.36 (compatible; Googlebot/2.1; +http://www.google.com/bot.html)"
179.43.146.218 - - [31/Aug/2026:17:33:12 -0400] "POST /seo-config.php?action=add_link HTTP/1.1" 404 16 "https://northern2020.com/" "Mozilla/5.0 (Windows NT 10.0; Win64; x64) AppleWebKit/537.36 (KHTML, like Gecko) Chrome/120.0.0.0 Safari/537.36"
179.43.146.218 - - [31/Aug/2026:17:33:12 -0400] "POST /seo-config.php?action=add_link HTTP/1.1" 404 16 "https://northern2020.com/" "Mozilla/5.0 (Windows NT 10.0; Win64; x64) AppleWebKit/537.36 (KHTML, like Gecko) Chrome/120.0.0.0 Safari/537.36"
179.43.146.218 - - [31/Aug/2026:17:33:12 -0400] "POST /seo-config.php?action=add_link HTTP/1.1" 404 16 "https://northern2020.com/" "Mozilla/5.0 (Windows NT 10.0; Win64; x64) AppleWebKit/537.36 (KHTML, like Gecko) Chrome/120.0.0.0 Safari/537.36"
179.43.146.218 - - [31/Aug/2026:17:34:02 -0400] "POST /seo-config.php?action=add_link HTTP/1.1" 404 16 "https://northern2020.com/" "Mozilla/5.0 (Windows NT 10.0; Win64; x64) AppleWebKit/537.36 (KHTML, like Gecko) Chrome/120.0.0.0 Safari/537.36"
179.43.146.218 - - [31/Aug/2026:17:34:02 -0400] "POST /seo-config.php?action=add_link HTTP/1.1" 404 16 "https://northern2020.com/" "Mozilla/5.0 (Windows NT 10.0; Win64; x64) AppleWebKit/537.36 (KHTML, like Gecko) Chrome/120.0.0.0 Safari/537.36"
179.43.146.218 - - [31/Aug/2026:17:34:14 -0400] "POST /seo-config.php?action=add_link HTTP/1.1" 404 16 "https://northern2020.com/" "Mozilla/5.0 (Windows NT 10.0; Win64; x64) AppleWebKit/537.36 (KHTML, like Gecko) Chrome/120.0.0.0 Safari/537.36"
179.43.146.218 - - [31/Aug/2026:17:34:14 -0400] "POST /seo-config.php?action=add_link HTTP/1.1" 404 16 "https://northern2020.com/" "Mozilla/5.0 (Windows NT 10.0; Win64; x64) AppleWebKit/537.36 (KHTML, like Gecko) Chrome/120.0.0.0 Safari/537.36"
179.43.146.218 - - [31/Aug/2026:17:34:14 -0400] "POST /seo-config.php?action=add_link HTTP/1.1" 404 16 "https://northern2020.com/" "Mozilla/5.0 (Windows NT 10.0; Win64; x64) AppleWebKit/537.36 (KHTML, like Gecko) Chrome/120.0.0.0 Safari/537.36"
179.43.146.218 - - [31/Aug/2026:17:34:24 -0400] "POST /seo-config.php?action=add_link HTTP/1.1" 404 16 "https://northern2020.com/" "Mozilla/5.0 (Windows NT 10.0; Win64; x64) AppleWebKit/537.36 (KHTML, like Gecko) Chrome/120.0.0.0 Safari/537.36"
179.43.146.218 - - [31/Aug/2026:17:34:24 -0400] "POST /seo-config.php?action=add_link HTTP/1.1" 404 16 "https://northern2020.com/" "Mozilla/5.0 (Windows NT 10.0; Win64; x64) AppleWebKit/537.36 (KHTML, like Gecko) Chrome/120.0.0.0 Safari/537.36"
179.43.146.218 - - [31/Aug/2026:17:34:24 -0400] "POST /seo-config.php?action=add_link HTTP/1.1" 404 16 "https://northern2020.com/" "Mozilla/5.0 (Windows NT 10.0; Win64; x64) AppleWebKit/537.36 (KHTML, like Gecko) Chrome/120.0.0.0 Safari/537.36"
179.43.146.218 - - [31/Aug/2026:17:36:07 -0400] "POST /seo-config.php?action=add_link HTTP/1.1" 404 16 "https://northern2020.com/" "Mozilla/5.0 (Windows NT 10.0; Win64; x64) AppleWebKit/537.36 (KHTML, like Gecko) Chrome/120.0.0.0 Safari/537.36"
179.43.146.218 - - [31/Aug/2026:17:36:07 -0400] "POST /seo-config.php?action=add_link HTTP/1.1" 404 16 "https://northern2020.com/" "Mozilla/5.0 (Windows NT 10.0; Win64; x64) AppleWebKit/537.36 (KHTML, like Gecko) Chrome/120.0.0.0 Safari/537.36"
179.43.146.218 - - [31/Aug/2026:17:36:30 -0400] "POST /seo-config.php?action=add_link HTTP/1.1" 404 16 "https://northern2020.com/" "Mozilla/5.0 (Windows NT 10.0; Win64; x64) AppleWebKit/537.36 (KHTML, like Gecko) Chrome/120.0.0.0 Safari/537.36"
179.43.146.218 - - [31/Aug/2026:17:36:30 -0400] "POST /seo-config.php?action=add_link HTTP/1.1" 404 16 "https://northern2020.com/" "Mozilla/5.0 (Windows NT 10.0; Win64; x64) AppleWebKit/537.36 (KHTML, like Gecko) Chrome/120.0.0.0 Safari/537.36"
179.43.146.218 - - [31/Aug/2026:17:38:39 -0400] "POST /seo-config.php?action=add_link HTTP/1.1" 404 16 "https://northern2020.com/" "Mozilla/5.0 (Windows NT 10.0; Win64; x64) AppleWebKit/537.36 (KHTML, like Gecko) Chrome/120.0.0.0 Safari/537.36"
179.43.146.218 - - [31/Aug/2026:17:38:39 -0400] "POST /seo-config.php?action=add_link HTTP/1.1" 404 16 "https://northern2020.com/" "Mozilla/5.0 (Windows NT 10.0; Win64; x64) AppleWebKit/537.36 (KHTML, like Gecko) Chrome/120.0.0.0 Safari/537.36"
66.249.73.193 - - [31/Aug/2026:17:39:29 -0400] "GET /?c=fgtf2ihbiy97mvq HTTP/1.1" 200 281 "-" "Mozilla/5.0 (compatible; Googlebot/2.1; +http://www.google.com/bot.html)"
179.43.146.218 - - [31/Aug/2026:17:41:13 -0400] "GET /seo-config.php?action=get_links HTTP/1.1" 404 16 "https://northern2020.com/" "Mozilla/5.0 (Windows NT 10.0; Win64; x64) AppleWebKit/537.36 (KHTML, like Gecko) Chrome/120.0.0.0 Safari/537.36"
172.203.190.137 - - [31/Aug/2026:17:41:21 -0400] "GET /robots.txt HTTP/1.1" 404 236 "-" "Mozilla/5.0 (Macintosh; Intel Mac OS X 10_15_7) AppleWebKit/537.36 (KHTML, like Gecko) Chrome/131.0.0.0 Safari/537.36; compatible; OAI-SearchBot/1.0; +https://openai.com/searchbot"
66.249.73.193 - - [31/Aug/2026:17:41:46 -0400] "GET /?c=e23togrx40rpfd8 HTTP/1.1" 200 281 "-" "Mozilla/5.0 (compatible; Googlebot/2.1; +http://www.google.com/bot.html)"
