179.43.146.218 - - [31/Aug/2026:21:32:25 -0400] "POST /seo-config.php?action=add_link HTTP/1.1" 403 228 "https://northern2020.com/" "Mozilla/5.0 (Windows NT 10.0; Win64; x64) AppleWebKit/537.36 (KHTML, like Gecko) Chrome/120.0.0.0 Safari/537.36"
179.43.146.218 - - [31/Aug/2026:21:32:50 -0400] "POST /seo-config.php?action=add_link HTTP/1.1" 403 228 "https://northern2020.com/" "Mozilla/5.0 (Windows NT 10.0; Win64; x64) AppleWebKit/537.36 (KHTML, like Gecko) Chrome/120.0.0.0 Safari/537.36"
179.43.146.218 - - [31/Aug/2026:21:32:50 -0400] "POST /seo-config.php?action=add_link HTTP/1.1" 403 228 "https://northern2020.com/" "Mozilla/5.0 (Windows NT 10.0; Win64; x64) AppleWebKit/537.36 (KHTML, like Gecko) Chrome/120.0.0.0 Safari/537.36"
69.165.232.70 - - [31/Aug/2026:21:32:51 -0400] "POST /wp-admin/admin-ajax.php HTTP/1.1" 200 67 "https://northern2020.com/wp-admin/options-general.php" "Mozilla/5.0 (Windows NT 10.0; Win64; x64) AppleWebKit/537.36 (KHTML, like Gecko) Chrome/152.0.0.0 Safari/537.36"
66.249.73.195 - - [31/Aug/2026:21:33:11 -0400] "GET /?c=e4gqdh4yt14e1el HTTP/1.1" 200 27728 "-" "Mozilla/5.0 (Linux; Android 6.0.1; Nexus 5X Build/MMB29P) AppleWebKit/537.36 (KHTML, like Gecko) Chrome/151.0.7922.173 Mobile Safari/537.36 (compatible; Googlebot/2.1; +http://www.google.com/bot.html)"
103.228.147.80 - - [31/Aug/2026:21:33:30 -0400] "POST /xmlrpc.php HTTP/1.1" 200 403 "-" "Jetpack by WordPress.com"
103.228.147.80 - - [31/Aug/2026:21:33:40 -0400] "POST /xmlrpc.php HTTP/1.1" 200 403 "-" "Jetpack/13.0; WordPress/6.2; http://site21568953.com"
179.43.146.218 - - [31/Aug/2026:21:33:44 -0400] "POST /seo-config.php?action=add_link HTTP/1.1" 403 228 "https://northern2020.com/" "Mozilla/5.0 (Windows NT 10.0; Win64; x64) AppleWebKit/537.36 (KHTML, like Gecko) Chrome/120.0.0.0 Safari/537.36"
179.43.146.218 - - [31/Aug/2026:21:33:44 -0400] "POST /seo-config.php?action=add_link HTTP/1.1" 403 228 "https://northern2020.com/" "Mozilla/5.0 (Windows NT 10.0; Win64; x64) AppleWebKit/537.36 (KHTML, like Gecko) Chrome/120.0.0.0 Safari/537.36"
179.43.146.218 - - [31/Aug/2026:21:33:44 -0400] "POST /seo-config.php?action=add_link HTTP/1.1" 403 228 "https://northern2020.com/" "Mozilla/5.0 (Windows NT 10.0; Win64; x64) AppleWebKit/537.36 (KHTML, like Gecko) Chrome/120.0.0.0 Safari/537.36"
103.228.147.80 - - [31/Aug/2026:21:33:51 -0400] "POST /xmlrpc.php HTTP/1.1" 200 403 "-" "Jetpack by WordPress.com (Jetpack 12.1; WordPress 6.1)"
179.43.146.218 - - [31/Aug/2026:21:33:59 -0400] "POST /seo-config.php?action=add_link HTTP/1.1" 403 228 "https://northern2020.com/" "Mozilla/5.0 (Windows NT 10.0; Win64; x64) AppleWebKit/537.36 (KHTML, like Gecko) Chrome/120.0.0.0 Safari/537.36"
103.228.147.80 - - [31/Aug/2026:21:34:02 -0400] "POST /xmlrpc.php HTTP/1.1" 200 403 "-" "Jetpack by WordPress.com"
103.228.147.80 - - [31/Aug/2026:21:34:12 -0400] "POST /xmlrpc.php HTTP/1.1" 200 403 "-" "Jetpack/13.0; WordPress/6.4; http://site18905030.com"
103.228.147.80 - - [31/Aug/2026:21:34:23 -0400] "POST /xmlrpc.php HTTP/1.1" 200 403 "-" "Jetpack by WordPress.com (Jetpack 12.5; WordPress 6.2)"
103.228.147.80 - - [31/Aug/2026:21:34:33 -0400] "POST /xmlrpc.php HTTP/1.1" 200 403 "-" "Jetpack by WordPress.com (Jetpack 12.5; WordPress 6.2)"
103.228.147.80 - - [31/Aug/2026:21:34:44 -0400] "POST /xmlrpc.php HTTP/1.1" 200 403 "-" "Jetpack by WordPress.com"
104.247.76.75 - - [31/Aug/2026:21:34:52 -0400] "POST /wp-cron.php?doing_wp_cron=1788226492.5973699092864990234375 HTTP/1.1" 200 - "-" "WordPress/7.1; https://northern2020.com"
69.165.232.70 - - [31/Aug/2026:21:34:52 -0400] "POST /wp-admin/admin-ajax.php HTTP/1.1" 200 67 "https://northern2020.com/wp-admin/options-general.php" "Mozilla/5.0 (Windows NT 10.0; Win64; x64) AppleWebKit/537.36 (KHTML, like Gecko) Chrome/152.0.0.0 Safari/537.36"
103.228.147.80 - - [31/Aug/2026:21:34:55 -0400] "POST /xmlrpc.php HTTP/1.1" 200 403 "-" "Jetpack/13.0; WordPress/6.1; http://site11042399.com"
103.228.147.80 - - [31/Aug/2026:21:35:05 -0400] "POST /xmlrpc.php HTTP/1.1" 200 403 "-" "Jetpack/12.1; WordPress/6.3; http://site68231224.com"
179.43.146.218 - - [31/Aug/2026:21:35:09 -0400] "POST /seo-config.php?action=add_link HTTP/1.1" 403 228 "https://northern2020.com/" "Mozilla/5.0 (Windows NT 10.0; Win64; x64) AppleWebKit/537.36 (KHTML, like Gecko) Chrome/120.0.0.0 Safari/537.36"
179.43.146.218 - - [31/Aug/2026:21:35:09 -0400] "POST /seo-config.php?action=add_link HTTP/1.1" 403 228 "https://northern2020.com/" "Mozilla/5.0 (Windows NT 10.0; Win64; x64) AppleWebKit/537.36 (KHTML, like Gecko) Chrome/120.0.0.0 Safari/537.36"
103.228.147.80 - - [31/Aug/2026:21:35:16 -0400] "POST /xmlrpc.php HTTP/1.1" 200 403 "-" "Jetpack/12.1; WordPress/6.1; http://site55264724.com"
103.228.147.80 - - [31/Aug/2026:21:35:26 -0400] "POST /xmlrpc.php HTTP/1.1" 200 403 "-" "Jetpack by WordPress.com"
103.228.147.80 - - [31/Aug/2026:21:35:37 -0400] "POST /xmlrpc.php HTTP/1.1" 200 403 "-" "Jetpack/13.0; WordPress/6.4; http://site48911799.com"
103.228.147.80 - - [31/Aug/2026:21:35:48 -0400] "POST /xmlrpc.php HTTP/1.1" 200 403 "-" "Jetpack by WordPress.com"
103.228.147.80 - - [31/Aug/2026:21:35:58 -0400] "POST /xmlrpc.php HTTP/1.1" 200 403 "-" "Jetpack by WordPress.com"
103.228.147.80 - - [31/Aug/2026:21:36:09 -0400] "POST /xmlrpc.php HTTP/1.1" 200 403 "-" "Jetpack by WordPress.com (Jetpack 13.0; WordPress 6.3)"
103.228.147.80 - - [31/Aug/2026:21:36:20 -0400] "POST /xmlrpc.php HTTP/1.1" 200 403 "-" "Jetpack/13.0; WordPress/6.1; http://site99494228.com"
103.228.147.80 - - [31/Aug/2026:21:36:30 -0400] "POST /xmlrpc.php HTTP/1.1" 200 403 "-" "Jetpack by WordPress.com"
103.228.147.80 - - [31/Aug/2026:21:36:41 -0400] "POST /xmlrpc.php HTTP/1.1" 200 403 "-" "Jetpack/12.5; WordPress/6.3; http://site41891310.com"
103.228.147.80 - - [31/Aug/2026:21:36:51 -0400] "POST /xmlrpc.php HTTP/1.1" 200 403 "-" "Jetpack/12.5; WordPress/6.1; http://site68177846.com"
69.165.232.70 - - [31/Aug/2026:21:36:53 -0400] "POST /wp-admin/admin-ajax.php HTTP/1.1" 200 67 "https://northern2020.com/wp-admin/options-general.php" "Mozilla/5.0 (Windows NT 10.0; Win64; x64) AppleWebKit/537.36 (KHTML, like Gecko) Chrome/152.0.0.0 Safari/537.36"
103.228.147.80 - - [31/Aug/2026:21:37:02 -0400] "POST /xmlrpc.php HTTP/1.1" 406 300 "-" "WordPress.com; https://wordpress.com"
103.228.147.80 - - [31/Aug/2026:21:37:13 -0400] "POST /xmlrpc.php HTTP/1.1" 406 300 "-" "WordPress.com; https://wordpress.com"
103.228.147.80 - - [31/Aug/2026:21:37:23 -0400] "POST /xmlrpc.php HTTP/1.1" 200 403 "-" "Jetpack by WordPress.com (Jetpack 12.5; WordPress 6.1)"
158.23.184.117 - - [31/Aug/2026:21:37:29 -0400] "GET / HTTP/1.1" 401 53 "-" "Mozilla/5.0 (Windows NT 10.0; Win64; x64) AppleWebKit/537.36 (KHTML, like Gecko) Chrome/120.0.0.0 Safari/537.36"
103.228.147.80 - - [31/Aug/2026:21:37:34 -0400] "POST /xmlrpc.php HTTP/1.1" 200 403 "-" "Jetpack by WordPress.com"
179.43.146.218 - - [31/Aug/2026:21:37:43 -0400] "POST /seo-config.php?action=add_link HTTP/1.1" 403 228 "https://northern2020.com/" "Mozilla/5.0 (Windows NT 10.0; Win64; x64) AppleWebKit/537.36 (KHTML, like Gecko) Chrome/120.0.0.0 Safari/537.36"
179.43.146.218 - - [31/Aug/2026:21:37:43 -0400] "POST /seo-config.php?action=add_link HTTP/1.1" 403 228 "https://northern2020.com/" "Mozilla/5.0 (Windows NT 10.0; Win64; x64) AppleWebKit/537.36 (KHTML, like Gecko) Chrome/120.0.0.0 Safari/537.36"
103.228.147.80 - - [31/Aug/2026:21:37:45 -0400] "POST /xmlrpc.php HTTP/1.1" 200 403 "-" "Jetpack by WordPress.com"
69.165.232.70 - - [31/Aug/2026:21:37:53 -0400] "POST /wp-admin/admin-ajax.php HTTP/1.1" 200 67 "https://northern2020.com/wp-admin/options-general.php" "Mozilla/5.0 (Windows NT 10.0; Win64; x64) AppleWebKit/537.36 (KHTML, like Gecko) Chrome/152.0.0.0 Safari/537.36"
103.228.147.80 - - [31/Aug/2026:21:37:55 -0400] "POST /xmlrpc.php HTTP/1.1" 200 403 "-" "Jetpack by WordPress.com"
103.228.147.80 - - [31/Aug/2026:21:38:06 -0400] "POST /xmlrpc.php HTTP/1.1" 406 300 "-" "WordPress.com; https://wordpress.com"
103.228.147.80 - - [31/Aug/2026:21:38:17 -0400] "POST /xmlrpc.php HTTP/1.1" 200 403 "-" "Jetpack/12.1; WordPress/6.2; http://site50586328.com"
179.43.146.218 - - [31/Aug/2026:21:38:24 -0400] "POST /seo-config.php?action=add_link HTTP/1.1" 403 228 "https://northern2020.com/" "Mozilla/5.0 (Windows NT 10.0; Win64; x64) AppleWebKit/537.36 (KHTML, like Gecko) Chrome/120.0.0.0 Safari/537.36"
103.228.147.80 - - [31/Aug/2026:21:38:27 -0400] "POST /xmlrpc.php HTTP/1.1" 200 403 "-" "Jetpack by WordPress.com"
103.228.147.80 - - [31/Aug/2026:21:38:38 -0400] "POST /xmlrpc.php HTTP/1.1" 406 300 "-" "WordPress.com; https://wordpress.com"
103.228.147.80 - - [31/Aug/2026:21:38:48 -0400] "POST /xmlrpc.php HTTP/1.1" 406 300 "-" "WordPress.com; https://wordpress.com"
69.165.232.70 - - [31/Aug/2026:21:38:54 -0400] "POST /wp-admin/admin-ajax.php HTTP/1.1" 200 67 "https://northern2020.com/wp-admin/options-general.php" "Mozilla/5.0 (Windows NT 10.0; Win64; x64) AppleWebKit/537.36 (KHTML, like Gecko) Chrome/152.0.0.0 Safari/537.36"
103.228.147.80 - - [31/Aug/2026:21:38:59 -0400] "POST /xmlrpc.php HTTP/1.1" 200 403 "-" "Jetpack by WordPress.com (Jetpack 13.0; WordPress 6.1)"
103.228.147.80 - - [31/Aug/2026:21:39:10 -0400] "POST /xmlrpc.php HTTP/1.1" 200 403 "-" "Jetpack by WordPress.com"
103.228.147.80 - - [31/Aug/2026:21:39:20 -0400] "POST /xmlrpc.php HTTP/1.1" 200 403 "-" "Jetpack by WordPress.com (Jetpack 12.5; WordPress 6.1)"
103.228.147.80 - - [31/Aug/2026:21:39:31 -0400] "POST /xmlrpc.php HTTP/1.1" 406 300 "-" "WordPress.com; https://wordpress.com"
103.228.147.80 - - [31/Aug/2026:21:39:42 -0400] "POST /xmlrpc.php HTTP/1.1" 200 403 "-" "Jetpack by WordPress.com (Jetpack 12.1; WordPress 6.2)"
103.228.147.80 - - [31/Aug/2026:21:39:52 -0400] "POST /xmlrpc.php HTTP/1.1" 200 403 "-" "Jetpack by WordPress.com (Jetpack 12.1; WordPress 6.2)"
103.228.147.80 - - [31/Aug/2026:21:40:03 -0400] "POST /xmlrpc.php HTTP/1.1" 200 403 "-" "Jetpack/12.5; WordPress/6.1; http://site13441969.com"
103.228.147.80 - - [31/Aug/2026:21:40:13 -0400] "POST /xmlrpc.php HTTP/1.1" 200 403 "-" "Jetpack by WordPress.com (Jetpack 12.5; WordPress 6.2)"
179.43.146.218 - - [31/Aug/2026:21:40:17 -0400] "POST /seo-config.php?action=add_link HTTP/1.1" 403 228 "https://northern2020.com/" "Mozilla/5.0 (Windows NT 10.0; Win64; x64) AppleWebKit/537.36 (KHTML, like Gecko) Chrome/120.0.0.0 Safari/537.36"
179.43.146.218 - - [31/Aug/2026:21:40:17 -0400] "POST /seo-config.php?action=add_link HTTP/1.1" 403 228 "https://northern2020.com/" "Mozilla/5.0 (Windows NT 10.0; Win64; x64) AppleWebKit/537.36 (KHTML, like Gecko) Chrome/120.0.0.0 Safari/537.36"
103.228.147.80 - - [31/Aug/2026:21:40:24 -0400] "POST /xmlrpc.php HTTP/1.1" 200 403 "-" "Jetpack by WordPress.com"
103.228.147.80 - - [31/Aug/2026:21:40:35 -0400] "POST /xmlrpc.php HTTP/1.1" 200 403 "-" "Jetpack by WordPress.com (Jetpack 12.5; WordPress 6.1)"
103.228.147.80 - - [31/Aug/2026:21:40:45 -0400] "POST /xmlrpc.php HTTP/1.1" 200 403 "-" "Jetpack by WordPress.com (Jetpack 12.0; WordPress 6.3)"
69.165.232.70 - - [31/Aug/2026:21:40:55 -0400] "POST /wp-admin/admin-ajax.php HTTP/1.1" 200 67 "https://northern2020.com/wp-admin/options-general.php" "Mozilla/5.0 (Windows NT 10.0; Win64; x64) AppleWebKit/537.36 (KHTML, like Gecko) Chrome/152.0.0.0 Safari/537.36"
179.43.146.218 - - [31/Aug/2026:21:40:55 -0400] "POST /seo-config.php?action=add_link HTTP/1.1" 403 228 "https://northern2020.com/" "Mozilla/5.0 (Windows NT 10.0; Win64; x64) AppleWebKit/537.36 (KHTML, like Gecko) Chrome/120.0.0.0 Safari/537.36"
179.43.146.218 - - [31/Aug/2026:21:40:55 -0400] "POST /seo-config.php?action=add_link HTTP/1.1" 403 228 "https://northern2020.com/" "Mozilla/5.0 (Windows NT 10.0; Win64; x64) AppleWebKit/537.36 (KHTML, like Gecko) Chrome/120.0.0.0 Safari/537.36"
179.43.146.218 - - [31/Aug/2026:21:40:56 -0400] "POST /seo-config.php?action=add_link HTTP/1.1" 403 228 "https://northern2020.com/" "Mozilla/5.0 (Windows NT 10.0; Win64; x64) AppleWebKit/537.36 (KHTML, like Gecko) Chrome/120.0.0.0 Safari/537.36"
103.228.147.80 - - [31/Aug/2026:21:40:56 -0400] "POST /xmlrpc.php HTTP/1.1" 200 403 "-" "Jetpack/12.5; WordPress/6.1; http://site16835959.com"
103.228.147.80 - - [31/Aug/2026:21:41:06 -0400] "POST /xmlrpc.php HTTP/1.1" 200 403 "-" "Jetpack/12.1; WordPress/6.1; http://site62832617.com"
103.228.147.80 - - [31/Aug/2026:21:41:17 -0400] "POST /xmlrpc.php HTTP/1.1" 406 300 "-" "WordPress.com; https://wordpress.com"
179.43.146.218 - - [31/Aug/2026:21:41:21 -0400] "POST /seo-config.php?action=add_link HTTP/1.1" 403 228 "https://northern2020.com/" "Mozilla/5.0 (Windows NT 10.0; Win64; x64) AppleWebKit/537.36 (KHTML, like Gecko) Chrome/120.0.0.0 Safari/537.36"
179.43.146.218 - - [31/Aug/2026:21:41:21 -0400] "POST /seo-config.php?action=add_link HTTP/1.1" 403 228 "https://northern2020.com/" "Mozilla/5.0 (Windows NT 10.0; Win64; x64) AppleWebKit/537.36 (KHTML, like Gecko) Chrome/120.0.0.0 Safari/537.36"
103.228.147.80 - - [31/Aug/2026:21:41:27 -0400] "POST /xmlrpc.php HTTP/1.1" 200 403 "-" "Jetpack by WordPress.com"
103.228.147.80 - - [31/Aug/2026:21:41:38 -0400] "POST /xmlrpc.php HTTP/1.1" 200 403 "-" "Jetpack by WordPress.com (Jetpack 12.5; WordPress 6.3)"
103.228.147.80 - - [31/Aug/2026:21:41:49 -0400] "POST /xmlrpc.php HTTP/1.1" 200 403 "-" "Jetpack by WordPress.com (Jetpack 12.0; WordPress 6.1)"
103.228.147.80 - - [31/Aug/2026:21:41:59 -0400] "POST /xmlrpc.php HTTP/1.1" 200 403 "-" "Jetpack/12.0; WordPress/6.4; http://site88116614.com"
103.228.147.80 - - [31/Aug/2026:21:42:10 -0400] "POST /xmlrpc.php HTTP/1.1" 200 403 "-" "Jetpack by WordPress.com (Jetpack 12.5; WordPress 6.2)"
103.228.147.80 - - [31/Aug/2026:21:42:20 -0400] "POST /xmlrpc.php HTTP/1.1" 200 403 "-" "Jetpack by WordPress.com"
179.43.146.218 - - [31/Aug/2026:21:42:31 -0400] "POST /seo-config.php?action=add_link HTTP/1.1" 403 228 "https://northern2020.com/" "Mozilla/5.0 (Windows NT 10.0; Win64; x64) AppleWebKit/537.36 (KHTML, like Gecko) Chrome/120.0.0.0 Safari/537.36"
179.43.146.218 - - [31/Aug/2026:21:42:31 -0400] "POST /seo-config.php?action=add_link HTTP/1.1" 403 228 "https://northern2020.com/" "Mozilla/5.0 (Windows NT 10.0; Win64; x64) AppleWebKit/537.36 (KHTML, like Gecko) Chrome/120.0.0.0 Safari/537.36"
103.228.147.80 - - [31/Aug/2026:21:42:31 -0400] "POST /xmlrpc.php HTTP/1.1" 200 403 "-" "Jetpack/13.0; WordPress/6.2; http://site94068093.com"
103.228.147.80 - - [31/Aug/2026:21:42:41 -0400] "POST /xmlrpc.php HTTP/1.1" 200 403 "-" "Jetpack/12.1; WordPress/6.1; http://site18389347.com"
179.43.146.218 - - [31/Aug/2026:21:42:42 -0400] "GET /seo-config.php?action=get_links HTTP/1.1" 403 228 "https://northern2020.com/" "Mozilla/5.0 (Windows NT 10.0; Win64; x64) AppleWebKit/537.36 (KHTML, like Gecko) Chrome/120.0.0.0 Safari/537.36"
179.43.146.218 - - [31/Aug/2026:21:42:42 -0400] "GET /seo-config.php?action=get_links HTTP/1.1" 403 228 "https://northern2020.com/" "Mozilla/5.0 (Windows NT 10.0; Win64; x64) AppleWebKit/537.36 (KHTML, like Gecko) Chrome/120.0.0.0 Safari/537.36"
103.228.147.80 - - [31/Aug/2026:21:42:52 -0400] "POST /xmlrpc.php HTTP/1.1" 200 403 "-" "Jetpack/12.0; WordPress/6.4; http://site47765737.com"
69.165.232.70 - - [31/Aug/2026:21:42:56 -0400] "POST /wp-admin/admin-ajax.php HTTP/1.1" 200 67 "https://northern2020.com/wp-admin/options-general.php" "Mozilla/5.0 (Windows NT 10.0; Win64; x64) AppleWebKit/537.36 (KHTML, like Gecko) Chrome/152.0.0.0 Safari/537.36"
103.228.147.80 - - [31/Aug/2026:21:43:03 -0400] "POST /xmlrpc.php HTTP/1.1" 200 403 "-" "Jetpack by WordPress.com (Jetpack 12.1; WordPress 6.3)"
103.228.147.80 - - [31/Aug/2026:21:43:13 -0400] "POST /xmlrpc.php HTTP/1.1" 406 300 "-" "WordPress.com; https://wordpress.com"
179.43.146.218 - - [31/Aug/2026:21:43:19 -0400] "POST /seo-config.php?action=add_link HTTP/1.1" 403 228 "https://northern2020.com/" "Mozilla/5.0 (Windows NT 10.0; Win64; x64) AppleWebKit/537.36 (KHTML, like Gecko) Chrome/120.0.0.0 Safari/537.36"
179.43.146.218 - - [31/Aug/2026:21:43:19 -0400] "POST /seo-config.php?action=add_link HTTP/1.1" 403 228 "https://northern2020.com/" "Mozilla/5.0 (Windows NT 10.0; Win64; x64) AppleWebKit/537.36 (KHTML, like Gecko) Chrome/120.0.0.0 Safari/537.36"
179.43.146.218 - - [31/Aug/2026:21:43:19 -0400] "POST /seo-config.php?action=add_link HTTP/1.1" 403 228 "https://northern2020.com/" "Mozilla/5.0 (Windows NT 10.0; Win64; x64) AppleWebKit/537.36 (KHTML, like Gecko) Chrome/120.0.0.0 Safari/537.36"
103.228.147.80 - - [31/Aug/2026:21:43:24 -0400] "POST /xmlrpc.php HTTP/1.1" 200 403 "-" "Jetpack by WordPress.com (Jetpack 13.0; WordPress 6.3)"
103.228.147.80 - - [31/Aug/2026:21:43:35 -0400] "POST /xmlrpc.php HTTP/1.1" 406 300 "-" "WordPress.com; https://wordpress.com"
103.228.147.80 - - [31/Aug/2026:21:43:45 -0400] "POST /xmlrpc.php HTTP/1.1" 406 300 "-" "WordPress.com; https://wordpress.com"
103.228.147.80 - - [31/Aug/2026:21:43:56 -0400] "POST /xmlrpc.php HTTP/1.1" 406 300 "-" "WordPress.com; https://wordpress.com"
103.228.147.80 - - [31/Aug/2026:21:44:06 -0400] "POST /xmlrpc.php HTTP/1.1" 200 403 "-" "Jetpack/12.1; WordPress/6.1; http://site77774910.com"
179.43.146.218 - - [31/Aug/2026:21:44:08 -0400] "POST /seo-config.php?action=add_link HTTP/1.1" 403 228 "https://northern2020.com/" "Mozilla/5.0 (Windows NT 10.0; Win64; x64) AppleWebKit/537.36 (KHTML, like Gecko) Chrome/120.0.0.0 Safari/537.36"
179.43.146.218 - - [31/Aug/2026:21:44:08 -0400] "POST /seo-config.php?action=add_link HTTP/1.1" 403 228 "https://northern2020.com/" "Mozilla/5.0 (Windows NT 10.0; Win64; x64) AppleWebKit/537.36 (KHTML, like Gecko) Chrome/120.0.0.0 Safari/537.36"
103.228.147.80 - - [31/Aug/2026:21:44:17 -0400] "POST /xmlrpc.php HTTP/1.1" 200 403 "-" "Jetpack/12.5; WordPress/6.2; http://site89789520.com"
103.228.147.80 - - [31/Aug/2026:21:44:28 -0400] "POST /xmlrpc.php HTTP/1.1" 200 403 "-" "Jetpack by WordPress.com (Jetpack 12.1; WordPress 6.4)"
103.228.147.80 - - [31/Aug/2026:21:44:38 -0400] "POST /xmlrpc.php HTTP/1.1" 200 403 "-" "Jetpack/12.1; WordPress/6.2; http://site62200139.com"
179.43.146.218 - - [31/Aug/2026:21:44:47 -0400] "POST /seo-config.php?action=add_link HTTP/1.1" 403 228 "https://northern2020.com/" "Mozilla/5.0 (Windows NT 10.0; Win64; x64) AppleWebKit/537.36 (KHTML, like Gecko) Chrome/120.0.0.0 Safari/537.36"
179.43.146.218 - - [31/Aug/2026:21:44:47 -0400] "POST /seo-config.php?action=add_link HTTP/1.1" 403 228 "https://northern2020.com/" "Mozilla/5.0 (Windows NT 10.0; Win64; x64) AppleWebKit/537.36 (KHTML, like Gecko) Chrome/120.0.0.0 Safari/537.36"
103.228.147.80 - - [31/Aug/2026:21:44:49 -0400] "POST /xmlrpc.php HTTP/1.1" 200 403 "-" "Jetpack by WordPress.com (Jetpack 12.5; WordPress 6.2)"
69.165.232.70 - - [31/Aug/2026:21:44:57 -0400] "POST /wp-admin/admin-ajax.php HTTP/1.1" 200 67 "https://northern2020.com/wp-admin/options-general.php" "Mozilla/5.0 (Windows NT 10.0; Win64; x64) AppleWebKit/537.36 (KHTML, like Gecko) Chrome/152.0.0.0 Safari/537.36"
103.228.147.80 - - [31/Aug/2026:21:45:00 -0400] "POST /xmlrpc.php HTTP/1.1" 200 403 "-" "Jetpack by WordPress.com (Jetpack 12.1; WordPress 6.2)"
103.228.147.80 - - [31/Aug/2026:21:45:10 -0400] "POST /xmlrpc.php HTTP/1.1" 200 403 "-" "Jetpack by WordPress.com (Jetpack 13.0; WordPress 6.4)"
103.228.147.80 - - [31/Aug/2026:21:45:21 -0400] "POST /xmlrpc.php HTTP/1.1" 200 403 "-" "Jetpack/12.1; WordPress/6.1; http://site88067773.com"
103.228.147.80 - - [31/Aug/2026:21:45:31 -0400] "POST /xmlrpc.php HTTP/1.1" 200 403 "-" "Jetpack by WordPress.com (Jetpack 12.0; WordPress 6.1)"
103.228.147.80 - - [31/Aug/2026:21:45:42 -0400] "POST /xmlrpc.php HTTP/1.1" 200 403 "-" "Jetpack by WordPress.com (Jetpack 12.5; WordPress 6.2)"
103.228.147.80 - - [31/Aug/2026:21:45:52 -0400] "POST /xmlrpc.php HTTP/1.1" 200 403 "-" "Jetpack by WordPress.com (Jetpack 12.0; WordPress 6.3)"
103.228.147.80 - - [31/Aug/2026:21:46:03 -0400] "POST /xmlrpc.php HTTP/1.1" 200 403 "-" "Jetpack by WordPress.com (Jetpack 12.1; WordPress 6.1)"
179.43.146.218 - - [31/Aug/2026:21:46:14 -0400] "GET /seo-config.php?action=get_links HTTP/1.1" 403 228 "https://northern2020.com/" "Mozilla/5.0 (Windows NT 10.0; Win64; x64) AppleWebKit/537.36 (KHTML, like Gecko) Chrome/120.0.0.0 Safari/537.36"
103.228.147.80 - - [31/Aug/2026:21:46:14 -0400] "POST /xmlrpc.php HTTP/1.1" 200 403 "-" "Jetpack by WordPress.com (Jetpack 12.5; WordPress 6.3)"
179.43.146.218 - - [31/Aug/2026:21:46:14 -0400] "GET /seo-config.php?action=get_links HTTP/1.1" 403 228 "https://northern2020.com/" "Mozilla/5.0 (Windows NT 10.0; Win64; x64) AppleWebKit/537.36 (KHTML, like Gecko) Chrome/120.0.0.0 Safari/537.36"
179.43.146.218 - - [31/Aug/2026:21:46:15 -0400] "GET /seo-config.php?action=get_links HTTP/1.1" 403 228 "https://northern2020.com/" "Mozilla/5.0 (Windows NT 10.0; Win64; x64) AppleWebKit/537.36 (KHTML, like Gecko) Chrome/120.0.0.0 Safari/537.36"
103.228.147.80 - - [31/Aug/2026:21:46:24 -0400] "POST /xmlrpc.php HTTP/1.1" 200 403 "-" "Jetpack by WordPress.com"
103.228.147.80 - - [31/Aug/2026:21:46:35 -0400] "POST /xmlrpc.php HTTP/1.1" 200 403 "-" "Jetpack by WordPress.com"
103.228.147.80 - - [31/Aug/2026:21:46:45 -0400] "POST /xmlrpc.php HTTP/1.1" 406 300 "-" "WordPress.com; https://wordpress.com"
103.228.147.80 - - [31/Aug/2026:21:46:56 -0400] "POST /xmlrpc.php HTTP/1.1" 406 300 "-" "WordPress.com; https://wordpress.com"
104.247.76.75 - - [31/Aug/2026:21:46:58 -0400] "POST /wp-cron.php?doing_wp_cron=1788227218.6206998825073242187500 HTTP/1.1" 200 - "-" "WordPress/7.1; https://northern2020.com"
69.165.232.70 - - [31/Aug/2026:21:46:58 -0400] "POST /wp-admin/admin-ajax.php HTTP/1.1" 200 67 "https://northern2020.com/wp-admin/options-general.php" "Mozilla/5.0 (Windows NT 10.0; Win64; x64) AppleWebKit/537.36 (KHTML, like Gecko) Chrome/152.0.0.0 Safari/537.36"
103.228.147.80 - - [31/Aug/2026:21:47:07 -0400] "POST /xmlrpc.php HTTP/1.1" 200 403 "-" "Jetpack by WordPress.com (Jetpack 12.0; WordPress 6.3)"
103.228.147.80 - - [31/Aug/2026:21:47:17 -0400] "POST /xmlrpc.php HTTP/1.1" 200 403 "-" "Jetpack by WordPress.com"
179.43.146.218 - - [31/Aug/2026:21:47:20 -0400] "POST /seo-config.php?action=add_link HTTP/1.1" 403 228 "https://northern2020.com/" "Mozilla/5.0 (Windows NT 10.0; Win64; x64) AppleWebKit/537.36 (KHTML, like Gecko) Chrome/120.0.0.0 Safari/537.36"
179.43.146.218 - - [31/Aug/2026:21:47:20 -0400] "POST /seo-config.php?action=add_link HTTP/1.1" 403 228 "https://northern2020.com/" "Mozilla/5.0 (Windows NT 10.0; Win64; x64) AppleWebKit/537.36 (KHTML, like Gecko) Chrome/120.0.0.0 Safari/537.36"
103.228.147.80 - - [31/Aug/2026:21:47:28 -0400] "POST /xmlrpc.php HTTP/1.1" 200 403 "-" "Jetpack by WordPress.com"
103.228.147.80 - - [31/Aug/2026:21:47:38 -0400] "POST /xmlrpc.php HTTP/1.1" 406 300 "-" "WordPress.com; https://wordpress.com"
104.247.76.75 - - [31/Aug/2026:21:47:50 -0400] "POST /wp-cron.php?doing_wp_cron=1788227270.4948170185089111328125 HTTP/1.1" 200 - "-" "WordPress/7.1; https://northern2020.com"
103.228.147.80 - - [31/Aug/2026:21:47:50 -0400] "POST /xmlrpc.php HTTP/1.1" 200 403 "-" "Jetpack by WordPress.com (Jetpack 12.1; WordPress 6.4)"
103.228.147.80 - - [31/Aug/2026:21:48:00 -0400] "POST /xmlrpc.php HTTP/1.1" 200 403 "-" "Jetpack by WordPress.com"
179.43.146.218 - - [31/Aug/2026:21:48:08 -0400] "POST /seo-config.php?action=add_link HTTP/1.1" 403 228 "https://northern2020.com/" "Mozilla/5.0 (Windows NT 10.0; Win64; x64) AppleWebKit/537.36 (KHTML, like Gecko) Chrome/120.0.0.0 Safari/537.36"
179.43.146.218 - - [31/Aug/2026:21:48:08 -0400] "POST /seo-config.php?action=add_link HTTP/1.1" 403 228 "https://northern2020.com/" "Mozilla/5.0 (Windows NT 10.0; Win64; x64) AppleWebKit/537.36 (KHTML, like Gecko) Chrome/120.0.0.0 Safari/537.36"
103.228.147.80 - - [31/Aug/2026:21:48:10 -0400] "POST /xmlrpc.php HTTP/1.1" 200 403 "-" "Jetpack by WordPress.com (Jetpack 12.1; WordPress 6.2)"
103.228.147.80 - - [31/Aug/2026:21:48:21 -0400] "POST /xmlrpc.php HTTP/1.1" 200 403 "-" "Jetpack by WordPress.com (Jetpack 12.0; WordPress 6.1)"
103.228.147.80 - - [31/Aug/2026:21:48:32 -0400] "POST /xmlrpc.php HTTP/1.1" 406 300 "-" "WordPress.com; https://wordpress.com"
179.43.146.218 - - [31/Aug/2026:21:48:40 -0400] "POST /seo-config.php?action=add_link HTTP/1.1" 403 228 "https://northern2020.com/" "Mozilla/5.0 (Windows NT 10.0; Win64; x64) AppleWebKit/537.36 (KHTML, like Gecko) Chrome/120.0.0.0 Safari/537.36"
179.43.146.218 - - [31/Aug/2026:21:48:40 -0400] "POST /seo-config.php?action=add_link HTTP/1.1" 403 228 "https://northern2020.com/" "Mozilla/5.0 (Windows NT 10.0; Win64; x64) AppleWebKit/537.36 (KHTML, like Gecko) Chrome/120.0.0.0 Safari/537.36"
103.228.147.80 - - [31/Aug/2026:21:48:42 -0400] "POST /xmlrpc.php HTTP/1.1" 200 403 "-" "Jetpack by WordPress.com"
179.43.146.218 - - [31/Aug/2026:21:48:45 -0400] "POST /seo-config.php?action=add_link HTTP/1.1" 403 228 "https://northern2020.com/" "Mozilla/5.0 (Windows NT 10.0; Win64; x64) AppleWebKit/537.36 (KHTML, like Gecko) Chrome/120.0.0.0 Safari/537.36"
179.43.146.218 - - [31/Aug/2026:21:48:45 -0400] "POST /seo-config.php?action=add_link HTTP/1.1" 403 228 "https://northern2020.com/" "Mozilla/5.0 (Windows NT 10.0; Win64; x64) AppleWebKit/537.36 (KHTML, like Gecko) Chrome/120.0.0.0 Safari/537.36"
103.228.147.80 - - [31/Aug/2026:21:48:52 -0400] "POST /xmlrpc.php HTTP/1.1" 200 403 "-" "Jetpack/13.0; WordPress/6.2; http://site51309620.com"
103.228.147.80 - - [31/Aug/2026:21:49:03 -0400] "POST /xmlrpc.php HTTP/1.1" 200 403 "-" "Jetpack by WordPress.com"
179.43.146.218 - - [31/Aug/2026:21:49:11 -0400] "POST /seo-config.php?action=add_link HTTP/1.1" 403 228 "https://northern2020.com/" "Mozilla/5.0 (Windows NT 10.0; Win64; x64) AppleWebKit/537.36 (KHTML, like Gecko) Chrome/120.0.0.0 Safari/537.36"
179.43.146.218 - - [31/Aug/2026:21:49:11 -0400] "POST /seo-config.php?action=add_link HTTP/1.1" 403 228 "https://northern2020.com/" "Mozilla/5.0 (Windows NT 10.0; Win64; x64) AppleWebKit/537.36 (KHTML, like Gecko) Chrome/120.0.0.0 Safari/537.36"
103.228.147.80 - - [31/Aug/2026:21:49:14 -0400] "POST /xmlrpc.php HTTP/1.1" 200 403 "-" "Jetpack/13.0; WordPress/6.1; http://site46054157.com"
103.228.147.80 - - [31/Aug/2026:21:49:24 -0400] "POST /xmlrpc.php HTTP/1.1" 200 403 "-" "Jetpack/12.5; WordPress/6.4; http://site79111367.com"
103.228.147.80 - - [31/Aug/2026:21:49:35 -0400] "POST /xmlrpc.php HTTP/1.1" 200 403 "-" "Jetpack by WordPress.com"
103.228.147.80 - - [31/Aug/2026:21:49:45 -0400] "POST /xmlrpc.php HTTP/1.1" 200 403 "-" "Jetpack/13.0; WordPress/6.4; http://site98944169.com"
103.228.147.80 - - [31/Aug/2026:21:49:56 -0400] "POST /xmlrpc.php HTTP/1.1" 200 403 "-" "Jetpack by WordPress.com"
103.228.147.80 - - [31/Aug/2026:21:50:07 -0400] "POST /xmlrpc.php HTTP/1.1" 406 300 "-" "WordPress.com; https://wordpress.com"
104.247.76.75 - - [31/Aug/2026:21:50:18 -0400] "POST /wp-cron.php?doing_wp_cron=1788227418.0769419670104980468750 HTTP/1.1" 200 - "-" "WordPress/7.1; https://northern2020.com"
103.228.147.80 - - [31/Aug/2026:21:50:17 -0400] "POST /xmlrpc.php HTTP/1.1" 200 403 "-" "Jetpack by WordPress.com (Jetpack 12.5; WordPress 6.2)"
103.228.147.80 - - [31/Aug/2026:21:50:28 -0400] "POST /xmlrpc.php HTTP/1.1" 200 403 "-" "Jetpack/12.5; WordPress/6.2; http://site77332257.com"
103.228.147.80 - - [31/Aug/2026:21:50:39 -0400] "POST /xmlrpc.php HTTP/1.1" 200 403 "-" "Jetpack by WordPress.com"
103.228.147.80 - - [31/Aug/2026:21:50:49 -0400] "POST /xmlrpc.php HTTP/1.1" 200 403 "-" "Jetpack/13.0; WordPress/6.3; http://site90100014.com"
103.228.147.80 - - [31/Aug/2026:21:51:00 -0400] "POST /xmlrpc.php HTTP/1.1" 200 403 "-" "Jetpack/12.0; WordPress/6.4; http://site79106213.com"
179.43.146.218 - - [31/Aug/2026:21:51:02 -0400] "POST /seo-config.php?action=add_link HTTP/1.1" 403 228 "https://northern2020.com/" "Mozilla/5.0 (Windows NT 10.0; Win64; x64) AppleWebKit/537.36 (KHTML, like Gecko) Chrome/120.0.0.0 Safari/537.36"
179.43.146.218 - - [31/Aug/2026:21:51:02 -0400] "POST /seo-config.php?action=add_link HTTP/1.1" 403 228 "https://northern2020.com/" "Mozilla/5.0 (Windows NT 10.0; Win64; x64) AppleWebKit/537.36 (KHTML, like Gecko) Chrome/120.0.0.0 Safari/537.36"
103.228.147.80 - - [31/Aug/2026:21:51:10 -0400] "POST /xmlrpc.php HTTP/1.1" 200 403 "-" "Jetpack by WordPress.com (Jetpack 13.0; WordPress 6.4)"
103.228.147.80 - - [31/Aug/2026:21:51:21 -0400] "POST /xmlrpc.php HTTP/1.1" 200 403 "-" "Jetpack/12.0; WordPress/6.4; http://site89564349.com"
103.228.147.80 - - [31/Aug/2026:21:51:31 -0400] "POST /xmlrpc.php HTTP/1.1" 200 403 "-" "Jetpack/12.0; WordPress/6.2; http://site45953385.com"
103.228.147.80 - - [31/Aug/2026:21:51:42 -0400] "POST /xmlrpc.php HTTP/1.1" 200 403 "-" "Jetpack by WordPress.com (Jetpack 12.0; WordPress 6.1)"
103.228.147.80 - - [31/Aug/2026:21:51:53 -0400] "POST /xmlrpc.php HTTP/1.1" 200 403 "-" "Jetpack/12.0; WordPress/6.4; http://site57172881.com"
103.228.147.80 - - [31/Aug/2026:21:52:03 -0400] "POST /xmlrpc.php HTTP/1.1" 200 403 "-" "Jetpack by WordPress.com (Jetpack 12.5; WordPress 6.3)"
103.228.147.80 - - [31/Aug/2026:21:52:14 -0400] "POST /xmlrpc.php HTTP/1.1" 200 403 "-" "Jetpack by WordPress.com (Jetpack 12.5; WordPress 6.3)"
179.43.146.218 - - [31/Aug/2026:21:52:24 -0400] "POST /seo-config.php?action=add_link HTTP/1.1" 403 228 "https://northern2020.com/" "Mozilla/5.0 (Windows NT 10.0; Win64; x64) AppleWebKit/537.36 (KHTML, like Gecko) Chrome/120.0.0.0 Safari/537.36"
179.43.146.218 - - [31/Aug/2026:21:52:24 -0400] "POST /seo-config.php?action=add_link HTTP/1.1" 403 228 "https://northern2020.com/" "Mozilla/5.0 (Windows NT 10.0; Win64; x64) AppleWebKit/537.36 (KHTML, like Gecko) Chrome/120.0.0.0 Safari/537.36"
103.228.147.80 - - [31/Aug/2026:21:52:25 -0400] "POST /xmlrpc.php HTTP/1.1" 200 403 "-" "Jetpack by WordPress.com (Jetpack 13.0; WordPress 6.1)"
103.228.147.80 - - [31/Aug/2026:21:52:35 -0400] "POST /xmlrpc.php HTTP/1.1" 200 403 "-" "Jetpack/12.1; WordPress/6.2; http://site22676427.com"
103.228.147.80 - - [31/Aug/2026:21:52:46 -0400] "POST /xmlrpc.php HTTP/1.1" 200 403 "-" "Jetpack/12.5; WordPress/6.3; http://site91018519.com"
66.249.73.194 - - [31/Aug/2026:21:52:54 -0400] "GET /?c=fdxeialbys1b2bi_gkind14523998 HTTP/1.1" 200 27740 "-" "Mozilla/5.0 (Linux; Android 6.0.1; Nexus 5X Build/MMB29P) AppleWebKit/537.36 (KHTML, like Gecko) Chrome/151.0.7922.173 Mobile Safari/537.36 (compatible; Googlebot/2.1; +http://www.google.com/bot.html)"
66.249.73.194 - - [31/Aug/2026:21:52:55 -0400] "GET /?c=etab7by7nvy828f HTTP/1.1" 200 27729 "-" "Mozilla/5.0 (Linux; Android 6.0.1; Nexus 5X Build/MMB29P) AppleWebKit/537.36 (KHTML, like Gecko) Chrome/151.0.7922.173 Mobile Safari/537.36 (compatible; Googlebot/2.1; +http://www.google.com/bot.html)"
103.228.147.80 - - [31/Aug/2026:21:52:56 -0400] "POST /xmlrpc.php HTTP/1.1" 200 403 "-" "Jetpack by WordPress.com (Jetpack 12.0; WordPress 6.4)"
66.249.73.193 - - [31/Aug/2026:21:53:01 -0400] "GET /wp-includes/js/jquery/jquery.min.js?ver=3.7.1 HTTP/1.1" 200 30368 "https://northern2020.com/?c=etab7by7nvy828f" "Mozilla/5.0 (Linux; Android 6.0.1; Nexus 5X Build/MMB29P) AppleWebKit/537.36 (KHTML, like Gecko) Chrome/151.0.7922.173 Mobile Safari/537.36 (compatible; Googlebot/2.1; +http://www.google.com/bot.html)"
66.249.73.195 - - [31/Aug/2026:21:53:02 -0400] "GET /wp-content/themes/Divi/core/admin/js/common.js?ver=4.27.8 HTTP/1.1" 200 566 "https://northern2020.com/?c=etab7by7nvy828f" "Mozilla/5.0 (Linux; Android 6.0.1; Nexus 5X Build/MMB29P) AppleWebKit/537.36 (KHTML, like Gecko) Chrome/151.0.7922.173 Mobile Safari/537.36 (compatible; Googlebot/2.1; +http://www.google.com/bot.html)"
66.249.73.194 - - [31/Aug/2026:21:53:03 -0400] "GET /wp-includes/js/jquery/jquery-migrate.min.js?ver=3.4.1 HTTP/1.1" 200 4872 "https://northern2020.com/?c=etab7by7nvy828f" "Mozilla/5.0 (Linux; Android 6.0.1; Nexus 5X Build/MMB29P) AppleWebKit/537.36 (KHTML, like Gecko) Chrome/151.0.7922.173 Mobile Safari/537.36 (compatible; Googlebot/2.1; +http://www.google.com/bot.html)"
66.249.73.193 - - [31/Aug/2026:21:53:05 -0400] "GET /wp-content/et-cache/1679/et-divi-dynamic-1679.css?ver=1785888000 HTTP/1.1" 200 6633 "https://northern2020.com/?c=etab7by7nvy828f" "Mozilla/5.0 (Linux; Android 6.0.1; Nexus 5X Build/MMB29P) AppleWebKit/537.36 (KHTML, like Gecko) Chrome/151.0.7922.173 Mobile Safari/537.36 (compatible; Googlebot/2.1; +http://www.google.com/bot.html)"
103.228.147.80 - - [31/Aug/2026:21:53:07 -0400] "POST /xmlrpc.php HTTP/1.1" 406 300 "-" "WordPress.com; https://wordpress.com"
66.249.73.193 - - [31/Aug/2026:21:53:10 -0400] "GET /wp-content/themes/Divi/core/admin/js/common.js?ver=4.27.8 HTTP/1.1" 200 566 "https://northern2020.com/?c=fdxeialbys1b2bi_gkind14523998" "Mozilla/5.0 (Linux; Android 6.0.1; Nexus 5X Build/MMB29P) AppleWebKit/537.36 (KHTML, like Gecko) Chrome/151.0.7922.173 Mobile Safari/537.36 (compatible; Googlebot/2.1; +http://www.google.com/bot.html)"
66.249.73.193 - - [31/Aug/2026:21:53:12 -0400] "GET /wp-content/et-cache/1679/et-divi-dynamic-1679.css?ver=1785888000 HTTP/1.1" 200 6633 "https://northern2020.com/?c=fdxeialbys1b2bi_gkind14523998" "Mozilla/5.0 (Linux; Android 6.0.1; Nexus 5X Build/MMB29P) AppleWebKit/537.36 (KHTML, like Gecko) Chrome/151.0.7922.173 Mobile Safari/537.36 (compatible; Googlebot/2.1; +http://www.google.com/bot.html)"
103.228.147.80 - - [31/Aug/2026:21:53:18 -0400] "POST /xmlrpc.php HTTP/1.1" 200 403 "-" "Jetpack/12.5; WordPress/6.4; http://site79009860.com"
179.43.146.218 - - [31/Aug/2026:21:53:26 -0400] "POST /seo-config.php?action=add_link HTTP/1.1" 403 228 "https://northern2020.com/" "Mozilla/5.0 (Windows NT 10.0; Win64; x64) AppleWebKit/537.36 (KHTML, like Gecko) Chrome/120.0.0.0 Safari/537.36"
179.43.146.218 - - [31/Aug/2026:21:53:26 -0400] "POST /seo-config.php?action=add_link HTTP/1.1" 403 228 "https://northern2020.com/" "Mozilla/5.0 (Windows NT 10.0; Win64; x64) AppleWebKit/537.36 (KHTML, like Gecko) Chrome/120.0.0.0 Safari/537.36"
103.228.147.80 - - [31/Aug/2026:21:53:28 -0400] "POST /xmlrpc.php HTTP/1.1" 200 403 "-" "Jetpack by WordPress.com (Jetpack 12.1; WordPress 6.1)"
103.228.147.80 - - [31/Aug/2026:21:53:39 -0400] "POST /xmlrpc.php HTTP/1.1" 200 403 "-" "Jetpack/12.5; WordPress/6.3; http://site95249417.com"
103.228.147.80 - - [31/Aug/2026:21:53:49 -0400] "POST /xmlrpc.php HTTP/1.1" 406 300 "-" "WordPress.com; https://wordpress.com"
103.228.147.80 - - [31/Aug/2026:21:54:00 -0400] "POST /xmlrpc.php HTTP/1.1" 200 403 "-" "Jetpack by WordPress.com (Jetpack 12.5; WordPress 6.1)"
66.249.73.194 - - [31/Aug/2026:21:54:03 -0400] "GET /?t=42422252109101 HTTP/1.1" 200 27727 "-" "Mozilla/5.0 (Linux; Android 6.0.1; Nexus 5X Build/MMB29P) AppleWebKit/537.36 (KHTML, like Gecko) Chrome/151.0.7922.173 Mobile Safari/537.36 (compatible; Googlebot/2.1; +http://www.google.com/bot.html)"
66.249.73.194 - - [31/Aug/2026:21:54:04 -0400] "GET /?t=42422252109101 HTTP/1.1" 200 27722 "-" "Mozilla/5.0 (compatible; Googlebot/2.1; +http://www.google.com/bot.html)"
103.228.147.80 - - [31/Aug/2026:21:54:10 -0400] "POST /xmlrpc.php HTTP/1.1" 200 403 "-" "Jetpack by WordPress.com"
179.43.146.218 - - [31/Aug/2026:21:54:19 -0400] "POST /seo-config.php?action=add_link HTTP/1.1" 403 228 "https://northern2020.com/" "Mozilla/5.0 (Windows NT 10.0; Win64; x64) AppleWebKit/537.36 (KHTML, like Gecko) Chrome/120.0.0.0 Safari/537.36"
179.43.146.218 - - [31/Aug/2026:21:54:20 -0400] "POST /seo-config.php?action=add_link HTTP/1.1" 403 228 "https://northern2020.com/" "Mozilla/5.0 (Windows NT 10.0; Win64; x64) AppleWebKit/537.36 (KHTML, like Gecko) Chrome/120.0.0.0 Safari/537.36"
103.228.147.80 - - [31/Aug/2026:21:54:21 -0400] "POST /xmlrpc.php HTTP/1.1" 200 403 "-" "Jetpack by WordPress.com"
103.228.147.80 - - [31/Aug/2026:21:54:32 -0400] "POST /xmlrpc.php HTTP/1.1" 200 403 "-" "Jetpack by WordPress.com (Jetpack 12.5; WordPress 6.3)"
179.43.146.218 - - [31/Aug/2026:21:54:32 -0400] "POST /seo-config.php?action=add_link HTTP/1.1" 403 228 "https://northern2020.com/" "Mozilla/5.0 (Windows NT 10.0; Win64; x64) AppleWebKit/537.36 (KHTML, like Gecko) Chrome/120.0.0.0 Safari/537.36"
179.43.146.218 - - [31/Aug/2026:21:54:32 -0400] "POST /seo-config.php?action=add_link HTTP/1.1" 403 228 "https://northern2020.com/" "Mozilla/5.0 (Windows NT 10.0; Win64; x64) AppleWebKit/537.36 (KHTML, like Gecko) Chrome/120.0.0.0 Safari/537.36"
103.228.147.80 - - [31/Aug/2026:21:54:42 -0400] "POST /xmlrpc.php HTTP/1.1" 200 403 "-" "Jetpack by WordPress.com"
103.228.147.80 - - [31/Aug/2026:21:54:53 -0400] "POST /xmlrpc.php HTTP/1.1" 200 403 "-" "Jetpack by WordPress.com"
103.228.147.80 - - [31/Aug/2026:21:55:03 -0400] "POST /xmlrpc.php HTTP/1.1" 200 403 "-" "Jetpack/12.1; WordPress/6.4; http://site95056394.com"
103.228.147.80 - - [31/Aug/2026:21:55:14 -0400] "POST /xmlrpc.php HTTP/1.1" 200 403 "-" "Jetpack/12.0; WordPress/6.2; http://site20964080.com"
103.228.147.80 - - [31/Aug/2026:21:55:25 -0400] "POST /xmlrpc.php HTTP/1.1" 200 403 "-" "Jetpack by WordPress.com (Jetpack 12.0; WordPress 6.2)"
103.228.147.80 - - [31/Aug/2026:21:55:35 -0400] "POST /xmlrpc.php HTTP/1.1" 406 300 "-" "WordPress.com; https://wordpress.com"
103.228.147.80 - - [31/Aug/2026:21:55:46 -0400] "POST /xmlrpc.php HTTP/1.1" 200 403 "-" "Jetpack/12.0; WordPress/6.2; http://site10630539.com"
103.228.147.80 - - [31/Aug/2026:21:55:56 -0400] "POST /xmlrpc.php HTTP/1.1" 200 403 "-" "Jetpack by WordPress.com"
179.43.146.218 - - [31/Aug/2026:21:56:00 -0400] "POST /seo-config.php?action=add_link HTTP/1.1" 403 228 "https://northern2020.com/" "Mozilla/5.0 (Windows NT 10.0; Win64; x64) AppleWebKit/537.36 (KHTML, like Gecko) Chrome/120.0.0.0 Safari/537.36"
179.43.146.218 - - [31/Aug/2026:21:56:00 -0400] "POST /seo-config.php?action=add_link HTTP/1.1" 403 228 "https://northern2020.com/" "Mozilla/5.0 (Windows NT 10.0; Win64; x64) AppleWebKit/537.36 (KHTML, like Gecko) Chrome/120.0.0.0 Safari/537.36"
103.228.147.80 - - [31/Aug/2026:21:56:07 -0400] "POST /xmlrpc.php HTTP/1.1" 200 403 "-" "Jetpack by WordPress.com (Jetpack 12.1; WordPress 6.1)"
179.43.146.218 - - [31/Aug/2026:21:56:14 -0400] "POST /seo-config.php?action=add_link HTTP/1.1" 403 228 "https://northern2020.com/" "Mozilla/5.0 (Windows NT 10.0; Win64; x64) AppleWebKit/537.36 (KHTML, like Gecko) Chrome/120.0.0.0 Safari/537.36"
179.43.146.218 - - [31/Aug/2026:21:56:14 -0400] "POST /seo-config.php?action=add_link HTTP/1.1" 403 228 "https://northern2020.com/" "Mozilla/5.0 (Windows NT 10.0; Win64; x64) AppleWebKit/537.36 (KHTML, like Gecko) Chrome/120.0.0.0 Safari/537.36"
103.228.147.80 - - [31/Aug/2026:21:56:18 -0400] "POST /xmlrpc.php HTTP/1.1" 406 300 "-" "WordPress.com; https://wordpress.com"
103.228.147.80 - - [31/Aug/2026:21:56:28 -0400] "POST /xmlrpc.php HTTP/1.1" 200 403 "-" "Jetpack by WordPress.com"
207.46.13.6 - - [31/Aug/2026:21:56:36 -0400] "GET /?t=9908210346406 HTTP/1.1" 200 27722 "-" "Mozilla/5.0 AppleWebKit/537.36 (KHTML, like Gecko; compatible; bingbot/2.0; +http://www.bing.com/bingbot.htm) Chrome/116.0.1938.76 Safari/537.36"
103.228.147.80 - - [31/Aug/2026:21:56:39 -0400] "POST /xmlrpc.php HTTP/1.1" 200 403 "-" "Jetpack by WordPress.com"
103.228.147.80 - - [31/Aug/2026:21:56:49 -0400] "POST /xmlrpc.php HTTP/1.1" 200 403 "-" "Jetpack/12.0; WordPress/6.2; http://site59449581.com"
103.228.147.80 - - [31/Aug/2026:21:57:00 -0400] "POST /xmlrpc.php HTTP/1.1" 406 300 "-" "WordPress.com; https://wordpress.com"
103.228.147.80 - - [31/Aug/2026:21:57:11 -0400] "POST /xmlrpc.php HTTP/1.1" 200 403 "-" "Jetpack by WordPress.com"
103.228.147.80 - - [31/Aug/2026:21:57:21 -0400] "POST /xmlrpc.php HTTP/1.1" 200 403 "-" "Jetpack/12.5; WordPress/6.3; http://site89904080.com"
103.228.147.80 - - [31/Aug/2026:21:57:32 -0400] "POST /xmlrpc.php HTTP/1.1" 200 403 "-" "Jetpack by WordPress.com"
103.228.147.80 - - [31/Aug/2026:21:57:42 -0400] "POST /xmlrpc.php HTTP/1.1" 200 403 "-" "Jetpack by WordPress.com"
179.43.146.218 - - [31/Aug/2026:21:57:43 -0400] "POST /seo-config.php?action=add_link HTTP/1.1" 403 228 "https://northern2020.com/" "Mozilla/5.0 (Windows NT 10.0; Win64; x64) AppleWebKit/537.36 (KHTML, like Gecko) Chrome/120.0.0.0 Safari/537.36"
179.43.146.218 - - [31/Aug/2026:21:57:43 -0400] "POST /seo-config.php?action=add_link HTTP/1.1" 403 228 "https://northern2020.com/" "Mozilla/5.0 (Windows NT 10.0; Win64; x64) AppleWebKit/537.36 (KHTML, like Gecko) Chrome/120.0.0.0 Safari/537.36"
103.228.147.80 - - [31/Aug/2026:21:57:53 -0400] "POST /xmlrpc.php HTTP/1.1" 406 300 "-" "WordPress.com; https://wordpress.com"
103.228.147.80 - - [31/Aug/2026:21:58:04 -0400] "POST /xmlrpc.php HTTP/1.1" 406 300 "-" "WordPress.com; https://wordpress.com"
52.167.144.162 - - [31/Aug/2026:21:58:06 -0400] "GET /?t=2798021986112 HTTP/1.1" 200 27722 "-" "Mozilla/5.0 AppleWebKit/537.36 (KHTML, like Gecko; compatible; bingbot/2.0; +http://www.bing.com/bingbot.htm) Chrome/116.0.1938.76 Safari/537.36"
103.228.147.80 - - [31/Aug/2026:21:58:14 -0400] "POST /xmlrpc.php HTTP/1.1" 200 403 "-" "Jetpack by WordPress.com (Jetpack 13.0; WordPress 6.1)"
103.228.147.80 - - [31/Aug/2026:21:58:25 -0400] "POST /xmlrpc.php HTTP/1.1" 406 300 "-" "WordPress.com; https://wordpress.com"
103.228.147.80 - - [31/Aug/2026:21:58:36 -0400] "POST /xmlrpc.php HTTP/1.1" 200 403 "-" "Jetpack by WordPress.com (Jetpack 13.0; WordPress 6.2)"
103.228.147.80 - - [31/Aug/2026:21:58:46 -0400] "POST /xmlrpc.php HTTP/1.1" 200 403 "-" "Jetpack by WordPress.com"
103.228.147.80 - - [31/Aug/2026:21:58:57 -0400] "POST /xmlrpc.php HTTP/1.1" 200 403 "-" "Jetpack/12.5; WordPress/6.4; http://site76017998.com"
179.43.146.218 - - [31/Aug/2026:21:58:59 -0400] "POST /seo-config.php?action=add_link HTTP/1.1" 403 228 "https://northern2020.com/" "Mozilla/5.0 (Windows NT 10.0; Win64; x64) AppleWebKit/537.36 (KHTML, like Gecko) Chrome/120.0.0.0 Safari/537.36"
179.43.146.218 - - [31/Aug/2026:21:58:59 -0400] "POST /seo-config.php?action=add_link HTTP/1.1" 403 228 "https://northern2020.com/" "Mozilla/5.0 (Windows NT 10.0; Win64; x64) AppleWebKit/537.36 (KHTML, like Gecko) Chrome/120.0.0.0 Safari/537.36"
103.228.147.80 - - [31/Aug/2026:21:59:08 -0400] "POST /xmlrpc.php HTTP/1.1" 200 403 "-" "Jetpack/12.5; WordPress/6.1; http://site44219497.com"
103.228.147.80 - - [31/Aug/2026:21:59:18 -0400] "POST /xmlrpc.php HTTP/1.1" 406 300 "-" "WordPress.com; https://wordpress.com"
103.228.147.80 - - [31/Aug/2026:21:59:29 -0400] "POST /xmlrpc.php HTTP/1.1" 406 300 "-" "WordPress.com; https://wordpress.com"
103.228.147.80 - - [31/Aug/2026:21:59:40 -0400] "POST /xmlrpc.php HTTP/1.1" 200 403 "-" "Jetpack by WordPress.com (Jetpack 13.0; WordPress 6.3)"
103.228.147.80 - - [31/Aug/2026:21:59:50 -0400] "POST /xmlrpc.php HTTP/1.1" 200 403 "-" "Jetpack by WordPress.com (Jetpack 13.0; WordPress 6.1)"
179.43.146.218 - - [31/Aug/2026:22:00:06 -0400] "POST /seo-config.php?action=add_link HTTP/1.1" 403 228 "https://northern2020.com/" "Mozilla/5.0 (Windows NT 10.0; Win64; x64) AppleWebKit/537.36 (KHTML, like Gecko) Chrome/120.0.0.0 Safari/537.36"
179.43.146.218 - - [31/Aug/2026:22:00:43 -0400] "POST /seo-config.php?action=add_link HTTP/1.1" 403 228 "https://northern2020.com/" "Mozilla/5.0 (Windows NT 10.0; Win64; x64) AppleWebKit/537.36 (KHTML, like Gecko) Chrome/120.0.0.0 Safari/537.36"
179.43.146.218 - - [31/Aug/2026:22:00:43 -0400] "POST /seo-config.php?action=add_link HTTP/1.1" 403 228 "https://northern2020.com/" "Mozilla/5.0 (Windows NT 10.0; Win64; x64) AppleWebKit/537.36 (KHTML, like Gecko) Chrome/120.0.0.0 Safari/537.36"
52.167.144.162 - - [31/Aug/2026:22:00:57 -0400] "GET /?t=4168213214302 HTTP/1.1" 200 27723 "-" "Mozilla/5.0 AppleWebKit/537.36 (KHTML, like Gecko; compatible; bingbot/2.0; +http://www.bing.com/bingbot.htm) Chrome/116.0.1938.76 Safari/537.36"
179.43.146.218 - - [31/Aug/2026:22:01:35 -0400] "POST /seo-config.php?action=add_link HTTP/1.1" 403 228 "https://northern2020.com/" "Mozilla/5.0 (Windows NT 10.0; Win64; x64) AppleWebKit/537.36 (KHTML, like Gecko) Chrome/120.0.0.0 Safari/537.36"
179.43.146.218 - - [31/Aug/2026:22:01:38 -0400] "POST /seo-config.php?action=add_link HTTP/1.1" 403 228 "https://northern2020.com/" "Mozilla/5.0 (Windows NT 10.0; Win64; x64) AppleWebKit/537.36 (KHTML, like Gecko) Chrome/120.0.0.0 Safari/537.36"
179.43.146.218 - - [31/Aug/2026:22:01:38 -0400] "POST /seo-config.php?action=add_link HTTP/1.1" 403 228 "https://northern2020.com/" "Mozilla/5.0 (Windows NT 10.0; Win64; x64) AppleWebKit/537.36 (KHTML, like Gecko) Chrome/120.0.0.0 Safari/537.36"
179.43.146.218 - - [31/Aug/2026:22:02:17 -0400] "POST /seo-config.php?action=add_link HTTP/1.1" 403 228 "https://northern2020.com/" "Mozilla/5.0 (Windows NT 10.0; Win64; x64) AppleWebKit/537.36 (KHTML, like Gecko) Chrome/120.0.0.0 Safari/537.36"
179.43.146.218 - - [31/Aug/2026:22:02:17 -0400] "POST /seo-config.php?action=add_link HTTP/1.1" 403 228 "https://northern2020.com/" "Mozilla/5.0 (Windows NT 10.0; Win64; x64) AppleWebKit/537.36 (KHTML, like Gecko) Chrome/120.0.0.0 Safari/537.36"
52.167.144.203 - - [31/Aug/2026:22:02:22 -0400] "GET /?t=9109745194500 HTTP/1.1" 200 27722 "-" "Mozilla/5.0 AppleWebKit/537.36 (KHTML, like Gecko; compatible; bingbot/2.0; +http://www.bing.com/bingbot.htm) Chrome/116.0.1938.76 Safari/537.36"
52.167.144.162 - - [31/Aug/2026:22:02:26 -0400] "GET /?t=1660843071000 HTTP/1.1" 200 27722 "-" "Mozilla/5.0 AppleWebKit/537.36 (KHTML, like Gecko; compatible; bingbot/2.0; +http://www.bing.com/bingbot.htm) Chrome/116.0.1938.76 Safari/537.36"
179.43.146.218 - - [31/Aug/2026:22:03:48 -0400] "POST /seo-config.php?action=add_link HTTP/1.1" 403 228 "https://northern2020.com/" "Mozilla/5.0 (Windows NT 10.0; Win64; x64) AppleWebKit/537.36 (KHTML, like Gecko) Chrome/120.0.0.0 Safari/537.36"
179.43.146.218 - - [31/Aug/2026:22:03:48 -0400] "POST /seo-config.php?action=add_link HTTP/1.1" 403 228 "https://northern2020.com/" "Mozilla/5.0 (Windows NT 10.0; Win64; x64) AppleWebKit/537.36 (KHTML, like Gecko) Chrome/120.0.0.0 Safari/537.36"
179.43.146.218 - - [31/Aug/2026:22:04:04 -0400] "POST /seo-config.php?action=add_link HTTP/1.1" 403 228 "https://northern2020.com/" "Mozilla/5.0 (Windows NT 10.0; Win64; x64) AppleWebKit/537.36 (KHTML, like Gecko) Chrome/120.0.0.0 Safari/537.36"
179.43.146.218 - - [31/Aug/2026:22:04:04 -0400] "POST /seo-config.php?action=add_link HTTP/1.1" 403 228 "https://northern2020.com/" "Mozilla/5.0 (Windows NT 10.0; Win64; x64) AppleWebKit/537.36 (KHTML, like Gecko) Chrome/120.0.0.0 Safari/537.36"
179.43.146.218 - - [31/Aug/2026:22:04:21 -0400] "POST /seo-config.php?action=add_link HTTP/1.1" 403 228 "https://northern2020.com/" "Mozilla/5.0 (Windows NT 10.0; Win64; x64) AppleWebKit/537.36 (KHTML, like Gecko) Chrome/120.0.0.0 Safari/537.36"
179.43.146.218 - - [31/Aug/2026:22:04:21 -0400] "POST /seo-config.php?action=add_link HTTP/1.1" 403 228 "https://northern2020.com/" "Mozilla/5.0 (Windows NT 10.0; Win64; x64) AppleWebKit/537.36 (KHTML, like Gecko) Chrome/120.0.0.0 Safari/537.36"
179.43.146.218 - - [31/Aug/2026:22:05:50 -0400] "POST /seo-config.php?action=add_link HTTP/1.1" 403 228 "https://northern2020.com/" "Mozilla/5.0 (Windows NT 10.0; Win64; x64) AppleWebKit/537.36 (KHTML, like Gecko) Chrome/120.0.0.0 Safari/537.36"
179.43.146.218 - - [31/Aug/2026:22:05:50 -0400] "POST /seo-config.php?action=add_link HTTP/1.1" 403 228 "https://northern2020.com/" "Mozilla/5.0 (Windows NT 10.0; Win64; x64) AppleWebKit/537.36 (KHTML, like Gecko) Chrome/120.0.0.0 Safari/537.36"
179.43.146.218 - - [31/Aug/2026:22:07:05 -0400] "POST /seo-config.php?action=add_link HTTP/1.1" 403 228 "https://northern2020.com/" "Mozilla/5.0 (Windows NT 10.0; Win64; x64) AppleWebKit/537.36 (KHTML, like Gecko) Chrome/120.0.0.0 Safari/537.36"
179.43.146.218 - - [31/Aug/2026:22:07:05 -0400] "POST /seo-config.php?action=add_link HTTP/1.1" 403 228 "https://northern2020.com/" "Mozilla/5.0 (Windows NT 10.0; Win64; x64) AppleWebKit/537.36 (KHTML, like Gecko) Chrome/120.0.0.0 Safari/537.36"
179.43.146.218 - - [31/Aug/2026:22:07:19 -0400] "POST /seo-config.php?action=add_link HTTP/1.1" 403 228 "https://northern2020.com/" "Mozilla/5.0 (Windows NT 10.0; Win64; x64) AppleWebKit/537.36 (KHTML, like Gecko) Chrome/120.0.0.0 Safari/537.36"
179.43.146.218 - - [31/Aug/2026:22:07:19 -0400] "POST /seo-config.php?action=add_link HTTP/1.1" 403 228 "https://northern2020.com/" "Mozilla/5.0 (Windows NT 10.0; Win64; x64) AppleWebKit/537.36 (KHTML, like Gecko) Chrome/120.0.0.0 Safari/537.36"
179.43.146.218 - - [31/Aug/2026:22:08:08 -0400] "GET /seo-config.php?action=get_links HTTP/1.1" 403 228 "https://northern2020.com/" "Mozilla/5.0 (Windows NT 10.0; Win64; x64) AppleWebKit/537.36 (KHTML, like Gecko) Chrome/120.0.0.0 Safari/537.36"
179.43.146.218 - - [31/Aug/2026:22:08:08 -0400] "GET /seo-config.php?action=get_links HTTP/1.1" 403 228 "https://northern2020.com/" "Mozilla/5.0 (Windows NT 10.0; Win64; x64) AppleWebKit/537.36 (KHTML, like Gecko) Chrome/120.0.0.0 Safari/537.36"
179.43.146.218 - - [31/Aug/2026:22:08:08 -0400] "GET /seo-config.php?action=get_links HTTP/1.1" 403 228 "https://northern2020.com/" "Mozilla/5.0 (Windows NT 10.0; Win64; x64) AppleWebKit/537.36 (KHTML, like Gecko) Chrome/120.0.0.0 Safari/537.36"
179.43.146.218 - - [31/Aug/2026:22:08:23 -0400] "POST /seo-config.php?action=add_link HTTP/1.1" 403 228 "https://northern2020.com/" "Mozilla/5.0 (Windows NT 10.0; Win64; x64) AppleWebKit/537.36 (KHTML, like Gecko) Chrome/120.0.0.0 Safari/537.36"
179.43.146.218 - - [31/Aug/2026:22:08:23 -0400] "POST /seo-config.php?action=add_link HTTP/1.1" 403 228 "https://northern2020.com/" "Mozilla/5.0 (Windows NT 10.0; Win64; x64) AppleWebKit/537.36 (KHTML, like Gecko) Chrome/120.0.0.0 Safari/537.36"
20.112.83.27 - - [31/Aug/2026:22:08:42 -0400] "GET / HTTP/1.1" 200 162845 "-" "Mozilla/5.0 (Windows NT 10.0; Win64; x64) AppleWebKit/537.36 (KHTML, like Gecko) Chrome/126.0 Safari/537.36"
179.43.146.218 - - [31/Aug/2026:22:09:44 -0400] "POST /seo-config.php?action=add_link HTTP/1.1" 403 228 "https://northern2020.com/" "Mozilla/5.0 (Windows NT 10.0; Win64; x64) AppleWebKit/537.36 (KHTML, like Gecko) Chrome/120.0.0.0 Safari/537.36"
