179.43.146.218 - - [31/Aug/2026:11:30:17 -0400] "GET /seo-config.php?action=get_links HTTP/1.1" 404 16 "https://northern2020.com/" "Mozilla/5.0 (Windows NT 10.0; Win64; x64) AppleWebKit/537.36 (KHTML, like Gecko) Chrome/120.0.0.0 Safari/537.36"
179.43.146.218 - - [31/Aug/2026:11:34:21 -0400] "POST /seo-config.php?action=add_link HTTP/1.1" 404 16 "https://northern2020.com/" "Mozilla/5.0 (Windows NT 10.0; Win64; x64) AppleWebKit/537.36 (KHTML, like Gecko) Chrome/120.0.0.0 Safari/537.36"
179.43.146.218 - - [31/Aug/2026:11:35:33 -0400] "GET /seo-config.php?action=get_links HTTP/1.1" 404 16 "https://northern2020.com/" "Mozilla/5.0 (Windows NT 10.0; Win64; x64) AppleWebKit/537.36 (KHTML, like Gecko) Chrome/120.0.0.0 Safari/537.36"
179.43.146.218 - - [31/Aug/2026:11:35:33 -0400] "GET /seo-config.php?action=get_links HTTP/1.1" 404 16 "https://northern2020.com/" "Mozilla/5.0 (Windows NT 10.0; Win64; x64) AppleWebKit/537.36 (KHTML, like Gecko) Chrome/120.0.0.0 Safari/537.36"
179.43.146.218 - - [31/Aug/2026:11:35:33 -0400] "GET /seo-config.php?action=get_links HTTP/1.1" 404 16 "https://northern2020.com/" "Mozilla/5.0 (Windows NT 10.0; Win64; x64) AppleWebKit/537.36 (KHTML, like Gecko) Chrome/120.0.0.0 Safari/537.36"
188.166.64.140 - - [31/Aug/2026:11:38:11 -0400] "GET / HTTP/1.1" 200 12507 "-" "Mozilla/5.0 (compatible; ForestEngine/1.0; +https://forestengine.net/)"
179.43.146.218 - - [31/Aug/2026:11:39:24 -0400] "POST /seo-config.php?action=add_link HTTP/1.1" 404 16 "https://northern2020.com/" "Mozilla/5.0 (Windows NT 10.0; Win64; x64) AppleWebKit/537.36 (KHTML, like Gecko) Chrome/120.0.0.0 Safari/537.36"
179.43.146.218 - - [31/Aug/2026:11:42:30 -0400] "POST /seo-config.php?action=add_link HTTP/1.1" 404 16 "https://northern2020.com/" "Mozilla/5.0 (Windows NT 10.0; Win64; x64) AppleWebKit/537.36 (KHTML, like Gecko) Chrome/120.0.0.0 Safari/537.36"
23.243.236.161 - - [31/Aug/2026:11:43:00 -0400] "GET /robots.txt HTTP/1.1" 404 236 "https://www.google.com/" "Mozilla/5.0 (Windows NT 10.0; Win64; x64) AppleWebKit/537.36 (KHTML, like Gecko) Chrome/151.0.0.0 Safari/537.36"
51.194.85.168 - - [31/Aug/2026:11:43:02 -0400] "GET /robots.txt HTTP/1.1" 404 236 "-" "Mozilla/5.0 (Windows NT 10.0; Win64; x64) AppleWebKit/537.36 (KHTML, like Gecko) Chrome/151.0.0.0 Safari/537.36"
51.194.85.168 - - [31/Aug/2026:11:43:03 -0400] "GET /favicon.ico HTTP/1.1" 404 236 "https://northern2020.com/robots.txt" "Mozilla/5.0 (Windows NT 10.0; Win64; x64) AppleWebKit/537.36 (KHTML, like Gecko) Chrome/151.0.0.0 Safari/537.36"
184.72.115.35 - - [31/Aug/2026:11:48:25 -0400] "GET /wp-includes/html-api/fxuyrdg/femdjhv/pwjeund/index.php HTTP/1.1" 404 236 "-" "Mozilla/5.0 (Macintosh; Intel Mac OS X 10_10_1) AppleWebKit/600.1.25 (KHTML, like Gecko) Version/8.0 Safari/600.1.25"
179.43.146.218 - - [31/Aug/2026:11:48:45 -0400] "POST /seo-config.php?action=add_link HTTP/1.1" 404 16 "https://northern2020.com/" "Mozilla/5.0 (Windows NT 10.0; Win64; x64) AppleWebKit/537.36 (KHTML, like Gecko) Chrome/120.0.0.0 Safari/537.36"
179.43.146.218 - - [31/Aug/2026:11:48:45 -0400] "POST /seo-config.php?action=add_link HTTP/1.1" 404 16 "https://northern2020.com/" "Mozilla/5.0 (Windows NT 10.0; Win64; x64) AppleWebKit/537.36 (KHTML, like Gecko) Chrome/120.0.0.0 Safari/537.36"
54.175.74.27 - - [31/Aug/2026:11:48:45 -0400] "GET /wp-includes__09e7112/Text/fbwjusi/radio.php?520 HTTP/1.1" 404 236 "-" "Mozilla/5.0 (Macintosh; Intel Mac OS X 10_10_1) AppleWebKit/600.1.25 (KHTML, like Gecko) Version/8.0 Safari/600.1.25"
179.43.146.218 - - [31/Aug/2026:11:48:45 -0400] "POST /seo-config.php?action=add_link HTTP/1.1" 404 16 "https://northern2020.com/" "Mozilla/5.0 (Windows NT 10.0; Win64; x64) AppleWebKit/537.36 (KHTML, like Gecko) Chrome/120.0.0.0 Safari/537.36"
179.43.146.218 - - [31/Aug/2026:11:55:08 -0400] "GET /seo-config.php?action=get_links HTTP/1.1" 404 16 "https://northern2020.com/" "Mozilla/5.0 (Windows NT 10.0; Win64; x64) AppleWebKit/537.36 (KHTML, like Gecko) Chrome/120.0.0.0 Safari/537.36"
179.43.146.218 - - [31/Aug/2026:11:55:09 -0400] "GET /seo-config.php?action=get_links HTTP/1.1" 404 16 "https://northern2020.com/" "Mozilla/5.0 (Windows NT 10.0; Win64; x64) AppleWebKit/537.36 (KHTML, like Gecko) Chrome/120.0.0.0 Safari/537.36"
179.43.146.218 - - [31/Aug/2026:11:57:05 -0400] "POST /seo-config.php?action=add_link HTTP/1.1" 404 16 "https://northern2020.com/" "Mozilla/5.0 (Windows NT 10.0; Win64; x64) AppleWebKit/537.36 (KHTML, like Gecko) Chrome/120.0.0.0 Safari/537.36"
179.43.146.218 - - [31/Aug/2026:11:57:06 -0400] "POST /seo-config.php?action=add_link HTTP/1.1" 404 16 "https://northern2020.com/" "Mozilla/5.0 (Windows NT 10.0; Win64; x64) AppleWebKit/537.36 (KHTML, like Gecko) Chrome/120.0.0.0 Safari/537.36"
179.43.146.218 - - [31/Aug/2026:11:57:06 -0400] "POST /seo-config.php?action=add_link HTTP/1.1" 404 16 "https://northern2020.com/" "Mozilla/5.0 (Windows NT 10.0; Win64; x64) AppleWebKit/537.36 (KHTML, like Gecko) Chrome/120.0.0.0 Safari/537.36"
66.249.73.194 - - [31/Aug/2026:11:58:02 -0400] "GET /?c=flgjdh4btn8uk6p_gkind14523998 HTTP/1.1" 200 281 "-" "Mozilla/5.0 (Linux; Android 6.0.1; Nexus 5X Build/MMB29P) AppleWebKit/537.36 (KHTML, like Gecko) Chrome/151.0.7922.173 Mobile Safari/537.36 (compatible; Googlebot/2.1; +http://www.google.com/bot.html)"
179.43.146.218 - - [31/Aug/2026:11:58:54 -0400] "POST /seo-config.php?action=add_link HTTP/1.1" 404 16 "https://northern2020.com/" "Mozilla/5.0 (Windows NT 10.0; Win64; x64) AppleWebKit/537.36 (KHTML, like Gecko) Chrome/120.0.0.0 Safari/537.36"
179.43.146.218 - - [31/Aug/2026:12:01:05 -0400] "POST /seo-config.php?action=add_link HTTP/1.1" 404 16 "https://northern2020.com/" "Mozilla/5.0 (Windows NT 10.0; Win64; x64) AppleWebKit/537.36 (KHTML, like Gecko) Chrome/120.0.0.0 Safari/537.36"
179.43.146.218 - - [31/Aug/2026:12:01:05 -0400] "POST /seo-config.php?action=add_link HTTP/1.1" 404 16 "https://northern2020.com/" "Mozilla/5.0 (Windows NT 10.0; Win64; x64) AppleWebKit/537.36 (KHTML, like Gecko) Chrome/120.0.0.0 Safari/537.36"
179.43.146.218 - - [31/Aug/2026:12:01:05 -0400] "POST /seo-config.php?action=add_link HTTP/1.1" 404 16 "https://northern2020.com/" "Mozilla/5.0 (Windows NT 10.0; Win64; x64) AppleWebKit/537.36 (KHTML, like Gecko) Chrome/120.0.0.0 Safari/537.36"
39.43.242.109 - - [31/Aug/2026:12:04:10 -0400] "POST /xmlrpc.php HTTP/1.1" 404 16 "-" "WordPress.com; https://wordpress.com"
39.43.242.109 - - [31/Aug/2026:12:04:20 -0400] "POST /xmlrpc.php HTTP/1.1" 404 16 "-" "WordPress.com; https://wordpress.com"
39.43.242.109 - - [31/Aug/2026:12:04:30 -0400] "POST /xmlrpc.php HTTP/1.1" 404 16 "-" "WordPress.com; https://wordpress.com"
39.43.242.109 - - [31/Aug/2026:12:04:41 -0400] "POST /xmlrpc.php HTTP/1.1" 404 16 "-" "Jetpack by WordPress.com"
39.43.242.109 - - [31/Aug/2026:12:04:52 -0400] "POST /xmlrpc.php HTTP/1.1" 404 16 "-" "Jetpack by WordPress.com"
39.43.242.109 - - [31/Aug/2026:12:05:02 -0400] "POST /xmlrpc.php HTTP/1.1" 404 16 "-" "Jetpack/13.0; WordPress/6.1; http://site67792378.com"
39.43.242.109 - - [31/Aug/2026:12:05:13 -0400] "POST /xmlrpc.php HTTP/1.1" 404 16 "-" "Jetpack by WordPress.com (Jetpack 13.0; WordPress 6.2)"
39.43.242.109 - - [31/Aug/2026:12:05:24 -0400] "POST /xmlrpc.php HTTP/1.1" 404 16 "-" "WordPress.com; https://wordpress.com"
179.43.146.218 - - [31/Aug/2026:12:05:31 -0400] "POST /seo-config.php?action=add_link HTTP/1.1" 404 16 "https://northern2020.com/" "Mozilla/5.0 (Windows NT 10.0; Win64; x64) AppleWebKit/537.36 (KHTML, like Gecko) Chrome/120.0.0.0 Safari/537.36"
179.43.146.218 - - [31/Aug/2026:12:05:31 -0400] "POST /seo-config.php?action=add_link HTTP/1.1" 404 16 "https://northern2020.com/" "Mozilla/5.0 (Windows NT 10.0; Win64; x64) AppleWebKit/537.36 (KHTML, like Gecko) Chrome/120.0.0.0 Safari/537.36"
179.43.146.218 - - [31/Aug/2026:12:05:31 -0400] "POST /seo-config.php?action=add_link HTTP/1.1" 404 16 "https://northern2020.com/" "Mozilla/5.0 (Windows NT 10.0; Win64; x64) AppleWebKit/537.36 (KHTML, like Gecko) Chrome/120.0.0.0 Safari/537.36"
39.43.242.109 - - [31/Aug/2026:12:05:34 -0400] "POST /xmlrpc.php HTTP/1.1" 404 16 "-" "WordPress.com; https://wordpress.com"
39.43.242.109 - - [31/Aug/2026:12:05:45 -0400] "POST /xmlrpc.php HTTP/1.1" 404 16 "-" "Jetpack by WordPress.com"
39.43.242.109 - - [31/Aug/2026:12:05:55 -0400] "POST /xmlrpc.php HTTP/1.1" 404 16 "-" "Jetpack by WordPress.com (Jetpack 13.0; WordPress 6.2)"
39.43.242.109 - - [31/Aug/2026:12:06:06 -0400] "POST /xmlrpc.php HTTP/1.1" 404 16 "-" "WordPress.com; https://wordpress.com"
39.43.242.109 - - [31/Aug/2026:12:06:17 -0400] "POST /xmlrpc.php HTTP/1.1" 404 16 "-" "WordPress.com; https://wordpress.com"
39.43.242.109 - - [31/Aug/2026:12:06:27 -0400] "POST /xmlrpc.php HTTP/1.1" 404 16 "-" "Jetpack by WordPress.com (Jetpack 13.0; WordPress 6.1)"
39.43.242.109 - - [31/Aug/2026:12:06:38 -0400] "POST /xmlrpc.php HTTP/1.1" 404 16 "-" "Jetpack by WordPress.com"
39.43.242.109 - - [31/Aug/2026:12:06:48 -0400] "POST /xmlrpc.php HTTP/1.1" 404 16 "-" "Jetpack by WordPress.com"
39.43.242.109 - - [31/Aug/2026:12:06:59 -0400] "POST /xmlrpc.php HTTP/1.1" 404 16 "-" "Jetpack by WordPress.com (Jetpack 13.0; WordPress 6.1)"
39.43.242.109 - - [31/Aug/2026:12:07:10 -0400] "POST /xmlrpc.php HTTP/1.1" 404 16 "-" "Jetpack by WordPress.com (Jetpack 12.1; WordPress 6.2)"
39.43.242.109 - - [31/Aug/2026:12:07:20 -0400] "POST /xmlrpc.php HTTP/1.1" 404 16 "-" "Jetpack by WordPress.com (Jetpack 13.0; WordPress 6.4)"
39.43.242.109 - - [31/Aug/2026:12:07:31 -0400] "POST /xmlrpc.php HTTP/1.1" 404 16 "-" "Jetpack by WordPress.com (Jetpack 12.1; WordPress 6.2)"
39.43.242.109 - - [31/Aug/2026:12:07:41 -0400] "POST /xmlrpc.php HTTP/1.1" 404 16 "-" "Jetpack by WordPress.com (Jetpack 12.5; WordPress 6.3)"
39.43.242.109 - - [31/Aug/2026:12:07:52 -0400] "POST /xmlrpc.php HTTP/1.1" 404 16 "-" "Jetpack by WordPress.com (Jetpack 12.1; WordPress 6.4)"
39.43.242.109 - - [31/Aug/2026:12:08:02 -0400] "POST /xmlrpc.php HTTP/1.1" 404 16 "-" "Jetpack by WordPress.com"
39.43.242.109 - - [31/Aug/2026:12:08:13 -0400] "POST /xmlrpc.php HTTP/1.1" 406 300 "-" "WordPress.com; https://wordpress.com"
39.43.242.109 - - [31/Aug/2026:12:08:24 -0400] "POST /xmlrpc.php HTTP/1.1" 404 16 "-" "Jetpack/12.1; WordPress/6.4; http://site62828831.com"
39.43.242.109 - - [31/Aug/2026:12:08:34 -0400] "POST /xmlrpc.php HTTP/1.1" 404 16 "-" "Jetpack by WordPress.com"
39.43.242.109 - - [31/Aug/2026:12:08:45 -0400] "POST /xmlrpc.php HTTP/1.1" 404 16 "-" "Jetpack by WordPress.com"
39.43.242.109 - - [31/Aug/2026:12:08:56 -0400] "POST /xmlrpc.php HTTP/1.1" 406 300 "-" "WordPress.com; https://wordpress.com"
39.43.242.109 - - [31/Aug/2026:12:09:06 -0400] "POST /xmlrpc.php HTTP/1.1" 404 16 "-" "Jetpack/12.0; WordPress/6.2; http://site85913647.com"
39.43.242.109 - - [31/Aug/2026:12:09:17 -0400] "POST /xmlrpc.php HTTP/1.1" 404 16 "-" "Jetpack by WordPress.com (Jetpack 13.0; WordPress 6.4)"
39.43.242.109 - - [31/Aug/2026:12:09:28 -0400] "POST /xmlrpc.php HTTP/1.1" 404 16 "-" "Jetpack/12.1; WordPress/6.4; http://site96250548.com"
39.43.242.109 - - [31/Aug/2026:12:09:38 -0400] "POST /xmlrpc.php HTTP/1.1" 404 16 "-" "Jetpack by WordPress.com"
39.43.242.109 - - [31/Aug/2026:12:09:52 -0400] "POST /xmlrpc.php HTTP/1.1" 404 16 "-" "Jetpack by WordPress.com (Jetpack 12.5; WordPress 6.3)"
39.43.242.109 - - [31/Aug/2026:12:10:00 -0400] "POST /xmlrpc.php HTTP/1.1" 406 300 "-" "WordPress.com; https://wordpress.com"
39.43.242.109 - - [31/Aug/2026:12:10:10 -0400] "POST /xmlrpc.php HTTP/1.1" 404 16 "-" "Jetpack by WordPress.com (Jetpack 12.0; WordPress 6.4)"
39.43.242.109 - - [31/Aug/2026:12:10:21 -0400] "POST /xmlrpc.php HTTP/1.1" 404 16 "-" "Jetpack/12.0; WordPress/6.1; http://site78114018.com"
39.43.242.109 - - [31/Aug/2026:12:10:31 -0400] "POST /xmlrpc.php HTTP/1.1" 404 16 "-" "Jetpack by WordPress.com"
39.43.242.109 - - [31/Aug/2026:12:10:42 -0400] "POST /xmlrpc.php HTTP/1.1" 404 16 "-" "Jetpack by WordPress.com (Jetpack 13.0; WordPress 6.1)"
39.43.242.109 - - [31/Aug/2026:12:10:52 -0400] "POST /xmlrpc.php HTTP/1.1" 404 16 "-" "Jetpack by WordPress.com"
39.43.242.109 - - [31/Aug/2026:12:11:03 -0400] "POST /xmlrpc.php HTTP/1.1" 404 16 "-" "Jetpack by WordPress.com"
39.43.242.109 - - [31/Aug/2026:12:11:13 -0400] "POST /xmlrpc.php HTTP/1.1" 406 300 "-" "WordPress.com; https://wordpress.com"
39.43.242.109 - - [31/Aug/2026:12:11:24 -0400] "POST /xmlrpc.php HTTP/1.1" 404 16 "-" "Jetpack by WordPress.com (Jetpack 12.5; WordPress 6.4)"
39.43.242.109 - - [31/Aug/2026:12:11:35 -0400] "POST /xmlrpc.php HTTP/1.1" 404 16 "-" "Jetpack by WordPress.com (Jetpack 12.1; WordPress 6.2)"
39.43.242.109 - - [31/Aug/2026:12:11:45 -0400] "POST /xmlrpc.php HTTP/1.1" 404 16 "-" "Jetpack by WordPress.com"
39.43.242.109 - - [31/Aug/2026:12:11:56 -0400] "POST /xmlrpc.php HTTP/1.1" 404 16 "-" "Jetpack by WordPress.com (Jetpack 12.0; WordPress 6.2)"
39.43.242.109 - - [31/Aug/2026:12:12:07 -0400] "POST /xmlrpc.php HTTP/1.1" 404 16 "-" "Jetpack by WordPress.com"
39.43.242.109 - - [31/Aug/2026:12:12:17 -0400] "POST /xmlrpc.php HTTP/1.1" 404 16 "-" "Jetpack by WordPress.com (Jetpack 12.5; WordPress 6.2)"
39.43.242.109 - - [31/Aug/2026:12:12:28 -0400] "POST /xmlrpc.php HTTP/1.1" 404 16 "-" "Jetpack by WordPress.com (Jetpack 12.1; WordPress 6.3)"
39.43.242.109 - - [31/Aug/2026:12:12:39 -0400] "POST /xmlrpc.php HTTP/1.1" 404 16 "-" "Jetpack by WordPress.com"
39.43.242.109 - - [31/Aug/2026:12:12:49 -0400] "POST /xmlrpc.php HTTP/1.1" 404 16 "-" "Jetpack/13.0; WordPress/6.1; http://site19837781.com"
179.43.146.218 - - [31/Aug/2026:12:12:53 -0400] "POST /seo-config.php?action=add_link HTTP/1.1" 404 16 "https://northern2020.com/" "Mozilla/5.0 (Windows NT 10.0; Win64; x64) AppleWebKit/537.36 (KHTML, like Gecko) Chrome/120.0.0.0 Safari/537.36"
179.43.146.218 - - [31/Aug/2026:12:12:53 -0400] "POST /seo-config.php?action=add_link HTTP/1.1" 404 16 "https://northern2020.com/" "Mozilla/5.0 (Windows NT 10.0; Win64; x64) AppleWebKit/537.36 (KHTML, like Gecko) Chrome/120.0.0.0 Safari/537.36"
179.43.146.218 - - [31/Aug/2026:12:12:53 -0400] "POST /seo-config.php?action=add_link HTTP/1.1" 404 16 "https://northern2020.com/" "Mozilla/5.0 (Windows NT 10.0; Win64; x64) AppleWebKit/537.36 (KHTML, like Gecko) Chrome/120.0.0.0 Safari/537.36"
39.43.242.109 - - [31/Aug/2026:12:13:00 -0400] "POST /xmlrpc.php HTTP/1.1" 404 16 "-" "Jetpack by WordPress.com (Jetpack 12.0; WordPress 6.4)"
39.43.242.109 - - [31/Aug/2026:12:13:10 -0400] "POST /xmlrpc.php HTTP/1.1" 404 16 "-" "Jetpack/12.0; WordPress/6.3; http://site46655348.com"
39.43.242.109 - - [31/Aug/2026:12:13:21 -0400] "POST /xmlrpc.php HTTP/1.1" 406 300 "-" "WordPress.com; https://wordpress.com"
39.43.242.109 - - [31/Aug/2026:12:13:31 -0400] "POST /xmlrpc.php HTTP/1.1" 404 16 "-" "Jetpack by WordPress.com (Jetpack 12.5; WordPress 6.4)"
39.43.242.109 - - [31/Aug/2026:12:13:42 -0400] "POST /xmlrpc.php HTTP/1.1" 404 16 "-" "Jetpack by WordPress.com"
39.43.242.109 - - [31/Aug/2026:12:13:53 -0400] "POST /xmlrpc.php HTTP/1.1" 404 16 "-" "Jetpack by WordPress.com (Jetpack 13.0; WordPress 6.2)"
39.43.242.109 - - [31/Aug/2026:12:14:03 -0400] "POST /xmlrpc.php HTTP/1.1" 404 16 "-" "Jetpack/13.0; WordPress/6.1; http://site73429924.com"
39.43.242.109 - - [31/Aug/2026:12:14:14 -0400] "POST /xmlrpc.php HTTP/1.1" 404 16 "-" "Jetpack by WordPress.com (Jetpack 12.0; WordPress 6.3)"
39.43.242.109 - - [31/Aug/2026:12:14:24 -0400] "POST /xmlrpc.php HTTP/1.1" 404 16 "-" "Jetpack/12.5; WordPress/6.4; http://site80843292.com"
39.43.242.109 - - [31/Aug/2026:12:14:35 -0400] "POST /xmlrpc.php HTTP/1.1" 404 16 "-" "Jetpack by WordPress.com"
39.43.242.109 - - [31/Aug/2026:12:14:46 -0400] "POST /xmlrpc.php HTTP/1.1" 404 16 "-" "Jetpack by WordPress.com"
39.43.242.109 - - [31/Aug/2026:12:14:57 -0400] "POST /xmlrpc.php HTTP/1.1" 406 300 "-" "WordPress.com; https://wordpress.com"
39.43.242.109 - - [31/Aug/2026:12:15:07 -0400] "POST /xmlrpc.php HTTP/1.1" 406 300 "-" "WordPress.com; https://wordpress.com"
39.43.242.109 - - [31/Aug/2026:12:15:18 -0400] "POST /xmlrpc.php HTTP/1.1" 404 16 "-" "Jetpack/12.1; WordPress/6.3; http://site31900064.com"
179.43.146.218 - - [31/Aug/2026:12:15:24 -0400] "POST /seo-config.php?action=add_link HTTP/1.1" 404 16 "https://northern2020.com/" "Mozilla/5.0 (Windows NT 10.0; Win64; x64) AppleWebKit/537.36 (KHTML, like Gecko) Chrome/120.0.0.0 Safari/537.36"
179.43.146.218 - - [31/Aug/2026:12:15:24 -0400] "POST /seo-config.php?action=add_link HTTP/1.1" 404 16 "https://northern2020.com/" "Mozilla/5.0 (Windows NT 10.0; Win64; x64) AppleWebKit/537.36 (KHTML, like Gecko) Chrome/120.0.0.0 Safari/537.36"
39.43.242.109 - - [31/Aug/2026:12:15:28 -0400] "POST /xmlrpc.php HTTP/1.1" 404 16 "-" "Jetpack by WordPress.com (Jetpack 12.1; WordPress 6.3)"
39.43.242.109 - - [31/Aug/2026:12:15:39 -0400] "POST /xmlrpc.php HTTP/1.1" 404 16 "-" "Jetpack by WordPress.com (Jetpack 12.5; WordPress 6.2)"
179.43.146.218 - - [31/Aug/2026:12:15:44 -0400] "POST /seo-config.php?action=add_link HTTP/1.1" 404 16 "https://northern2020.com/" "Mozilla/5.0 (Windows NT 10.0; Win64; x64) AppleWebKit/537.36 (KHTML, like Gecko) Chrome/120.0.0.0 Safari/537.36"
179.43.146.218 - - [31/Aug/2026:12:15:44 -0400] "POST /seo-config.php?action=add_link HTTP/1.1" 404 16 "https://northern2020.com/" "Mozilla/5.0 (Windows NT 10.0; Win64; x64) AppleWebKit/537.36 (KHTML, like Gecko) Chrome/120.0.0.0 Safari/537.36"
39.43.242.109 - - [31/Aug/2026:12:15:49 -0400] "POST /xmlrpc.php HTTP/1.1" 404 16 "-" "Jetpack by WordPress.com"
39.43.242.109 - - [31/Aug/2026:12:16:00 -0400] "POST /xmlrpc.php HTTP/1.1" 404 16 "-" "Jetpack by WordPress.com (Jetpack 13.0; WordPress 6.4)"
39.43.242.109 - - [31/Aug/2026:12:16:11 -0400] "POST /xmlrpc.php HTTP/1.1" 404 16 "-" "Jetpack by WordPress.com"
39.43.242.109 - - [31/Aug/2026:12:16:21 -0400] "POST /xmlrpc.php HTTP/1.1" 404 16 "-" "Jetpack by WordPress.com"
179.43.146.218 - - [31/Aug/2026:12:16:26 -0400] "POST /seo-config.php?action=add_link HTTP/1.1" 404 16 "https://northern2020.com/" "Mozilla/5.0 (Windows NT 10.0; Win64; x64) AppleWebKit/537.36 (KHTML, like Gecko) Chrome/120.0.0.0 Safari/537.36"
179.43.146.218 - - [31/Aug/2026:12:16:26 -0400] "POST /seo-config.php?action=add_link HTTP/1.1" 404 16 "https://northern2020.com/" "Mozilla/5.0 (Windows NT 10.0; Win64; x64) AppleWebKit/537.36 (KHTML, like Gecko) Chrome/120.0.0.0 Safari/537.36"
39.43.242.109 - - [31/Aug/2026:12:16:32 -0400] "POST /xmlrpc.php HTTP/1.1" 404 16 "-" "Jetpack by WordPress.com"
39.43.242.109 - - [31/Aug/2026:12:16:42 -0400] "POST /xmlrpc.php HTTP/1.1" 404 16 "-" "Jetpack/13.0; WordPress/6.2; http://site78147328.com"
39.43.242.109 - - [31/Aug/2026:12:16:53 -0400] "POST /xmlrpc.php HTTP/1.1" 404 16 "-" "Jetpack/12.5; WordPress/6.2; http://site91183122.com"
39.43.242.109 - - [31/Aug/2026:12:17:04 -0400] "POST /xmlrpc.php HTTP/1.1" 404 16 "-" "Jetpack by WordPress.com (Jetpack 13.0; WordPress 6.3)"
39.43.242.109 - - [31/Aug/2026:12:17:14 -0400] "POST /xmlrpc.php HTTP/1.1" 404 16 "-" "Jetpack by WordPress.com"
39.43.242.109 - - [31/Aug/2026:12:17:25 -0400] "POST /xmlrpc.php HTTP/1.1" 406 300 "-" "WordPress.com; https://wordpress.com"
39.43.242.109 - - [31/Aug/2026:12:17:35 -0400] "POST /xmlrpc.php HTTP/1.1" 404 16 "-" "Jetpack by WordPress.com"
39.43.242.109 - - [31/Aug/2026:12:17:46 -0400] "POST /xmlrpc.php HTTP/1.1" 404 16 "-" "Jetpack by WordPress.com"
39.43.242.109 - - [31/Aug/2026:12:17:57 -0400] "POST /xmlrpc.php HTTP/1.1" 404 16 "-" "Jetpack by WordPress.com"
39.43.242.109 - - [31/Aug/2026:12:18:07 -0400] "POST /xmlrpc.php HTTP/1.1" 406 300 "-" "WordPress.com; https://wordpress.com"
179.43.146.218 - - [31/Aug/2026:12:18:16 -0400] "POST /seo-config.php?action=add_link HTTP/1.1" 404 16 "https://northern2020.com/" "Mozilla/5.0 (Windows NT 10.0; Win64; x64) AppleWebKit/537.36 (KHTML, like Gecko) Chrome/120.0.0.0 Safari/537.36"
179.43.146.218 - - [31/Aug/2026:12:18:16 -0400] "POST /seo-config.php?action=add_link HTTP/1.1" 404 16 "https://northern2020.com/" "Mozilla/5.0 (Windows NT 10.0; Win64; x64) AppleWebKit/537.36 (KHTML, like Gecko) Chrome/120.0.0.0 Safari/537.36"
39.43.242.109 - - [31/Aug/2026:12:18:18 -0400] "POST /xmlrpc.php HTTP/1.1" 404 16 "-" "Jetpack/12.5; WordPress/6.4; http://site46894135.com"
39.43.242.109 - - [31/Aug/2026:12:18:29 -0400] "POST /xmlrpc.php HTTP/1.1" 404 16 "-" "Jetpack by WordPress.com (Jetpack 12.5; WordPress 6.1)"
39.43.242.109 - - [31/Aug/2026:12:18:39 -0400] "POST /xmlrpc.php HTTP/1.1" 404 16 "-" "Jetpack by WordPress.com"
39.43.242.109 - - [31/Aug/2026:12:18:50 -0400] "POST /xmlrpc.php HTTP/1.1" 404 16 "-" "Jetpack by WordPress.com (Jetpack 12.5; WordPress 6.2)"
39.43.242.109 - - [31/Aug/2026:12:19:00 -0400] "POST /xmlrpc.php HTTP/1.1" 404 16 "-" "Jetpack by WordPress.com"
39.43.242.109 - - [31/Aug/2026:12:19:12 -0400] "POST /xmlrpc.php HTTP/1.1" 404 16 "-" "Jetpack/12.0; WordPress/6.4; http://site98661791.com"
39.43.242.109 - - [31/Aug/2026:12:19:22 -0400] "POST /xmlrpc.php HTTP/1.1" 404 16 "-" "Jetpack/12.5; WordPress/6.3; http://site76156009.com"
39.43.242.109 - - [31/Aug/2026:12:19:33 -0400] "POST /xmlrpc.php HTTP/1.1" 404 16 "-" "Jetpack by WordPress.com"
39.43.242.109 - - [31/Aug/2026:12:19:43 -0400] "POST /xmlrpc.php HTTP/1.1" 404 16 "-" "Jetpack by WordPress.com"
39.43.242.109 - - [31/Aug/2026:12:19:54 -0400] "POST /xmlrpc.php HTTP/1.1" 404 16 "-" "Jetpack/12.0; WordPress/6.3; http://site45977030.com"
39.43.242.109 - - [31/Aug/2026:12:20:04 -0400] "POST /xmlrpc.php HTTP/1.1" 406 300 "-" "WordPress.com; https://wordpress.com"
39.43.242.109 - - [31/Aug/2026:12:20:15 -0400] "POST /xmlrpc.php HTTP/1.1" 404 16 "-" "Jetpack by WordPress.com"
39.43.242.109 - - [31/Aug/2026:12:20:26 -0400] "POST /xmlrpc.php HTTP/1.1" 406 300 "-" "WordPress.com; https://wordpress.com"
39.43.242.109 - - [31/Aug/2026:12:20:36 -0400] "POST /xmlrpc.php HTTP/1.1" 404 16 "-" "Jetpack by WordPress.com (Jetpack 12.1; WordPress 6.4)"
39.43.242.109 - - [31/Aug/2026:12:20:47 -0400] "POST /xmlrpc.php HTTP/1.1" 406 300 "-" "WordPress.com; https://wordpress.com"
39.43.242.109 - - [31/Aug/2026:12:20:57 -0400] "POST /xmlrpc.php HTTP/1.1" 404 16 "-" "Jetpack/12.5; WordPress/6.1; http://site51665712.com"
39.43.242.109 - - [31/Aug/2026:12:21:08 -0400] "POST /xmlrpc.php HTTP/1.1" 404 16 "-" "Jetpack by WordPress.com"
39.43.242.109 - - [31/Aug/2026:12:21:19 -0400] "POST /xmlrpc.php HTTP/1.1" 404 16 "-" "Jetpack/12.5; WordPress/6.2; http://site71603113.com"
39.43.242.109 - - [31/Aug/2026:12:21:29 -0400] "POST /xmlrpc.php HTTP/1.1" 406 300 "-" "WordPress.com; https://wordpress.com"
39.43.242.109 - - [31/Aug/2026:12:21:40 -0400] "POST /xmlrpc.php HTTP/1.1" 406 300 "-" "WordPress.com; https://wordpress.com"
74.7.230.47 - - [31/Aug/2026:12:21:41 -0400] "GET /robots.txt HTTP/1.1" 404 236 "-" "Mozilla/5.0 (Macintosh; Intel Mac OS X 10_15_7) AppleWebKit/537.36 (KHTML, like Gecko) Chrome/131.0.0.0 Safari/537.36; compatible; OAI-SearchBot/1.4; robots.txt; +https://openai.com/searchbot"
74.7.243.203 - - [31/Aug/2026:12:21:41 -0400] "GET /sitemap_index.xml HTTP/1.1" 404 236 "-" "Mozilla/5.0 AppleWebKit/537.36 (KHTML, like Gecko; compatible; GPTBot/1.4; +https://openai.com/gptbot)"
39.43.242.109 - - [31/Aug/2026:12:21:51 -0400] "POST /xmlrpc.php HTTP/1.1" 406 300 "-" "WordPress.com; https://wordpress.com"
39.43.242.109 - - [31/Aug/2026:12:22:01 -0400] "POST /xmlrpc.php HTTP/1.1" 404 16 "-" "Jetpack by WordPress.com"
39.43.242.109 - - [31/Aug/2026:12:22:12 -0400] "POST /xmlrpc.php HTTP/1.1" 404 16 "-" "Jetpack/12.1; WordPress/6.2; http://site88114298.com"
179.43.146.218 - - [31/Aug/2026:12:22:18 -0400] "POST /seo-config.php?action=add_link HTTP/1.1" 404 16 "https://northern2020.com/" "Mozilla/5.0 (Windows NT 10.0; Win64; x64) AppleWebKit/537.36 (KHTML, like Gecko) Chrome/120.0.0.0 Safari/537.36"
179.43.146.218 - - [31/Aug/2026:12:22:18 -0400] "POST /seo-config.php?action=add_link HTTP/1.1" 404 16 "https://northern2020.com/" "Mozilla/5.0 (Windows NT 10.0; Win64; x64) AppleWebKit/537.36 (KHTML, like Gecko) Chrome/120.0.0.0 Safari/537.36"
179.43.146.218 - - [31/Aug/2026:12:22:18 -0400] "POST /seo-config.php?action=add_link HTTP/1.1" 404 16 "https://northern2020.com/" "Mozilla/5.0 (Windows NT 10.0; Win64; x64) AppleWebKit/537.36 (KHTML, like Gecko) Chrome/120.0.0.0 Safari/537.36"
39.43.242.109 - - [31/Aug/2026:12:22:22 -0400] "POST /xmlrpc.php HTTP/1.1" 406 300 "-" "WordPress.com; https://wordpress.com"
39.43.242.109 - - [31/Aug/2026:12:22:33 -0400] "POST /xmlrpc.php HTTP/1.1" 404 16 "-" "Jetpack by WordPress.com"
39.43.242.109 - - [31/Aug/2026:12:22:43 -0400] "POST /xmlrpc.php HTTP/1.1" 404 16 "-" "Jetpack by WordPress.com"
39.43.242.109 - - [31/Aug/2026:12:22:54 -0400] "POST /xmlrpc.php HTTP/1.1" 406 300 "-" "WordPress.com; https://wordpress.com"
39.43.242.109 - - [31/Aug/2026:12:23:05 -0400] "POST /xmlrpc.php HTTP/1.1" 404 16 "-" "Jetpack by WordPress.com"
39.43.242.109 - - [31/Aug/2026:12:23:16 -0400] "POST /xmlrpc.php HTTP/1.1" 406 300 "-" "WordPress.com; https://wordpress.com"
39.43.242.109 - - [31/Aug/2026:12:23:26 -0400] "POST /xmlrpc.php HTTP/1.1" 406 300 "-" "WordPress.com; https://wordpress.com"
39.43.242.109 - - [31/Aug/2026:12:23:37 -0400] "POST /xmlrpc.php HTTP/1.1" 406 300 "-" "WordPress.com; https://wordpress.com"
39.43.242.109 - - [31/Aug/2026:12:23:47 -0400] "POST /xmlrpc.php HTTP/1.1" 404 16 "-" "Jetpack by WordPress.com"
39.43.242.109 - - [31/Aug/2026:12:23:58 -0400] "POST /xmlrpc.php HTTP/1.1" 406 300 "-" "WordPress.com; https://wordpress.com"
39.43.242.109 - - [31/Aug/2026:12:24:09 -0400] "POST /xmlrpc.php HTTP/1.1" 406 300 "-" "WordPress.com; https://wordpress.com"
39.43.242.109 - - [31/Aug/2026:12:24:19 -0400] "POST /xmlrpc.php HTTP/1.1" 404 16 "-" "Jetpack/13.0; WordPress/6.1; http://site75343127.com"
39.43.242.109 - - [31/Aug/2026:12:24:30 -0400] "POST /xmlrpc.php HTTP/1.1" 406 300 "-" "WordPress.com; https://wordpress.com"
39.43.242.109 - - [31/Aug/2026:12:24:41 -0400] "POST /xmlrpc.php HTTP/1.1" 404 16 "-" "Jetpack/13.0; WordPress/6.4; http://site75203721.com"
39.43.242.109 - - [31/Aug/2026:12:24:51 -0400] "POST /xmlrpc.php HTTP/1.1" 406 300 "-" "WordPress.com; https://wordpress.com"
39.43.242.109 - - [31/Aug/2026:12:25:02 -0400] "POST /xmlrpc.php HTTP/1.1" 404 16 "-" "Jetpack by WordPress.com"
39.43.242.109 - - [31/Aug/2026:12:25:12 -0400] "POST /xmlrpc.php HTTP/1.1" 404 16 "-" "Jetpack/12.0; WordPress/6.4; http://site98820116.com"
39.43.242.109 - - [31/Aug/2026:12:25:23 -0400] "POST /xmlrpc.php HTTP/1.1" 406 300 "-" "WordPress.com; https://wordpress.com"
39.43.242.109 - - [31/Aug/2026:12:25:34 -0400] "POST /xmlrpc.php HTTP/1.1" 404 16 "-" "Jetpack/12.5; WordPress/6.4; http://site72138713.com"
39.43.242.109 - - [31/Aug/2026:12:25:44 -0400] "POST /xmlrpc.php HTTP/1.1" 404 16 "-" "Jetpack by WordPress.com"
39.43.242.109 - - [31/Aug/2026:12:25:55 -0400] "POST /xmlrpc.php HTTP/1.1" 406 300 "-" "WordPress.com; https://wordpress.com"
39.43.242.109 - - [31/Aug/2026:12:26:05 -0400] "POST /xmlrpc.php HTTP/1.1" 406 300 "-" "WordPress.com; https://wordpress.com"
179.43.146.218 - - [31/Aug/2026:12:26:13 -0400] "POST /seo-config.php?action=add_link HTTP/1.1" 404 16 "https://northern2020.com/" "Mozilla/5.0 (Windows NT 10.0; Win64; x64) AppleWebKit/537.36 (KHTML, like Gecko) Chrome/120.0.0.0 Safari/537.36"
179.43.146.218 - - [31/Aug/2026:12:26:14 -0400] "POST /seo-config.php?action=add_link HTTP/1.1" 404 16 "https://northern2020.com/" "Mozilla/5.0 (Windows NT 10.0; Win64; x64) AppleWebKit/537.36 (KHTML, like Gecko) Chrome/120.0.0.0 Safari/537.36"
39.43.242.109 - - [31/Aug/2026:12:26:16 -0400] "POST /xmlrpc.php HTTP/1.1" 404 16 "-" "Jetpack/12.0; WordPress/6.4; http://site60976117.com"
39.43.242.109 - - [31/Aug/2026:12:26:27 -0400] "POST /xmlrpc.php HTTP/1.1" 406 300 "-" "WordPress.com; https://wordpress.com"
39.43.242.109 - - [31/Aug/2026:12:26:38 -0400] "POST /xmlrpc.php HTTP/1.1" 404 16 "-" "Jetpack/12.0; WordPress/6.1; http://site88486299.com"
39.43.242.109 - - [31/Aug/2026:12:26:48 -0400] "POST /xmlrpc.php HTTP/1.1" 404 16 "-" "Jetpack by WordPress.com"
39.43.242.109 - - [31/Aug/2026:12:26:59 -0400] "POST /xmlrpc.php HTTP/1.1" 404 16 "-" "Jetpack/12.0; WordPress/6.4; http://site64056952.com"
39.43.242.109 - - [31/Aug/2026:12:27:10 -0400] "POST /xmlrpc.php HTTP/1.1" 406 300 "-" "WordPress.com; https://wordpress.com"
39.43.242.109 - - [31/Aug/2026:12:27:21 -0400] "POST /xmlrpc.php HTTP/1.1" 406 300 "-" "WordPress.com; https://wordpress.com"
39.43.242.109 - - [31/Aug/2026:12:27:31 -0400] "POST /xmlrpc.php HTTP/1.1" 404 16 "-" "Jetpack by WordPress.com (Jetpack 12.5; WordPress 6.4)"
39.43.242.109 - - [31/Aug/2026:12:27:42 -0400] "POST /xmlrpc.php HTTP/1.1" 404 16 "-" "Jetpack by WordPress.com (Jetpack 12.1; WordPress 6.1)"
39.43.242.109 - - [31/Aug/2026:12:27:52 -0400] "POST /xmlrpc.php HTTP/1.1" 404 16 "-" "Jetpack/13.0; WordPress/6.1; http://site13503209.com"
39.43.242.109 - - [31/Aug/2026:12:28:03 -0400] "POST /xmlrpc.php HTTP/1.1" 404 16 "-" "Jetpack by WordPress.com"
39.43.242.109 - - [31/Aug/2026:12:28:13 -0400] "POST /xmlrpc.php HTTP/1.1" 404 16 "-" "Jetpack/12.0; WordPress/6.1; http://site87404587.com"
39.43.242.109 - - [31/Aug/2026:12:28:24 -0400] "POST /xmlrpc.php HTTP/1.1" 406 300 "-" "WordPress.com; https://wordpress.com"
39.43.242.109 - - [31/Aug/2026:12:28:35 -0400] "POST /xmlrpc.php HTTP/1.1" 404 16 "-" "Jetpack by WordPress.com (Jetpack 12.0; WordPress 6.1)"
179.43.146.218 - - [31/Aug/2026:12:28:42 -0400] "POST /seo-config.php?action=add_link HTTP/1.1" 404 16 "https://northern2020.com/" "Mozilla/5.0 (Windows NT 10.0; Win64; x64) AppleWebKit/537.36 (KHTML, like Gecko) Chrome/120.0.0.0 Safari/537.36"
179.43.146.218 - - [31/Aug/2026:12:28:43 -0400] "POST /seo-config.php?action=add_link HTTP/1.1" 404 16 "https://northern2020.com/" "Mozilla/5.0 (Windows NT 10.0; Win64; x64) AppleWebKit/537.36 (KHTML, like Gecko) Chrome/120.0.0.0 Safari/537.36"
39.43.242.109 - - [31/Aug/2026:12:28:45 -0400] "POST /xmlrpc.php HTTP/1.1" 404 16 "-" "Jetpack by WordPress.com (Jetpack 12.5; WordPress 6.3)"
39.43.242.109 - - [31/Aug/2026:12:28:56 -0400] "POST /xmlrpc.php HTTP/1.1" 404 16 "-" "Jetpack/12.1; WordPress/6.1; http://site69420413.com"
39.43.242.109 - - [31/Aug/2026:12:29:07 -0400] "POST /xmlrpc.php HTTP/1.1" 406 300 "-" "WordPress.com; https://wordpress.com"
39.43.242.109 - - [31/Aug/2026:12:29:17 -0400] "POST /xmlrpc.php HTTP/1.1" 404 16 "-" "Jetpack/12.0; WordPress/6.2; http://site81523523.com"
39.43.242.109 - - [31/Aug/2026:12:29:28 -0400] "POST /xmlrpc.php HTTP/1.1" 404 16 "-" "Jetpack/12.1; WordPress/6.3; http://site50324325.com"
39.43.242.109 - - [31/Aug/2026:12:29:39 -0400] "POST /xmlrpc.php HTTP/1.1" 404 16 "-" "Jetpack/12.1; WordPress/6.1; http://site57343170.com"
39.43.242.109 - - [31/Aug/2026:12:29:49 -0400] "POST /xmlrpc.php HTTP/1.1" 404 16 "-" "Jetpack by WordPress.com (Jetpack 12.5; WordPress 6.3)"
39.43.242.109 - - [31/Aug/2026:12:30:00 -0400] "POST /xmlrpc.php HTTP/1.1" 406 300 "-" "WordPress.com; https://wordpress.com"
39.43.242.109 - - [31/Aug/2026:12:30:10 -0400] "POST /xmlrpc.php HTTP/1.1" 406 300 "-" "WordPress.com; https://wordpress.com"
39.43.242.109 - - [31/Aug/2026:12:30:21 -0400] "POST /xmlrpc.php HTTP/1.1" 404 16 "-" "Jetpack by WordPress.com"
39.43.242.109 - - [31/Aug/2026:12:30:32 -0400] "POST /xmlrpc.php HTTP/1.1" 404 16 "-" "Jetpack by WordPress.com (Jetpack 13.0; WordPress 6.2)"
66.249.73.194 - - [31/Aug/2026:12:31:18 -0400] "GET /?c=e8vlswj18gjtbt0 HTTP/1.1" 200 281 "-" "Mozilla/5.0 (Linux; Android 6.0.1; Nexus 5X Build/MMB29P) AppleWebKit/537.36 (KHTML, like Gecko) Chrome/151.0.7922.173 Mobile Safari/537.36 (compatible; Googlebot/2.1; +http://www.google.com/bot.html)"
179.43.146.218 - - [31/Aug/2026:12:32:18 -0400] "POST /seo-config.php?action=add_link HTTP/1.1" 404 16 "https://northern2020.com/" "Mozilla/5.0 (Windows NT 10.0; Win64; x64) AppleWebKit/537.36 (KHTML, like Gecko) Chrome/120.0.0.0 Safari/537.36"
179.43.146.218 - - [31/Aug/2026:12:32:18 -0400] "POST /seo-config.php?action=add_link HTTP/1.1" 404 16 "https://northern2020.com/" "Mozilla/5.0 (Windows NT 10.0; Win64; x64) AppleWebKit/537.36 (KHTML, like Gecko) Chrome/120.0.0.0 Safari/537.36"
66.249.73.194 - - [31/Aug/2026:12:32:25 -0400] "GET /?t=07670223425507 HTTP/1.1" 200 281 "-" "Mozilla/5.0 (compatible; Googlebot/2.1; +http://www.google.com/bot.html)"
47.128.24.236 - - [31/Aug/2026:12:34:17 -0400] "GET /robots.txt HTTP/1.1" 404 236 "-" "Mozilla/5.0 (Linux; Android 5.0) AppleWebKit/537.36 (KHTML, like Gecko) Mobile Safari/537.36 (compatible; Bytespider; spider-feedback@bytedance.com)"
157.55.39.201 - - [31/Aug/2026:12:34:26 -0400] "GET /wp-content/themes/Divi/includes/builder/feature/background-masks/pattern/triangles.php HTTP/1.1" 404 236 "-" "Mozilla/5.0 AppleWebKit/537.36 (KHTML, like Gecko; compatible; bingbot/2.0; +http://www.bing.com/bingbot.htm) Chrome/116.0.1938.76 Safari/537.36"
66.249.73.193 - - [31/Aug/2026:12:36:32 -0400] "GET /?c=e4voswjx8gjtrt0_gkind14523978 HTTP/1.1" 200 281 "-" "Mozilla/5.0 (Linux; Android 6.0.1; Nexus 5X Build/MMB29P) AppleWebKit/537.36 (KHTML, like Gecko) Chrome/151.0.7922.173 Mobile Safari/537.36 (compatible; Googlebot/2.1; +http://www.google.com/bot.html)"
66.249.73.194 - - [31/Aug/2026:12:38:08 -0400] "GET /?c=fp9yumxbardnhnu HTTP/1.1" 200 281 "-" "Mozilla/5.0 (compatible; Googlebot/2.1; +http://www.google.com/bot.html)"
179.43.146.218 - - [31/Aug/2026:12:39:08 -0400] "GET /seo-config.php?action=get_links HTTP/1.1" 404 16 "https://northern2020.com/" "Mozilla/5.0 (Windows NT 10.0; Win64; x64) AppleWebKit/537.36 (KHTML, like Gecko) Chrome/120.0.0.0 Safari/537.36"
179.43.146.218 - - [31/Aug/2026:12:39:09 -0400] "GET /seo-config.php?action=get_links HTTP/1.1" 404 16 "https://northern2020.com/" "Mozilla/5.0 (Windows NT 10.0; Win64; x64) AppleWebKit/537.36 (KHTML, like Gecko) Chrome/120.0.0.0 Safari/537.36"
66.249.73.194 - - [31/Aug/2026:12:40:12 -0400] "GET /?c=exyfvzmxbjmwww3 HTTP/1.1" 200 281 "-" "Mozilla/5.0 (Linux; Android 6.0.1; Nexus 5X Build/MMB29P) AppleWebKit/537.36 (KHTML, like Gecko) Chrome/151.0.7922.173 Mobile Safari/537.36 (compatible; Googlebot/2.1; +http://www.google.com/bot.html)"
188.166.51.149 - - [31/Aug/2026:12:43:36 -0400] "GET / HTTP/1.1" 401 53 "-" "Mozilla/5.0 (compatible; ForestEngine/1.0; +https://forestengine.net/)"
66.249.73.193 - - [31/Aug/2026:12:44:25 -0400] "GET /?c=ewil3v6wjf64hsn_gkind14524002 HTTP/1.1" 200 281 "-" "Mozilla/5.0 (compatible; Googlebot/2.1; +http://www.google.com/bot.html)"
179.43.146.218 - - [31/Aug/2026:12:49:19 -0400] "POST /seo-config.php?action=add_link HTTP/1.1" 404 16 "https://northern2020.com/" "Mozilla/5.0 (Windows NT 10.0; Win64; x64) AppleWebKit/537.36 (KHTML, like Gecko) Chrome/120.0.0.0 Safari/537.36"
179.43.146.218 - - [31/Aug/2026:12:49:19 -0400] "POST /seo-config.php?action=add_link HTTP/1.1" 404 16 "https://northern2020.com/" "Mozilla/5.0 (Windows NT 10.0; Win64; x64) AppleWebKit/537.36 (KHTML, like Gecko) Chrome/120.0.0.0 Safari/537.36"
114.119.154.39 - - [31/Aug/2026:12:52:58 -0400] "GET / HTTP/1.1" 200 281 "https://northern2020.com/" "Mozilla/5.0 (Linux; Android 7.0;) AppleWebKit/537.36 (HTML, like Gecko) Mobile Safari/537.36 (compatible; PetalBot;+https://webmaster.petalsearch.com/site/petalbot)"
66.249.73.195 - - [31/Aug/2026:12:54:20 -0400] "GET /?c=fdmyjnabzge0fcv HTTP/1.1" 200 281 "-" "Mozilla/5.0 (Linux; Android 6.0.1; Nexus 5X Build/MMB29P) AppleWebKit/537.36 (KHTML, like Gecko) Chrome/151.0.7922.173 Mobile Safari/537.36 (compatible; Googlebot/2.1; +http://www.google.com/bot.html)"
179.43.146.218 - - [31/Aug/2026:12:55:21 -0400] "POST /seo-config.php?action=add_link HTTP/1.1" 404 16 "https://northern2020.com/" "Mozilla/5.0 (Windows NT 10.0; Win64; x64) AppleWebKit/537.36 (KHTML, like Gecko) Chrome/120.0.0.0 Safari/537.36"
179.43.146.218 - - [31/Aug/2026:12:55:21 -0400] "POST /seo-config.php?action=add_link HTTP/1.1" 404 16 "https://northern2020.com/" "Mozilla/5.0 (Windows NT 10.0; Win64; x64) AppleWebKit/537.36 (KHTML, like Gecko) Chrome/120.0.0.0 Safari/537.36"
179.43.146.218 - - [31/Aug/2026:12:55:21 -0400] "POST /seo-config.php?action=add_link HTTP/1.1" 404 16 "https://northern2020.com/" "Mozilla/5.0 (Windows NT 10.0; Win64; x64) AppleWebKit/537.36 (KHTML, like Gecko) Chrome/120.0.0.0 Safari/537.36"
114.119.156.181 - - [31/Aug/2026:12:55:44 -0400] "GET /electronic-solutions/ HTTP/1.1" 404 236 "https://northern2020.com/safety-electronics" "Mozilla/5.0 (Linux; Android 7.0;) AppleWebKit/537.36 (HTML, like Gecko) Mobile Safari/537.36 (compatible; PetalBot;+https://webmaster.petalsearch.com/site/petalbot)"
179.43.146.218 - - [31/Aug/2026:12:56:49 -0400] "GET /seo-config.php?action=get_links HTTP/1.1" 404 16 "https://northern2020.com/" "Mozilla/5.0 (Windows NT 10.0; Win64; x64) AppleWebKit/537.36 (KHTML, like Gecko) Chrome/120.0.0.0 Safari/537.36"
179.43.146.218 - - [31/Aug/2026:12:56:50 -0400] "GET /seo-config.php?action=get_links HTTP/1.1" 404 16 "https://northern2020.com/" "Mozilla/5.0 (Windows NT 10.0; Win64; x64) AppleWebKit/537.36 (KHTML, like Gecko) Chrome/120.0.0.0 Safari/537.36"
179.43.146.218 - - [31/Aug/2026:12:56:50 -0400] "GET /seo-config.php?action=get_links HTTP/1.1" 404 16 "https://northern2020.com/" "Mozilla/5.0 (Windows NT 10.0; Win64; x64) AppleWebKit/537.36 (KHTML, like Gecko) Chrome/120.0.0.0 Safari/537.36"
66.249.73.193 - - [31/Aug/2026:12:57:43 -0400] "GET /?c=fh3jogrb4s7hoho_gkind14524010 HTTP/1.1" 200 281 "-" "Mozilla/5.0 (Linux; Android 6.0.1; Nexus 5X Build/MMB29P) AppleWebKit/537.36 (KHTML, like Gecko) Chrome/151.0.7922.173 Mobile Safari/537.36 (compatible; Googlebot/2.1; +http://www.google.com/bot.html)"
66.249.73.193 - - [31/Aug/2026:13:00:22 -0400] "GET /?c=e6ymvzm6bjmwbw3 HTTP/1.1" 200 281 "-" "Mozilla/5.0 (Linux; Android 6.0.1; Nexus 5X Build/MMB29P) AppleWebKit/537.36 (KHTML, like Gecko) Chrome/151.0.7922.173 Mobile Safari/537.36 (compatible; Googlebot/2.1; +http://www.google.com/bot.html)"
66.249.73.195 - - [31/Aug/2026:13:02:20 -0400] "GET /?c=f3wa5lkblwcalyt_gkind14524022 HTTP/1.1" 200 281 "-" "Mozilla/5.0 (Linux; Android 6.0.1; Nexus 5X Build/MMB29P) AppleWebKit/537.36 (KHTML, like Gecko) Chrome/151.0.7922.173 Mobile Safari/537.36 (compatible; Googlebot/2.1; +http://www.google.com/bot.html)"
66.249.73.193 - - [31/Aug/2026:13:03:34 -0400] "GET /?c=f5sbptgb59k6yi1 HTTP/1.1" 200 281 "-" "Mozilla/5.0 (compatible; Googlebot/2.1; +http://www.google.com/bot.html)"
179.43.146.218 - - [31/Aug/2026:13:04:18 -0400] "GET /seo-config.php?action=get_links HTTP/1.1" 404 16 "https://northern2020.com/" "Mozilla/5.0 (Windows NT 10.0; Win64; x64) AppleWebKit/537.36 (KHTML, like Gecko) Chrome/120.0.0.0 Safari/537.36"
179.43.146.218 - - [31/Aug/2026:13:04:18 -0400] "GET /seo-config.php?action=get_links HTTP/1.1" 404 16 "https://northern2020.com/" "Mozilla/5.0 (Windows NT 10.0; Win64; x64) AppleWebKit/537.36 (KHTML, like Gecko) Chrome/120.0.0.0 Safari/537.36"
179.43.146.218 - - [31/Aug/2026:13:04:19 -0400] "GET /seo-config.php?action=get_links HTTP/1.1" 404 16 "https://northern2020.com/" "Mozilla/5.0 (Windows NT 10.0; Win64; x64) AppleWebKit/537.36 (KHTML, like Gecko) Chrome/120.0.0.0 Safari/537.36"
179.43.146.218 - - [31/Aug/2026:13:04:54 -0400] "POST /seo-config.php?action=add_link HTTP/1.1" 404 16 "https://northern2020.com/" "Mozilla/5.0 (Windows NT 10.0; Win64; x64) AppleWebKit/537.36 (KHTML, like Gecko) Chrome/120.0.0.0 Safari/537.36"
179.43.146.218 - - [31/Aug/2026:13:04:54 -0400] "POST /seo-config.php?action=add_link HTTP/1.1" 404 16 "https://northern2020.com/" "Mozilla/5.0 (Windows NT 10.0; Win64; x64) AppleWebKit/537.36 (KHTML, like Gecko) Chrome/120.0.0.0 Safari/537.36"
179.43.146.218 - - [31/Aug/2026:13:04:54 -0400] "POST /seo-config.php?action=add_link HTTP/1.1" 404 16 "https://northern2020.com/" "Mozilla/5.0 (Windows NT 10.0; Win64; x64) AppleWebKit/537.36 (KHTML, like Gecko) Chrome/120.0.0.0 Safari/537.36"
179.43.146.218 - - [31/Aug/2026:13:07:04 -0400] "POST /seo-config.php?action=add_link HTTP/1.1" 404 16 "https://northern2020.com/" "Mozilla/5.0 (Windows NT 10.0; Win64; x64) AppleWebKit/537.36 (KHTML, like Gecko) Chrome/120.0.0.0 Safari/537.36"
179.43.146.218 - - [31/Aug/2026:13:07:04 -0400] "POST /seo-config.php?action=add_link HTTP/1.1" 404 16 "https://northern2020.com/" "Mozilla/5.0 (Windows NT 10.0; Win64; x64) AppleWebKit/537.36 (KHTML, like Gecko) Chrome/120.0.0.0 Safari/537.36"
179.43.146.218 - - [31/Aug/2026:13:07:04 -0400] "POST /seo-config.php?action=add_link HTTP/1.1" 404 16 "https://northern2020.com/" "Mozilla/5.0 (Windows NT 10.0; Win64; x64) AppleWebKit/537.36 (KHTML, like Gecko) Chrome/120.0.0.0 Safari/537.36"
179.43.146.218 - - [31/Aug/2026:13:08:50 -0400] "POST /seo-config.php?action=add_link HTTP/1.1" 404 16 "https://northern2020.com/" "Mozilla/5.0 (Windows NT 10.0; Win64; x64) AppleWebKit/537.36 (KHTML, like Gecko) Chrome/120.0.0.0 Safari/537.36"
179.43.146.218 - - [31/Aug/2026:13:08:50 -0400] "POST /seo-config.php?action=add_link HTTP/1.1" 404 16 "https://northern2020.com/" "Mozilla/5.0 (Windows NT 10.0; Win64; x64) AppleWebKit/537.36 (KHTML, like Gecko) Chrome/120.0.0.0 Safari/537.36"
179.43.146.218 - - [31/Aug/2026:13:08:50 -0400] "POST /seo-config.php?action=add_link HTTP/1.1" 404 16 "https://northern2020.com/" "Mozilla/5.0 (Windows NT 10.0; Win64; x64) AppleWebKit/537.36 (KHTML, like Gecko) Chrome/120.0.0.0 Safari/537.36"
66.249.73.193 - - [31/Aug/2026:13:09:56 -0400] "GET /about/ HTTP/1.1" 404 236 "-" "Mozilla/5.0 (Linux; Android 6.0.1; Nexus 5X Build/MMB29P) AppleWebKit/537.36 (KHTML, like Gecko) Chrome/151.0.7922.173 Mobile Safari/537.36 (compatible; Googlebot/2.1; +http://www.google.com/bot.html)"
179.43.146.218 - - [31/Aug/2026:13:11:41 -0400] "GET /seo-config.php?action=get_links HTTP/1.1" 404 16 "https://northern2020.com/" "Mozilla/5.0 (Windows NT 10.0; Win64; x64) AppleWebKit/537.36 (KHTML, like Gecko) Chrome/120.0.0.0 Safari/537.36"
179.43.146.218 - - [31/Aug/2026:13:11:41 -0400] "GET /seo-config.php?action=get_links HTTP/1.1" 404 16 "https://northern2020.com/" "Mozilla/5.0 (Windows NT 10.0; Win64; x64) AppleWebKit/537.36 (KHTML, like Gecko) Chrome/120.0.0.0 Safari/537.36"
179.43.146.218 - - [31/Aug/2026:13:12:53 -0400] "GET /seo-config.php?action=get_links HTTP/1.1" 404 16 "https://northern2020.com/" "Mozilla/5.0 (Windows NT 10.0; Win64; x64) AppleWebKit/537.36 (KHTML, like Gecko) Chrome/120.0.0.0 Safari/537.36"
179.43.146.218 - - [31/Aug/2026:13:12:54 -0400] "GET /seo-config.php?action=get_links HTTP/1.1" 404 16 "https://northern2020.com/" "Mozilla/5.0 (Windows NT 10.0; Win64; x64) AppleWebKit/537.36 (KHTML, like Gecko) Chrome/120.0.0.0 Safari/537.36"
66.249.73.195 - - [31/Aug/2026:13:13:34 -0400] "GET /?c=fdxeialbys1b2bi_gkind14524002 HTTP/1.1" 200 281 "-" "Mozilla/5.0 (Linux; Android 6.0.1; Nexus 5X Build/MMB29P) AppleWebKit/537.36 (KHTML, like Gecko) Chrome/151.0.7922.173 Mobile Safari/537.36 (compatible; Googlebot/2.1; +http://www.google.com/bot.html)"
179.43.146.218 - - [31/Aug/2026:13:14:22 -0400] "GET /seo-config.php?action=get_links HTTP/1.1" 404 16 "https://northern2020.com/" "Mozilla/5.0 (Windows NT 10.0; Win64; x64) AppleWebKit/537.36 (KHTML, like Gecko) Chrome/120.0.0.0 Safari/537.36"
179.43.146.218 - - [31/Aug/2026:13:14:22 -0400] "GET /seo-config.php?action=get_links HTTP/1.1" 404 16 "https://northern2020.com/" "Mozilla/5.0 (Windows NT 10.0; Win64; x64) AppleWebKit/537.36 (KHTML, like Gecko) Chrome/120.0.0.0 Safari/537.36"
179.43.146.218 - - [31/Aug/2026:13:15:38 -0400] "GET /seo-config.php?action=get_links HTTP/1.1" 404 16 "https://northern2020.com/" "Mozilla/5.0 (Windows NT 10.0; Win64; x64) AppleWebKit/537.36 (KHTML, like Gecko) Chrome/120.0.0.0 Safari/537.36"
179.43.146.218 - - [31/Aug/2026:13:15:38 -0400] "GET /seo-config.php?action=get_links HTTP/1.1" 404 16 "https://northern2020.com/" "Mozilla/5.0 (Windows NT 10.0; Win64; x64) AppleWebKit/537.36 (KHTML, like Gecko) Chrome/120.0.0.0 Safari/537.36"
66.249.73.194 - - [31/Aug/2026:13:17:24 -0400] "GET /?c=fsze8onboufd41w_gkind14523990 HTTP/1.1" 200 281 "-" "Mozilla/5.0 (Linux; Android 6.0.1; Nexus 5X Build/MMB29P) AppleWebKit/537.36 (KHTML, like Gecko) Chrome/151.0.7922.173 Mobile Safari/537.36 (compatible; Googlebot/2.1; +http://www.google.com/bot.html)"
179.43.146.218 - - [31/Aug/2026:13:18:00 -0400] "GET /seo-config.php?action=get_links HTTP/1.1" 404 16 "https://northern2020.com/" "Mozilla/5.0 (Windows NT 10.0; Win64; x64) AppleWebKit/537.36 (KHTML, like Gecko) Chrome/120.0.0.0 Safari/537.36"
179.43.146.218 - - [31/Aug/2026:13:18:00 -0400] "GET /seo-config.php?action=get_links HTTP/1.1" 404 16 "https://northern2020.com/" "Mozilla/5.0 (Windows NT 10.0; Win64; x64) AppleWebKit/537.36 (KHTML, like Gecko) Chrome/120.0.0.0 Safari/537.36"
179.43.146.218 - - [31/Aug/2026:13:19:14 -0400] "GET /seo-config.php?action=get_links HTTP/1.1" 404 16 "https://northern2020.com/" "Mozilla/5.0 (Windows NT 10.0; Win64; x64) AppleWebKit/537.36 (KHTML, like Gecko) Chrome/120.0.0.0 Safari/537.36"
179.43.146.218 - - [31/Aug/2026:13:19:14 -0400] "GET /seo-config.php?action=get_links HTTP/1.1" 404 16 "https://northern2020.com/" "Mozilla/5.0 (Windows NT 10.0; Win64; x64) AppleWebKit/537.36 (KHTML, like Gecko) Chrome/120.0.0.0 Safari/537.36"
179.43.146.218 - - [31/Aug/2026:13:19:29 -0400] "GET /seo-config.php?action=get_links HTTP/1.1" 404 16 "https://northern2020.com/" "Mozilla/5.0 (Windows NT 10.0; Win64; x64) AppleWebKit/537.36 (KHTML, like Gecko) Chrome/120.0.0.0 Safari/537.36"
179.43.146.218 - - [31/Aug/2026:13:19:29 -0400] "GET /seo-config.php?action=get_links HTTP/1.1" 404 16 "https://northern2020.com/" "Mozilla/5.0 (Windows NT 10.0; Win64; x64) AppleWebKit/537.36 (KHTML, like Gecko) Chrome/120.0.0.0 Safari/537.36"
158.23.184.117 - - [31/Aug/2026:13:19:38 -0400] "GET / HTTP/1.1" 401 53 "-" "Mozilla/5.0 (Windows NT 10.0; Win64; x64) AppleWebKit/537.36 (KHTML, like Gecko) Chrome/120.0.0.0 Safari/537.36"
143.198.192.137 - - [31/Aug/2026:13:24:03 -0400] "GET /license.txt HTTP/1.1" 404 236 "-" "Mozilla/5.0 (Windows NT 10.0; Win64; x64) AppleWebKit/537.36"
179.43.146.218 - - [31/Aug/2026:13:28:24 -0400] "POST /seo-config.php?action=add_link HTTP/1.1" 404 16 "https://northern2020.com/" "Mozilla/5.0 (Windows NT 10.0; Win64; x64) AppleWebKit/537.36 (KHTML, like Gecko) Chrome/120.0.0.0 Safari/537.36"
179.43.146.218 - - [31/Aug/2026:13:28:24 -0400] "POST /seo-config.php?action=add_link HTTP/1.1" 404 16 "https://northern2020.com/" "Mozilla/5.0 (Windows NT 10.0; Win64; x64) AppleWebKit/537.36 (KHTML, like Gecko) Chrome/120.0.0.0 Safari/537.36"
179.43.146.218 - - [31/Aug/2026:13:28:24 -0400] "POST /seo-config.php?action=add_link HTTP/1.1" 404 16 "https://northern2020.com/" "Mozilla/5.0 (Windows NT 10.0; Win64; x64) AppleWebKit/537.36 (KHTML, like Gecko) Chrome/120.0.0.0 Safari/537.36"
179.43.146.218 - - [31/Aug/2026:13:34:57 -0400] "POST /seo-config.php?action=add_link HTTP/1.1" 404 16 "https://northern2020.com/" "Mozilla/5.0 (Windows NT 10.0; Win64; x64) AppleWebKit/537.36 (KHTML, like Gecko) Chrome/120.0.0.0 Safari/537.36"
179.43.146.218 - - [31/Aug/2026:13:34:58 -0400] "POST /seo-config.php?action=add_link HTTP/1.1" 404 16 "https://northern2020.com/" "Mozilla/5.0 (Windows NT 10.0; Win64; x64) AppleWebKit/537.36 (KHTML, like Gecko) Chrome/120.0.0.0 Safari/537.36"
179.43.146.218 - - [31/Aug/2026:13:35:08 -0400] "POST /seo-config.php?action=add_link HTTP/1.1" 404 16 "https://northern2020.com/" "Mozilla/5.0 (Windows NT 10.0; Win64; x64) AppleWebKit/537.36 (KHTML, like Gecko) Chrome/120.0.0.0 Safari/537.36"
179.43.146.218 - - [31/Aug/2026:13:35:08 -0400] "POST /seo-config.php?action=add_link HTTP/1.1" 404 16 "https://northern2020.com/" "Mozilla/5.0 (Windows NT 10.0; Win64; x64) AppleWebKit/537.36 (KHTML, like Gecko) Chrome/120.0.0.0 Safari/537.36"
179.43.146.218 - - [31/Aug/2026:13:35:26 -0400] "POST /seo-config.php?action=add_link HTTP/1.1" 404 16 "https://northern2020.com/" "Mozilla/5.0 (Windows NT 10.0; Win64; x64) AppleWebKit/537.36 (KHTML, like Gecko) Chrome/120.0.0.0 Safari/537.36"
179.43.146.218 - - [31/Aug/2026:13:35:26 -0400] "POST /seo-config.php?action=add_link HTTP/1.1" 404 16 "https://northern2020.com/" "Mozilla/5.0 (Windows NT 10.0; Win64; x64) AppleWebKit/537.36 (KHTML, like Gecko) Chrome/120.0.0.0 Safari/537.36"
179.43.146.218 - - [31/Aug/2026:13:37:19 -0400] "POST /seo-config.php?action=add_link HTTP/1.1" 404 16 "https://northern2020.com/" "Mozilla/5.0 (Windows NT 10.0; Win64; x64) AppleWebKit/537.36 (KHTML, like Gecko) Chrome/120.0.0.0 Safari/537.36"
179.43.146.218 - - [31/Aug/2026:13:37:19 -0400] "POST /seo-config.php?action=add_link HTTP/1.1" 404 16 "https://northern2020.com/" "Mozilla/5.0 (Windows NT 10.0; Win64; x64) AppleWebKit/537.36 (KHTML, like Gecko) Chrome/120.0.0.0 Safari/537.36"
179.43.146.218 - - [31/Aug/2026:13:38:42 -0400] "POST /seo-config.php?action=add_link HTTP/1.1" 404 16 "https://northern2020.com/" "Mozilla/5.0 (Windows NT 10.0; Win64; x64) AppleWebKit/537.36 (KHTML, like Gecko) Chrome/120.0.0.0 Safari/537.36"
179.43.146.218 - - [31/Aug/2026:13:38:42 -0400] "POST /seo-config.php?action=add_link HTTP/1.1" 404 16 "https://northern2020.com/" "Mozilla/5.0 (Windows NT 10.0; Win64; x64) AppleWebKit/537.36 (KHTML, like Gecko) Chrome/120.0.0.0 Safari/537.36"
179.43.146.218 - - [31/Aug/2026:13:38:42 -0400] "POST /seo-config.php?action=add_link HTTP/1.1" 404 16 "https://northern2020.com/" "Mozilla/5.0 (Windows NT 10.0; Win64; x64) AppleWebKit/537.36 (KHTML, like Gecko) Chrome/120.0.0.0 Safari/537.36"
179.43.146.218 - - [31/Aug/2026:13:40:17 -0400] "POST /seo-config.php?action=add_link HTTP/1.1" 404 16 "https://northern2020.com/" "Mozilla/5.0 (Windows NT 10.0; Win64; x64) AppleWebKit/537.36 (KHTML, like Gecko) Chrome/120.0.0.0 Safari/537.36"
179.43.146.218 - - [31/Aug/2026:13:40:17 -0400] "POST /seo-config.php?action=add_link HTTP/1.1" 404 16 "https://northern2020.com/" "Mozilla/5.0 (Windows NT 10.0; Win64; x64) AppleWebKit/537.36 (KHTML, like Gecko) Chrome/120.0.0.0 Safari/537.36"
