52.167.144.193 - - [31/Aug/2026:09:20:48 -0400] "GET /?t=h6e2m4s5e1l4v2e5n821 HTTP/1.1" 200 281 "-" "Mozilla/5.0 AppleWebKit/537.36 (KHTML, like Gecko; compatible; bingbot/2.0; +http://www.bing.com/bingbot.htm) Chrome/116.0.1938.76 Safari/537.36"
207.46.13.14 - - [31/Aug/2026:09:20:54 -0400] "GET /shops/chirosophist/m1i1c5r0o3c8r4y5s9t0a3lline HTTP/1.1" 404 236 "-" "Mozilla/5.0 AppleWebKit/537.36 (KHTML, like Gecko; compatible; bingbot/2.0; +http://www.bing.com/bingbot.htm) Chrome/116.0.1938.76 Safari/537.36"
207.46.13.14 - - [31/Aug/2026:09:20:54 -0400] "GET /?t=s3w4e0e9t3e0n6e9d925 HTTP/1.1" 200 281 "-" "Mozilla/5.0 AppleWebKit/537.36 (KHTML, like Gecko; compatible; bingbot/2.0; +http://www.bing.com/bingbot.htm) Chrome/116.0.1938.76 Safari/537.36"
40.77.167.62 - - [31/Aug/2026:09:20:59 -0400] "GET /shops/tessellate/m9u3l3t0i7l3i1n0e9a2l5 HTTP/1.1" 404 236 "-" "Mozilla/5.0 AppleWebKit/537.36 (KHTML, like Gecko; compatible; bingbot/2.0; +http://www.bing.com/bingbot.htm) Chrome/116.0.1938.76 Safari/537.36"
40.77.167.62 - - [31/Aug/2026:09:20:59 -0400] "GET /shops/equivalvular/c0a3p1l6e0149060 HTTP/1.1" 404 236 "-" "Mozilla/5.0 AppleWebKit/537.36 (KHTML, like Gecko; compatible; bingbot/2.0; +http://www.bing.com/bingbot.htm) Chrome/116.0.1938.76 Safari/537.36"
40.77.167.62 - - [31/Aug/2026:09:20:59 -0400] "GET /coastwise/i6n1c0e3s3s1a4n6t1l6y9 HTTP/1.1" 404 236 "-" "Mozilla/5.0 AppleWebKit/537.36 (KHTML, like Gecko; compatible; bingbot/2.0; +http://www.bing.com/bingbot.htm) Chrome/116.0.1938.76 Safari/537.36"
40.77.167.62 - - [31/Aug/2026:09:20:59 -0400] "GET /?t=s9t5u6p5e6n6d9o2u8s9ly HTTP/1.1" 200 281 "-" "Mozilla/5.0 AppleWebKit/537.36 (KHTML, like Gecko; compatible; bingbot/2.0; +http://www.bing.com/bingbot.htm) Chrome/116.0.1938.76 Safari/537.36"
52.167.144.193 - - [31/Aug/2026:09:21:04 -0400] "GET /shops/inhabitress/t4h3u2n8d2e6r3o0u2s45 HTTP/1.1" 404 236 "-" "Mozilla/5.0 AppleWebKit/537.36 (KHTML, like Gecko; compatible; bingbot/2.0; +http://www.bing.com/bingbot.htm) Chrome/116.0.1938.76 Safari/537.36"
52.167.144.193 - - [31/Aug/2026:09:21:04 -0400] "GET /?t=h9a3s2t7i1l6y5329 HTTP/1.1" 200 281 "-" "Mozilla/5.0 AppleWebKit/537.36 (KHTML, like Gecko; compatible; bingbot/2.0; +http://www.bing.com/bingbot.htm) Chrome/116.0.1938.76 Safari/537.36"
40.77.167.151 - - [31/Aug/2026:09:21:07 -0400] "GET /shops/assentator/s4n1i1f6t6e8d94147 HTTP/1.1" 404 236 "-" "Mozilla/5.0 AppleWebKit/537.36 (KHTML, like Gecko; compatible; bingbot/2.0; +http://www.bing.com/bingbot.htm) Chrome/116.0.1938.76 Safari/537.36"
66.249.74.194 - - [31/Aug/2026:09:21:16 -0400] "GET /?i=4971237620 HTTP/1.1" 200 281 "-" "Mozilla/5.0 (Linux; Android 6.0.1; Nexus 5X Build/MMB29P) AppleWebKit/537.36 (KHTML, like Gecko) Chrome/151.0.7922.173 Mobile Safari/537.36 (compatible; Googlebot/2.1; +http://www.google.com/bot.html)"
66.249.74.195 - - [31/Aug/2026:09:22:14 -0400] "GET /?i=5463949550 HTTP/1.1" 200 281 "-" "Mozilla/5.0 (Linux; Android 6.0.1; Nexus 5X Build/MMB29P) AppleWebKit/537.36 (KHTML, like Gecko) Chrome/151.0.7922.173 Mobile Safari/537.36 (compatible; Googlebot/2.1; +http://www.google.com/bot.html)"
54.39.89.172 - - [31/Aug/2026:09:22:57 -0400] "GET /examper/p2h2y2l5l0i1u8m2723 HTTP/1.1" 404 236 "-" "Mozilla/5.0 (compatible; AhrefsBot/7.0; +http://ahrefs.com/robot/)"
40.77.167.62 - - [31/Aug/2026:09:24:15 -0400] "GET /?facilely/23020428593 HTTP/1.1" 200 281 "-" "Mozilla/5.0 AppleWebKit/537.36 (KHTML, like Gecko; compatible; bingbot/2.0; +http://www.bing.com/bingbot.htm) Chrome/116.0.1938.76 Safari/537.36"
40.77.167.62 - - [31/Aug/2026:09:24:15 -0400] "GET /shops/ophiobolus/n5i3g6g0a9r1d4s2h4i8p3 HTTP/1.1" 404 236 "-" "Mozilla/5.0 AppleWebKit/537.36 (KHTML, like Gecko; compatible; bingbot/2.0; +http://www.bing.com/bingbot.htm) Chrome/116.0.1938.76 Safari/537.36"
40.77.167.62 - - [31/Aug/2026:09:24:15 -0400] "GET /shops/subsultory/u5n3d4i9s5p4o8s4e3d1n2ess HTTP/1.1" 404 236 "-" "Mozilla/5.0 AppleWebKit/537.36 (KHTML, like Gecko; compatible; bingbot/2.0; +http://www.bing.com/bingbot.htm) Chrome/116.0.1938.76 Safari/537.36"
40.77.167.62 - - [31/Aug/2026:09:24:16 -0400] "GET /shops/unbeget/c2o1m0p6r5o3m9i1s2s4o0rial HTTP/1.1" 404 236 "-" "Mozilla/5.0 AppleWebKit/537.36 (KHTML, like Gecko; compatible; bingbot/2.0; +http://www.bing.com/bingbot.htm) Chrome/116.0.1938.76 Safari/537.36"
40.77.167.62 - - [31/Aug/2026:09:24:16 -0400] "GET /?t=s9w3e9a4t9i3l6y3744 HTTP/1.1" 200 281 "-" "Mozilla/5.0 AppleWebKit/537.36 (KHTML, like Gecko; compatible; bingbot/2.0; +http://www.bing.com/bingbot.htm) Chrome/116.0.1938.76 Safari/537.36"
52.167.144.193 - - [31/Aug/2026:09:24:20 -0400] "GET /stipple/h9o3b2d9e0h7o0y0536 HTTP/1.1" 404 236 "-" "Mozilla/5.0 AppleWebKit/537.36 (KHTML, like Gecko; compatible; bingbot/2.0; +http://www.bing.com/bingbot.htm) Chrome/116.0.1938.76 Safari/537.36"
52.167.144.193 - - [31/Aug/2026:09:24:20 -0400] "GET /shops/lateres/n1a1y5a6u6r153134 HTTP/1.1" 404 236 "-" "Mozilla/5.0 AppleWebKit/537.36 (KHTML, like Gecko; compatible; bingbot/2.0; +http://www.bing.com/bingbot.htm) Chrome/116.0.1938.76 Safari/537.36"
207.46.13.14 - - [31/Aug/2026:09:24:25 -0400] "GET /?t=t0h2r5i9v4i5n3g1l8y82 HTTP/1.1" 200 281 "-" "Mozilla/5.0 AppleWebKit/537.36 (KHTML, like Gecko; compatible; bingbot/2.0; +http://www.bing.com/bingbot.htm) Chrome/116.0.1938.76 Safari/537.36"
207.46.13.14 - - [31/Aug/2026:09:24:26 -0400] "GET /shops/interreign/m0u8r2r9a1i9n3973 HTTP/1.1" 404 236 "-" "Mozilla/5.0 AppleWebKit/537.36 (KHTML, like Gecko; compatible; bingbot/2.0; +http://www.bing.com/bingbot.htm) Chrome/116.0.1938.76 Safari/537.36"
52.167.144.211 - - [31/Aug/2026:09:24:54 -0400] "GET /shops/comelily/m4i2s4b5o2d9e73975 HTTP/1.1" 404 236 "-" "Mozilla/5.0 AppleWebKit/537.36 (KHTML, like Gecko; compatible; bingbot/2.0; +http://www.bing.com/bingbot.htm) Chrome/116.0.1938.76 Safari/537.36"
198.204.240.234 - - [31/Aug/2026:09:25:49 -0400] "GET /wp-includes/wpee7639/index.php HTTP/1.1" 404 236 "https://rioislandkitchen.com/wp-includes/wpee7639/index.php" "Mozilla/4.0 (compatible; MSIE 7.0; Windows NT 5.1; SV1; .NET CLR 1.1.4322; .NET CLR 2.0.50727; InfoPath.1)"
207.46.13.14 - - [31/Aug/2026:09:25:54 -0400] "GET /encauma/subterrane/7582808674 HTTP/1.1" 404 236 "-" "Mozilla/5.0 AppleWebKit/537.36 (KHTML, like Gecko; compatible; bingbot/2.0; +http://www.bing.com/bingbot.htm) Chrome/116.0.1938.76 Safari/537.36"
207.46.13.14 - - [31/Aug/2026:09:25:54 -0400] "GET /airedale/overheavy/a0i3r2e3d0a9l1e0284 HTTP/1.1" 404 236 "-" "Mozilla/5.0 AppleWebKit/537.36 (KHTML, like Gecko; compatible; bingbot/2.0; +http://www.bing.com/bingbot.htm) Chrome/116.0.1938.76 Safari/537.36"
207.46.13.14 - - [31/Aug/2026:09:25:54 -0400] "GET /indulger/concinnous/b2u3r3n5i9s0h13159 HTTP/1.1" 404 236 "-" "Mozilla/5.0 AppleWebKit/537.36 (KHTML, like Gecko; compatible; bingbot/2.0; +http://www.bing.com/bingbot.htm) Chrome/116.0.1938.76 Safari/537.36"
207.46.13.14 - - [31/Aug/2026:09:25:55 -0400] "GET /shops/ballerina/n7e2p4h0r1i3t5i8c015 HTTP/1.1" 404 236 "-" "Mozilla/5.0 AppleWebKit/537.36 (KHTML, like Gecko; compatible; bingbot/2.0; +http://www.bing.com/bingbot.htm) Chrome/116.0.1938.76 Safari/537.36"
52.167.144.193 - - [31/Aug/2026:09:25:56 -0400] "GET /diapensiales/g3r3o7g1r2a8m08222 HTTP/1.1" 404 236 "-" "Mozilla/5.0 AppleWebKit/537.36 (KHTML, like Gecko; compatible; bingbot/2.0; +http://www.bing.com/bingbot.htm) Chrome/116.0.1938.76 Safari/537.36"
40.77.167.62 - - [31/Aug/2026:09:25:58 -0400] "GET /?globetrotting/2942265953 HTTP/1.1" 200 281 "-" "Mozilla/5.0 AppleWebKit/537.36 (KHTML, like Gecko; compatible; bingbot/2.0; +http://www.bing.com/bingbot.htm) Chrome/116.0.1938.76 Safari/537.36"
40.77.167.62 - - [31/Aug/2026:09:25:58 -0400] "GET /?t=c6h4i1p3m5u4k42618 HTTP/1.1" 200 281 "-" "Mozilla/5.0 AppleWebKit/537.36 (KHTML, like Gecko; compatible; bingbot/2.0; +http://www.bing.com/bingbot.htm) Chrome/116.0.1938.76 Safari/537.36"
40.77.167.62 - - [31/Aug/2026:09:25:59 -0400] "GET /shops/aneides/s1o4t1e1r1i4o6l8o8g9y8 HTTP/1.1" 404 236 "-" "Mozilla/5.0 AppleWebKit/537.36 (KHTML, like Gecko; compatible; bingbot/2.0; +http://www.bing.com/bingbot.htm) Chrome/116.0.1938.76 Safari/537.36"
207.46.13.14 - - [31/Aug/2026:09:26:04 -0400] "GET /shops/arsehole/s0c3u2l7p4t5u9r6e078 HTTP/1.1" 404 236 "-" "Mozilla/5.0 AppleWebKit/537.36 (KHTML, like Gecko; compatible; bingbot/2.0; +http://www.bing.com/bingbot.htm) Chrome/116.0.1938.76 Safari/537.36"
207.46.13.14 - - [31/Aug/2026:09:26:04 -0400] "GET /materialized/g0e1n2d5a1r2m3e0r4i8e5 HTTP/1.1" 404 236 "-" "Mozilla/5.0 AppleWebKit/537.36 (KHTML, like Gecko; compatible; bingbot/2.0; +http://www.bing.com/bingbot.htm) Chrome/116.0.1938.76 Safari/537.36"
207.46.13.14 - - [31/Aug/2026:09:26:04 -0400] "GET /?t=i5m1a4g1i5n9a9r3y814 HTTP/1.1" 200 281 "-" "Mozilla/5.0 AppleWebKit/537.36 (KHTML, like Gecko; compatible; bingbot/2.0; +http://www.bing.com/bingbot.htm) Chrome/116.0.1938.76 Safari/537.36"
52.167.144.193 - - [31/Aug/2026:09:26:08 -0400] "GET /?scyphistoma/62303218624 HTTP/1.1" 200 281 "-" "Mozilla/5.0 AppleWebKit/537.36 (KHTML, like Gecko; compatible; bingbot/2.0; +http://www.bing.com/bingbot.htm) Chrome/116.0.1938.76 Safari/537.36"
207.46.13.170 - - [31/Aug/2026:09:28:24 -0400] "GET /?t=c8o2n1c2l6a8v9i1s0t75 HTTP/1.1" 200 281 "-" "Mozilla/5.0 AppleWebKit/537.36 (KHTML, like Gecko; compatible; bingbot/2.0; +http://www.bing.com/bingbot.htm) Chrome/116.0.1938.76 Safari/537.36"
52.167.144.193 - - [31/Aug/2026:09:28:28 -0400] "GET /shops/semipelagianism/c8h3r2y8s1o0t9i0s980 HTTP/1.1" 404 236 "-" "Mozilla/5.0 AppleWebKit/537.36 (KHTML, like Gecko; compatible; bingbot/2.0; +http://www.bing.com/bingbot.htm) Chrome/116.0.1938.76 Safari/537.36"
52.167.144.193 - - [31/Aug/2026:09:28:28 -0400] "GET /shops/nutpecker/m7e3t2a7g3e2n7i6c44 HTTP/1.1" 404 236 "-" "Mozilla/5.0 AppleWebKit/537.36 (KHTML, like Gecko; compatible; bingbot/2.0; +http://www.bing.com/bingbot.htm) Chrome/116.0.1938.76 Safari/537.36"
52.167.144.193 - - [31/Aug/2026:09:28:28 -0400] "GET /shops/inescapable/i7n2s4e0c3a4b1l0e264 HTTP/1.1" 404 236 "-" "Mozilla/5.0 AppleWebKit/537.36 (KHTML, like Gecko; compatible; bingbot/2.0; +http://www.bing.com/bingbot.htm) Chrome/116.0.1938.76 Safari/537.36"
52.167.144.193 - - [31/Aug/2026:09:28:28 -0400] "GET /?t=t1r9i7s3e2c7t4i5o6n2 HTTP/1.1" 200 281 "-" "Mozilla/5.0 AppleWebKit/537.36 (KHTML, like Gecko; compatible; bingbot/2.0; +http://www.bing.com/bingbot.htm) Chrome/116.0.1938.76 Safari/537.36"
52.167.144.193 - - [31/Aug/2026:09:28:28 -0400] "GET /shops/usufruct/m9e1t6h2e7n1e42667 HTTP/1.1" 404 236 "-" "Mozilla/5.0 AppleWebKit/537.36 (KHTML, like Gecko; compatible; bingbot/2.0; +http://www.bing.com/bingbot.htm) Chrome/116.0.1938.76 Safari/537.36"
52.167.144.193 - - [31/Aug/2026:09:28:34 -0400] "GET /spheridae/c0o4r1y3b9a7n4t0s100 HTTP/1.1" 404 236 "-" "Mozilla/5.0 AppleWebKit/537.36 (KHTML, like Gecko; compatible; bingbot/2.0; +http://www.bing.com/bingbot.htm) Chrome/116.0.1938.76 Safari/537.36"
40.77.167.62 - - [31/Aug/2026:09:28:37 -0400] "GET /shops/finetune/l5i3b1e7l4o0u8s7l4y30 HTTP/1.1" 404 236 "-" "Mozilla/5.0 AppleWebKit/537.36 (KHTML, like Gecko; compatible; bingbot/2.0; +http://www.bing.com/bingbot.htm) Chrome/116.0.1938.76 Safari/537.36"
40.77.167.62 - - [31/Aug/2026:09:28:38 -0400] "GET /?dashed/81432492722 HTTP/1.1" 200 281 "-" "Mozilla/5.0 AppleWebKit/537.36 (KHTML, like Gecko; compatible; bingbot/2.0; +http://www.bing.com/bingbot.htm) Chrome/116.0.1938.76 Safari/537.36"
40.77.167.62 - - [31/Aug/2026:09:28:38 -0400] "GET /?t=d6o2s6i0n1g766156 HTTP/1.1" 200 281 "-" "Mozilla/5.0 AppleWebKit/537.36 (KHTML, like Gecko; compatible; bingbot/2.0; +http://www.bing.com/bingbot.htm) Chrome/116.0.1938.76 Safari/537.36"
40.77.167.62 - - [31/Aug/2026:09:28:38 -0400] "GET /?t=a0n1t8e1f8a4c4t4137 HTTP/1.1" 200 281 "-" "Mozilla/5.0 AppleWebKit/537.36 (KHTML, like Gecko; compatible; bingbot/2.0; +http://www.bing.com/bingbot.htm) Chrome/116.0.1938.76 Safari/537.36"
52.167.144.193 - - [31/Aug/2026:09:30:28 -0400] "GET /carnalizing/p1r3e0s4t3i9d4i0g0i4t9ation HTTP/1.1" 404 236 "-" "Mozilla/5.0 AppleWebKit/537.36 (KHTML, like Gecko; compatible; bingbot/2.0; +http://www.bing.com/bingbot.htm) Chrome/116.0.1938.76 Safari/537.36"
66.249.74.195 - - [31/Aug/2026:09:30:42 -0400] "GET /?t=n0o1n7l8i0t8e5r7a3t1e7 HTTP/1.1" 200 281 "-" "Mozilla/5.0 (Linux; Android 6.0.1; Nexus 5X Build/MMB29P) AppleWebKit/537.36 (KHTML, like Gecko) Chrome/151.0.7922.173 Mobile Safari/537.36 (compatible; Googlebot/2.1; +http://www.google.com/bot.html)"
66.249.74.196 - - [31/Aug/2026:09:31:29 -0400] "GET /?t=o1m3n7i3s5c5i3e4n8t4l3y HTTP/1.1" 200 281 "-" "Mozilla/5.0 (compatible; Googlebot/2.1; +http://www.google.com/bot.html)"
40.77.167.57 - - [31/Aug/2026:09:32:00 -0400] "GET /?afrocarpus/31577050162 HTTP/1.1" 200 281 "-" "Mozilla/5.0 AppleWebKit/537.36 (KHTML, like Gecko; compatible; bingbot/2.0; +http://www.bing.com/bingbot.htm) Chrome/116.0.1938.76 Safari/537.36"
40.77.167.57 - - [31/Aug/2026:09:32:00 -0400] "GET /?t=e5r1y0s9i7p7h7a3l7e9s7 HTTP/1.1" 200 281 "-" "Mozilla/5.0 AppleWebKit/537.36 (KHTML, like Gecko; compatible; bingbot/2.0; +http://www.bing.com/bingbot.htm) Chrome/116.0.1938.76 Safari/537.36"
40.77.167.57 - - [31/Aug/2026:09:32:01 -0400] "GET /shops/twinkle/e9c8c0l5e9s2i1o2l9o9gist HTTP/1.1" 404 236 "-" "Mozilla/5.0 AppleWebKit/537.36 (KHTML, like Gecko; compatible; bingbot/2.0; +http://www.bing.com/bingbot.htm) Chrome/116.0.1938.76 Safari/537.36"
40.77.167.57 - - [31/Aug/2026:09:32:01 -0400] "GET /northumberland/i5n1c9o5n1d5i4t3i9o5nate HTTP/1.1" 404 236 "-" "Mozilla/5.0 AppleWebKit/537.36 (KHTML, like Gecko; compatible; bingbot/2.0; +http://www.bing.com/bingbot.htm) Chrome/116.0.1938.76 Safari/537.36"
207.46.13.170 - - [31/Aug/2026:09:32:05 -0400] "GET /cranage/e0n2g4r6a5f5t7a1t7i5o5n HTTP/1.1" 404 236 "-" "Mozilla/5.0 AppleWebKit/537.36 (KHTML, like Gecko; compatible; bingbot/2.0; +http://www.bing.com/bingbot.htm) Chrome/116.0.1938.76 Safari/537.36"
207.46.13.170 - - [31/Aug/2026:09:32:05 -0400] "GET /shops/phenomenal/m5a2i7d1p5a8l4e5875 HTTP/1.1" 404 236 "-" "Mozilla/5.0 AppleWebKit/537.36 (KHTML, like Gecko; compatible; bingbot/2.0; +http://www.bing.com/bingbot.htm) Chrome/116.0.1938.76 Safari/537.36"
207.46.13.170 - - [31/Aug/2026:09:32:06 -0400] "GET /shops/myxomycota/h4o9m7e1l6i4k5e372 HTTP/1.1" 404 236 "-" "Mozilla/5.0 AppleWebKit/537.36 (KHTML, like Gecko; compatible; bingbot/2.0; +http://www.bing.com/bingbot.htm) Chrome/116.0.1938.76 Safari/537.36"
40.77.167.143 - - [31/Aug/2026:09:32:06 -0400] "GET /calming/rejectamenta/43244772233 HTTP/1.1" 404 236 "-" "Mozilla/5.0 AppleWebKit/537.36 (KHTML, like Gecko; compatible; bingbot/2.0; +http://www.bing.com/bingbot.htm) Chrome/116.0.1938.76 Safari/537.36"
40.77.167.143 - - [31/Aug/2026:09:32:16 -0400] "GET /shops/annatto/c7a1m4e0o1s552950 HTTP/1.1" 404 236 "-" "Mozilla/5.0 AppleWebKit/537.36 (KHTML, like Gecko; compatible; bingbot/2.0; +http://www.bing.com/bingbot.htm) Chrome/116.0.1938.76 Safari/537.36"
40.77.167.143 - - [31/Aug/2026:09:32:17 -0400] "GET /shops/hokeday/w5r1e7s4t6e9r77320 HTTP/1.1" 404 236 "-" "Mozilla/5.0 AppleWebKit/537.36 (KHTML, like Gecko; compatible; bingbot/2.0; +http://www.bing.com/bingbot.htm) Chrome/116.0.1938.76 Safari/537.36"
66.249.74.196 - - [31/Aug/2026:09:32:45 -0400] "GET /?t=s6p9o8f2f2i8s9h821 HTTP/1.1" 200 281 "-" "Mozilla/5.0 (Linux; Android 6.0.1; Nexus 5X Build/MMB29P) AppleWebKit/537.36 (KHTML, like Gecko) Chrome/151.0.7922.173 Mobile Safari/537.36 (compatible; Googlebot/2.1; +http://www.google.com/bot.html)"
52.167.144.193 - - [31/Aug/2026:09:33:08 -0400] "GET /?t=i4r4o2n6b2o0u6n5d275 HTTP/1.1" 200 281 "-" "Mozilla/5.0 AppleWebKit/537.36 (KHTML, like Gecko; compatible; bingbot/2.0; +http://www.bing.com/bingbot.htm) Chrome/116.0.1938.76 Safari/537.36"
192.178.8.64 - - [31/Aug/2026:09:33:40 -0400] "GET /.well-known/traffic-advice HTTP/1.1" 404 236 "-" "Chrome Privacy Preserving Prefetch Proxy"
162.120.184.9 - - [31/Aug/2026:09:33:40 -0400] "GET /?mellitus/9677298131 HTTP/1.1" 200 281 "https://www.google.com/" "Mozilla/5.0 (Windows NT 10.0; Win64; x64) AppleWebKit/537.36 (KHTML, like Gecko) Chrome/152.0.0.0 Safari/537.36"
52.167.144.166 - - [31/Aug/2026:09:35:15 -0400] "GET /shops/hucksterer/w9a1n0t2l5e6s6s9331 HTTP/1.1" 404 236 "-" "Mozilla/5.0 AppleWebKit/537.36 (KHTML, like Gecko; compatible; bingbot/2.0; +http://www.bing.com/bingbot.htm) Chrome/116.0.1938.76 Safari/537.36"
40.77.167.143 - - [31/Aug/2026:09:38:48 -0400] "GET /?mahoe/53646709640 HTTP/1.1" 200 281 "-" "Mozilla/5.0 AppleWebKit/537.36 (KHTML, like Gecko; compatible; bingbot/2.0; +http://www.bing.com/bingbot.htm) Chrome/116.0.1938.76 Safari/537.36"
40.77.167.143 - - [31/Aug/2026:09:38:48 -0400] "GET /shops/antiquate/s9i1b7b6a7l1d7i0u2s74 HTTP/1.1" 404 236 "-" "Mozilla/5.0 AppleWebKit/537.36 (KHTML, like Gecko; compatible; bingbot/2.0; +http://www.bing.com/bingbot.htm) Chrome/116.0.1938.76 Safari/537.36"
40.77.167.57 - - [31/Aug/2026:09:38:52 -0400] "GET /?t=s6u3t7t8l3e060701 HTTP/1.1" 200 281 "-" "Mozilla/5.0 AppleWebKit/537.36 (KHTML, like Gecko; compatible; bingbot/2.0; +http://www.bing.com/bingbot.htm) Chrome/116.0.1938.76 Safari/537.36"
40.77.167.57 - - [31/Aug/2026:09:38:52 -0400] "GET /?t=s4q2u0a4d0r3o7n0078 HTTP/1.1" 200 281 "-" "Mozilla/5.0 AppleWebKit/537.36 (KHTML, like Gecko; compatible; bingbot/2.0; +http://www.bing.com/bingbot.htm) Chrome/116.0.1938.76 Safari/537.36"
40.77.167.57 - - [31/Aug/2026:09:38:52 -0400] "GET /crepitation/a6p2p4r8o2p9r1i1a6t5i9ve HTTP/1.1" 404 236 "-" "Mozilla/5.0 AppleWebKit/537.36 (KHTML, like Gecko; compatible; bingbot/2.0; +http://www.bing.com/bingbot.htm) Chrome/116.0.1938.76 Safari/537.36"
157.55.39.14 - - [31/Aug/2026:09:38:58 -0400] "GET /shops/piewipe/s0p1a5t5e1983199 HTTP/1.1" 404 236 "-" "Mozilla/5.0 AppleWebKit/537.36 (KHTML, like Gecko; compatible; bingbot/2.0; +http://www.bing.com/bingbot.htm) Chrome/116.0.1938.76 Safari/537.36"
157.55.39.14 - - [31/Aug/2026:09:38:58 -0400] "GET /shops/bauhinia/i1n3i0q3u7i4t5o1u9s8l4y HTTP/1.1" 404 236 "-" "Mozilla/5.0 AppleWebKit/537.36 (KHTML, like Gecko; compatible; bingbot/2.0; +http://www.bing.com/bingbot.htm) Chrome/116.0.1938.76 Safari/537.36"
157.55.39.14 - - [31/Aug/2026:09:38:58 -0400] "GET /honorer/imbankment/1958266441 HTTP/1.1" 404 236 "-" "Mozilla/5.0 AppleWebKit/537.36 (KHTML, like Gecko; compatible; bingbot/2.0; +http://www.bing.com/bingbot.htm) Chrome/116.0.1938.76 Safari/537.36"
157.55.39.14 - - [31/Aug/2026:09:38:58 -0400] "GET /shops/corve/b5e3s6o4t2t9e2d9l3y20 HTTP/1.1" 404 236 "-" "Mozilla/5.0 AppleWebKit/537.36 (KHTML, like Gecko; compatible; bingbot/2.0; +http://www.bing.com/bingbot.htm) Chrome/116.0.1938.76 Safari/537.36"
157.55.39.14 - - [31/Aug/2026:09:38:58 -0400] "GET /shops/galvanoplastic/m0u2s0k4r5a0t29260 HTTP/1.1" 404 236 "-" "Mozilla/5.0 AppleWebKit/537.36 (KHTML, like Gecko; compatible; bingbot/2.0; +http://www.bing.com/bingbot.htm) Chrome/116.0.1938.76 Safari/537.36"
52.167.144.166 - - [31/Aug/2026:09:39:37 -0400] "GET /shops/alliteral/r6h3i6z5o7t6a3x7i2s30 HTTP/1.1" 404 236 "-" "Mozilla/5.0 AppleWebKit/537.36 (KHTML, like Gecko; compatible; bingbot/2.0; +http://www.bing.com/bingbot.htm) Chrome/116.0.1938.76 Safari/537.36"
157.55.39.14 - - [31/Aug/2026:09:39:46 -0400] "GET /?i=01384180808803 HTTP/1.1" 200 281 "-" "Mozilla/5.0 AppleWebKit/537.36 (KHTML, like Gecko; compatible; bingbot/2.0; +http://www.bing.com/bingbot.htm) Chrome/116.0.1938.76 Safari/537.36"
66.249.74.196 - - [31/Aug/2026:09:41:09 -0400] "GET /?t=e8g3o0t1i4s9t3i6c1a9l8ly HTTP/1.1" 200 281 "-" "Mozilla/5.0 (Linux; Android 6.0.1; Nexus 5X Build/MMB29P) AppleWebKit/537.36 (KHTML, like Gecko) Chrome/151.0.7922.173 Mobile Safari/537.36 (compatible; Googlebot/2.1; +http://www.google.com/bot.html)"
52.167.144.230 - - [31/Aug/2026:09:42:36 -0400] "GET /phocidae/n8o2n0c7o7n5t4r2i1b0u2tory HTTP/1.1" 404 236 "-" "Mozilla/5.0 AppleWebKit/537.36 (KHTML, like Gecko; compatible; bingbot/2.0; +http://www.bing.com/bingbot.htm) Chrome/116.0.1938.76 Safari/537.36"
207.46.13.9 - - [31/Aug/2026:09:43:35 -0400] "GET /shops/noneffective/c6u2d6d6l6e9d37000 HTTP/1.1" 404 236 "-" "Mozilla/5.0 AppleWebKit/537.36 (KHTML, like Gecko; compatible; bingbot/2.0; +http://www.bing.com/bingbot.htm) Chrome/116.0.1938.76 Safari/537.36"
52.167.144.232 - - [31/Aug/2026:09:45:09 -0400] "GET /sinuation/h1e1x0a9c5a5p9s9u0l3a4r HTTP/1.1" 404 236 "-" "Mozilla/5.0 AppleWebKit/537.36 (KHTML, like Gecko; compatible; bingbot/2.0; +http://www.bing.com/bingbot.htm) Chrome/116.0.1938.76 Safari/537.36"
40.77.167.79 - - [31/Aug/2026:09:48:49 -0400] "GET /?holorhinal/91815867011 HTTP/1.1" 200 281 "-" "Mozilla/5.0 AppleWebKit/537.36 (KHTML, like Gecko; compatible; bingbot/2.0; +http://www.bing.com/bingbot.htm) Chrome/116.0.1938.76 Safari/537.36"
40.77.167.79 - - [31/Aug/2026:09:48:49 -0400] "GET /shops/recidivation/u1n4d9e7m5a2n2d8i0n7g HTTP/1.1" 404 236 "-" "Mozilla/5.0 AppleWebKit/537.36 (KHTML, like Gecko; compatible; bingbot/2.0; +http://www.bing.com/bingbot.htm) Chrome/116.0.1938.76 Safari/537.36"
40.77.167.79 - - [31/Aug/2026:09:48:49 -0400] "GET /shops/mysticete/c3r1i7n5o2i3d7e4a592 HTTP/1.1" 404 236 "-" "Mozilla/5.0 AppleWebKit/537.36 (KHTML, like Gecko; compatible; bingbot/2.0; +http://www.bing.com/bingbot.htm) Chrome/116.0.1938.76 Safari/537.36"
40.77.167.79 - - [31/Aug/2026:09:48:49 -0400] "GET /?t=c6o1n2f2r4o5n4t3e7d21 HTTP/1.1" 200 281 "-" "Mozilla/5.0 AppleWebKit/537.36 (KHTML, like Gecko; compatible; bingbot/2.0; +http://www.bing.com/bingbot.htm) Chrome/116.0.1938.76 Safari/537.36"
40.77.167.79 - - [31/Aug/2026:09:48:50 -0400] "GET /shops/onagon/e3x3p5a1n2d7e7d2492 HTTP/1.1" 404 236 "-" "Mozilla/5.0 AppleWebKit/537.36 (KHTML, like Gecko; compatible; bingbot/2.0; +http://www.bing.com/bingbot.htm) Chrome/116.0.1938.76 Safari/537.36"
40.77.167.72 - - [31/Aug/2026:09:48:53 -0400] "GET /?grazed/71880834643 HTTP/1.1" 200 281 "-" "Mozilla/5.0 AppleWebKit/537.36 (KHTML, like Gecko; compatible; bingbot/2.0; +http://www.bing.com/bingbot.htm) Chrome/116.0.1938.76 Safari/537.36"
40.77.167.72 - - [31/Aug/2026:09:48:53 -0400] "GET /shops/jimcrack/f7r4o2l8i1c8s0o4m9e38 HTTP/1.1" 404 236 "-" "Mozilla/5.0 AppleWebKit/537.36 (KHTML, like Gecko; compatible; bingbot/2.0; +http://www.bing.com/bingbot.htm) Chrome/116.0.1938.76 Safari/537.36"
40.77.167.72 - - [31/Aug/2026:09:48:53 -0400] "GET /shops/asymmetry/c0o2n0f2e1c7t84309 HTTP/1.1" 404 236 "-" "Mozilla/5.0 AppleWebKit/537.36 (KHTML, like Gecko; compatible; bingbot/2.0; +http://www.bing.com/bingbot.htm) Chrome/116.0.1938.76 Safari/537.36"
40.77.167.72 - - [31/Aug/2026:09:48:53 -0400] "GET /?t=b9a1r9b8a5d1e4n3s1e12 HTTP/1.1" 200 281 "-" "Mozilla/5.0 AppleWebKit/537.36 (KHTML, like Gecko; compatible; bingbot/2.0; +http://www.bing.com/bingbot.htm) Chrome/116.0.1938.76 Safari/537.36"
157.55.39.14 - - [31/Aug/2026:09:48:58 -0400] "GET /shops/desoxalic/l3u2g9a6n8d2a69285 HTTP/1.1" 404 236 "-" "Mozilla/5.0 AppleWebKit/537.36 (KHTML, like Gecko; compatible; bingbot/2.0; +http://www.bing.com/bingbot.htm) Chrome/116.0.1938.76 Safari/537.36"
157.55.39.14 - - [31/Aug/2026:09:48:58 -0400] "GET /?t=a5n1t0h6e6l9m8i1n7t6h3ic HTTP/1.1" 200 281 "-" "Mozilla/5.0 AppleWebKit/537.36 (KHTML, like Gecko; compatible; bingbot/2.0; +http://www.bing.com/bingbot.htm) Chrome/116.0.1938.76 Safari/537.36"
157.55.39.14 - - [31/Aug/2026:09:48:58 -0400] "GET /?t=a5n1g3i7o7p2a1t7h9y92 HTTP/1.1" 200 281 "-" "Mozilla/5.0 AppleWebKit/537.36 (KHTML, like Gecko; compatible; bingbot/2.0; +http://www.bing.com/bingbot.htm) Chrome/116.0.1938.76 Safari/537.36"
40.77.167.79 - - [31/Aug/2026:09:49:00 -0400] "GET /shops/echinata/c5o3r4y9p5h4a2e3n6a67 HTTP/1.1" 404 236 "-" "Mozilla/5.0 AppleWebKit/537.36 (KHTML, like Gecko; compatible; bingbot/2.0; +http://www.bing.com/bingbot.htm) Chrome/116.0.1938.76 Safari/537.36"
40.77.167.72 - - [31/Aug/2026:09:49:00 -0400] "GET /?t=t0r3a2n3s8p2o2s3e1d17 HTTP/1.1" 200 281 "-" "Mozilla/5.0 AppleWebKit/537.36 (KHTML, like Gecko; compatible; bingbot/2.0; +http://www.bing.com/bingbot.htm) Chrome/116.0.1938.76 Safari/537.36"
40.77.167.79 - - [31/Aug/2026:09:49:04 -0400] "GET /shops/outwards/e9m2b2a4t4t3l6e7m5e3n0t HTTP/1.1" 404 236 "-" "Mozilla/5.0 AppleWebKit/537.36 (KHTML, like Gecko; compatible; bingbot/2.0; +http://www.bing.com/bingbot.htm) Chrome/116.0.1938.76 Safari/537.36"
40.77.167.79 - - [31/Aug/2026:09:49:04 -0400] "GET /?t=a7n1t2e1n4n3i6f0o7r8m2 HTTP/1.1" 200 281 "-" "Mozilla/5.0 AppleWebKit/537.36 (KHTML, like Gecko; compatible; bingbot/2.0; +http://www.bing.com/bingbot.htm) Chrome/116.0.1938.76 Safari/537.36"
40.77.167.72 - - [31/Aug/2026:09:49:10 -0400] "GET /?t=h3o4w2e0v2e3r87258 HTTP/1.1" 200 281 "-" "Mozilla/5.0 AppleWebKit/537.36 (KHTML, like Gecko; compatible; bingbot/2.0; +http://www.bing.com/bingbot.htm) Chrome/116.0.1938.76 Safari/537.36"
66.249.74.195 - - [31/Aug/2026:09:49:17 -0400] "GET /shops/expostulated/c8h2o6n0d5r8o1m5a031 HTTP/1.1" 404 236 "-" "Mozilla/5.0 (Linux; Android 6.0.1; Nexus 5X Build/MMB29P) AppleWebKit/537.36 (KHTML, like Gecko) Chrome/151.0.7922.173 Mobile Safari/537.36 (compatible; Googlebot/2.1; +http://www.google.com/bot.html)"
40.77.167.79 - - [31/Aug/2026:09:49:40 -0400] "GET /shops/smileless/o5u3t1b7l5u3s5h6856 HTTP/1.1" 404 236 "-" "Mozilla/5.0 AppleWebKit/537.36 (KHTML, like Gecko; compatible; bingbot/2.0; +http://www.bing.com/bingbot.htm) Chrome/116.0.1938.76 Safari/537.36"
40.77.167.79 - - [31/Aug/2026:09:49:40 -0400] "GET /?t=e4t1a4c9i7s6t38913 HTTP/1.1" 200 281 "-" "Mozilla/5.0 AppleWebKit/537.36 (KHTML, like Gecko; compatible; bingbot/2.0; +http://www.bing.com/bingbot.htm) Chrome/116.0.1938.76 Safari/537.36"
40.77.167.72 - - [31/Aug/2026:09:49:44 -0400] "GET /?i=9529954280 HTTP/1.1" 200 281 "-" "Mozilla/5.0 AppleWebKit/537.36 (KHTML, like Gecko; compatible; bingbot/2.0; +http://www.bing.com/bingbot.htm) Chrome/116.0.1938.76 Safari/537.36"
40.77.167.72 - - [31/Aug/2026:09:49:45 -0400] "GET /shops/terpentic/d7o1o6r6s3t0o8p2990 HTTP/1.1" 404 236 "-" "Mozilla/5.0 AppleWebKit/537.36 (KHTML, like Gecko; compatible; bingbot/2.0; +http://www.bing.com/bingbot.htm) Chrome/116.0.1938.76 Safari/537.36"
207.46.13.154 - - [31/Aug/2026:09:49:50 -0400] "GET /?t=e8r3o3g7a7t7e53528 HTTP/1.1" 200 281 "-" "Mozilla/5.0 AppleWebKit/537.36 (KHTML, like Gecko; compatible; bingbot/2.0; +http://www.bing.com/bingbot.htm) Chrome/116.0.1938.76 Safari/537.36"
207.46.13.154 - - [31/Aug/2026:09:49:50 -0400] "GET /?t=t8h2o2m0s9o8n1i3a9n4i9sm HTTP/1.1" 200 281 "-" "Mozilla/5.0 AppleWebKit/537.36 (KHTML, like Gecko; compatible; bingbot/2.0; +http://www.bing.com/bingbot.htm) Chrome/116.0.1938.76 Safari/537.36"
207.46.13.154 - - [31/Aug/2026:09:49:50 -0400] "GET /transgressed/catastrophism/h9a3l4f9b0r5o0t0h0e7r4 HTTP/1.1" 404 236 "-" "Mozilla/5.0 AppleWebKit/537.36 (KHTML, like Gecko; compatible; bingbot/2.0; +http://www.bing.com/bingbot.htm) Chrome/116.0.1938.76 Safari/537.36"
207.46.13.154 - - [31/Aug/2026:09:49:50 -0400] "GET /pleasantly/a3l3k5a9l7i283577 HTTP/1.1" 404 236 "-" "Mozilla/5.0 AppleWebKit/537.36 (KHTML, like Gecko; compatible; bingbot/2.0; +http://www.bing.com/bingbot.htm) Chrome/116.0.1938.76 Safari/537.36"
207.46.13.154 - - [31/Aug/2026:09:49:50 -0400] "GET /?t=m5a3r2c4g4r2a7v3i0a01 HTTP/1.1" 200 281 "-" "Mozilla/5.0 AppleWebKit/537.36 (KHTML, like Gecko; compatible; bingbot/2.0; +http://www.bing.com/bingbot.htm) Chrome/116.0.1938.76 Safari/537.36"
207.46.13.154 - - [31/Aug/2026:09:49:50 -0400] "GET /?t=j4a3v4a3n5e5e49702 HTTP/1.1" 200 281 "-" "Mozilla/5.0 AppleWebKit/537.36 (KHTML, like Gecko; compatible; bingbot/2.0; +http://www.bing.com/bingbot.htm) Chrome/116.0.1938.76 Safari/537.36"
40.77.167.79 - - [31/Aug/2026:09:49:55 -0400] "GET /shops/ondatra/e1r1e8w4h6o2n99923 HTTP/1.1" 404 236 "-" "Mozilla/5.0 AppleWebKit/537.36 (KHTML, like Gecko; compatible; bingbot/2.0; +http://www.bing.com/bingbot.htm) Chrome/116.0.1938.76 Safari/537.36"
40.77.167.79 - - [31/Aug/2026:09:49:56 -0400] "GET /pilliewinkles/trace/l2i7b5r8a3t1i2n3g01 HTTP/1.1" 404 236 "-" "Mozilla/5.0 AppleWebKit/537.36 (KHTML, like Gecko; compatible; bingbot/2.0; +http://www.bing.com/bingbot.htm) Chrome/116.0.1938.76 Safari/537.36"
40.77.167.79 - - [31/Aug/2026:09:49:56 -0400] "GET /shops/blackwork/u9n2d6e7r4p5l5a8n6t47 HTTP/1.1" 404 236 "-" "Mozilla/5.0 AppleWebKit/537.36 (KHTML, like Gecko; compatible; bingbot/2.0; +http://www.bing.com/bingbot.htm) Chrome/116.0.1938.76 Safari/537.36"
40.77.167.79 - - [31/Aug/2026:09:49:56 -0400] "GET /?t=v7i7t6u0p0e3r0a6t0i5on HTTP/1.1" 200 281 "-" "Mozilla/5.0 AppleWebKit/537.36 (KHTML, like Gecko; compatible; bingbot/2.0; +http://www.bing.com/bingbot.htm) Chrome/116.0.1938.76 Safari/537.36"
40.77.167.72 - - [31/Aug/2026:09:50:00 -0400] "GET /forestall/thermodynamic/c8e3r0c8a1r0i4a691 HTTP/1.1" 404 236 "-" "Mozilla/5.0 AppleWebKit/537.36 (KHTML, like Gecko; compatible; bingbot/2.0; +http://www.bing.com/bingbot.htm) Chrome/116.0.1938.76 Safari/537.36"
207.46.13.154 - - [31/Aug/2026:09:50:01 -0400] "GET /shops/trotted/s3a1l7v3a2t9i6o1n4i5s4t HTTP/1.1" 404 236 "-" "Mozilla/5.0 AppleWebKit/537.36 (KHTML, like Gecko; compatible; bingbot/2.0; +http://www.bing.com/bingbot.htm) Chrome/116.0.1938.76 Safari/537.36"
52.167.144.232 - - [31/Aug/2026:09:51:40 -0400] "GET /?t=s4t3u4c7c1o2e6r9613 HTTP/1.1" 200 281 "-" "Mozilla/5.0 AppleWebKit/537.36 (KHTML, like Gecko; compatible; bingbot/2.0; +http://www.bing.com/bingbot.htm) Chrome/116.0.1938.76 Safari/537.36"
52.167.144.232 - - [31/Aug/2026:09:51:40 -0400] "GET /extempore/melampus/21213232907 HTTP/1.1" 404 236 "-" "Mozilla/5.0 AppleWebKit/537.36 (KHTML, like Gecko; compatible; bingbot/2.0; +http://www.bing.com/bingbot.htm) Chrome/116.0.1938.76 Safari/537.36"
207.46.13.154 - - [31/Aug/2026:09:52:57 -0400] "GET /?t=e8r3o3g7a7t7e53528 HTTP/1.1" 200 281 "-" "Mozilla/5.0 AppleWebKit/537.36 (KHTML, like Gecko; compatible; bingbot/2.0; +http://www.bing.com/bingbot.htm) Chrome/116.0.1938.76 Safari/537.36"
207.46.13.154 - - [31/Aug/2026:09:52:57 -0400] "GET /?t=t8h2o2m0s9o8n1i3a9n4i9sm HTTP/1.1" 200 281 "-" "Mozilla/5.0 AppleWebKit/537.36 (KHTML, like Gecko; compatible; bingbot/2.0; +http://www.bing.com/bingbot.htm) Chrome/116.0.1938.76 Safari/537.36"
207.46.13.154 - - [31/Aug/2026:09:52:57 -0400] "GET /transgressed/catastrophism/h9a3l4f9b0r5o0t0h0e7r4 HTTP/1.1" 404 236 "-" "Mozilla/5.0 AppleWebKit/537.36 (KHTML, like Gecko; compatible; bingbot/2.0; +http://www.bing.com/bingbot.htm) Chrome/116.0.1938.76 Safari/537.36"
207.46.13.154 - - [31/Aug/2026:09:52:57 -0400] "GET /pleasantly/a3l3k5a9l7i283577 HTTP/1.1" 404 236 "-" "Mozilla/5.0 AppleWebKit/537.36 (KHTML, like Gecko; compatible; bingbot/2.0; +http://www.bing.com/bingbot.htm) Chrome/116.0.1938.76 Safari/537.36"
207.46.13.154 - - [31/Aug/2026:09:52:57 -0400] "GET /?t=m5a3r2c4g4r2a7v3i0a01 HTTP/1.1" 200 281 "-" "Mozilla/5.0 AppleWebKit/537.36 (KHTML, like Gecko; compatible; bingbot/2.0; +http://www.bing.com/bingbot.htm) Chrome/116.0.1938.76 Safari/537.36"
207.46.13.154 - - [31/Aug/2026:09:52:57 -0400] "GET /?t=j4a3v4a3n5e5e49702 HTTP/1.1" 200 281 "-" "Mozilla/5.0 AppleWebKit/537.36 (KHTML, like Gecko; compatible; bingbot/2.0; +http://www.bing.com/bingbot.htm) Chrome/116.0.1938.76 Safari/537.36"
40.77.167.72 - - [31/Aug/2026:09:53:01 -0400] "GET /?i=9529954280 HTTP/1.1" 200 281 "-" "Mozilla/5.0 AppleWebKit/537.36 (KHTML, like Gecko; compatible; bingbot/2.0; +http://www.bing.com/bingbot.htm) Chrome/116.0.1938.76 Safari/537.36"
40.77.167.152 - - [31/Aug/2026:09:53:02 -0400] "GET /shops/smileless/o5u3t1b7l5u3s5h6856 HTTP/1.1" 404 236 "-" "Mozilla/5.0 AppleWebKit/537.36 (KHTML, like Gecko; compatible; bingbot/2.0; +http://www.bing.com/bingbot.htm) Chrome/116.0.1938.76 Safari/537.36"
40.77.167.152 - - [31/Aug/2026:09:53:03 -0400] "GET /?t=e4t1a4c9i7s6t38913 HTTP/1.1" 200 281 "-" "Mozilla/5.0 AppleWebKit/537.36 (KHTML, like Gecko; compatible; bingbot/2.0; +http://www.bing.com/bingbot.htm) Chrome/116.0.1938.76 Safari/537.36"
40.77.167.152 - - [31/Aug/2026:09:53:03 -0400] "GET /shops/ondatra/e1r1e8w4h6o2n99923 HTTP/1.1" 404 236 "-" "Mozilla/5.0 AppleWebKit/537.36 (KHTML, like Gecko; compatible; bingbot/2.0; +http://www.bing.com/bingbot.htm) Chrome/116.0.1938.76 Safari/537.36"
40.77.167.152 - - [31/Aug/2026:09:53:04 -0400] "GET /pilliewinkles/trace/l2i7b5r8a3t1i2n3g01 HTTP/1.1" 404 236 "-" "Mozilla/5.0 AppleWebKit/537.36 (KHTML, like Gecko; compatible; bingbot/2.0; +http://www.bing.com/bingbot.htm) Chrome/116.0.1938.76 Safari/537.36"
40.77.167.152 - - [31/Aug/2026:09:53:04 -0400] "GET /shops/blackwork/u9n2d6e7r4p5l5a8n6t47 HTTP/1.1" 404 236 "-" "Mozilla/5.0 AppleWebKit/537.36 (KHTML, like Gecko; compatible; bingbot/2.0; +http://www.bing.com/bingbot.htm) Chrome/116.0.1938.76 Safari/537.36"
207.46.13.154 - - [31/Aug/2026:09:53:07 -0400] "GET /shops/trotted/s3a1l7v3a2t9i6o1n4i5s4t HTTP/1.1" 404 236 "-" "Mozilla/5.0 AppleWebKit/537.36 (KHTML, like Gecko; compatible; bingbot/2.0; +http://www.bing.com/bingbot.htm) Chrome/116.0.1938.76 Safari/537.36"
40.77.167.152 - - [31/Aug/2026:09:53:13 -0400] "GET /?t=v7i7t6u0p0e3r0a6t0i5on HTTP/1.1" 200 281 "-" "Mozilla/5.0 AppleWebKit/537.36 (KHTML, like Gecko; compatible; bingbot/2.0; +http://www.bing.com/bingbot.htm) Chrome/116.0.1938.76 Safari/537.36"
52.167.144.236 - - [31/Aug/2026:09:53:21 -0400] "GET /shops/terpentic/d7o1o6r6s3t0o8p2990 HTTP/1.1" 404 236 "-" "Mozilla/5.0 AppleWebKit/537.36 (KHTML, like Gecko; compatible; bingbot/2.0; +http://www.bing.com/bingbot.htm) Chrome/116.0.1938.76 Safari/537.36"
52.167.144.236 - - [31/Aug/2026:09:53:21 -0400] "GET /forestall/thermodynamic/c8e3r0c8a1r0i4a691 HTTP/1.1" 404 236 "-" "Mozilla/5.0 AppleWebKit/537.36 (KHTML, like Gecko; compatible; bingbot/2.0; +http://www.bing.com/bingbot.htm) Chrome/116.0.1938.76 Safari/537.36"
198.204.240.234 - - [31/Aug/2026:09:53:21 -0400] "GET /wp-includes/wpee7639/index.php HTTP/1.1" 404 236 "https://rioislandkitchen.com/wp-includes/wpee7639/index.php" "Mozilla/4.0 (compatible; MSIE 6.0; X11; Linux i686; ja) Opera 10.10"
207.46.13.154 - - [31/Aug/2026:09:54:17 -0400] "GET /?megerg/54009429920 HTTP/1.1" 200 281 "-" "Mozilla/5.0 AppleWebKit/537.36 (KHTML, like Gecko; compatible; bingbot/2.0; +http://www.bing.com/bingbot.htm) Chrome/116.0.1938.76 Safari/537.36"
207.46.13.154 - - [31/Aug/2026:09:54:17 -0400] "GET /?conyrine/43515883126 HTTP/1.1" 200 281 "-" "Mozilla/5.0 AppleWebKit/537.36 (KHTML, like Gecko; compatible; bingbot/2.0; +http://www.bing.com/bingbot.htm) Chrome/116.0.1938.76 Safari/537.36"
207.46.13.154 - - [31/Aug/2026:09:54:17 -0400] "GET /horribleness/p7r5o1l4a2t4i9o1n58 HTTP/1.1" 404 236 "-" "Mozilla/5.0 AppleWebKit/537.36 (KHTML, like Gecko; compatible; bingbot/2.0; +http://www.bing.com/bingbot.htm) Chrome/116.0.1938.76 Safari/537.36"
40.77.167.152 - - [31/Aug/2026:09:54:21 -0400] "GET /?t=p9y3g0i2d0i4u3m6698 HTTP/1.1" 200 281 "-" "Mozilla/5.0 AppleWebKit/537.36 (KHTML, like Gecko; compatible; bingbot/2.0; +http://www.bing.com/bingbot.htm) Chrome/116.0.1938.76 Safari/537.36"
40.77.167.152 - - [31/Aug/2026:09:54:21 -0400] "GET /archaeologically/c9e4s1s5p7i0p6e0806 HTTP/1.1" 404 236 "-" "Mozilla/5.0 AppleWebKit/537.36 (KHTML, like Gecko; compatible; bingbot/2.0; +http://www.bing.com/bingbot.htm) Chrome/116.0.1938.76 Safari/537.36"
40.77.167.152 - - [31/Aug/2026:09:54:21 -0400] "GET /?t=h5a1u7t9e2i1n54598 HTTP/1.1" 200 281 "-" "Mozilla/5.0 AppleWebKit/537.36 (KHTML, like Gecko; compatible; bingbot/2.0; +http://www.bing.com/bingbot.htm) Chrome/116.0.1938.76 Safari/537.36"
40.77.167.152 - - [31/Aug/2026:09:54:22 -0400] "GET /shops/nonmetal/p1h2o7t3i8c2s1501 HTTP/1.1" 404 236 "-" "Mozilla/5.0 AppleWebKit/537.36 (KHTML, like Gecko; compatible; bingbot/2.0; +http://www.bing.com/bingbot.htm) Chrome/116.0.1938.76 Safari/537.36"
207.46.13.154 - - [31/Aug/2026:09:54:27 -0400] "GET /shops/buskin/e5x2h4o6r8t027635 HTTP/1.1" 404 236 "-" "Mozilla/5.0 AppleWebKit/537.36 (KHTML, like Gecko; compatible; bingbot/2.0; +http://www.bing.com/bingbot.htm) Chrome/116.0.1938.76 Safari/537.36"
66.249.74.194 - - [31/Aug/2026:09:54:30 -0400] "GET /?t=s2e3c0u2n1d2a8t8e725 HTTP/1.1" 200 281 "-" "Mozilla/5.0 (Linux; Android 6.0.1; Nexus 5X Build/MMB29P) AppleWebKit/537.36 (KHTML, like Gecko) Chrome/151.0.7922.173 Mobile Safari/537.36 (compatible; Googlebot/2.1; +http://www.google.com/bot.html)"
52.167.144.236 - - [31/Aug/2026:09:54:31 -0400] "GET /shops/overvaliant/c3o2n2c7h3o8m1e4t6r3y9 HTTP/1.1" 404 236 "-" "Mozilla/5.0 AppleWebKit/537.36 (KHTML, like Gecko; compatible; bingbot/2.0; +http://www.bing.com/bingbot.htm) Chrome/116.0.1938.76 Safari/537.36"
52.167.144.236 - - [31/Aug/2026:09:54:32 -0400] "GET /?t=h6e4a0d3f3i4s6h3122 HTTP/1.1" 200 281 "-" "Mozilla/5.0 AppleWebKit/537.36 (KHTML, like Gecko; compatible; bingbot/2.0; +http://www.bing.com/bingbot.htm) Chrome/116.0.1938.76 Safari/537.36"
52.167.144.236 - - [31/Aug/2026:09:54:32 -0400] "GET /?t=h8e3r9s5e6l6f58225 HTTP/1.1" 200 281 "-" "Mozilla/5.0 AppleWebKit/537.36 (KHTML, like Gecko; compatible; bingbot/2.0; +http://www.bing.com/bingbot.htm) Chrome/116.0.1938.76 Safari/537.36"
52.167.144.236 - - [31/Aug/2026:09:54:32 -0400] "GET /?t=c5h9o3k6e8d0a9r537 HTTP/1.1" 200 281 "-" "Mozilla/5.0 AppleWebKit/537.36 (KHTML, like Gecko; compatible; bingbot/2.0; +http://www.bing.com/bingbot.htm) Chrome/116.0.1938.76 Safari/537.36"
52.167.144.236 - - [31/Aug/2026:09:54:32 -0400] "GET /shops/fumet/s7l2a1v9e7r894034 HTTP/1.1" 404 236 "-" "Mozilla/5.0 AppleWebKit/537.36 (KHTML, like Gecko; compatible; bingbot/2.0; +http://www.bing.com/bingbot.htm) Chrome/116.0.1938.76 Safari/537.36"
52.167.144.236 - - [31/Aug/2026:09:54:36 -0400] "GET /?t=d4a2u8b5e8n4t3o2n0i1i0dae HTTP/1.1" 200 281 "-" "Mozilla/5.0 AppleWebKit/537.36 (KHTML, like Gecko; compatible; bingbot/2.0; +http://www.bing.com/bingbot.htm) Chrome/116.0.1938.76 Safari/537.36"
52.167.144.236 - - [31/Aug/2026:09:54:36 -0400] "GET /shops/atrichia/o5b1v1e1r6t9i0n7g258 HTTP/1.1" 404 236 "-" "Mozilla/5.0 AppleWebKit/537.36 (KHTML, like Gecko; compatible; bingbot/2.0; +http://www.bing.com/bingbot.htm) Chrome/116.0.1938.76 Safari/537.36"
66.249.74.196 - - [31/Aug/2026:09:55:36 -0400] "GET /?t=s7w3o2o0p0i2n5g9582 HTTP/1.1" 200 281 "-" "Mozilla/5.0 (Linux; Android 6.0.1; Nexus 5X Build/MMB29P) AppleWebKit/537.36 (KHTML, like Gecko) Chrome/151.0.7922.173 Mobile Safari/537.36 (compatible; Googlebot/2.1; +http://www.google.com/bot.html)"
66.249.74.196 - - [31/Aug/2026:09:56:19 -0400] "GET /?t=w0a1k7e0n6e3r62592 HTTP/1.1" 200 281 "-" "Mozilla/5.0 (compatible; Googlebot/2.1; +http://www.google.com/bot.html)"
207.46.13.154 - - [31/Aug/2026:09:56:47 -0400] "GET /boston/piciform/74117975239 HTTP/1.1" 404 236 "-" "Mozilla/5.0 AppleWebKit/537.36 (KHTML, like Gecko; compatible; bingbot/2.0; +http://www.bing.com/bingbot.htm) Chrome/116.0.1938.76 Safari/537.36"
207.46.13.154 - - [31/Aug/2026:09:56:47 -0400] "GET /shops/mitratus/a6r1m2a5t9u6s76420 HTTP/1.1" 404 236 "-" "Mozilla/5.0 AppleWebKit/537.36 (KHTML, like Gecko; compatible; bingbot/2.0; +http://www.bing.com/bingbot.htm) Chrome/116.0.1938.76 Safari/537.36"
207.46.13.154 - - [31/Aug/2026:09:56:48 -0400] "GET /shops/depeculation/r1e2l2i1g6i3o3n7i7z5e8 HTTP/1.1" 404 236 "-" "Mozilla/5.0 AppleWebKit/537.36 (KHTML, like Gecko; compatible; bingbot/2.0; +http://www.bing.com/bingbot.htm) Chrome/116.0.1938.76 Safari/537.36"
207.46.13.154 - - [31/Aug/2026:09:56:48 -0400] "GET /saveall/ophthalmoscopic/23001417641 HTTP/1.1" 404 236 "-" "Mozilla/5.0 AppleWebKit/537.36 (KHTML, like Gecko; compatible; bingbot/2.0; +http://www.bing.com/bingbot.htm) Chrome/116.0.1938.76 Safari/537.36"
40.77.167.152 - - [31/Aug/2026:09:56:51 -0400] "GET /vasodilator/pompadour/03031076608 HTTP/1.1" 404 236 "-" "Mozilla/5.0 AppleWebKit/537.36 (KHTML, like Gecko; compatible; bingbot/2.0; +http://www.bing.com/bingbot.htm) Chrome/116.0.1938.76 Safari/537.36"
52.167.144.236 - - [31/Aug/2026:09:56:51 -0400] "GET /?t=b7u2l5b6u4l949367 HTTP/1.1" 200 281 "-" "Mozilla/5.0 AppleWebKit/537.36 (KHTML, like Gecko; compatible; bingbot/2.0; +http://www.bing.com/bingbot.htm) Chrome/116.0.1938.76 Safari/537.36"
40.77.167.152 - - [31/Aug/2026:09:57:00 -0400] "GET /?t=e7n3g8a0g5e7m9e2n5t31 HTTP/1.1" 200 281 "-" "Mozilla/5.0 AppleWebKit/537.36 (KHTML, like Gecko; compatible; bingbot/2.0; +http://www.bing.com/bingbot.htm) Chrome/116.0.1938.76 Safari/537.36"
40.77.167.152 - - [31/Aug/2026:09:57:00 -0400] "GET /unwind/x8a3n8t0h7o6x3y2l0e0n7e HTTP/1.1" 404 236 "-" "Mozilla/5.0 AppleWebKit/537.36 (KHTML, like Gecko; compatible; bingbot/2.0; +http://www.bing.com/bingbot.htm) Chrome/116.0.1938.76 Safari/537.36"
40.77.167.152 - - [31/Aug/2026:09:57:01 -0400] "GET /sixpences/o5s3t6e0n3t5i9v0e625 HTTP/1.1" 404 236 "-" "Mozilla/5.0 AppleWebKit/537.36 (KHTML, like Gecko; compatible; bingbot/2.0; +http://www.bing.com/bingbot.htm) Chrome/116.0.1938.76 Safari/537.36"
40.77.167.152 - - [31/Aug/2026:09:57:01 -0400] "GET /budgy/a1n9a0t4h2e5m3a9t6i4zing HTTP/1.1" 404 236 "-" "Mozilla/5.0 AppleWebKit/537.36 (KHTML, like Gecko; compatible; bingbot/2.0; +http://www.bing.com/bingbot.htm) Chrome/116.0.1938.76 Safari/537.36"
40.77.167.152 - - [31/Aug/2026:09:57:01 -0400] "GET /patrocination/f6l3o6r8e4s5c0e3n3t9 HTTP/1.1" 404 236 "-" "Mozilla/5.0 AppleWebKit/537.36 (KHTML, like Gecko; compatible; bingbot/2.0; +http://www.bing.com/bingbot.htm) Chrome/116.0.1938.76 Safari/537.36"
52.167.144.236 - - [31/Aug/2026:09:57:12 -0400] "GET /shops/decagynian/m1i9m6e1t8i9t9e782 HTTP/1.1" 404 236 "-" "Mozilla/5.0 AppleWebKit/537.36 (KHTML, like Gecko; compatible; bingbot/2.0; +http://www.bing.com/bingbot.htm) Chrome/116.0.1938.76 Safari/537.36"
52.167.144.236 - - [31/Aug/2026:09:57:12 -0400] "GET /shops/grond/k3a4p1u1t2p8r4e4d5i0c4ate HTTP/1.1" 404 236 "-" "Mozilla/5.0 AppleWebKit/537.36 (KHTML, like Gecko; compatible; bingbot/2.0; +http://www.bing.com/bingbot.htm) Chrome/116.0.1938.76 Safari/537.36"
52.167.144.236 - - [31/Aug/2026:09:57:12 -0400] "GET /claytonia/ossifragous/i8n2t0a4g4l5i5a6t0e7d9 HTTP/1.1" 404 236 "-" "Mozilla/5.0 AppleWebKit/537.36 (KHTML, like Gecko; compatible; bingbot/2.0; +http://www.bing.com/bingbot.htm) Chrome/116.0.1938.76 Safari/537.36"
52.167.144.236 - - [31/Aug/2026:09:57:12 -0400] "GET /shops/groin/n5o6u7m3e4n7a2l158 HTTP/1.1" 404 236 "-" "Mozilla/5.0 AppleWebKit/537.36 (KHTML, like Gecko; compatible; bingbot/2.0; +http://www.bing.com/bingbot.htm) Chrome/116.0.1938.76 Safari/537.36"
52.167.144.236 - - [31/Aug/2026:09:57:12 -0400] "GET /shops/binaural/p0e1w4i9t2993686 HTTP/1.1" 404 236 "-" "Mozilla/5.0 AppleWebKit/537.36 (KHTML, like Gecko; compatible; bingbot/2.0; +http://www.bing.com/bingbot.htm) Chrome/116.0.1938.76 Safari/537.36"
66.249.74.196 - - [31/Aug/2026:09:57:14 -0400] "GET /?t=c3u2r1a4b8l1y10098 HTTP/1.1" 200 281 "-" "Mozilla/5.0 (Linux; Android 6.0.1; Nexus 5X Build/MMB29P) AppleWebKit/537.36 (KHTML, like Gecko) Chrome/151.0.7922.173 Mobile Safari/537.36 (compatible; Googlebot/2.1; +http://www.google.com/bot.html)"
66.249.74.196 - - [31/Aug/2026:09:58:00 -0400] "GET /shops/outbowed/h1e2x1a5c5i8d45278 HTTP/1.1" 404 236 "-" "Mozilla/5.0 (compatible; Googlebot/2.1; +http://www.google.com/bot.html)"
207.46.13.154 - - [31/Aug/2026:09:59:06 -0400] "GET /bestowed/pedobaptist/34156539685 HTTP/1.1" 404 236 "-" "Mozilla/5.0 AppleWebKit/537.36 (KHTML, like Gecko; compatible; bingbot/2.0; +http://www.bing.com/bingbot.htm) Chrome/116.0.1938.76 Safari/537.36"
66.249.74.194 - - [31/Aug/2026:09:59:28 -0400] "GET /?t=g2u1n3n6y2262367 HTTP/1.1" 200 281 "-" "Mozilla/5.0 (compatible; Googlebot/2.1; +http://www.google.com/bot.html)"
66.249.74.195 - - [31/Aug/2026:10:00:34 -0400] "GET /?t=t6r1i6a9c6o3n6t8a0h6e5dral HTTP/1.1" 200 281 "-" "Mozilla/5.0 (compatible; Googlebot/2.1; +http://www.google.com/bot.html)"
40.77.167.152 - - [31/Aug/2026:10:01:29 -0400] "GET /sensific/u3n3f7a7c7e955157 HTTP/1.1" 404 236 "-" "Mozilla/5.0 AppleWebKit/537.36 (KHTML, like Gecko; compatible; bingbot/2.0; +http://www.bing.com/bingbot.htm) Chrome/116.0.1938.76 Safari/537.36"
207.46.13.154 - - [31/Aug/2026:10:01:56 -0400] "GET /shops/copland/m4a1c4r3o1s5i1l2a972 HTTP/1.1" 404 236 "-" "Mozilla/5.0 AppleWebKit/537.36 (KHTML, like Gecko; compatible; bingbot/2.0; +http://www.bing.com/bingbot.htm) Chrome/116.0.1938.76 Safari/537.36"
66.249.74.195 - - [31/Aug/2026:10:02:06 -0400] "GET /?t=s7h9r9o4f1f7a3g8e74 HTTP/1.1" 200 281 "-" "Mozilla/5.0 (compatible; Googlebot/2.1; +http://www.google.com/bot.html)"
66.249.74.195 - - [31/Aug/2026:10:02:11 -0400] "GET /shops/expostulated/c8h2o6n0d5r8o1m5a031 HTTP/1.1" 404 236 "-" "Mozilla/5.0 (compatible; Googlebot/2.1; +http://www.google.com/bot.html)"
213.180.203.91 - - [31/Aug/2026:10:02:31 -0400] "GET /robots.txt HTTP/1.1" 404 236 "-" "Mozilla/5.0 (compatible; YandexBot/3.0; +http://yandex.com/bots)"
213.180.203.123 - - [31/Aug/2026:10:02:32 -0400] "GET /wp-content/uploads/2023/02/cropped-rio-island-kitchen-PNG-icon-only-180x180.png HTTP/1.1" 404 236 "-" "Mozilla/5.0 (compatible; YandexFavicons/1.0; +http://yandex.com/bots)"
66.249.74.194 - - [31/Aug/2026:10:02:33 -0400] "GET /information/privacy_policy.html HTTP/1.1" 404 236 "-" "Mozilla/5.0 (Linux; Android 6.0.1; Nexus 5X Build/MMB29P) AppleWebKit/537.36 (KHTML, like Gecko) Chrome/151.0.7922.173 Mobile Safari/537.36 (compatible; Googlebot/2.1; +http://www.google.com/bot.html)"
66.249.74.194 - - [31/Aug/2026:10:02:55 -0400] "GET /landlouping/p9a2m7e1n7t999926 HTTP/1.1" 404 236 "-" "Mozilla/5.0 (Linux; Android 6.0.1; Nexus 5X Build/MMB29P) AppleWebKit/537.36 (KHTML, like Gecko) Chrome/151.0.7922.173 Mobile Safari/537.36 (compatible; Googlebot/2.1; +http://www.google.com/bot.html)"
66.249.74.194 - - [31/Aug/2026:10:03:16 -0400] "GET /shops/hybridization/h6o2r2t0u6s206237 HTTP/1.1" 404 236 "-" "Mozilla/5.0 (Linux; Android 6.0.1; Nexus 5X Build/MMB29P) AppleWebKit/537.36 (KHTML, like Gecko) Chrome/151.0.7922.173 Mobile Safari/537.36 (compatible; Googlebot/2.1; +http://www.google.com/bot.html)"
207.46.13.102 - - [31/Aug/2026:10:05:08 -0400] "GET /?t=l8e4v0i0s6t6i5c1u6m61 HTTP/1.1" 200 281 "-" "Mozilla/5.0 AppleWebKit/537.36 (KHTML, like Gecko; compatible; bingbot/2.0; +http://www.bing.com/bingbot.htm) Chrome/116.0.1938.76 Safari/537.36"
207.46.13.102 - - [31/Aug/2026:10:05:08 -0400] "GET /shops/argentry/c1l5a0y9e3s84960 HTTP/1.1" 404 236 "-" "Mozilla/5.0 AppleWebKit/537.36 (KHTML, like Gecko; compatible; bingbot/2.0; +http://www.bing.com/bingbot.htm) Chrome/116.0.1938.76 Safari/537.36"
40.77.167.67 - - [31/Aug/2026:10:05:13 -0400] "GET /?exhibiting/72465605083 HTTP/1.1" 200 281 "-" "Mozilla/5.0 AppleWebKit/537.36 (KHTML, like Gecko; compatible; bingbot/2.0; +http://www.bing.com/bingbot.htm) Chrome/116.0.1938.76 Safari/537.36"
40.77.167.67 - - [31/Aug/2026:10:05:13 -0400] "GET /?t=i3n2a5m1i2s8s0i0b4l0e9 HTTP/1.1" 200 281 "-" "Mozilla/5.0 AppleWebKit/537.36 (KHTML, like Gecko; compatible; bingbot/2.0; +http://www.bing.com/bingbot.htm) Chrome/116.0.1938.76 Safari/537.36"
40.77.167.67 - - [31/Aug/2026:10:05:13 -0400] "GET /shops/anthroposcopy/b7l4a1n6d9i2s1h1m5e9n9t HTTP/1.1" 404 236 "-" "Mozilla/5.0 AppleWebKit/537.36 (KHTML, like Gecko; compatible; bingbot/2.0; +http://www.bing.com/bingbot.htm) Chrome/116.0.1938.76 Safari/537.36"
66.249.74.196 - - [31/Aug/2026:10:05:29 -0400] "GET /?t=c4a9t0c5h1m4e0n5t69 HTTP/1.1" 200 281 "-" "Mozilla/5.0 (Linux; Android 6.0.1; Nexus 5X Build/MMB29P) AppleWebKit/537.36 (KHTML, like Gecko) Chrome/152.0.7977.64 Mobile Safari/537.36 (compatible; Googlebot/2.1; +http://www.google.com/bot.html)"
66.249.74.194 - - [31/Aug/2026:10:06:06 -0400] "GET /shops/islamitic/p8r3o3g4r5a3m08563 HTTP/1.1" 404 236 "-" "Mozilla/5.0 (Linux; Android 6.0.1; Nexus 5X Build/MMB29P) AppleWebKit/537.36 (KHTML, like Gecko) Chrome/152.0.7977.64 Mobile Safari/537.36 (compatible; Googlebot/2.1; +http://www.google.com/bot.html)"
66.249.74.194 - - [31/Aug/2026:10:06:22 -0400] "GET /?t=r7u2t8h8e4n2i0c4501 HTTP/1.1" 200 281 "-" "Mozilla/5.0 (compatible; Googlebot/2.1; +http://www.google.com/bot.html)"
66.249.74.194 - - [31/Aug/2026:10:06:59 -0400] "GET /?selfsatisfaction/7895489888 HTTP/1.1" 200 281 "-" "Mozilla/5.0 (compatible; Googlebot/2.1; +http://www.google.com/bot.html)"
157.55.39.13 - - [31/Aug/2026:10:07:48 -0400] "GET /?embillow/080056085 HTTP/1.1" 200 281 "-" "Mozilla/5.0 AppleWebKit/537.36 (KHTML, like Gecko; compatible; bingbot/2.0; +http://www.bing.com/bingbot.htm) Chrome/116.0.1938.76 Safari/537.36"
52.167.144.182 - - [31/Aug/2026:10:08:10 -0400] "GET /carburetor/elicit/52329209171 HTTP/1.1" 404 236 "-" "Mozilla/5.0 AppleWebKit/537.36 (KHTML, like Gecko; compatible; bingbot/2.0; +http://www.bing.com/bingbot.htm) Chrome/116.0.1938.76 Safari/537.36"
207.46.13.102 - - [31/Aug/2026:10:08:17 -0400] "GET /menispermic/a7r9m4o2n1i5a3c628 HTTP/1.1" 404 236 "-" "Mozilla/5.0 AppleWebKit/537.36 (KHTML, like Gecko; compatible; bingbot/2.0; +http://www.bing.com/bingbot.htm) Chrome/116.0.1938.76 Safari/537.36"
66.249.74.194 - - [31/Aug/2026:10:08:17 -0400] "GET /?t=d2u3c9a2l6l6y86007 HTTP/1.1" 200 281 "-" "Mozilla/5.0 (Linux; Android 6.0.1; Nexus 5X Build/MMB29P) AppleWebKit/537.36 (KHTML, like Gecko) Chrome/151.0.7922.173 Mobile Safari/537.36 (compatible; Googlebot/2.1; +http://www.google.com/bot.html)"
66.249.74.194 - - [31/Aug/2026:10:08:28 -0400] "GET /?t=r7e2t4o4r1t8e3r1212 HTTP/1.1" 200 281 "-" "Mozilla/5.0 (Linux; Android 6.0.1; Nexus 5X Build/MMB29P) AppleWebKit/537.36 (KHTML, like Gecko) Chrome/151.0.7922.173 Mobile Safari/537.36 (compatible; Googlebot/2.1; +http://www.google.com/bot.html)"
207.46.13.102 - - [31/Aug/2026:10:08:28 -0400] "GET /sensitiva/portuary/o3r3i9f9i9c7i6u0m811 HTTP/1.1" 404 236 "-" "Mozilla/5.0 AppleWebKit/537.36 (KHTML, like Gecko; compatible; bingbot/2.0; +http://www.bing.com/bingbot.htm) Chrome/116.0.1938.76 Safari/537.36"
207.46.13.102 - - [31/Aug/2026:10:08:28 -0400] "GET /shops/consecrater/s4i1c3c2a7t8i7v2e440 HTTP/1.1" 404 236 "-" "Mozilla/5.0 AppleWebKit/537.36 (KHTML, like Gecko; compatible; bingbot/2.0; +http://www.bing.com/bingbot.htm) Chrome/116.0.1938.76 Safari/537.36"
