52.167.144.215 - - [31/Aug/2026:23:01:46 -0400] "GET /?t=d3e2s7i2s9t6a4n3c5e11 HTTP/1.1" 200 358 "-" "Mozilla/5.0 AppleWebKit/537.36 (KHTML, like Gecko; compatible; bingbot/2.0; +http://www.bing.com/bingbot.htm) Chrome/116.0.1938.76 Safari/537.36"
52.167.144.215 - - [31/Aug/2026:23:01:46 -0400] "GET /shops/victor/n9o1t6i3d3a0n9i4d7a7e8 HTTP/1.1" 404 236 "-" "Mozilla/5.0 AppleWebKit/537.36 (KHTML, like Gecko; compatible; bingbot/2.0; +http://www.bing.com/bingbot.htm) Chrome/116.0.1938.76 Safari/537.36"
52.167.144.215 - - [31/Aug/2026:23:01:46 -0400] "GET /shops/enterology/a4f1f1e6c9t6i2o1n5a1t0eness HTTP/1.1" 404 236 "-" "Mozilla/5.0 AppleWebKit/537.36 (KHTML, like Gecko; compatible; bingbot/2.0; +http://www.bing.com/bingbot.htm) Chrome/116.0.1938.76 Safari/537.36"
52.167.144.231 - - [31/Aug/2026:23:01:51 -0400] "GET /neurosensiferous/pervicaciously/63225667208 HTTP/1.1" 404 236 "-" "Mozilla/5.0 AppleWebKit/537.36 (KHTML, like Gecko; compatible; bingbot/2.0; +http://www.bing.com/bingbot.htm) Chrome/116.0.1938.76 Safari/537.36"
52.167.144.231 - - [31/Aug/2026:23:01:51 -0400] "GET /shops/nautically/b5a3d2g1e1r2e0d4474 HTTP/1.1" 404 236 "-" "Mozilla/5.0 AppleWebKit/537.36 (KHTML, like Gecko; compatible; bingbot/2.0; +http://www.bing.com/bingbot.htm) Chrome/116.0.1938.76 Safari/537.36"
52.167.144.231 - - [31/Aug/2026:23:01:51 -0400] "GET /shops/cephalotus/w5r3i1n7g987737 HTTP/1.1" 404 236 "-" "Mozilla/5.0 AppleWebKit/537.36 (KHTML, like Gecko; compatible; bingbot/2.0; +http://www.bing.com/bingbot.htm) Chrome/116.0.1938.76 Safari/537.36"
52.167.144.231 - - [31/Aug/2026:23:01:51 -0400] "GET /?terebinth/0309316790 HTTP/1.1" 200 358 "-" "Mozilla/5.0 AppleWebKit/537.36 (KHTML, like Gecko; compatible; bingbot/2.0; +http://www.bing.com/bingbot.htm) Chrome/116.0.1938.76 Safari/537.36"
157.55.39.205 - - [31/Aug/2026:23:01:51 -0400] "GET /riprapped/c1o1p7p6e4r1h0e1a5d39 HTTP/1.1" 404 236 "-" "Mozilla/5.0 AppleWebKit/537.36 (KHTML, like Gecko; compatible; bingbot/2.0; +http://www.bing.com/bingbot.htm) Chrome/116.0.1938.76 Safari/537.36"
52.167.144.231 - - [31/Aug/2026:23:01:51 -0400] "GET /shops/lagerstroemia/v0i4b2r2a1t2i7v4e968 HTTP/1.1" 404 236 "-" "Mozilla/5.0 AppleWebKit/537.36 (KHTML, like Gecko; compatible; bingbot/2.0; +http://www.bing.com/bingbot.htm) Chrome/116.0.1938.76 Safari/537.36"
52.167.144.215 - - [31/Aug/2026:23:01:56 -0400] "GET /?t=e6n1q1u5i1r7e2r966 HTTP/1.1" 200 358 "-" "Mozilla/5.0 AppleWebKit/537.36 (KHTML, like Gecko; compatible; bingbot/2.0; +http://www.bing.com/bingbot.htm) Chrome/116.0.1938.76 Safari/537.36"
157.55.39.205 - - [31/Aug/2026:23:02:01 -0400] "GET /shops/juicy/u9n8p7r6e9a9c5h154 HTTP/1.1" 404 236 "-" "Mozilla/5.0 AppleWebKit/537.36 (KHTML, like Gecko; compatible; bingbot/2.0; +http://www.bing.com/bingbot.htm) Chrome/116.0.1938.76 Safari/537.36"
157.55.39.205 - - [31/Aug/2026:23:02:01 -0400] "GET /misteaching/p7a1l0e5o9g3r4a3p4h6y8 HTTP/1.1" 404 236 "-" "Mozilla/5.0 AppleWebKit/537.36 (KHTML, like Gecko; compatible; bingbot/2.0; +http://www.bing.com/bingbot.htm) Chrome/116.0.1938.76 Safari/537.36"
142.44.220.100 - - [31/Aug/2026:23:02:20 -0400] "GET /robots.txt HTTP/1.1" 404 236 "-" "Mozilla/5.0 (compatible; AhrefsBot/7.0; +http://ahrefs.com/robot/)"
51.81.110.16 - - [31/Aug/2026:23:02:21 -0400] "GET /guillemet/c2o1r5n9e9r1w8i1s0e28 HTTP/1.1" 404 236 "-" "Mozilla/5.0 (compatible; AhrefsBot/7.0; +http://ahrefs.com/robot/)"
40.77.167.14 - - [31/Aug/2026:23:04:31 -0400] "GET /?t=q0u9a2d9r7i5l5i9t4e8ral HTTP/1.1" 200 358 "-" "Mozilla/5.0 AppleWebKit/537.36 (KHTML, like Gecko; compatible; bingbot/2.0; +http://www.bing.com/bingbot.htm) Chrome/116.0.1938.76 Safari/537.36"
207.46.13.130 - - [31/Aug/2026:23:05:00 -0400] "GET /?t=n8a1u6g6h6t768493 HTTP/1.1" 200 358 "-" "Mozilla/5.0 AppleWebKit/537.36 (KHTML, like Gecko; compatible; bingbot/2.0; +http://www.bing.com/bingbot.htm) Chrome/116.0.1938.76 Safari/537.36"
40.77.167.45 - - [31/Aug/2026:23:05:06 -0400] "GET /shops/serpyllum/k0a3l9p0a6563349 HTTP/1.1" 404 236 "-" "Mozilla/5.0 AppleWebKit/537.36 (KHTML, like Gecko; compatible; bingbot/2.0; +http://www.bing.com/bingbot.htm) Chrome/116.0.1938.76 Safari/537.36"
198.204.240.234 - - [31/Aug/2026:23:05:53 -0400] "GET /wp-includes/wpee7639/index.php HTTP/1.1" 404 236 "https://rioislandkitchen.com/wp-includes/wpee7639/index.php" "Mozilla/5.0 (Macintosh; U; PPC Mac OS X 10_4_11; ja-jp) AppleWebKit/525.13 (KHTML, like Gecko) Version/3.1 Safari/525.13"
52.167.144.231 - - [31/Aug/2026:23:06:45 -0400] "GET /keelhale/combless/63301648036 HTTP/1.1" 404 236 "-" "Mozilla/5.0 AppleWebKit/537.36 (KHTML, like Gecko; compatible; bingbot/2.0; +http://www.bing.com/bingbot.htm) Chrome/116.0.1938.76 Safari/537.36"
66.249.74.196 - - [31/Aug/2026:23:07:34 -0400] "GET /?t=a0c2a4n6t1h3o5p2t8e4r8i HTTP/1.1" 200 358 "-" "Mozilla/5.0 (Linux; Android 6.0.1; Nexus 5X Build/MMB29P) AppleWebKit/537.36 (KHTML, like Gecko) Chrome/151.0.7922.173 Mobile Safari/537.36 (compatible; Googlebot/2.1; +http://www.google.com/bot.html)"
207.46.13.130 - - [31/Aug/2026:23:10:31 -0400] "GET /shops/boypaperboi/h4o1m4a6g4e6d34493 HTTP/1.1" 404 236 "-" "Mozilla/5.0 AppleWebKit/537.36 (KHTML, like Gecko; compatible; bingbot/2.0; +http://www.bing.com/bingbot.htm) Chrome/116.0.1938.76 Safari/537.36"
52.167.144.141 - - [31/Aug/2026:23:10:58 -0400] "GET /trapped/c8o1n5v8e8y9a2n2c8e92 HTTP/1.1" 404 236 "-" "Mozilla/5.0 AppleWebKit/537.36 (KHTML, like Gecko; compatible; bingbot/2.0; +http://www.bing.com/bingbot.htm) Chrome/116.0.1938.76 Safari/537.36"
52.167.144.141 - - [31/Aug/2026:23:10:59 -0400] "GET /?t=s3o3u4v9e5n2i3r4455 HTTP/1.1" 200 358 "-" "Mozilla/5.0 AppleWebKit/537.36 (KHTML, like Gecko; compatible; bingbot/2.0; +http://www.bing.com/bingbot.htm) Chrome/116.0.1938.76 Safari/537.36"
157.55.39.205 - - [31/Aug/2026:23:11:02 -0400] "GET /preambulous/cleanliving/71936963945 HTTP/1.1" 404 236 "-" "Mozilla/5.0 AppleWebKit/537.36 (KHTML, like Gecko; compatible; bingbot/2.0; +http://www.bing.com/bingbot.htm) Chrome/116.0.1938.76 Safari/537.36"
157.55.39.205 - - [31/Aug/2026:23:11:02 -0400] "GET /?t=b4a1l1n6e4o9l1o0g2y42 HTTP/1.1" 200 358 "-" "Mozilla/5.0 AppleWebKit/537.36 (KHTML, like Gecko; compatible; bingbot/2.0; +http://www.bing.com/bingbot.htm) Chrome/116.0.1938.76 Safari/537.36"
157.55.39.205 - - [31/Aug/2026:23:11:02 -0400] "GET /scutellum/e3u4c0h3r7o3n1e2132 HTTP/1.1" 404 236 "-" "Mozilla/5.0 AppleWebKit/537.36 (KHTML, like Gecko; compatible; bingbot/2.0; +http://www.bing.com/bingbot.htm) Chrome/116.0.1938.76 Safari/537.36"
52.167.144.231 - - [31/Aug/2026:23:11:02 -0400] "GET /?t=a9b2a4n4d5o7n39195 HTTP/1.1" 200 358 "-" "Mozilla/5.0 AppleWebKit/537.36 (KHTML, like Gecko; compatible; bingbot/2.0; +http://www.bing.com/bingbot.htm) Chrome/116.0.1938.76 Safari/537.36"
52.167.144.141 - - [31/Aug/2026:23:11:10 -0400] "GET /unprinciple/fibrillary/m9i1s9d5o3u3b0t0f8u4l4 HTTP/1.1" 404 236 "-" "Mozilla/5.0 AppleWebKit/537.36 (KHTML, like Gecko; compatible; bingbot/2.0; +http://www.bing.com/bingbot.htm) Chrome/116.0.1938.76 Safari/537.36"
52.167.144.231 - - [31/Aug/2026:23:11:14 -0400] "GET /inhumanly/sterculia/s3e1m4i2f6l2o0s1c1u3l0ous HTTP/1.1" 404 236 "-" "Mozilla/5.0 AppleWebKit/537.36 (KHTML, like Gecko; compatible; bingbot/2.0; +http://www.bing.com/bingbot.htm) Chrome/116.0.1938.76 Safari/537.36"
52.167.144.231 - - [31/Aug/2026:23:11:14 -0400] "GET /airscrew/leden/4702688822 HTTP/1.1" 404 236 "-" "Mozilla/5.0 AppleWebKit/537.36 (KHTML, like Gecko; compatible; bingbot/2.0; +http://www.bing.com/bingbot.htm) Chrome/116.0.1938.76 Safari/537.36"
52.167.144.231 - - [31/Aug/2026:23:11:14 -0400] "GET /disuniform/predicatory/c7o9r7o4n0e5r3s92 HTTP/1.1" 404 236 "-" "Mozilla/5.0 AppleWebKit/537.36 (KHTML, like Gecko; compatible; bingbot/2.0; +http://www.bing.com/bingbot.htm) Chrome/116.0.1938.76 Safari/537.36"
52.167.144.231 - - [31/Aug/2026:23:11:14 -0400] "GET /shops/jointedly/d6i2s2v8a7l7u8e5756 HTTP/1.1" 404 236 "-" "Mozilla/5.0 AppleWebKit/537.36 (KHTML, like Gecko; compatible; bingbot/2.0; +http://www.bing.com/bingbot.htm) Chrome/116.0.1938.76 Safari/537.36"
52.167.144.141 - - [31/Aug/2026:23:11:48 -0400] "GET /myodynamometer/k1i2w0i6k8i7w5i9e6s74 HTTP/1.1" 404 236 "-" "Mozilla/5.0 AppleWebKit/537.36 (KHTML, like Gecko; compatible; bingbot/2.0; +http://www.bing.com/bingbot.htm) Chrome/116.0.1938.76 Safari/537.36"
52.167.144.141 - - [31/Aug/2026:23:11:48 -0400] "GET /?t=b6o2n3a5s7a664160 HTTP/1.1" 200 358 "-" "Mozilla/5.0 AppleWebKit/537.36 (KHTML, like Gecko; compatible; bingbot/2.0; +http://www.bing.com/bingbot.htm) Chrome/116.0.1938.76 Safari/537.36"
52.167.144.231 - - [31/Aug/2026:23:11:53 -0400] "GET /?scoley/52354261420 HTTP/1.1" 200 358 "-" "Mozilla/5.0 AppleWebKit/537.36 (KHTML, like Gecko; compatible; bingbot/2.0; +http://www.bing.com/bingbot.htm) Chrome/116.0.1938.76 Safari/537.36"
52.167.144.231 - - [31/Aug/2026:23:11:53 -0400] "GET /amoebas/tregetour/11205492721 HTTP/1.1" 404 236 "-" "Mozilla/5.0 AppleWebKit/537.36 (KHTML, like Gecko; compatible; bingbot/2.0; +http://www.bing.com/bingbot.htm) Chrome/116.0.1938.76 Safari/537.36"
52.167.144.231 - - [31/Aug/2026:23:11:53 -0400] "GET /shops/darkgreen/r5e3s2p7l8e8n4d7i4s6h9ing HTTP/1.1" 404 236 "-" "Mozilla/5.0 AppleWebKit/537.36 (KHTML, like Gecko; compatible; bingbot/2.0; +http://www.bing.com/bingbot.htm) Chrome/116.0.1938.76 Safari/537.36"
52.167.144.231 - - [31/Aug/2026:23:11:53 -0400] "GET /shops/shabrack/t6h1r5e1e6c5o5a1t930 HTTP/1.1" 404 236 "-" "Mozilla/5.0 AppleWebKit/537.36 (KHTML, like Gecko; compatible; bingbot/2.0; +http://www.bing.com/bingbot.htm) Chrome/116.0.1938.76 Safari/537.36"
52.167.144.231 - - [31/Aug/2026:23:11:54 -0400] "GET /?t=c3o1n4n6i2v2e3r8398 HTTP/1.1" 200 358 "-" "Mozilla/5.0 AppleWebKit/537.36 (KHTML, like Gecko; compatible; bingbot/2.0; +http://www.bing.com/bingbot.htm) Chrome/116.0.1938.76 Safari/537.36"
157.55.39.205 - - [31/Aug/2026:23:12:03 -0400] "GET /shops/pollenize/c6o2n4j7o3i8n3t7l0y5 HTTP/1.1" 404 236 "-" "Mozilla/5.0 AppleWebKit/537.36 (KHTML, like Gecko; compatible; bingbot/2.0; +http://www.bing.com/bingbot.htm) Chrome/116.0.1938.76 Safari/537.36"
40.77.167.45 - - [31/Aug/2026:23:12:17 -0400] "GET /?t=a2n3e3m0o2m4e0t3r9y96 HTTP/1.1" 200 358 "-" "Mozilla/5.0 AppleWebKit/537.36 (KHTML, like Gecko; compatible; bingbot/2.0; +http://www.bing.com/bingbot.htm) Chrome/116.0.1938.76 Safari/537.36"
66.249.74.196 - - [31/Aug/2026:23:12:18 -0400] "GET /?t=l1a2c7o1n5i0z7i3n2g07 HTTP/1.1" 200 358 "-" "Mozilla/5.0 (Linux; Android 6.0.1; Nexus 5X Build/MMB29P) AppleWebKit/537.36 (KHTML, like Gecko) Chrome/151.0.7922.173 Mobile Safari/537.36 (compatible; Googlebot/2.1; +http://www.google.com/bot.html)"
66.249.74.194 - - [31/Aug/2026:23:12:58 -0400] "GET /?t=c1o3t5u6r8n9i5x6736 HTTP/1.1" 200 358 "-" "Mozilla/5.0 (Linux; Android 6.0.1; Nexus 5X Build/MMB29P) AppleWebKit/537.36 (KHTML, like Gecko) Chrome/151.0.7922.173 Mobile Safari/537.36 (compatible; Googlebot/2.1; +http://www.google.com/bot.html)"
40.77.167.45 - - [31/Aug/2026:23:14:17 -0400] "GET /nightish/routinary/t2e2p3h2r9a7m7a7n2c4y5 HTTP/1.1" 404 236 "-" "Mozilla/5.0 AppleWebKit/537.36 (KHTML, like Gecko; compatible; bingbot/2.0; +http://www.bing.com/bingbot.htm) Chrome/116.0.1938.76 Safari/537.36"
207.46.13.63 - - [31/Aug/2026:23:14:51 -0400] "GET /shops/shuttlecork/c4n3e8o6r9u6m64596 HTTP/1.1" 404 236 "-" "Mozilla/5.0 AppleWebKit/537.36 (KHTML, like Gecko; compatible; bingbot/2.0; +http://www.bing.com/bingbot.htm) Chrome/116.0.1938.76 Safari/537.36"
66.249.74.194 - - [31/Aug/2026:23:15:02 -0400] "GET /shops/enclavement/f6a1t3u1e4l3l9u0s165 HTTP/1.1" 404 236 "-" "Mozilla/5.0 (Linux; Android 6.0.1; Nexus 5X Build/MMB29P) AppleWebKit/537.36 (KHTML, like Gecko) Chrome/151.0.7922.173 Mobile Safari/537.36 (compatible; Googlebot/2.1; +http://www.google.com/bot.html)"
66.249.74.195 - - [31/Aug/2026:23:15:50 -0400] "GET /?t=i0n2d0i6g9i7t4a8t8i2n7g HTTP/1.1" 200 358 "-" "Mozilla/5.0 (Linux; Android 6.0.1; Nexus 5X Build/MMB29P) AppleWebKit/537.36 (KHTML, like Gecko) Chrome/151.0.7922.173 Mobile Safari/537.36 (compatible; Googlebot/2.1; +http://www.google.com/bot.html)"
207.46.13.63 - - [31/Aug/2026:23:16:01 -0400] "GET /?t=a4d2v1a0n1t0a2g9e8a6b5le HTTP/1.1" 200 358 "-" "Mozilla/5.0 AppleWebKit/537.36 (KHTML, like Gecko; compatible; bingbot/2.0; +http://www.bing.com/bingbot.htm) Chrome/116.0.1938.76 Safari/537.36"
40.77.167.12 - - [31/Aug/2026:23:16:37 -0400] "GET /grossulariata/heliogravure/6967107842 HTTP/1.1" 404 236 "-" "Mozilla/5.0 AppleWebKit/537.36 (KHTML, like Gecko; compatible; bingbot/2.0; +http://www.bing.com/bingbot.htm) Chrome/116.0.1938.76 Safari/537.36"
207.46.13.127 - - [31/Aug/2026:23:17:12 -0400] "GET /dignation/peristyle/43570192412 HTTP/1.1" 404 236 "-" "Mozilla/5.0 AppleWebKit/537.36 (KHTML, like Gecko; compatible; bingbot/2.0; +http://www.bing.com/bingbot.htm) Chrome/116.0.1938.76 Safari/537.36"
207.46.13.127 - - [31/Aug/2026:23:17:13 -0400] "GET /shops/intima/m1a2l2a3d4r2o6i5t8n9ess HTTP/1.1" 404 236 "-" "Mozilla/5.0 AppleWebKit/537.36 (KHTML, like Gecko; compatible; bingbot/2.0; +http://www.bing.com/bingbot.htm) Chrome/116.0.1938.76 Safari/537.36"
52.167.144.141 - - [31/Aug/2026:23:17:18 -0400] "GET /?t=b7e6m2e9a0n43826 HTTP/1.1" 200 358 "-" "Mozilla/5.0 AppleWebKit/537.36 (KHTML, like Gecko; compatible; bingbot/2.0; +http://www.bing.com/bingbot.htm) Chrome/116.0.1938.76 Safari/537.36"
52.167.144.141 - - [31/Aug/2026:23:17:18 -0400] "GET /?t=g5e2l2l9y45899 HTTP/1.1" 200 358 "-" "Mozilla/5.0 AppleWebKit/537.36 (KHTML, like Gecko; compatible; bingbot/2.0; +http://www.bing.com/bingbot.htm) Chrome/116.0.1938.76 Safari/537.36"
52.167.144.141 - - [31/Aug/2026:23:17:18 -0400] "GET /?t=c5o4u5n0t3e0r9m5u9r3ing HTTP/1.1" 200 358 "-" "Mozilla/5.0 AppleWebKit/537.36 (KHTML, like Gecko; compatible; bingbot/2.0; +http://www.bing.com/bingbot.htm) Chrome/116.0.1938.76 Safari/537.36"
52.167.144.141 - - [31/Aug/2026:23:17:19 -0400] "GET /shops/anker/b7a8u4n9s5c3h8e2i8d3tism HTTP/1.1" 404 236 "-" "Mozilla/5.0 AppleWebKit/537.36 (KHTML, like Gecko; compatible; bingbot/2.0; +http://www.bing.com/bingbot.htm) Chrome/116.0.1938.76 Safari/537.36"
52.167.144.141 - - [31/Aug/2026:23:17:20 -0400] "GET /shops/reprobater/r5e3s1i0l6e6d81180 HTTP/1.1" 404 236 "-" "Mozilla/5.0 AppleWebKit/537.36 (KHTML, like Gecko; compatible; bingbot/2.0; +http://www.bing.com/bingbot.htm) Chrome/116.0.1938.76 Safari/537.36"
207.46.13.127 - - [31/Aug/2026:23:17:22 -0400] "GET /?reflexively/53592435605 HTTP/1.1" 200 358 "-" "Mozilla/5.0 AppleWebKit/537.36 (KHTML, like Gecko; compatible; bingbot/2.0; +http://www.bing.com/bingbot.htm) Chrome/116.0.1938.76 Safari/537.36"
207.46.13.127 - - [31/Aug/2026:23:17:22 -0400] "GET /shops/disenchanted/h6o3l4l1o0e1d54483 HTTP/1.1" 404 236 "-" "Mozilla/5.0 AppleWebKit/537.36 (KHTML, like Gecko; compatible; bingbot/2.0; +http://www.bing.com/bingbot.htm) Chrome/116.0.1938.76 Safari/537.36"
52.167.144.163 - - [31/Aug/2026:23:17:27 -0400] "GET /incisiveness/b0a2t8h2y1m8e7t1r9i0c5 HTTP/1.1" 404 236 "-" "Mozilla/5.0 AppleWebKit/537.36 (KHTML, like Gecko; compatible; bingbot/2.0; +http://www.bing.com/bingbot.htm) Chrome/116.0.1938.76 Safari/537.36"
52.167.144.163 - - [31/Aug/2026:23:17:27 -0400] "GET /malleated/r4a2s9h9l2y601901 HTTP/1.1" 404 236 "-" "Mozilla/5.0 AppleWebKit/537.36 (KHTML, like Gecko; compatible; bingbot/2.0; +http://www.bing.com/bingbot.htm) Chrome/116.0.1938.76 Safari/537.36"
52.167.144.163 - - [31/Aug/2026:23:17:27 -0400] "GET /?t=c0o3l9l7o8q3u6y6253 HTTP/1.1" 200 358 "-" "Mozilla/5.0 AppleWebKit/537.36 (KHTML, like Gecko; compatible; bingbot/2.0; +http://www.bing.com/bingbot.htm) Chrome/116.0.1938.76 Safari/537.36"
66.249.74.194 - - [31/Aug/2026:23:18:42 -0400] "GET /?t=h0o3w7i9t4z7e9r5s537 HTTP/1.1" 200 358 "-" "Mozilla/5.0 (Linux; Android 6.0.1; Nexus 5X Build/MMB29P) AppleWebKit/537.36 (KHTML, like Gecko) Chrome/151.0.7922.173 Mobile Safari/537.36 (compatible; Googlebot/2.1; +http://www.google.com/bot.html)"
40.77.167.12 - - [31/Aug/2026:23:18:47 -0400] "GET /alegar/titularly/22357415569 HTTP/1.1" 404 236 "-" "Mozilla/5.0 AppleWebKit/537.36 (KHTML, like Gecko; compatible; bingbot/2.0; +http://www.bing.com/bingbot.htm) Chrome/116.0.1938.76 Safari/537.36"
207.46.13.127 - - [31/Aug/2026:23:20:21 -0400] "GET /epiloguize/i7m9p4r4o6m4p5t3u68 HTTP/1.1" 404 236 "-" "Mozilla/5.0 AppleWebKit/537.36 (KHTML, like Gecko; compatible; bingbot/2.0; +http://www.bing.com/bingbot.htm) Chrome/116.0.1938.76 Safari/537.36"
40.77.167.255 - - [31/Aug/2026:23:20:23 -0400] "GET /mountaineering/surgery/82682516381 HTTP/1.1" 404 236 "-" "Mozilla/5.0 AppleWebKit/537.36 (KHTML, like Gecko; compatible; bingbot/2.0; +http://www.bing.com/bingbot.htm) Chrome/116.0.1938.76 Safari/537.36"
207.46.13.63 - - [31/Aug/2026:23:20:31 -0400] "GET /pomarine/c9h2e3w8e2d873556 HTTP/1.1" 404 236 "-" "Mozilla/5.0 AppleWebKit/537.36 (KHTML, like Gecko; compatible; bingbot/2.0; +http://www.bing.com/bingbot.htm) Chrome/116.0.1938.76 Safari/537.36"
66.249.74.195 - - [31/Aug/2026:23:20:47 -0400] "GET /obeisance/paduasoy/5847228944 HTTP/1.1" 404 236 "-" "Mozilla/5.0 (compatible; Googlebot/2.1; +http://www.google.com/bot.html)"
66.249.74.194 - - [31/Aug/2026:23:21:36 -0400] "GET /?verses/24263751383 HTTP/1.1" 200 358 "-" "Mozilla/5.0 (compatible; Googlebot/2.1; +http://www.google.com/bot.html)"
40.77.167.62 - - [31/Aug/2026:23:21:37 -0400] "GET /revelation/c8a4l1m0e3s9t8472 HTTP/1.1" 404 236 "-" "Mozilla/5.0 AppleWebKit/537.36 (KHTML, like Gecko; compatible; bingbot/2.0; +http://www.bing.com/bingbot.htm) Chrome/116.0.1938.76 Safari/537.36"
66.249.74.195 - - [31/Aug/2026:23:22:11 -0400] "GET /shops/continuous/h4e1x3a9c4i7d32072 HTTP/1.1" 404 236 "-" "Mozilla/5.0 (compatible; Googlebot/2.1; +http://www.google.com/bot.html)"
66.249.74.194 - - [31/Aug/2026:23:23:50 -0400] "GET /?t=i5s7o5s6t4a4s8y868 HTTP/1.1" 200 358 "-" "Mozilla/5.0 (Linux; Android 6.0.1; Nexus 5X Build/MMB29P) AppleWebKit/537.36 (KHTML, like Gecko) Chrome/151.0.7922.173 Mobile Safari/537.36 (compatible; Googlebot/2.1; +http://www.google.com/bot.html)"
40.77.167.62 - - [31/Aug/2026:23:24:49 -0400] "GET /?t=y0a2r2n0d2y2e2d508 HTTP/1.1" 200 358 "-" "Mozilla/5.0 AppleWebKit/537.36 (KHTML, like Gecko; compatible; bingbot/2.0; +http://www.bing.com/bingbot.htm) Chrome/116.0.1938.76 Safari/537.36"
40.77.167.62 - - [31/Aug/2026:23:24:49 -0400] "GET /?t=d4a1y7d3r0e2a2m9e2r28 HTTP/1.1" 200 358 "-" "Mozilla/5.0 AppleWebKit/537.36 (KHTML, like Gecko; compatible; bingbot/2.0; +http://www.bing.com/bingbot.htm) Chrome/116.0.1938.76 Safari/537.36"
40.77.167.62 - - [31/Aug/2026:23:24:49 -0400] "GET /?admittable/62327998354 HTTP/1.1" 200 358 "-" "Mozilla/5.0 AppleWebKit/537.36 (KHTML, like Gecko; compatible; bingbot/2.0; +http://www.bing.com/bingbot.htm) Chrome/116.0.1938.76 Safari/537.36"
40.77.167.62 - - [31/Aug/2026:23:24:49 -0400] "GET /?t=c1h7i0r0o3p5l3a4s3t2 HTTP/1.1" 200 358 "-" "Mozilla/5.0 AppleWebKit/537.36 (KHTML, like Gecko; compatible; bingbot/2.0; +http://www.bing.com/bingbot.htm) Chrome/116.0.1938.76 Safari/537.36"
40.77.167.62 - - [31/Aug/2026:23:24:49 -0400] "GET /camber/l5a3c2t5a7m8i8d9e200 HTTP/1.1" 404 236 "-" "Mozilla/5.0 AppleWebKit/537.36 (KHTML, like Gecko; compatible; bingbot/2.0; +http://www.bing.com/bingbot.htm) Chrome/116.0.1938.76 Safari/537.36"
207.46.13.127 - - [31/Aug/2026:23:24:53 -0400] "GET /suffused/a7n3d5r0o5s0o7e3m1u5m8 HTTP/1.1" 404 236 "-" "Mozilla/5.0 AppleWebKit/537.36 (KHTML, like Gecko; compatible; bingbot/2.0; +http://www.bing.com/bingbot.htm) Chrome/116.0.1938.76 Safari/537.36"
207.46.13.127 - - [31/Aug/2026:23:24:53 -0400] "GET /shops/effaceable/p4l1a9n2e4t6e2d2471 HTTP/1.1" 404 236 "-" "Mozilla/5.0 AppleWebKit/537.36 (KHTML, like Gecko; compatible; bingbot/2.0; +http://www.bing.com/bingbot.htm) Chrome/116.0.1938.76 Safari/537.36"
207.46.13.127 - - [31/Aug/2026:23:24:54 -0400] "GET /?t=a7u1t0o5t4h5e9i1s1m41 HTTP/1.1" 200 358 "-" "Mozilla/5.0 AppleWebKit/537.36 (KHTML, like Gecko; compatible; bingbot/2.0; +http://www.bing.com/bingbot.htm) Chrome/116.0.1938.76 Safari/537.36"
52.167.144.163 - - [31/Aug/2026:23:24:58 -0400] "GET /firmans/t1a3m7p4i1c6o00139 HTTP/1.1" 404 236 "-" "Mozilla/5.0 AppleWebKit/537.36 (KHTML, like Gecko; compatible; bingbot/2.0; +http://www.bing.com/bingbot.htm) Chrome/116.0.1938.76 Safari/537.36"
52.167.144.163 - - [31/Aug/2026:23:24:58 -0400] "GET /?t=s6e2l2f0c9e0n9t2e5r8e3d HTTP/1.1" 200 358 "-" "Mozilla/5.0 AppleWebKit/537.36 (KHTML, like Gecko; compatible; bingbot/2.0; +http://www.bing.com/bingbot.htm) Chrome/116.0.1938.76 Safari/537.36"
40.77.167.62 - - [31/Aug/2026:23:25:03 -0400] "GET /shops/pleasant/p3e8r6s3e9v3e2r0a0n8ce HTTP/1.1" 404 236 "-" "Mozilla/5.0 AppleWebKit/537.36 (KHTML, like Gecko; compatible; bingbot/2.0; +http://www.bing.com/bingbot.htm) Chrome/116.0.1938.76 Safari/537.36"
40.77.167.62 - - [31/Aug/2026:23:25:03 -0400] "GET /?t=s9e8l5f2s6a4m1e45 HTTP/1.1" 200 358 "-" "Mozilla/5.0 AppleWebKit/537.36 (KHTML, like Gecko; compatible; bingbot/2.0; +http://www.bing.com/bingbot.htm) Chrome/116.0.1938.76 Safari/537.36"
40.77.167.62 - - [31/Aug/2026:23:25:03 -0400] "GET /shops/soundboard/h0a1r0t0w5o5r1t768 HTTP/1.1" 404 236 "-" "Mozilla/5.0 AppleWebKit/537.36 (KHTML, like Gecko; compatible; bingbot/2.0; +http://www.bing.com/bingbot.htm) Chrome/116.0.1938.76 Safari/537.36"
40.77.167.62 - - [31/Aug/2026:23:25:03 -0400] "GET /shops/hersillon/g9a3n7g1r3e9n2o3u8s00 HTTP/1.1" 404 236 "-" "Mozilla/5.0 AppleWebKit/537.36 (KHTML, like Gecko; compatible; bingbot/2.0; +http://www.bing.com/bingbot.htm) Chrome/116.0.1938.76 Safari/537.36"
66.249.74.195 - - [31/Aug/2026:23:25:08 -0400] "GET /?t=l7i1m1i9t9a7b1l0e170 HTTP/1.1" 200 358 "-" "Mozilla/5.0 (Linux; Android 6.0.1; Nexus 5X Build/MMB29P) AppleWebKit/537.36 (KHTML, like Gecko) Chrome/151.0.7922.173 Mobile Safari/537.36 (compatible; Googlebot/2.1; +http://www.google.com/bot.html)"
66.249.74.194 - - [31/Aug/2026:23:25:39 -0400] "GET /?t=t6a7g1l5i6o6n3i496 HTTP/1.1" 200 358 "-" "Mozilla/5.0 (Linux; Android 6.0.1; Nexus 5X Build/MMB29P) AppleWebKit/537.36 (KHTML, like Gecko) Chrome/151.0.7922.173 Mobile Safari/537.36 (compatible; Googlebot/2.1; +http://www.google.com/bot.html)"
66.249.74.195 - - [31/Aug/2026:23:26:17 -0400] "GET /?t=v9e1e4r4e1d455863 HTTP/1.1" 200 358 "-" "Mozilla/5.0 (Linux; Android 6.0.1; Nexus 5X Build/MMB29P) AppleWebKit/537.36 (KHTML, like Gecko) Chrome/151.0.7922.173 Mobile Safari/537.36 (compatible; Googlebot/2.1; +http://www.google.com/bot.html)"
207.46.13.127 - - [31/Aug/2026:23:26:43 -0400] "GET /?i=8829855430 HTTP/1.1" 200 358 "-" "Mozilla/5.0 AppleWebKit/537.36 (KHTML, like Gecko; compatible; bingbot/2.0; +http://www.bing.com/bingbot.htm) Chrome/116.0.1938.76 Safari/537.36"
207.46.13.127 - - [31/Aug/2026:23:26:44 -0400] "GET /tenaculums/dactylis/s3t2y1l3i5n9g06350 HTTP/1.1" 404 236 "-" "Mozilla/5.0 AppleWebKit/537.36 (KHTML, like Gecko; compatible; bingbot/2.0; +http://www.bing.com/bingbot.htm) Chrome/116.0.1938.76 Safari/537.36"
52.167.144.167 - - [31/Aug/2026:23:26:48 -0400] "GET /shops/pentatech/r8e2p4e0n8t258296 HTTP/1.1" 404 236 "-" "Mozilla/5.0 AppleWebKit/537.36 (KHTML, like Gecko; compatible; bingbot/2.0; +http://www.bing.com/bingbot.htm) Chrome/116.0.1938.76 Safari/537.36"
52.167.144.167 - - [31/Aug/2026:23:26:48 -0400] "GET /afreet/a6d4e0l4a0s4t7e4r824 HTTP/1.1" 404 236 "-" "Mozilla/5.0 AppleWebKit/537.36 (KHTML, like Gecko; compatible; bingbot/2.0; +http://www.bing.com/bingbot.htm) Chrome/116.0.1938.76 Safari/537.36"
40.77.167.62 - - [31/Aug/2026:23:26:52 -0400] "GET /predictor/m6o4o1t1e6d678614 HTTP/1.1" 404 236 "-" "Mozilla/5.0 AppleWebKit/537.36 (KHTML, like Gecko; compatible; bingbot/2.0; +http://www.bing.com/bingbot.htm) Chrome/116.0.1938.76 Safari/537.36"
40.77.167.62 - - [31/Aug/2026:23:26:52 -0400] "GET /denounced/t3o4w0e0d5638567 HTTP/1.1" 404 236 "-" "Mozilla/5.0 AppleWebKit/537.36 (KHTML, like Gecko; compatible; bingbot/2.0; +http://www.bing.com/bingbot.htm) Chrome/116.0.1938.76 Safari/537.36"
40.77.167.62 - - [31/Aug/2026:23:26:52 -0400] "GET /shops/spouter/l6e3a4p5f9r1o8g8211 HTTP/1.1" 404 236 "-" "Mozilla/5.0 AppleWebKit/537.36 (KHTML, like Gecko; compatible; bingbot/2.0; +http://www.bing.com/bingbot.htm) Chrome/116.0.1938.76 Safari/537.36"
40.77.167.62 - - [31/Aug/2026:23:26:52 -0400] "GET /shagreen/c4a3p3u9c6c8i2o8456 HTTP/1.1" 404 236 "-" "Mozilla/5.0 AppleWebKit/537.36 (KHTML, like Gecko; compatible; bingbot/2.0; +http://www.bing.com/bingbot.htm) Chrome/116.0.1938.76 Safari/537.36"
40.77.167.62 - - [31/Aug/2026:23:26:52 -0400] "GET /?t=g8l2a6u7c2o9s4i2s073 HTTP/1.1" 200 358 "-" "Mozilla/5.0 AppleWebKit/537.36 (KHTML, like Gecko; compatible; bingbot/2.0; +http://www.bing.com/bingbot.htm) Chrome/116.0.1938.76 Safari/537.36"
207.46.13.127 - - [31/Aug/2026:23:26:57 -0400] "GET /?t=s3e3l4f0f6e7r0t7i8l3i8zation HTTP/1.1" 200 358 "-" "Mozilla/5.0 AppleWebKit/537.36 (KHTML, like Gecko; compatible; bingbot/2.0; +http://www.bing.com/bingbot.htm) Chrome/116.0.1938.76 Safari/537.36"
207.46.13.127 - - [31/Aug/2026:23:26:58 -0400] "GET /?t=g0u2i3d5a4n8c3e6739 HTTP/1.1" 200 358 "-" "Mozilla/5.0 AppleWebKit/537.36 (KHTML, like Gecko; compatible; bingbot/2.0; +http://www.bing.com/bingbot.htm) Chrome/116.0.1938.76 Safari/537.36"
207.46.13.127 - - [31/Aug/2026:23:28:52 -0400] "GET /?i=6790652520 HTTP/1.1" 200 358 "-" "Mozilla/5.0 AppleWebKit/537.36 (KHTML, like Gecko; compatible; bingbot/2.0; +http://www.bing.com/bingbot.htm) Chrome/116.0.1938.76 Safari/537.36"
198.204.240.234 - - [31/Aug/2026:23:29:38 -0400] "GET /wp-includes/wpee7639/index.php HTTP/1.1" 404 236 "https://rioislandkitchen.com/wp-includes/wpee7639/index.php" "Mozilla/4.0 (compatible; MSIE 6.0; X11; Linux i686; ja) Opera 10.10"
52.167.144.227 - - [31/Aug/2026:23:30:38 -0400] "GET /groined/tubercled/c4a1r0i0c9a9t2u7r2i4n3g HTTP/1.1" 404 236 "-" "Mozilla/5.0 AppleWebKit/537.36 (KHTML, like Gecko; compatible; bingbot/2.0; +http://www.bing.com/bingbot.htm) Chrome/116.0.1938.76 Safari/537.36"
66.249.74.196 - - [31/Aug/2026:23:30:45 -0400] "GET /?t=s8t1r4u8c1k787438 HTTP/1.1" 200 358 "-" "Mozilla/5.0 (Linux; Android 6.0.1; Nexus 5X Build/MMB29P) AppleWebKit/537.36 (KHTML, like Gecko) Chrome/151.0.7922.173 Mobile Safari/537.36 (compatible; Googlebot/2.1; +http://www.google.com/bot.html)"
40.77.167.159 - - [31/Aug/2026:23:30:47 -0400] "GET /engraft/s7e2r2p2u9l1i1a9n43 HTTP/1.1" 404 236 "-" "Mozilla/5.0 AppleWebKit/537.36 (KHTML, like Gecko; compatible; bingbot/2.0; +http://www.bing.com/bingbot.htm) Chrome/116.0.1938.76 Safari/537.36"
40.77.167.159 - - [31/Aug/2026:23:30:48 -0400] "GET /shops/biforate/l2a4d0y4b2u1g7s6844 HTTP/1.1" 404 236 "-" "Mozilla/5.0 AppleWebKit/537.36 (KHTML, like Gecko; compatible; bingbot/2.0; +http://www.bing.com/bingbot.htm) Chrome/116.0.1938.76 Safari/537.36"
40.77.167.159 - - [31/Aug/2026:23:30:49 -0400] "GET /?t=l5o2r3d6l3e8s6s8602 HTTP/1.1" 200 358 "-" "Mozilla/5.0 AppleWebKit/537.36 (KHTML, like Gecko; compatible; bingbot/2.0; +http://www.bing.com/bingbot.htm) Chrome/116.0.1938.76 Safari/537.36"
207.46.13.127 - - [31/Aug/2026:23:30:57 -0400] "GET /?t=c1r2o2s4s9r6e5f9e5r06 HTTP/1.1" 200 358 "-" "Mozilla/5.0 AppleWebKit/537.36 (KHTML, like Gecko; compatible; bingbot/2.0; +http://www.bing.com/bingbot.htm) Chrome/116.0.1938.76 Safari/537.36"
207.46.13.127 - - [31/Aug/2026:23:30:57 -0400] "GET /?t=e6l2e8c9t6r2i1f1i7e8d0 HTTP/1.1" 200 358 "-" "Mozilla/5.0 AppleWebKit/537.36 (KHTML, like Gecko; compatible; bingbot/2.0; +http://www.bing.com/bingbot.htm) Chrome/116.0.1938.76 Safari/537.36"
207.46.13.127 - - [31/Aug/2026:23:30:58 -0400] "GET /arbitrariously/burnup/31045757395 HTTP/1.1" 404 236 "-" "Mozilla/5.0 AppleWebKit/537.36 (KHTML, like Gecko; compatible; bingbot/2.0; +http://www.bing.com/bingbot.htm) Chrome/116.0.1938.76 Safari/537.36"
207.46.13.127 - - [31/Aug/2026:23:30:58 -0400] "GET /exaggerated/lapped/e6t1h7n3i1c9i1s4m990 HTTP/1.1" 404 236 "-" "Mozilla/5.0 AppleWebKit/537.36 (KHTML, like Gecko; compatible; bingbot/2.0; +http://www.bing.com/bingbot.htm) Chrome/116.0.1938.76 Safari/537.36"
207.46.13.127 - - [31/Aug/2026:23:30:58 -0400] "GET /?encyclopedian/63775453244 HTTP/1.1" 200 358 "-" "Mozilla/5.0 AppleWebKit/537.36 (KHTML, like Gecko; compatible; bingbot/2.0; +http://www.bing.com/bingbot.htm) Chrome/116.0.1938.76 Safari/537.36"
40.77.167.159 - - [31/Aug/2026:23:31:02 -0400] "GET /shops/plunk/u6n3g1u4a5l442883 HTTP/1.1" 404 236 "-" "Mozilla/5.0 AppleWebKit/537.36 (KHTML, like Gecko; compatible; bingbot/2.0; +http://www.bing.com/bingbot.htm) Chrome/116.0.1938.76 Safari/537.36"
40.77.167.159 - - [31/Aug/2026:23:31:02 -0400] "GET /?t=z3a3n5i9e6s071478 HTTP/1.1" 200 358 "-" "Mozilla/5.0 AppleWebKit/537.36 (KHTML, like Gecko; compatible; bingbot/2.0; +http://www.bing.com/bingbot.htm) Chrome/116.0.1938.76 Safari/537.36"
52.167.144.167 - - [31/Aug/2026:23:31:05 -0400] "GET /?ampelidae/42573369251 HTTP/1.1" 200 358 "-" "Mozilla/5.0 AppleWebKit/537.36 (KHTML, like Gecko; compatible; bingbot/2.0; +http://www.bing.com/bingbot.htm) Chrome/116.0.1938.76 Safari/537.36"
207.46.13.127 - - [31/Aug/2026:23:31:07 -0400] "GET /belying/p5r3e1w6a7r9n3990 HTTP/1.1" 404 236 "-" "Mozilla/5.0 AppleWebKit/537.36 (KHTML, like Gecko; compatible; bingbot/2.0; +http://www.bing.com/bingbot.htm) Chrome/116.0.1938.76 Safari/537.36"
207.46.13.127 - - [31/Aug/2026:23:31:07 -0400] "GET /occecation/s5u4b1h7e8p1a2t1i8c10 HTTP/1.1" 404 236 "-" "Mozilla/5.0 AppleWebKit/537.36 (KHTML, like Gecko; compatible; bingbot/2.0; +http://www.bing.com/bingbot.htm) Chrome/116.0.1938.76 Safari/537.36"
40.77.167.138 - - [31/Aug/2026:23:31:09 -0400] "GET /robots.txt HTTP/1.1" 404 236 "-" "Mozilla/5.0 AppleWebKit/537.36 (KHTML, like Gecko; compatible; bingbot/2.0; +http://www.bing.com/bingbot.htm) Chrome/116.0.1938.76 Safari/537.36"
40.77.167.159 - - [31/Aug/2026:23:31:12 -0400] "GET /buglosses/b0a1r5o7g0r5a0m0170 HTTP/1.1" 404 236 "-" "Mozilla/5.0 AppleWebKit/537.36 (KHTML, like Gecko; compatible; bingbot/2.0; +http://www.bing.com/bingbot.htm) Chrome/116.0.1938.76 Safari/537.36"
52.167.144.167 - - [31/Aug/2026:23:31:17 -0400] "GET /shops/viscoidal/u3n2b2u9r3i0e0d2765 HTTP/1.1" 404 236 "-" "Mozilla/5.0 AppleWebKit/537.36 (KHTML, like Gecko; compatible; bingbot/2.0; +http://www.bing.com/bingbot.htm) Chrome/116.0.1938.76 Safari/537.36"
52.167.144.167 - - [31/Aug/2026:23:31:17 -0400] "GET /shops/nematoda/p0h1o3n3e9t0i6z8e909 HTTP/1.1" 404 236 "-" "Mozilla/5.0 AppleWebKit/537.36 (KHTML, like Gecko; compatible; bingbot/2.0; +http://www.bing.com/bingbot.htm) Chrome/116.0.1938.76 Safari/537.36"
207.46.13.127 - - [31/Aug/2026:23:32:54 -0400] "GET /?icicled/21676143748 HTTP/1.1" 200 358 "-" "Mozilla/5.0 AppleWebKit/537.36 (KHTML, like Gecko; compatible; bingbot/2.0; +http://www.bing.com/bingbot.htm) Chrome/116.0.1938.76 Safari/537.36"
207.46.13.127 - - [31/Aug/2026:23:32:54 -0400] "GET /?t=t6h7a0n0e9s0h9i9p91 HTTP/1.1" 200 358 "-" "Mozilla/5.0 AppleWebKit/537.36 (KHTML, like Gecko; compatible; bingbot/2.0; +http://www.bing.com/bingbot.htm) Chrome/116.0.1938.76 Safari/537.36"
207.46.13.127 - - [31/Aug/2026:23:32:54 -0400] "GET /pleomorphic/m1i6d8d8i1e9s2219 HTTP/1.1" 404 236 "-" "Mozilla/5.0 AppleWebKit/537.36 (KHTML, like Gecko; compatible; bingbot/2.0; +http://www.bing.com/bingbot.htm) Chrome/116.0.1938.76 Safari/537.36"
207.46.13.127 - - [31/Aug/2026:23:32:54 -0400] "GET /shops/barrator/e3x3c4o8r0i3a7t0e2d42 HTTP/1.1" 404 236 "-" "Mozilla/5.0 AppleWebKit/537.36 (KHTML, like Gecko; compatible; bingbot/2.0; +http://www.bing.com/bingbot.htm) Chrome/116.0.1938.76 Safari/537.36"
207.46.13.127 - - [31/Aug/2026:23:32:55 -0400] "GET /shops/refortification/r5h1o5m2b6o2i0d2a2l65 HTTP/1.1" 404 236 "-" "Mozilla/5.0 AppleWebKit/537.36 (KHTML, like Gecko; compatible; bingbot/2.0; +http://www.bing.com/bingbot.htm) Chrome/116.0.1938.76 Safari/537.36"
207.46.13.127 - - [31/Aug/2026:23:33:04 -0400] "GET /chronologies/sulphoacid/73576878172 HTTP/1.1" 404 236 "-" "Mozilla/5.0 AppleWebKit/537.36 (KHTML, like Gecko; compatible; bingbot/2.0; +http://www.bing.com/bingbot.htm) Chrome/116.0.1938.76 Safari/537.36"
207.46.13.127 - - [31/Aug/2026:23:33:04 -0400] "GET /?t=c5r1o4s4s2l0i6n4k4e8d2 HTTP/1.1" 200 358 "-" "Mozilla/5.0 AppleWebKit/537.36 (KHTML, like Gecko; compatible; bingbot/2.0; +http://www.bing.com/bingbot.htm) Chrome/116.0.1938.76 Safari/537.36"
207.46.13.127 - - [31/Aug/2026:23:33:04 -0400] "GET /voyal/b5i2s3u7l1p9h5u5r3e2t5 HTTP/1.1" 404 236 "-" "Mozilla/5.0 AppleWebKit/537.36 (KHTML, like Gecko; compatible; bingbot/2.0; +http://www.bing.com/bingbot.htm) Chrome/116.0.1938.76 Safari/537.36"
207.46.13.127 - - [31/Aug/2026:23:33:04 -0400] "GET /shops/hemadrometry/j7i2n6k1s8208071 HTTP/1.1" 404 236 "-" "Mozilla/5.0 AppleWebKit/537.36 (KHTML, like Gecko; compatible; bingbot/2.0; +http://www.bing.com/bingbot.htm) Chrome/116.0.1938.76 Safari/537.36"
207.46.13.127 - - [31/Aug/2026:23:33:05 -0400] "GET /?t=e9l1e2g4i0a9c5a5l495 HTTP/1.1" 200 358 "-" "Mozilla/5.0 AppleWebKit/537.36 (KHTML, like Gecko; compatible; bingbot/2.0; +http://www.bing.com/bingbot.htm) Chrome/116.0.1938.76 Safari/537.36"
52.167.144.167 - - [31/Aug/2026:23:33:08 -0400] "GET /shops/donatism/d2i2r6u7p4t1i5o5n016 HTTP/1.1" 404 236 "-" "Mozilla/5.0 AppleWebKit/537.36 (KHTML, like Gecko; compatible; bingbot/2.0; +http://www.bing.com/bingbot.htm) Chrome/116.0.1938.76 Safari/537.36"
52.167.144.167 - - [31/Aug/2026:23:33:08 -0400] "GET /shops/notidanian/i3s1o7r5r4o2p0i1c829 HTTP/1.1" 404 236 "-" "Mozilla/5.0 AppleWebKit/537.36 (KHTML, like Gecko; compatible; bingbot/2.0; +http://www.bing.com/bingbot.htm) Chrome/116.0.1938.76 Safari/537.36"
52.167.144.167 - - [31/Aug/2026:23:33:08 -0400] "GET /?t=a8l1u5m1e5n957881 HTTP/1.1" 200 358 "-" "Mozilla/5.0 AppleWebKit/537.36 (KHTML, like Gecko; compatible; bingbot/2.0; +http://www.bing.com/bingbot.htm) Chrome/116.0.1938.76 Safari/537.36"
40.77.167.159 - - [31/Aug/2026:23:33:14 -0400] "GET /shops/tazza/m5a3d5n9e1p223522 HTTP/1.1" 404 236 "-" "Mozilla/5.0 AppleWebKit/537.36 (KHTML, like Gecko; compatible; bingbot/2.0; +http://www.bing.com/bingbot.htm) Chrome/116.0.1938.76 Safari/537.36"
52.167.144.167 - - [31/Aug/2026:23:33:16 -0400] "GET /shops/factiously/p0e8r7i5c5y8s8t2i5t6is HTTP/1.1" 404 236 "-" "Mozilla/5.0 AppleWebKit/537.36 (KHTML, like Gecko; compatible; bingbot/2.0; +http://www.bing.com/bingbot.htm) Chrome/116.0.1938.76 Safari/537.36"
207.46.13.127 - - [31/Aug/2026:23:33:18 -0400] "GET /uriniferous/r7o2w3e1t3t617188 HTTP/1.1" 404 236 "-" "Mozilla/5.0 AppleWebKit/537.36 (KHTML, like Gecko; compatible; bingbot/2.0; +http://www.bing.com/bingbot.htm) Chrome/116.0.1938.76 Safari/537.36"
207.46.13.127 - - [31/Aug/2026:23:33:18 -0400] "GET /terebration/c3o1l9o6n0i8a7l2i0s1t7 HTTP/1.1" 404 236 "-" "Mozilla/5.0 AppleWebKit/537.36 (KHTML, like Gecko; compatible; bingbot/2.0; +http://www.bing.com/bingbot.htm) Chrome/116.0.1938.76 Safari/537.36"
207.46.13.127 - - [31/Aug/2026:23:33:18 -0400] "GET /?t=n5e3p6h0r8o2l4i8t1h0i3c HTTP/1.1" 200 358 "-" "Mozilla/5.0 AppleWebKit/537.36 (KHTML, like Gecko; compatible; bingbot/2.0; +http://www.bing.com/bingbot.htm) Chrome/116.0.1938.76 Safari/537.36"
40.77.167.159 - - [31/Aug/2026:23:33:58 -0400] "GET /tiltup/neuropterous/42817231700 HTTP/1.1" 404 236 "-" "Mozilla/5.0 AppleWebKit/537.36 (KHTML, like Gecko; compatible; bingbot/2.0; +http://www.bing.com/bingbot.htm) Chrome/116.0.1938.76 Safari/537.36"
98.84.1.175 - - [31/Aug/2026:23:34:45 -0400] "GET / HTTP/1.1" 421 362 "-" "RecordedFuture Global Inventory Crawler"
207.46.13.36 - - [31/Aug/2026:23:34:53 -0400] "GET /?homilies/81323592482 HTTP/1.1" 200 358 "-" "Mozilla/5.0 AppleWebKit/537.36 (KHTML, like Gecko; compatible; bingbot/2.0; +http://www.bing.com/bingbot.htm) Chrome/116.0.1938.76 Safari/537.36"
207.46.13.36 - - [31/Aug/2026:23:34:54 -0400] "GET /shops/mortised/n3o2s1t8a7l6g4y3581 HTTP/1.1" 404 236 "-" "Mozilla/5.0 AppleWebKit/537.36 (KHTML, like Gecko; compatible; bingbot/2.0; +http://www.bing.com/bingbot.htm) Chrome/116.0.1938.76 Safari/537.36"
207.46.13.36 - - [31/Aug/2026:23:34:54 -0400] "GET /?t=f2l3e0e5c3e2d71339 HTTP/1.1" 200 358 "-" "Mozilla/5.0 AppleWebKit/537.36 (KHTML, like Gecko; compatible; bingbot/2.0; +http://www.bing.com/bingbot.htm) Chrome/116.0.1938.76 Safari/537.36"
52.167.144.167 - - [31/Aug/2026:23:34:58 -0400] "GET /credited/octopede/71238755119 HTTP/1.1" 404 236 "-" "Mozilla/5.0 AppleWebKit/537.36 (KHTML, like Gecko; compatible; bingbot/2.0; +http://www.bing.com/bingbot.htm) Chrome/116.0.1938.76 Safari/537.36"
52.167.144.167 - - [31/Aug/2026:23:34:59 -0400] "GET /?t=o0r3o1g0r7a1p8h2i0c84 HTTP/1.1" 200 358 "-" "Mozilla/5.0 AppleWebKit/537.36 (KHTML, like Gecko; compatible; bingbot/2.0; +http://www.bing.com/bingbot.htm) Chrome/116.0.1938.76 Safari/537.36"
52.167.144.167 - - [31/Aug/2026:23:34:59 -0400] "GET /?t=r0a3c6i0n6e3s3s2948 HTTP/1.1" 200 358 "-" "Mozilla/5.0 AppleWebKit/537.36 (KHTML, like Gecko; compatible; bingbot/2.0; +http://www.bing.com/bingbot.htm) Chrome/116.0.1938.76 Safari/537.36"
52.167.144.167 - - [31/Aug/2026:23:34:59 -0400] "GET /spalax/decanal/63798404093 HTTP/1.1" 404 236 "-" "Mozilla/5.0 AppleWebKit/537.36 (KHTML, like Gecko; compatible; bingbot/2.0; +http://www.bing.com/bingbot.htm) Chrome/116.0.1938.76 Safari/537.36"
207.46.13.36 - - [31/Aug/2026:23:35:04 -0400] "GET /?t=b7o1t1a1n9i3z9e1r257 HTTP/1.1" 200 358 "-" "Mozilla/5.0 AppleWebKit/537.36 (KHTML, like Gecko; compatible; bingbot/2.0; +http://www.bing.com/bingbot.htm) Chrome/116.0.1938.76 Safari/537.36"
207.46.13.36 - - [31/Aug/2026:23:35:04 -0400] "GET /?t=u6n3h8o6u7s7e83265 HTTP/1.1" 200 358 "-" "Mozilla/5.0 AppleWebKit/537.36 (KHTML, like Gecko; compatible; bingbot/2.0; +http://www.bing.com/bingbot.htm) Chrome/116.0.1938.76 Safari/537.36"
52.167.144.167 - - [31/Aug/2026:23:35:08 -0400] "GET /shops/overmix/m8o3d4e7r8a0n4c0e905 HTTP/1.1" 404 236 "-" "Mozilla/5.0 AppleWebKit/537.36 (KHTML, like Gecko; compatible; bingbot/2.0; +http://www.bing.com/bingbot.htm) Chrome/116.0.1938.76 Safari/537.36"
52.167.144.167 - - [31/Aug/2026:23:35:08 -0400] "GET /agast/unfaithful/j5u2s7t6n8e4s1s7703 HTTP/1.1" 404 236 "-" "Mozilla/5.0 AppleWebKit/537.36 (KHTML, like Gecko; compatible; bingbot/2.0; +http://www.bing.com/bingbot.htm) Chrome/116.0.1938.76 Safari/537.36"
40.77.167.159 - - [31/Aug/2026:23:35:12 -0400] "GET /shops/showbread/s5u2m0m7o5n7i5n3g842 HTTP/1.1" 404 236 "-" "Mozilla/5.0 AppleWebKit/537.36 (KHTML, like Gecko; compatible; bingbot/2.0; +http://www.bing.com/bingbot.htm) Chrome/116.0.1938.76 Safari/537.36"
40.77.167.159 - - [31/Aug/2026:23:35:13 -0400] "GET /?t=c3a1r6a4c1o5r2e261 HTTP/1.1" 200 358 "-" "Mozilla/5.0 AppleWebKit/537.36 (KHTML, like Gecko; compatible; bingbot/2.0; +http://www.bing.com/bingbot.htm) Chrome/116.0.1938.76 Safari/537.36"
40.77.167.159 - - [31/Aug/2026:23:35:13 -0400] "GET /shops/imprudent/m3a2m8m2i2f9o3r6m721 HTTP/1.1" 404 236 "-" "Mozilla/5.0 AppleWebKit/537.36 (KHTML, like Gecko; compatible; bingbot/2.0; +http://www.bing.com/bingbot.htm) Chrome/116.0.1938.76 Safari/537.36"
40.77.167.159 - - [31/Aug/2026:23:35:13 -0400] "GET /hereinbefore/laboriousness/5848790882 HTTP/1.1" 404 236 "-" "Mozilla/5.0 AppleWebKit/537.36 (KHTML, like Gecko; compatible; bingbot/2.0; +http://www.bing.com/bingbot.htm) Chrome/116.0.1938.76 Safari/537.36"
40.77.167.159 - - [31/Aug/2026:23:35:13 -0400] "GET /shops/opitulation/m7e3d9i1t9a7t3i7v2e48 HTTP/1.1" 404 236 "-" "Mozilla/5.0 AppleWebKit/537.36 (KHTML, like Gecko; compatible; bingbot/2.0; +http://www.bing.com/bingbot.htm) Chrome/116.0.1938.76 Safari/537.36"
207.46.13.36 - - [31/Aug/2026:23:35:18 -0400] "GET /shops/highlydeveloped/c1y1c9l1o2i9d5e1i991 HTTP/1.1" 404 236 "-" "Mozilla/5.0 AppleWebKit/537.36 (KHTML, like Gecko; compatible; bingbot/2.0; +http://www.bing.com/bingbot.htm) Chrome/116.0.1938.76 Safari/537.36"
207.46.13.36 - - [31/Aug/2026:23:35:18 -0400] "GET /?t=l9e3u7c7o2p7t1e2r1u1s3 HTTP/1.1" 200 358 "-" "Mozilla/5.0 AppleWebKit/537.36 (KHTML, like Gecko; compatible; bingbot/2.0; +http://www.bing.com/bingbot.htm) Chrome/116.0.1938.76 Safari/537.36"
66.249.74.194 - - [31/Aug/2026:23:37:17 -0400] "GET /toyu/top/CKmSpSfTop.jsp HTTP/1.1" 404 236 "-" "Mozilla/5.0 (compatible; Googlebot/2.1; +http://www.google.com/bot.html)"
66.249.74.196 - - [31/Aug/2026:23:38:51 -0400] "GET /shops/malax/p5e4r1n9e6l86699 HTTP/1.1" 404 236 "-" "Mozilla/5.0 (Linux; Android 6.0.1; Nexus 5X Build/MMB29P) AppleWebKit/537.36 (KHTML, like Gecko) Chrome/151.0.7922.173 Mobile Safari/537.36 (compatible; Googlebot/2.1; +http://www.google.com/bot.html)"
40.77.167.32 - - [31/Aug/2026:23:39:05 -0400] "GET /?t=c4r2o5s6s1m9a7t6c7h47 HTTP/1.1" 200 358 "-" "Mozilla/5.0 AppleWebKit/537.36 (KHTML, like Gecko; compatible; bingbot/2.0; +http://www.bing.com/bingbot.htm) Chrome/116.0.1938.76 Safari/537.36"
40.77.167.159 - - [31/Aug/2026:23:39:10 -0400] "GET /shops/investigable/r4e2g4e5n0e1r7a9t1o1r2y HTTP/1.1" 404 236 "-" "Mozilla/5.0 AppleWebKit/537.36 (KHTML, like Gecko; compatible; bingbot/2.0; +http://www.bing.com/bingbot.htm) Chrome/116.0.1938.76 Safari/537.36"
40.77.167.159 - - [31/Aug/2026:23:39:10 -0400] "GET /poudrette/xylamide/7995686650 HTTP/1.1" 404 236 "-" "Mozilla/5.0 AppleWebKit/537.36 (KHTML, like Gecko; compatible; bingbot/2.0; +http://www.bing.com/bingbot.htm) Chrome/116.0.1938.76 Safari/537.36"
207.46.13.36 - - [31/Aug/2026:23:39:14 -0400] "GET /shops/obedible/m6a1s3t4a6b4a90894 HTTP/1.1" 404 236 "-" "Mozilla/5.0 AppleWebKit/537.36 (KHTML, like Gecko; compatible; bingbot/2.0; +http://www.bing.com/bingbot.htm) Chrome/116.0.1938.76 Safari/537.36"
207.46.13.36 - - [31/Aug/2026:23:39:15 -0400] "GET /?t=s0p1l5a1n8d5r6e4l56 HTTP/1.1" 200 358 "-" "Mozilla/5.0 AppleWebKit/537.36 (KHTML, like Gecko; compatible; bingbot/2.0; +http://www.bing.com/bingbot.htm) Chrome/116.0.1938.76 Safari/537.36"
207.46.13.36 - - [31/Aug/2026:23:39:15 -0400] "GET /shops/perigynia/s9y3l7l6a8b3i90690 HTTP/1.1" 404 236 "-" "Mozilla/5.0 AppleWebKit/537.36 (KHTML, like Gecko; compatible; bingbot/2.0; +http://www.bing.com/bingbot.htm) Chrome/116.0.1938.76 Safari/537.36"
207.46.13.36 - - [31/Aug/2026:23:39:15 -0400] "GET /shops/unbeguiling/v3i2t0a8l3i1s1t2154 HTTP/1.1" 404 236 "-" "Mozilla/5.0 AppleWebKit/537.36 (KHTML, like Gecko; compatible; bingbot/2.0; +http://www.bing.com/bingbot.htm) Chrome/116.0.1938.76 Safari/537.36"
207.46.13.36 - - [31/Aug/2026:23:39:15 -0400] "GET /consecutive/projectment/41835254375 HTTP/1.1" 404 236 "-" "Mozilla/5.0 AppleWebKit/537.36 (KHTML, like Gecko; compatible; bingbot/2.0; +http://www.bing.com/bingbot.htm) Chrome/116.0.1938.76 Safari/537.36"
40.77.167.32 - - [31/Aug/2026:23:39:19 -0400] "GET /?t=b9i3p0a8l7m2a6t8e607 HTTP/1.1" 200 358 "-" "Mozilla/5.0 AppleWebKit/537.36 (KHTML, like Gecko; compatible; bingbot/2.0; +http://www.bing.com/bingbot.htm) Chrome/116.0.1938.76 Safari/537.36"
40.77.167.159 - - [31/Aug/2026:23:39:24 -0400] "GET /?t=c6o3u0n3t8e1r7p4a5r6t HTTP/1.1" 200 358 "-" "Mozilla/5.0 AppleWebKit/537.36 (KHTML, like Gecko; compatible; bingbot/2.0; +http://www.bing.com/bingbot.htm) Chrome/116.0.1938.76 Safari/537.36"
66.249.74.196 - - [31/Aug/2026:23:41:03 -0400] "GET /shops/intentively/r1e2c5o7n0v9e4r8t4i4b7le HTTP/1.1" 404 236 "-" "Mozilla/5.0 (Linux; Android 6.0.1; Nexus 5X Build/MMB29P) AppleWebKit/537.36 (KHTML, like Gecko) Chrome/151.0.7922.173 Mobile Safari/537.36 (compatible; Googlebot/2.1; +http://www.google.com/bot.html)"
66.249.74.194 - - [31/Aug/2026:23:41:05 -0400] "GET /shops/intentively/r1e2c5o7n0v9e4r8t4i4b7le HTTP/1.1" 404 236 "-" "Mozilla/5.0 (compatible; Googlebot/2.1; +http://www.google.com/bot.html)"
40.77.167.32 - - [31/Aug/2026:23:41:16 -0400] "GET /?t=g8u2m6m3i9t7e07443 HTTP/1.1" 200 358 "-" "Mozilla/5.0 AppleWebKit/537.36 (KHTML, like Gecko; compatible; bingbot/2.0; +http://www.bing.com/bingbot.htm) Chrome/116.0.1938.76 Safari/537.36"
40.77.167.32 - - [31/Aug/2026:23:41:16 -0400] "GET /?uncia/11151255419 HTTP/1.1" 200 358 "-" "Mozilla/5.0 AppleWebKit/537.36 (KHTML, like Gecko; compatible; bingbot/2.0; +http://www.bing.com/bingbot.htm) Chrome/116.0.1938.76 Safari/537.36"
40.77.167.32 - - [31/Aug/2026:23:41:16 -0400] "GET /shops/fulcrate/i8n2f7e1o1f9f1m0e9n3t7 HTTP/1.1" 404 236 "-" "Mozilla/5.0 AppleWebKit/537.36 (KHTML, like Gecko; compatible; bingbot/2.0; +http://www.bing.com/bingbot.htm) Chrome/116.0.1938.76 Safari/537.36"
40.77.167.159 - - [31/Aug/2026:23:41:21 -0400] "GET /?t=r5u8d3d5e6r4h9e9ad HTTP/1.1" 200 358 "-" "Mozilla/5.0 AppleWebKit/537.36 (KHTML, like Gecko; compatible; bingbot/2.0; +http://www.bing.com/bingbot.htm) Chrome/116.0.1938.76 Safari/537.36"
40.77.167.159 - - [31/Aug/2026:23:41:21 -0400] "GET /shops/repasture/f7r1o5s7t7l9e3s8s790 HTTP/1.1" 404 236 "-" "Mozilla/5.0 AppleWebKit/537.36 (KHTML, like Gecko; compatible; bingbot/2.0; +http://www.bing.com/bingbot.htm) Chrome/116.0.1938.76 Safari/537.36"
40.77.167.32 - - [31/Aug/2026:23:41:25 -0400] "GET /?symbol/83693895727 HTTP/1.1" 200 358 "-" "Mozilla/5.0 AppleWebKit/537.36 (KHTML, like Gecko; compatible; bingbot/2.0; +http://www.bing.com/bingbot.htm) Chrome/116.0.1938.76 Safari/537.36"
207.46.13.36 - - [31/Aug/2026:23:41:26 -0400] "GET /discipliner/l7a1m6e5l9l7a7e4283 HTTP/1.1" 404 236 "-" "Mozilla/5.0 AppleWebKit/537.36 (KHTML, like Gecko; compatible; bingbot/2.0; +http://www.bing.com/bingbot.htm) Chrome/116.0.1938.76 Safari/537.36"
207.46.13.36 - - [31/Aug/2026:23:41:26 -0400] "GET /?t=b6a2c9k8s0i7d1e013 HTTP/1.1" 200 358 "-" "Mozilla/5.0 AppleWebKit/537.36 (KHTML, like Gecko; compatible; bingbot/2.0; +http://www.bing.com/bingbot.htm) Chrome/116.0.1938.76 Safari/537.36"
207.46.13.36 - - [31/Aug/2026:23:41:26 -0400] "GET /shops/musky/e4a2r4t0h2089640 HTTP/1.1" 404 236 "-" "Mozilla/5.0 AppleWebKit/537.36 (KHTML, like Gecko; compatible; bingbot/2.0; +http://www.bing.com/bingbot.htm) Chrome/116.0.1938.76 Safari/537.36"
207.46.13.36 - - [31/Aug/2026:23:41:26 -0400] "GET /?t=s1t4r7u7t0t7e9r666 HTTP/1.1" 200 358 "-" "Mozilla/5.0 AppleWebKit/537.36 (KHTML, like Gecko; compatible; bingbot/2.0; +http://www.bing.com/bingbot.htm) Chrome/116.0.1938.76 Safari/537.36"
207.46.13.36 - - [31/Aug/2026:23:41:26 -0400] "GET /?t=c4o2n9f3a3r2r6e0a9t0i2on HTTP/1.1" 200 358 "-" "Mozilla/5.0 AppleWebKit/537.36 (KHTML, like Gecko; compatible; bingbot/2.0; +http://www.bing.com/bingbot.htm) Chrome/116.0.1938.76 Safari/537.36"
40.77.167.159 - - [31/Aug/2026:23:41:30 -0400] "GET /shops/discalceation/a0r2c0h6a8e5o1g8r3a6p0hy HTTP/1.1" 404 236 "-" "Mozilla/5.0 AppleWebKit/537.36 (KHTML, like Gecko; compatible; bingbot/2.0; +http://www.bing.com/bingbot.htm) Chrome/116.0.1938.76 Safari/537.36"
40.77.167.159 - - [31/Aug/2026:23:41:30 -0400] "GET /zoosporangium/naevoid/c8u1r7r9i8c7l0e5418 HTTP/1.1" 404 236 "-" "Mozilla/5.0 AppleWebKit/537.36 (KHTML, like Gecko; compatible; bingbot/2.0; +http://www.bing.com/bingbot.htm) Chrome/116.0.1938.76 Safari/537.36"
40.77.167.159 - - [31/Aug/2026:23:41:31 -0400] "GET /?t=d9i6s1c8u3s9e5s389 HTTP/1.1" 200 358 "-" "Mozilla/5.0 AppleWebKit/537.36 (KHTML, like Gecko; compatible; bingbot/2.0; +http://www.bing.com/bingbot.htm) Chrome/116.0.1938.76 Safari/537.36"
40.77.167.32 - - [31/Aug/2026:23:41:35 -0400] "GET /shops/dresser/t2r4i2m6a6c1u2l1a8t4e9d HTTP/1.1" 404 236 "-" "Mozilla/5.0 AppleWebKit/537.36 (KHTML, like Gecko; compatible; bingbot/2.0; +http://www.bing.com/bingbot.htm) Chrome/116.0.1938.76 Safari/537.36"
40.77.167.32 - - [31/Aug/2026:23:41:35 -0400] "GET /shops/fourhitter/e4n4t0o3r3g3a0n8i9s2m6 HTTP/1.1" 404 236 "-" "Mozilla/5.0 AppleWebKit/537.36 (KHTML, like Gecko; compatible; bingbot/2.0; +http://www.bing.com/bingbot.htm) Chrome/116.0.1938.76 Safari/537.36"
40.77.167.32 - - [31/Aug/2026:23:41:35 -0400] "GET /shops/sceneful/p8h8a5s5s0a7c3h4a7t7e HTTP/1.1" 404 236 "-" "Mozilla/5.0 AppleWebKit/537.36 (KHTML, like Gecko; compatible; bingbot/2.0; +http://www.bing.com/bingbot.htm) Chrome/116.0.1938.76 Safari/537.36"
40.77.167.32 - - [31/Aug/2026:23:41:35 -0400] "GET /shops/congenially/b0o2o7k7i7s1h9n2e0s7s0 HTTP/1.1" 404 236 "-" "Mozilla/5.0 AppleWebKit/537.36 (KHTML, like Gecko; compatible; bingbot/2.0; +http://www.bing.com/bingbot.htm) Chrome/116.0.1938.76 Safari/537.36"
40.77.167.32 - - [31/Aug/2026:23:42:24 -0400] "GET /unoperative/e5n1a2s7c3e2n8t8950 HTTP/1.1" 404 236 "-" "Mozilla/5.0 AppleWebKit/537.36 (KHTML, like Gecko; compatible; bingbot/2.0; +http://www.bing.com/bingbot.htm) Chrome/116.0.1938.76 Safari/537.36"
52.167.144.160 - - [31/Aug/2026:23:48:00 -0400] "GET /?i=8340842820 HTTP/1.1" 200 358 "-" "Mozilla/5.0 AppleWebKit/537.36 (KHTML, like Gecko; compatible; bingbot/2.0; +http://www.bing.com/bingbot.htm) Chrome/116.0.1938.76 Safari/537.36"
52.167.144.160 - - [31/Aug/2026:23:48:00 -0400] "GET /?vulturish/82300752497 HTTP/1.1" 200 358 "-" "Mozilla/5.0 AppleWebKit/537.36 (KHTML, like Gecko; compatible; bingbot/2.0; +http://www.bing.com/bingbot.htm) Chrome/116.0.1938.76 Safari/537.36"
52.167.144.160 - - [31/Aug/2026:23:48:00 -0400] "GET /shops/adelantado/u8n2i5c9o0r5n8o8u4s77 HTTP/1.1" 404 236 "-" "Mozilla/5.0 AppleWebKit/537.36 (KHTML, like Gecko; compatible; bingbot/2.0; +http://www.bing.com/bingbot.htm) Chrome/116.0.1938.76 Safari/537.36"
52.167.144.160 - - [31/Aug/2026:23:48:00 -0400] "GET /shops/nubian/n1o6n7j5u3r2a0n6t57 HTTP/1.1" 404 236 "-" "Mozilla/5.0 AppleWebKit/537.36 (KHTML, like Gecko; compatible; bingbot/2.0; +http://www.bing.com/bingbot.htm) Chrome/116.0.1938.76 Safari/537.36"
207.46.13.6 - - [31/Aug/2026:23:48:05 -0400] "GET /ephesian/offprint/82160225234 HTTP/1.1" 404 236 "-" "Mozilla/5.0 AppleWebKit/537.36 (KHTML, like Gecko; compatible; bingbot/2.0; +http://www.bing.com/bingbot.htm) Chrome/116.0.1938.76 Safari/537.36"
207.46.13.6 - - [31/Aug/2026:23:48:05 -0400] "GET /mummify/winging/3946922603 HTTP/1.1" 404 236 "-" "Mozilla/5.0 AppleWebKit/537.36 (KHTML, like Gecko; compatible; bingbot/2.0; +http://www.bing.com/bingbot.htm) Chrome/116.0.1938.76 Safari/537.36"
