207.46.13.102 - - [31/Aug/2026:10:08:29 -0400] "GET /shops/romanced/t0o4t4i2p6a5l1m6a8t0e HTTP/1.1" 404 236 "-" "Mozilla/5.0 AppleWebKit/537.36 (KHTML, like Gecko; compatible; bingbot/2.0; +http://www.bing.com/bingbot.htm) Chrome/116.0.1938.76 Safari/537.36"
40.77.167.67 - - [31/Aug/2026:10:08:32 -0400] "GET /shops/invasive/d6e1p2o2s3i9t8u5r8e94 HTTP/1.1" 404 236 "-" "Mozilla/5.0 AppleWebKit/537.36 (KHTML, like Gecko; compatible; bingbot/2.0; +http://www.bing.com/bingbot.htm) Chrome/116.0.1938.76 Safari/537.36"
40.77.167.67 - - [31/Aug/2026:10:08:32 -0400] "GET /shops/vestibula/t4i3m6e8s0e0r0v5i7n7g5 HTTP/1.1" 404 236 "-" "Mozilla/5.0 AppleWebKit/537.36 (KHTML, like Gecko; compatible; bingbot/2.0; +http://www.bing.com/bingbot.htm) Chrome/116.0.1938.76 Safari/537.36"
52.167.144.182 - - [31/Aug/2026:10:08:43 -0400] "GET /shops/faking/p3l6a8c5o9i6d8e6s72 HTTP/1.1" 404 236 "-" "Mozilla/5.0 AppleWebKit/537.36 (KHTML, like Gecko; compatible; bingbot/2.0; +http://www.bing.com/bingbot.htm) Chrome/116.0.1938.76 Safari/537.36"
52.167.144.182 - - [31/Aug/2026:10:08:43 -0400] "GET /shops/prosecutrix/p0i1t4i4l8e1s7s1l8y23 HTTP/1.1" 404 236 "-" "Mozilla/5.0 AppleWebKit/537.36 (KHTML, like Gecko; compatible; bingbot/2.0; +http://www.bing.com/bingbot.htm) Chrome/116.0.1938.76 Safari/537.36"
52.167.144.182 - - [31/Aug/2026:10:08:43 -0400] "GET /?t=h7e4x1y0l4i5c36101 HTTP/1.1" 200 281 "-" "Mozilla/5.0 AppleWebKit/537.36 (KHTML, like Gecko; compatible; bingbot/2.0; +http://www.bing.com/bingbot.htm) Chrome/116.0.1938.76 Safari/537.36"
52.167.144.182 - - [31/Aug/2026:10:08:43 -0400] "GET /?mascara/73059069428 HTTP/1.1" 200 281 "-" "Mozilla/5.0 AppleWebKit/537.36 (KHTML, like Gecko; compatible; bingbot/2.0; +http://www.bing.com/bingbot.htm) Chrome/116.0.1938.76 Safari/537.36"
52.167.144.182 - - [31/Aug/2026:10:08:43 -0400] "GET /?t=e0y3e9r7e8a2c0h4418 HTTP/1.1" 200 281 "-" "Mozilla/5.0 AppleWebKit/537.36 (KHTML, like Gecko; compatible; bingbot/2.0; +http://www.bing.com/bingbot.htm) Chrome/116.0.1938.76 Safari/537.36"
52.167.144.182 - - [31/Aug/2026:10:08:47 -0400] "GET /?t=c7h3r0o0m7a8t8o2p2h1ore HTTP/1.1" 200 281 "-" "Mozilla/5.0 AppleWebKit/537.36 (KHTML, like Gecko; compatible; bingbot/2.0; +http://www.bing.com/bingbot.htm) Chrome/116.0.1938.76 Safari/537.36"
207.46.13.102 - - [31/Aug/2026:10:08:52 -0400] "GET /?t=s0a1l6l4e7n7d9e5r3s37 HTTP/1.1" 200 281 "-" "Mozilla/5.0 AppleWebKit/537.36 (KHTML, like Gecko; compatible; bingbot/2.0; +http://www.bing.com/bingbot.htm) Chrome/116.0.1938.76 Safari/537.36"
66.249.74.195 - - [31/Aug/2026:10:09:31 -0400] "GET /alexandrinus/f3o1s4s2i0l823932 HTTP/1.1" 404 236 "-" "Mozilla/5.0 (Linux; Android 6.0.1; Nexus 5X Build/MMB29P) AppleWebKit/537.36 (KHTML, like Gecko) Chrome/151.0.7922.173 Mobile Safari/537.36 (compatible; Googlebot/2.1; +http://www.google.com/bot.html)"
66.249.74.196 - - [31/Aug/2026:10:09:57 -0400] "GET /?i=3076160580 HTTP/1.1" 200 281 "-" "Mozilla/5.0 (Linux; Android 6.0.1; Nexus 5X Build/MMB29P) AppleWebKit/537.36 (KHTML, like Gecko) Chrome/151.0.7922.173 Mobile Safari/537.36 (compatible; Googlebot/2.1; +http://www.google.com/bot.html)"
40.77.167.67 - - [31/Aug/2026:10:10:12 -0400] "GET /?t=d2i1f2f7u0s9i9v2i4t9y1 HTTP/1.1" 200 281 "-" "Mozilla/5.0 AppleWebKit/537.36 (KHTML, like Gecko; compatible; bingbot/2.0; +http://www.bing.com/bingbot.htm) Chrome/116.0.1938.76 Safari/537.36"
40.77.167.67 - - [31/Aug/2026:10:10:12 -0400] "GET /?t=g4r1a0p2e4v5i1n8e315 HTTP/1.1" 200 281 "-" "Mozilla/5.0 AppleWebKit/537.36 (KHTML, like Gecko; compatible; bingbot/2.0; +http://www.bing.com/bingbot.htm) Chrome/116.0.1938.76 Safari/537.36"
40.77.167.67 - - [31/Aug/2026:10:10:13 -0400] "GET /?t=l9i3m5b7e9c008152 HTTP/1.1" 200 281 "-" "Mozilla/5.0 AppleWebKit/537.36 (KHTML, like Gecko; compatible; bingbot/2.0; +http://www.bing.com/bingbot.htm) Chrome/116.0.1938.76 Safari/537.36"
40.77.167.67 - - [31/Aug/2026:10:10:13 -0400] "GET /alhagi/trackscout/p7r4o1s4e2l0y1t5i6z8e9r HTTP/1.1" 404 236 "-" "Mozilla/5.0 AppleWebKit/537.36 (KHTML, like Gecko; compatible; bingbot/2.0; +http://www.bing.com/bingbot.htm) Chrome/116.0.1938.76 Safari/537.36"
52.167.144.182 - - [31/Aug/2026:10:10:16 -0400] "GET /alterably/h9a1l6i9o3g1r9a7p2h3e6r HTTP/1.1" 404 236 "-" "Mozilla/5.0 AppleWebKit/537.36 (KHTML, like Gecko; compatible; bingbot/2.0; +http://www.bing.com/bingbot.htm) Chrome/116.0.1938.76 Safari/537.36"
52.167.144.182 - - [31/Aug/2026:10:10:16 -0400] "GET /?t=s2u9r9t1u9r7b2r6a4n0d HTTP/1.1" 200 281 "-" "Mozilla/5.0 AppleWebKit/537.36 (KHTML, like Gecko; compatible; bingbot/2.0; +http://www.bing.com/bingbot.htm) Chrome/116.0.1938.76 Safari/537.36"
52.167.144.182 - - [31/Aug/2026:10:10:16 -0400] "GET /shops/cardinalate/l4i4b5r0a8t3i1n9g98 HTTP/1.1" 404 236 "-" "Mozilla/5.0 AppleWebKit/537.36 (KHTML, like Gecko; compatible; bingbot/2.0; +http://www.bing.com/bingbot.htm) Chrome/116.0.1938.76 Safari/537.36"
52.167.144.182 - - [31/Aug/2026:10:10:16 -0400] "GET /shops/personalism/d6e5y6n2t0e15908 HTTP/1.1" 404 236 "-" "Mozilla/5.0 AppleWebKit/537.36 (KHTML, like Gecko; compatible; bingbot/2.0; +http://www.bing.com/bingbot.htm) Chrome/116.0.1938.76 Safari/537.36"
207.46.13.102 - - [31/Aug/2026:10:10:22 -0400] "GET /?t=d6e3s2c0e2n5d44558 HTTP/1.1" 200 281 "-" "Mozilla/5.0 AppleWebKit/537.36 (KHTML, like Gecko; compatible; bingbot/2.0; +http://www.bing.com/bingbot.htm) Chrome/116.0.1938.76 Safari/537.36"
207.46.13.102 - - [31/Aug/2026:10:10:22 -0400] "GET /?i=5088851850 HTTP/1.1" 200 281 "-" "Mozilla/5.0 AppleWebKit/537.36 (KHTML, like Gecko; compatible; bingbot/2.0; +http://www.bing.com/bingbot.htm) Chrome/116.0.1938.76 Safari/537.36"
207.46.13.102 - - [31/Aug/2026:10:10:22 -0400] "GET /shops/icelandica/e7m1p3o2r8i2u8m5s474 HTTP/1.1" 404 236 "-" "Mozilla/5.0 AppleWebKit/537.36 (KHTML, like Gecko; compatible; bingbot/2.0; +http://www.bing.com/bingbot.htm) Chrome/116.0.1938.76 Safari/537.36"
207.46.13.102 - - [31/Aug/2026:10:10:22 -0400] "GET /?t=v5a6i2n3e1s3t9579 HTTP/1.1" 200 281 "-" "Mozilla/5.0 AppleWebKit/537.36 (KHTML, like Gecko; compatible; bingbot/2.0; +http://www.bing.com/bingbot.htm) Chrome/116.0.1938.76 Safari/537.36"
57.131.49.232 - - [31/Aug/2026:10:10:57 -0400] "GET /images/images/cache.php HTTP/1.1" 404 236 "www.google.com" "Mozlila/5.0 (Linux; Android 7.0; SM-G892A Bulid/NRD90M; wv) AppleWebKit/537.36 (KHTML, like Gecko) Version/4.0 Chrome/60.0.3112.107 Moblie Safari/537.36"
66.249.74.196 - - [31/Aug/2026:10:12:37 -0400] "GET /shops/chromascope/m5y1z0o7n6t1e6s2884 HTTP/1.1" 404 236 "-" "Mozilla/5.0 (Linux; Android 6.0.1; Nexus 5X Build/MMB29P) AppleWebKit/537.36 (KHTML, like Gecko) Chrome/151.0.7922.173 Mobile Safari/537.36 (compatible; Googlebot/2.1; +http://www.google.com/bot.html)"
207.46.13.130 - - [31/Aug/2026:10:12:39 -0400] "GET /shops/dockage/m0a2n7i0f2e5s6t9o854 HTTP/1.1" 404 236 "-" "Mozilla/5.0 AppleWebKit/537.36 (KHTML, like Gecko; compatible; bingbot/2.0; +http://www.bing.com/bingbot.htm) Chrome/116.0.1938.76 Safari/537.36"
207.46.13.130 - - [31/Aug/2026:10:12:39 -0400] "GET /?t=e5n1d8o6p2h6r6a0g4m3a9l HTTP/1.1" 200 281 "-" "Mozilla/5.0 AppleWebKit/537.36 (KHTML, like Gecko; compatible; bingbot/2.0; +http://www.bing.com/bingbot.htm) Chrome/116.0.1938.76 Safari/537.36"
207.46.13.130 - - [31/Aug/2026:10:12:40 -0400] "GET /shops/solium/s4e8r0p8e5n1t8i4z0e7 HTTP/1.1" 404 236 "-" "Mozilla/5.0 AppleWebKit/537.36 (KHTML, like Gecko; compatible; bingbot/2.0; +http://www.bing.com/bingbot.htm) Chrome/116.0.1938.76 Safari/537.36"
207.46.13.130 - - [31/Aug/2026:10:12:41 -0400] "GET /shops/kidneywort/c3h2a3p0a2r6e0r9a1s19 HTTP/1.1" 404 236 "-" "Mozilla/5.0 AppleWebKit/537.36 (KHTML, like Gecko; compatible; bingbot/2.0; +http://www.bing.com/bingbot.htm) Chrome/116.0.1938.76 Safari/537.36"
52.167.144.182 - - [31/Aug/2026:10:12:43 -0400] "GET /?t=h0e2a2d6s6966082 HTTP/1.1" 200 281 "-" "Mozilla/5.0 AppleWebKit/537.36 (KHTML, like Gecko; compatible; bingbot/2.0; +http://www.bing.com/bingbot.htm) Chrome/116.0.1938.76 Safari/537.36"
40.77.167.67 - - [31/Aug/2026:10:12:43 -0400] "GET /shops/mutability/t2e2n9t1a3c3u5l3u1m01 HTTP/1.1" 404 236 "-" "Mozilla/5.0 AppleWebKit/537.36 (KHTML, like Gecko; compatible; bingbot/2.0; +http://www.bing.com/bingbot.htm) Chrome/116.0.1938.76 Safari/537.36"
40.77.167.67 - - [31/Aug/2026:10:12:43 -0400] "GET /shops/legitimate/c3u2r9t2e3l6a9s6s4e19 HTTP/1.1" 404 236 "-" "Mozilla/5.0 AppleWebKit/537.36 (KHTML, like Gecko; compatible; bingbot/2.0; +http://www.bing.com/bingbot.htm) Chrome/116.0.1938.76 Safari/537.36"
40.77.167.67 - - [31/Aug/2026:10:12:44 -0400] "GET /?t=s0p1i2s2s7i9t8u8d2e88 HTTP/1.1" 200 281 "-" "Mozilla/5.0 AppleWebKit/537.36 (KHTML, like Gecko; compatible; bingbot/2.0; +http://www.bing.com/bingbot.htm) Chrome/116.0.1938.76 Safari/537.36"
207.46.13.130 - - [31/Aug/2026:10:12:48 -0400] "GET /shops/prismy/a9p1p2e0n8d6a3n5t998 HTTP/1.1" 404 236 "-" "Mozilla/5.0 AppleWebKit/537.36 (KHTML, like Gecko; compatible; bingbot/2.0; +http://www.bing.com/bingbot.htm) Chrome/116.0.1938.76 Safari/537.36"
52.167.144.182 - - [31/Aug/2026:10:12:53 -0400] "GET /dentiform/p7h3a7p8s9916113 HTTP/1.1" 404 236 "-" "Mozilla/5.0 AppleWebKit/537.36 (KHTML, like Gecko; compatible; bingbot/2.0; +http://www.bing.com/bingbot.htm) Chrome/116.0.1938.76 Safari/537.36"
52.167.144.182 - - [31/Aug/2026:10:12:53 -0400] "GET /shops/kytoplasma/m1o4n1o7t7o4m3o6u6s84 HTTP/1.1" 404 236 "-" "Mozilla/5.0 AppleWebKit/537.36 (KHTML, like Gecko; compatible; bingbot/2.0; +http://www.bing.com/bingbot.htm) Chrome/116.0.1938.76 Safari/537.36"
66.249.74.195 - - [31/Aug/2026:10:13:20 -0400] "GET /?prewarn/82720217842 HTTP/1.1" 200 281 "-" "Mozilla/5.0 (Linux; Android 6.0.1; Nexus 5X Build/MMB29P) AppleWebKit/537.36 (KHTML, like Gecko) Chrome/151.0.7922.173 Mobile Safari/537.36 (compatible; Googlebot/2.1; +http://www.google.com/bot.html)"
66.249.74.194 - - [31/Aug/2026:10:14:08 -0400] "GET /?i=1848243560 HTTP/1.1" 200 281 "-" "Mozilla/5.0 (Linux; Android 6.0.1; Nexus 5X Build/MMB29P) AppleWebKit/537.36 (KHTML, like Gecko) Chrome/151.0.7922.173 Mobile Safari/537.36 (compatible; Googlebot/2.1; +http://www.google.com/bot.html)"
207.46.13.130 - - [31/Aug/2026:10:14:59 -0400] "GET /?t=b5u1c5c0i9n3u4m5237 HTTP/1.1" 200 281 "-" "Mozilla/5.0 AppleWebKit/537.36 (KHTML, like Gecko; compatible; bingbot/2.0; +http://www.bing.com/bingbot.htm) Chrome/116.0.1938.76 Safari/537.36"
207.46.13.130 - - [31/Aug/2026:10:15:00 -0400] "GET /?t=v3o4l2t9a4e1l4e4c3t1r8ometer HTTP/1.1" 200 281 "-" "Mozilla/5.0 AppleWebKit/537.36 (KHTML, like Gecko; compatible; bingbot/2.0; +http://www.bing.com/bingbot.htm) Chrome/116.0.1938.76 Safari/537.36"
52.167.144.179 - - [31/Aug/2026:10:15:10 -0400] "GET /burgess/m7e1g4a8k7a1r5y7o7c8y3tic HTTP/1.1" 404 236 "-" "Mozilla/5.0 AppleWebKit/537.36 (KHTML, like Gecko; compatible; bingbot/2.0; +http://www.bing.com/bingbot.htm) Chrome/116.0.1938.76 Safari/537.36"
52.167.144.179 - - [31/Aug/2026:10:15:11 -0400] "GET /jackhammer/p3o3l0l9i6w1o1g2162 HTTP/1.1" 404 236 "-" "Mozilla/5.0 AppleWebKit/537.36 (KHTML, like Gecko; compatible; bingbot/2.0; +http://www.bing.com/bingbot.htm) Chrome/116.0.1938.76 Safari/537.36"
52.167.144.179 - - [31/Aug/2026:10:15:11 -0400] "GET /shops/deforcing/u4m3b4e9l7l3u3l1e503 HTTP/1.1" 404 236 "-" "Mozilla/5.0 AppleWebKit/537.36 (KHTML, like Gecko; compatible; bingbot/2.0; +http://www.bing.com/bingbot.htm) Chrome/116.0.1938.76 Safari/537.36"
52.167.144.179 - - [31/Aug/2026:10:15:11 -0400] "GET /shops/rebloom/n0a2i1a5d4a5c8e8a3e54 HTTP/1.1" 404 236 "-" "Mozilla/5.0 AppleWebKit/537.36 (KHTML, like Gecko; compatible; bingbot/2.0; +http://www.bing.com/bingbot.htm) Chrome/116.0.1938.76 Safari/537.36"
52.167.144.179 - - [31/Aug/2026:10:15:11 -0400] "GET /?t=c7a3s3e3b5o2o7k0055 HTTP/1.1" 200 281 "-" "Mozilla/5.0 AppleWebKit/537.36 (KHTML, like Gecko; compatible; bingbot/2.0; +http://www.bing.com/bingbot.htm) Chrome/116.0.1938.76 Safari/537.36"
52.167.144.179 - - [31/Aug/2026:10:15:14 -0400] "GET /shops/scleragogy/l7a4n5g4u0o8r9o4u3s1 HTTP/1.1" 404 236 "-" "Mozilla/5.0 AppleWebKit/537.36 (KHTML, like Gecko; compatible; bingbot/2.0; +http://www.bing.com/bingbot.htm) Chrome/116.0.1938.76 Safari/537.36"
52.167.144.179 - - [31/Aug/2026:10:15:14 -0400] "GET /banneret/h8e1l0i5a2n3t9h1o9i5d7 HTTP/1.1" 404 236 "-" "Mozilla/5.0 AppleWebKit/537.36 (KHTML, like Gecko; compatible; bingbot/2.0; +http://www.bing.com/bingbot.htm) Chrome/116.0.1938.76 Safari/537.36"
52.167.144.179 - - [31/Aug/2026:10:15:14 -0400] "GET /uptill/l2o1b1u9l9a0r74208 HTTP/1.1" 404 236 "-" "Mozilla/5.0 AppleWebKit/537.36 (KHTML, like Gecko; compatible; bingbot/2.0; +http://www.bing.com/bingbot.htm) Chrome/116.0.1938.76 Safari/537.36"
52.167.144.179 - - [31/Aug/2026:10:15:14 -0400] "GET /shops/reputably/m5e2l4o3d2i7o9g8r8a5p1h HTTP/1.1" 404 236 "-" "Mozilla/5.0 AppleWebKit/537.36 (KHTML, like Gecko; compatible; bingbot/2.0; +http://www.bing.com/bingbot.htm) Chrome/116.0.1938.76 Safari/537.36"
207.46.13.130 - - [31/Aug/2026:10:15:19 -0400] "GET /shops/cotyle/l6a1p9p5o9n1i8c9u4s2 HTTP/1.1" 404 236 "-" "Mozilla/5.0 AppleWebKit/537.36 (KHTML, like Gecko; compatible; bingbot/2.0; +http://www.bing.com/bingbot.htm) Chrome/116.0.1938.76 Safari/537.36"
207.46.13.130 - - [31/Aug/2026:10:15:22 -0400] "GET /?t=c3o2m9m5u0n7e31001 HTTP/1.1" 200 281 "-" "Mozilla/5.0 AppleWebKit/537.36 (KHTML, like Gecko; compatible; bingbot/2.0; +http://www.bing.com/bingbot.htm) Chrome/116.0.1938.76 Safari/537.36"
40.77.167.42 - - [31/Aug/2026:10:15:24 -0400] "GET /griever/e6p2i4s9c0o5p2a8l7l4y9 HTTP/1.1" 404 236 "-" "Mozilla/5.0 AppleWebKit/537.36 (KHTML, like Gecko; compatible; bingbot/2.0; +http://www.bing.com/bingbot.htm) Chrome/116.0.1938.76 Safari/537.36"
40.77.167.42 - - [31/Aug/2026:10:15:26 -0400] "GET /shops/intern/b5e7w2i3l4d8e9r3i3n1g HTTP/1.1" 404 236 "-" "Mozilla/5.0 AppleWebKit/537.36 (KHTML, like Gecko; compatible; bingbot/2.0; +http://www.bing.com/bingbot.htm) Chrome/116.0.1938.76 Safari/537.36"
40.77.167.42 - - [31/Aug/2026:10:15:26 -0400] "GET /?t=j5u2d4a6s4c3o3l4o0r2e7d HTTP/1.1" 200 281 "-" "Mozilla/5.0 AppleWebKit/537.36 (KHTML, like Gecko; compatible; bingbot/2.0; +http://www.bing.com/bingbot.htm) Chrome/116.0.1938.76 Safari/537.36"
40.77.167.42 - - [31/Aug/2026:10:15:26 -0400] "GET /shops/uppredicate/d9i3a5g3r6a2m62030 HTTP/1.1" 404 236 "-" "Mozilla/5.0 AppleWebKit/537.36 (KHTML, like Gecko; compatible; bingbot/2.0; +http://www.bing.com/bingbot.htm) Chrome/116.0.1938.76 Safari/537.36"
40.77.167.42 - - [31/Aug/2026:10:15:26 -0400] "GET /?t=l5a1s9e7r4w8o1r9t396 HTTP/1.1" 200 281 "-" "Mozilla/5.0 AppleWebKit/537.36 (KHTML, like Gecko; compatible; bingbot/2.0; +http://www.bing.com/bingbot.htm) Chrome/116.0.1938.76 Safari/537.36"
66.249.74.196 - - [31/Aug/2026:10:16:43 -0400] "GET /?i=0052852590 HTTP/1.1" 200 281 "-" "Mozilla/5.0 (Linux; Android 6.0.1; Nexus 5X Build/MMB29P) AppleWebKit/537.36 (KHTML, like Gecko) Chrome/151.0.7922.173 Mobile Safari/537.36 (compatible; Googlebot/2.1; +http://www.google.com/bot.html)"
66.249.74.194 - - [31/Aug/2026:10:16:59 -0400] "GET /?t=m3o9l3l3u1s3c3o0i4d3ea HTTP/1.1" 200 281 "-" "Mozilla/5.0 (Linux; Android 6.0.1; Nexus 5X Build/MMB29P) AppleWebKit/537.36 (KHTML, like Gecko) Chrome/151.0.7922.173 Mobile Safari/537.36 (compatible; Googlebot/2.1; +http://www.google.com/bot.html)"
207.46.13.130 - - [31/Aug/2026:10:18:18 -0400] "GET /otitis/t8r3i2p8l7a8n8e0582 HTTP/1.1" 404 236 "-" "Mozilla/5.0 AppleWebKit/537.36 (KHTML, like Gecko; compatible; bingbot/2.0; +http://www.bing.com/bingbot.htm) Chrome/116.0.1938.76 Safari/537.36"
52.167.144.179 - - [31/Aug/2026:10:18:53 -0400] "GET /shops/pahutes/s5e3l9f0a6b0a9s1e3d90 HTTP/1.1" 404 236 "-" "Mozilla/5.0 AppleWebKit/537.36 (KHTML, like Gecko; compatible; bingbot/2.0; +http://www.bing.com/bingbot.htm) Chrome/116.0.1938.76 Safari/537.36"
52.167.144.179 - - [31/Aug/2026:10:18:53 -0400] "GET /shops/phenyl/i8n3f7a6n4t5h6o1o8d9 HTTP/1.1" 404 236 "-" "Mozilla/5.0 AppleWebKit/537.36 (KHTML, like Gecko; compatible; bingbot/2.0; +http://www.bing.com/bingbot.htm) Chrome/116.0.1938.76 Safari/537.36"
40.77.167.42 - - [31/Aug/2026:10:18:55 -0400] "GET /?t=l3e6g2i7t2i0m3i0z2e4d HTTP/1.1" 200 281 "-" "Mozilla/5.0 AppleWebKit/537.36 (KHTML, like Gecko; compatible; bingbot/2.0; +http://www.bing.com/bingbot.htm) Chrome/116.0.1938.76 Safari/537.36"
40.77.167.42 - - [31/Aug/2026:10:18:57 -0400] "GET /shops/fiveleafed/l4e1n5t1i4c3u4l1a7r4i5s HTTP/1.1" 404 236 "-" "Mozilla/5.0 AppleWebKit/537.36 (KHTML, like Gecko; compatible; bingbot/2.0; +http://www.bing.com/bingbot.htm) Chrome/116.0.1938.76 Safari/537.36"
40.77.167.42 - - [31/Aug/2026:10:18:57 -0400] "GET /somitic/v6e3s4s5e5l9f3u4l7s64 HTTP/1.1" 404 236 "-" "Mozilla/5.0 AppleWebKit/537.36 (KHTML, like Gecko; compatible; bingbot/2.0; +http://www.bing.com/bingbot.htm) Chrome/116.0.1938.76 Safari/537.36"
207.46.13.130 - - [31/Aug/2026:10:19:03 -0400] "GET /shops/wrangled/p4t2e1n6o7g3l0o6s1s4a2te HTTP/1.1" 404 236 "-" "Mozilla/5.0 AppleWebKit/537.36 (KHTML, like Gecko; compatible; bingbot/2.0; +http://www.bing.com/bingbot.htm) Chrome/116.0.1938.76 Safari/537.36"
207.46.13.130 - - [31/Aug/2026:10:19:03 -0400] "GET /shops/mesostate/p8r1e9e1m6p8l9o6y678 HTTP/1.1" 404 236 "-" "Mozilla/5.0 AppleWebKit/537.36 (KHTML, like Gecko; compatible; bingbot/2.0; +http://www.bing.com/bingbot.htm) Chrome/116.0.1938.76 Safari/537.36"
207.46.13.130 - - [31/Aug/2026:10:19:04 -0400] "GET /?t=e6p1i8c1u4r9i1z3e328 HTTP/1.1" 200 281 "-" "Mozilla/5.0 AppleWebKit/537.36 (KHTML, like Gecko; compatible; bingbot/2.0; +http://www.bing.com/bingbot.htm) Chrome/116.0.1938.76 Safari/537.36"
66.249.74.194 - - [31/Aug/2026:10:19:18 -0400] "GET /?t=d6o1c8t9o8r4i3n8g35 HTTP/1.1" 200 281 "-" "Mozilla/5.0 (compatible; Googlebot/2.1; +http://www.google.com/bot.html)"
66.249.74.194 - - [31/Aug/2026:10:20:17 -0400] "GET /shops/conquer/d2e1s4i6r4e4f4u6l953 HTTP/1.1" 404 236 "-" "Mozilla/5.0 (compatible; Googlebot/2.1; +http://www.google.com/bot.html)"
66.249.74.194 - - [31/Aug/2026:10:21:10 -0400] "GET /?t=c0e1r5r1i8a0l30988 HTTP/1.1" 200 281 "-" "Mozilla/5.0 (compatible; Googlebot/2.1; +http://www.google.com/bot.html)"
66.249.74.195 - - [31/Aug/2026:10:21:26 -0400] "GET /shops/ultramundane/e1x1c7o0r5i6a1t5i1o9n HTTP/1.1" 404 236 "-" "Mozilla/5.0 (Linux; Android 6.0.1; Nexus 5X Build/MMB29P) AppleWebKit/537.36 (KHTML, like Gecko) Chrome/151.0.7922.173 Mobile Safari/537.36 (compatible; Googlebot/2.1; +http://www.google.com/bot.html)"
207.46.13.87 - - [31/Aug/2026:10:21:59 -0400] "GET /cunningly/tattooing/c0u2n4n7i2n2g1l2y792 HTTP/1.1" 404 236 "-" "Mozilla/5.0 AppleWebKit/537.36 (KHTML, like Gecko; compatible; bingbot/2.0; +http://www.bing.com/bingbot.htm) Chrome/116.0.1938.76 Safari/537.36"
66.249.74.195 - - [31/Aug/2026:10:22:08 -0400] "GET /?i=9415552260 HTTP/1.1" 200 281 "-" "Mozilla/5.0 (Linux; Android 6.0.1; Nexus 5X Build/MMB29P) AppleWebKit/537.36 (KHTML, like Gecko) Chrome/151.0.7922.173 Mobile Safari/537.36 (compatible; Googlebot/2.1; +http://www.google.com/bot.html)"
198.204.240.234 - - [31/Aug/2026:10:22:09 -0400] "GET /wp-includes/wpee7639/index.php HTTP/1.1" 404 236 "https://rioislandkitchen.com/wp-includes/wpee7639/index.php" "Mozilla/5.0 (Macintosh; Intel Mac OS X 10.5; rv:5.0.1) Gecko/20100101 Firefox/5.0.1"
66.249.74.195 - - [31/Aug/2026:10:23:28 -0400] "GET /?t=a0t1r2a5m5e0n3t6a2l4 HTTP/1.1" 200 281 "-" "Mozilla/5.0 (compatible; Googlebot/2.1; +http://www.google.com/bot.html)"
142.44.228.222 - - [31/Aug/2026:10:25:32 -0400] "GET /byproduct/s2w3e1e1t9l7y77738 HTTP/1.1" 404 236 "-" "Mozilla/5.0 (compatible; AhrefsBot/7.0; +http://ahrefs.com/robot/)"
66.249.74.194 - - [31/Aug/2026:10:27:58 -0400] "GET /feloniously/exogens/f0e3l5o0n8i1o5u9s8l2y3 HTTP/1.1" 404 236 "-" "Mozilla/5.0 (compatible; Googlebot/2.1; +http://www.google.com/bot.html)"
66.249.74.195 - - [31/Aug/2026:10:28:14 -0400] "GET /shops/gorgoneia/f8a3l9s1e2h1e8a8r8t9edness HTTP/1.1" 404 236 "-" "Mozilla/5.0 (compatible; Googlebot/2.1; +http://www.google.com/bot.html)"
40.77.167.235 - - [31/Aug/2026:10:28:22 -0400] "GET /swell/unbeing/92864662519 HTTP/1.1" 404 236 "-" "Mozilla/5.0 AppleWebKit/537.36 (KHTML, like Gecko; compatible; bingbot/2.0; +http://www.bing.com/bingbot.htm) Chrome/116.0.1938.76 Safari/537.36"
66.249.74.196 - - [31/Aug/2026:10:28:25 -0400] "GET /shops/gorgoneia/f8a3l9s1e2h1e8a8r8t9edness HTTP/1.1" 404 236 "-" "Mozilla/5.0 (Linux; Android 6.0.1; Nexus 5X Build/MMB29P) AppleWebKit/537.36 (KHTML, like Gecko) Chrome/151.0.7922.173 Mobile Safari/537.36 (compatible; Googlebot/2.1; +http://www.google.com/bot.html)"
66.249.74.196 - - [31/Aug/2026:10:28:36 -0400] "GET /advoutrer/s8o9o9s9h4o7n6g297 HTTP/1.1" 404 236 "-" "Mozilla/5.0 (compatible; Googlebot/2.1; +http://www.google.com/bot.html)"
66.249.74.195 - - [31/Aug/2026:10:28:41 -0400] "GET /?t=i0m2a8g3i1n0a2t5i5v2e4 HTTP/1.1" 200 281 "-" "Mozilla/5.0 (compatible; Googlebot/2.1; +http://www.google.com/bot.html)"
40.77.167.235 - - [31/Aug/2026:10:30:02 -0400] "GET /flavigularis/repugnate/8728767829 HTTP/1.1" 404 236 "-" "Mozilla/5.0 AppleWebKit/537.36 (KHTML, like Gecko; compatible; bingbot/2.0; +http://www.bing.com/bingbot.htm) Chrome/116.0.1938.76 Safari/537.36"
66.249.74.194 - - [31/Aug/2026:10:30:32 -0400] "GET /?t=d3e3v6e9l7o6p8p5e3m7e4nt HTTP/1.1" 200 281 "-" "Mozilla/5.0 (Linux; Android 6.0.1; Nexus 5X Build/MMB29P) AppleWebKit/537.36 (KHTML, like Gecko) Chrome/151.0.7922.173 Mobile Safari/537.36 (compatible; Googlebot/2.1; +http://www.google.com/bot.html)"
157.55.39.201 - - [31/Aug/2026:10:31:51 -0400] "GET /foremother/r0o5s5e7m7a8l9o7e4s0 HTTP/1.1" 404 236 "-" "Mozilla/5.0 AppleWebKit/537.36 (KHTML, like Gecko; compatible; bingbot/2.0; +http://www.bing.com/bingbot.htm) Chrome/116.0.1938.76 Safari/537.36"
157.55.39.201 - - [31/Aug/2026:10:31:51 -0400] "GET /being/fusillading/2120293486 HTTP/1.1" 404 236 "-" "Mozilla/5.0 AppleWebKit/537.36 (KHTML, like Gecko; compatible; bingbot/2.0; +http://www.bing.com/bingbot.htm) Chrome/116.0.1938.76 Safari/537.36"
157.55.39.201 - - [31/Aug/2026:10:31:51 -0400] "GET /?t=b6l4a0c2k9b7a7l7l1i9n7g HTTP/1.1" 200 281 "-" "Mozilla/5.0 AppleWebKit/537.36 (KHTML, like Gecko; compatible; bingbot/2.0; +http://www.bing.com/bingbot.htm) Chrome/116.0.1938.76 Safari/537.36"
157.55.39.201 - - [31/Aug/2026:10:31:51 -0400] "GET /mustac/dacapo/61464661388 HTTP/1.1" 404 236 "-" "Mozilla/5.0 AppleWebKit/537.36 (KHTML, like Gecko; compatible; bingbot/2.0; +http://www.bing.com/bingbot.htm) Chrome/116.0.1938.76 Safari/537.36"
157.55.39.201 - - [31/Aug/2026:10:31:52 -0400] "GET /shops/beduin/s6q3u8a1m9o0s1a731 HTTP/1.1" 404 236 "-" "Mozilla/5.0 AppleWebKit/537.36 (KHTML, like Gecko; compatible; bingbot/2.0; +http://www.bing.com/bingbot.htm) Chrome/116.0.1938.76 Safari/537.36"
40.77.167.235 - - [31/Aug/2026:10:31:55 -0400] "GET /shops/kingliest/p3i3d1d7l3i5n2g0276 HTTP/1.1" 404 236 "-" "Mozilla/5.0 AppleWebKit/537.36 (KHTML, like Gecko; compatible; bingbot/2.0; +http://www.bing.com/bingbot.htm) Chrome/116.0.1938.76 Safari/537.36"
40.77.167.235 - - [31/Aug/2026:10:31:55 -0400] "GET /shops/selfinvolution/l4e9a3f2e2d10984 HTTP/1.1" 404 236 "-" "Mozilla/5.0 AppleWebKit/537.36 (KHTML, like Gecko; compatible; bingbot/2.0; +http://www.bing.com/bingbot.htm) Chrome/116.0.1938.76 Safari/537.36"
157.55.39.201 - - [31/Aug/2026:10:32:00 -0400] "GET /shops/lightemitting/p7l1a0t6y8r7h1i1n4i46 HTTP/1.1" 404 236 "-" "Mozilla/5.0 AppleWebKit/537.36 (KHTML, like Gecko; compatible; bingbot/2.0; +http://www.bing.com/bingbot.htm) Chrome/116.0.1938.76 Safari/537.36"
157.55.39.201 - - [31/Aug/2026:10:32:00 -0400] "GET /unwitting/s4n5o1o9z8i8n5g01 HTTP/1.1" 404 236 "-" "Mozilla/5.0 AppleWebKit/537.36 (KHTML, like Gecko; compatible; bingbot/2.0; +http://www.bing.com/bingbot.htm) Chrome/116.0.1938.76 Safari/537.36"
157.55.39.201 - - [31/Aug/2026:10:32:00 -0400] "GET /shops/supplicating/b8u2t5t2r4e2s3s5e7d76 HTTP/1.1" 404 236 "-" "Mozilla/5.0 AppleWebKit/537.36 (KHTML, like Gecko; compatible; bingbot/2.0; +http://www.bing.com/bingbot.htm) Chrome/116.0.1938.76 Safari/537.36"
40.77.167.157 - - [31/Aug/2026:10:32:05 -0400] "GET /?t=e6p2e7x2e0g7e0t6i4c8a1l HTTP/1.1" 200 281 "-" "Mozilla/5.0 AppleWebKit/537.36 (KHTML, like Gecko; compatible; bingbot/2.0; +http://www.bing.com/bingbot.htm) Chrome/116.0.1938.76 Safari/537.36"
40.77.167.157 - - [31/Aug/2026:10:32:05 -0400] "GET /fluor/demand/o4q3u7a5s9s2a64778 HTTP/1.1" 404 236 "-" "Mozilla/5.0 AppleWebKit/537.36 (KHTML, like Gecko; compatible; bingbot/2.0; +http://www.bing.com/bingbot.htm) Chrome/116.0.1938.76 Safari/537.36"
40.77.167.157 - - [31/Aug/2026:10:32:05 -0400] "GET /peltiphyllum/henchboy/v9e1r3b8s8722837 HTTP/1.1" 404 236 "-" "Mozilla/5.0 AppleWebKit/537.36 (KHTML, like Gecko; compatible; bingbot/2.0; +http://www.bing.com/bingbot.htm) Chrome/116.0.1938.76 Safari/537.36"
40.77.167.157 - - [31/Aug/2026:10:32:06 -0400] "GET /?t=d4i3s4p9r4o5p4o6r4t4i9on HTTP/1.1" 200 281 "-" "Mozilla/5.0 AppleWebKit/537.36 (KHTML, like Gecko; compatible; bingbot/2.0; +http://www.bing.com/bingbot.htm) Chrome/116.0.1938.76 Safari/537.36"
40.77.167.157 - - [31/Aug/2026:10:32:06 -0400] "GET /ophidian/flaccidly/d4i2n7d3u1s6t5r4i3e27 HTTP/1.1" 404 236 "-" "Mozilla/5.0 AppleWebKit/537.36 (KHTML, like Gecko; compatible; bingbot/2.0; +http://www.bing.com/bingbot.htm) Chrome/116.0.1938.76 Safari/537.36"
157.55.39.201 - - [31/Aug/2026:10:32:10 -0400] "GET /shops/shipped/b2o3a4s2t6332383 HTTP/1.1" 404 236 "-" "Mozilla/5.0 AppleWebKit/537.36 (KHTML, like Gecko; compatible; bingbot/2.0; +http://www.bing.com/bingbot.htm) Chrome/116.0.1938.76 Safari/537.36"
157.55.39.201 - - [31/Aug/2026:10:32:10 -0400] "GET /?t=g9r3i4e5v0a4b6l7e882 HTTP/1.1" 200 281 "-" "Mozilla/5.0 AppleWebKit/537.36 (KHTML, like Gecko; compatible; bingbot/2.0; +http://www.bing.com/bingbot.htm) Chrome/116.0.1938.76 Safari/537.36"
157.55.39.201 - - [31/Aug/2026:10:32:11 -0400] "GET /?t=l4e3t7h6a0r4g5i0c4a0l4ness HTTP/1.1" 200 281 "-" "Mozilla/5.0 AppleWebKit/537.36 (KHTML, like Gecko; compatible; bingbot/2.0; +http://www.bing.com/bingbot.htm) Chrome/116.0.1938.76 Safari/537.36"
40.77.167.235 - - [31/Aug/2026:10:32:15 -0400] "GET /shops/predella/a5l2c3h7e9m8i2l3l9a9 HTTP/1.1" 404 236 "-" "Mozilla/5.0 AppleWebKit/537.36 (KHTML, like Gecko; compatible; bingbot/2.0; +http://www.bing.com/bingbot.htm) Chrome/116.0.1938.76 Safari/537.36"
40.77.167.235 - - [31/Aug/2026:10:32:15 -0400] "GET /?t=n9i1g4h7t1i5n7g8a6l5e3 HTTP/1.1" 200 281 "-" "Mozilla/5.0 AppleWebKit/537.36 (KHTML, like Gecko; compatible; bingbot/2.0; +http://www.bing.com/bingbot.htm) Chrome/116.0.1938.76 Safari/537.36"
40.77.167.157 - - [31/Aug/2026:10:32:15 -0400] "GET /?t=n5o2t6o6r3i2o0u8s014 HTTP/1.1" 200 281 "-" "Mozilla/5.0 AppleWebKit/537.36 (KHTML, like Gecko; compatible; bingbot/2.0; +http://www.bing.com/bingbot.htm) Chrome/116.0.1938.76 Safari/537.36"
40.77.167.157 - - [31/Aug/2026:10:32:24 -0400] "GET /shops/steem/f8l1e8d1g9e98004 HTTP/1.1" 404 236 "-" "Mozilla/5.0 AppleWebKit/537.36 (KHTML, like Gecko; compatible; bingbot/2.0; +http://www.bing.com/bingbot.htm) Chrome/116.0.1938.76 Safari/537.36"
66.249.74.195 - - [31/Aug/2026:10:32:44 -0400] "GET /?inherent/61874959214 HTTP/1.1" 200 281 "-" "Mozilla/5.0 (compatible; Googlebot/2.1; +http://www.google.com/bot.html)"
66.249.74.195 - - [31/Aug/2026:10:33:00 -0400] "GET /?t=w4i9n9t5e3r0g8r6e4e8n HTTP/1.1" 200 281 "-" "Mozilla/5.0 (Linux; Android 6.0.1; Nexus 5X Build/MMB29P) AppleWebKit/537.36 (KHTML, like Gecko) Chrome/151.0.7922.173 Mobile Safari/537.36 (compatible; Googlebot/2.1; +http://www.google.com/bot.html)"
52.167.144.195 - - [31/Aug/2026:10:33:03 -0400] "GET /?kaloyer/6193408454 HTTP/1.1" 200 281 "-" "Mozilla/5.0 AppleWebKit/537.36 (KHTML, like Gecko; compatible; bingbot/2.0; +http://www.bing.com/bingbot.htm) Chrome/116.0.1938.76 Safari/537.36"
66.249.74.194 - - [31/Aug/2026:10:34:19 -0400] "GET /?t=d0e3s4p9u1m9a2t7e7d98 HTTP/1.1" 200 281 "-" "Mozilla/5.0 (compatible; Googlebot/2.1; +http://www.google.com/bot.html)"
66.249.74.196 - - [31/Aug/2026:10:35:17 -0400] "GET /?t=g4l2i7t5t2e1r5a2n0d04 HTTP/1.1" 200 281 "-" "Mozilla/5.0 (compatible; Googlebot/2.1; +http://www.google.com/bot.html)"
66.249.74.196 - - [31/Aug/2026:10:35:27 -0400] "GET /?t=s3q3u4i1n8t3i6f3e7g4o8 HTTP/1.1" 200 281 "-" "Mozilla/5.0 (Linux; Android 6.0.1; Nexus 5X Build/MMB29P) AppleWebKit/537.36 (KHTML, like Gecko) Chrome/151.0.7922.173 Mobile Safari/537.36 (compatible; Googlebot/2.1; +http://www.google.com/bot.html)"
207.46.13.92 - - [31/Aug/2026:10:36:41 -0400] "GET /?t=j3o1h2n4i6i787426 HTTP/1.1" 200 281 "-" "Mozilla/5.0 AppleWebKit/537.36 (KHTML, like Gecko; compatible; bingbot/2.0; +http://www.bing.com/bingbot.htm) Chrome/116.0.1938.76 Safari/537.36"
207.46.13.92 - - [31/Aug/2026:10:36:41 -0400] "GET /?t=g6a1l1l7o5w176267 HTTP/1.1" 200 281 "-" "Mozilla/5.0 AppleWebKit/537.36 (KHTML, like Gecko; compatible; bingbot/2.0; +http://www.bing.com/bingbot.htm) Chrome/116.0.1938.76 Safari/537.36"
207.46.13.92 - - [31/Aug/2026:10:36:41 -0400] "GET /shops/skimmer/u9r2s6i3f3o2r7m43 HTTP/1.1" 404 236 "-" "Mozilla/5.0 AppleWebKit/537.36 (KHTML, like Gecko; compatible; bingbot/2.0; +http://www.bing.com/bingbot.htm) Chrome/116.0.1938.76 Safari/537.36"
66.249.74.194 - - [31/Aug/2026:10:36:41 -0400] "GET /?t=m3a7z1e7d21209 HTTP/1.1" 200 281 "-" "Mozilla/5.0 (Linux; Android 6.0.1; Nexus 5X Build/MMB29P) AppleWebKit/537.36 (KHTML, like Gecko) Chrome/151.0.7922.173 Mobile Safari/537.36 (compatible; Googlebot/2.1; +http://www.google.com/bot.html)"
207.46.13.92 - - [31/Aug/2026:10:36:41 -0400] "GET /?suitable/01791528925 HTTP/1.1" 200 281 "-" "Mozilla/5.0 AppleWebKit/537.36 (KHTML, like Gecko; compatible; bingbot/2.0; +http://www.bing.com/bingbot.htm) Chrome/116.0.1938.76 Safari/537.36"
207.46.13.92 - - [31/Aug/2026:10:36:42 -0400] "GET /shops/pangless/m7a2h6r5a8t5t5a1288 HTTP/1.1" 404 236 "-" "Mozilla/5.0 AppleWebKit/537.36 (KHTML, like Gecko; compatible; bingbot/2.0; +http://www.bing.com/bingbot.htm) Chrome/116.0.1938.76 Safari/537.36"
207.46.13.92 - - [31/Aug/2026:10:36:42 -0400] "GET /overstocking/endogenously/72453161515 HTTP/1.1" 404 236 "-" "Mozilla/5.0 AppleWebKit/537.36 (KHTML, like Gecko; compatible; bingbot/2.0; +http://www.bing.com/bingbot.htm) Chrome/116.0.1938.76 Safari/537.36"
40.77.167.157 - - [31/Aug/2026:10:36:45 -0400] "GET /?i=6112849430 HTTP/1.1" 200 281 "-" "Mozilla/5.0 AppleWebKit/537.36 (KHTML, like Gecko; compatible; bingbot/2.0; +http://www.bing.com/bingbot.htm) Chrome/116.0.1938.76 Safari/537.36"
52.167.144.159 - - [31/Aug/2026:10:36:47 -0400] "GET /shops/beached/s2a2r4o1n5g683818 HTTP/1.1" 404 236 "-" "Mozilla/5.0 AppleWebKit/537.36 (KHTML, like Gecko; compatible; bingbot/2.0; +http://www.bing.com/bingbot.htm) Chrome/116.0.1938.76 Safari/537.36"
91.92.43.19 - - [31/Aug/2026:10:36:48 -0400] "GET / HTTP/1.1" 200 281 "-" "Mozilla/5.0 (Macintosh; Intel Mac OS X 10_15_7) AppleWebKit/537.36 (KHTML, like Gecko) Chrome/150.0.0.0 Safari/537.36"
91.92.43.19 - - [31/Aug/2026:10:36:49 -0400] "GET /wp-json/ HTTP/1.1" 404 236 "-" "Mozilla/5.0 (Macintosh; Intel Mac OS X 10_15_7) AppleWebKit/537.36 (KHTML, like Gecko) Chrome/150.0.0.0 Safari/537.36"
91.92.43.19 - - [31/Aug/2026:10:36:50 -0400] "GET /?rest_route=/ HTTP/1.1" 200 281 "-" "Mozilla/5.0 (Macintosh; Intel Mac OS X 10_15_7) AppleWebKit/537.36 (KHTML, like Gecko) Chrome/150.0.0.0 Safari/537.36"
91.92.43.19 - - [31/Aug/2026:10:36:52 -0400] "GET /wp-content/plugins/zz-versscan-absent-probe/ HTTP/1.1" 404 236 "-" "Mozilla/5.0 (Macintosh; Intel Mac OS X 10_15_7) AppleWebKit/537.36 (KHTML, like Gecko) Chrome/150.0.0.0 Safari/537.36"
207.46.13.92 - - [31/Aug/2026:10:36:52 -0400] "GET /?t=c9e3p5h2a0l3o0m0e5t8r8ic HTTP/1.1" 200 281 "-" "Mozilla/5.0 AppleWebKit/537.36 (KHTML, like Gecko; compatible; bingbot/2.0; +http://www.bing.com/bingbot.htm) Chrome/116.0.1938.76 Safari/537.36"
207.46.13.92 - - [31/Aug/2026:10:36:52 -0400] "GET /?t=c6a5r8i0a0c1u5s001 HTTP/1.1" 200 281 "-" "Mozilla/5.0 AppleWebKit/537.36 (KHTML, like Gecko; compatible; bingbot/2.0; +http://www.bing.com/bingbot.htm) Chrome/116.0.1938.76 Safari/537.36"
91.92.43.19 - - [31/Aug/2026:10:36:55 -0400] "GET /wp-content/plugins/admin-site-enhancements-pro/ HTTP/1.1" 404 236 "-" "Mozilla/5.0 (Macintosh; Intel Mac OS X 10_15_7) AppleWebKit/537.36 (KHTML, like Gecko) Chrome/150.0.0.0 Safari/537.36"
91.92.43.19 - - [31/Aug/2026:10:36:55 -0400] "GET /wp-content/plugins/authora-easy-login-with-mobile-number/ HTTP/1.1" 404 236 "-" "Mozilla/5.0 (Macintosh; Intel Mac OS X 10_15_7) AppleWebKit/537.36 (KHTML, like Gecko) Chrome/150.0.0.0 Safari/537.36"
91.92.43.19 - - [31/Aug/2026:10:36:55 -0400] "GET /wp-content/plugins/blocksy-companion/ HTTP/1.1" 404 236 "-" "Mozilla/5.0 (Macintosh; Intel Mac OS X 10_15_7) AppleWebKit/537.36 (KHTML, like Gecko) Chrome/150.0.0.0 Safari/537.36"
91.92.43.19 - - [31/Aug/2026:10:36:55 -0400] "GET /wp-content/plugins/advanced-responsive-video-embedder/ HTTP/1.1" 404 236 "-" "Mozilla/5.0 (Macintosh; Intel Mac OS X 10_15_7) AppleWebKit/537.36 (KHTML, like Gecko) Chrome/150.0.0.0 Safari/537.36"
91.92.43.19 - - [31/Aug/2026:10:36:55 -0400] "GET /wp-content/plugins/ai-copilot-content-generator/ HTTP/1.1" 404 236 "-" "Mozilla/5.0 (Macintosh; Intel Mac OS X 10_15_7) AppleWebKit/537.36 (KHTML, like Gecko) Chrome/150.0.0.0 Safari/537.36"
91.92.43.19 - - [31/Aug/2026:10:36:55 -0400] "GET /wp-content/plugins/automation-web-platform/ HTTP/1.1" 404 236 "-" "Mozilla/5.0 (Macintosh; Intel Mac OS X 10_15_7) AppleWebKit/537.36 (KHTML, like Gecko) Chrome/150.0.0.0 Safari/537.36"
91.92.43.19 - - [31/Aug/2026:10:36:55 -0400] "GET /wp-content/plugins/bit-assist/ HTTP/1.1" 404 236 "-" "Mozilla/5.0 (Macintosh; Intel Mac OS X 10_15_7) AppleWebKit/537.36 (KHTML, like Gecko) Chrome/150.0.0.0 Safari/537.36"
91.92.43.19 - - [31/Aug/2026:10:36:55 -0400] "GET /wp-content/plugins/bricksforge/ HTTP/1.1" 404 236 "-" "Mozilla/5.0 (Macintosh; Intel Mac OS X 10_15_7) AppleWebKit/537.36 (KHTML, like Gecko) Chrome/150.0.0.0 Safari/537.36"
91.92.43.19 - - [31/Aug/2026:10:36:55 -0400] "GET /wp-content/plugins/arforms-form-builder/ HTTP/1.1" 404 236 "-" "Mozilla/5.0 (Macintosh; Intel Mac OS X 10_15_7) AppleWebKit/537.36 (KHTML, like Gecko) Chrome/150.0.0.0 Safari/537.36"
91.92.43.19 - - [31/Aug/2026:10:36:55 -0400] "GET /wp-content/plugins/6storage-rentals/ HTTP/1.1" 404 236 "-" "Mozilla/5.0 (Macintosh; Intel Mac OS X 10_15_7) AppleWebKit/537.36 (KHTML, like Gecko) Chrome/150.0.0.0 Safari/537.36"
91.92.43.19 - - [31/Aug/2026:10:36:55 -0400] "GET /wp-content/plugins/aimogen-pro/ HTTP/1.1" 404 236 "-" "Mozilla/5.0 (Macintosh; Intel Mac OS X 10_15_7) AppleWebKit/537.36 (KHTML, like Gecko) Chrome/150.0.0.0 Safari/537.36"
91.92.43.19 - - [31/Aug/2026:10:36:55 -0400] "GET /wp-content/plugins/acf-frontend-form-element/ HTTP/1.1" 404 236 "-" "Mozilla/5.0 (Macintosh; Intel Mac OS X 10_15_7) AppleWebKit/537.36 (KHTML, like Gecko) Chrome/150.0.0.0 Safari/537.36"
40.77.167.157 - - [31/Aug/2026:10:36:56 -0400] "GET /?t=c3o1n1s0u0l8t3i2v3e01 HTTP/1.1" 200 281 "-" "Mozilla/5.0 AppleWebKit/537.36 (KHTML, like Gecko; compatible; bingbot/2.0; +http://www.bing.com/bingbot.htm) Chrome/116.0.1938.76 Safari/537.36"
40.77.167.157 - - [31/Aug/2026:10:36:56 -0400] "GET /?stuck/93159416591 HTTP/1.1" 200 281 "-" "Mozilla/5.0 AppleWebKit/537.36 (KHTML, like Gecko; compatible; bingbot/2.0; +http://www.bing.com/bingbot.htm) Chrome/116.0.1938.76 Safari/537.36"
91.92.43.19 - - [31/Aug/2026:10:36:58 -0400] "GET /wp-content/plugins/custom-fields-account-registration-for-woocommerce/ HTTP/1.1" 404 236 "-" "Mozilla/5.0 (Macintosh; Intel Mac OS X 10_15_7) AppleWebKit/537.36 (KHTML, like Gecko) Chrome/150.0.0.0 Safari/537.36"
91.92.43.19 - - [31/Aug/2026:10:36:58 -0400] "GET /wp-content/plugins/cafe-api/ HTTP/1.1" 404 236 "-" "Mozilla/5.0 (Macintosh; Intel Mac OS X 10_15_7) AppleWebKit/537.36 (KHTML, like Gecko) Chrome/150.0.0.0 Safari/537.36"
91.92.43.19 - - [31/Aug/2026:10:36:58 -0400] "GET /wp-content/plugins/cost-calculator-builder-pro/ HTTP/1.1" 404 236 "-" "Mozilla/5.0 (Macintosh; Intel Mac OS X 10_15_7) AppleWebKit/537.36 (KHTML, like Gecko) Chrome/150.0.0.0 Safari/537.36"
91.92.43.19 - - [31/Aug/2026:10:36:58 -0400] "GET /wp-content/plugins/broken-link-checker/ HTTP/1.1" 404 236 "-" "Mozilla/5.0 (Macintosh; Intel Mac OS X 10_15_7) AppleWebKit/537.36 (KHTML, like Gecko) Chrome/150.0.0.0 Safari/537.36"
66.249.74.194 - - [31/Aug/2026:10:37:55 -0400] "GET /shops/witch/d7o2l4m9a3d9e3s1895 HTTP/1.1" 404 236 "-" "Mozilla/5.0 (Linux; Android 6.0.1; Nexus 5X Build/MMB29P) AppleWebKit/537.36 (KHTML, like Gecko) Chrome/151.0.7922.173 Mobile Safari/537.36 (compatible; Googlebot/2.1; +http://www.google.com/bot.html)"
207.46.13.92 - - [31/Aug/2026:10:42:10 -0400] "GET /ommatea/introit/7190676710 HTTP/1.1" 404 236 "-" "Mozilla/5.0 AppleWebKit/537.36 (KHTML, like Gecko; compatible; bingbot/2.0; +http://www.bing.com/bingbot.htm) Chrome/116.0.1938.76 Safari/537.36"
66.249.74.196 - - [31/Aug/2026:10:42:14 -0400] "GET /?t=h0a2e9m8a3t6o2c5r2y8s2tallin HTTP/1.1" 200 281 "-" "Mozilla/5.0 (compatible; Googlebot/2.1; +http://www.google.com/bot.html)"
207.46.13.36 - - [31/Aug/2026:10:42:20 -0400] "GET /shops/serpulidae/t1r2a1c2h8y5n5o9t3u4s5 HTTP/1.1" 404 236 "-" "Mozilla/5.0 AppleWebKit/537.36 (KHTML, like Gecko; compatible; bingbot/2.0; +http://www.bing.com/bingbot.htm) Chrome/116.0.1938.76 Safari/537.36"
207.46.13.92 - - [31/Aug/2026:10:42:32 -0400] "GET /shops/orifice/c0a1l5a6m5i6s0t3412 HTTP/1.1" 404 236 "-" "Mozilla/5.0 AppleWebKit/537.36 (KHTML, like Gecko; compatible; bingbot/2.0; +http://www.bing.com/bingbot.htm) Chrome/116.0.1938.76 Safari/537.36"
207.46.13.92 - - [31/Aug/2026:10:42:32 -0400] "GET /?t=h3o2r2o6l3o5g8i9c3a9l3 HTTP/1.1" 200 281 "-" "Mozilla/5.0 AppleWebKit/537.36 (KHTML, like Gecko; compatible; bingbot/2.0; +http://www.bing.com/bingbot.htm) Chrome/116.0.1938.76 Safari/537.36"
207.46.13.92 - - [31/Aug/2026:10:42:32 -0400] "GET /shops/ideality/g9r1a1f2t3i3n9g4901 HTTP/1.1" 404 236 "-" "Mozilla/5.0 AppleWebKit/537.36 (KHTML, like Gecko; compatible; bingbot/2.0; +http://www.bing.com/bingbot.htm) Chrome/116.0.1938.76 Safari/537.36"
207.46.13.92 - - [31/Aug/2026:10:42:32 -0400] "GET /?overwash/0457466120 HTTP/1.1" 200 281 "-" "Mozilla/5.0 AppleWebKit/537.36 (KHTML, like Gecko; compatible; bingbot/2.0; +http://www.bing.com/bingbot.htm) Chrome/116.0.1938.76 Safari/537.36"
52.167.144.147 - - [31/Aug/2026:10:42:34 -0400] "GET /ulnage/philosophic/f8a1r7t3h8i3n8g4a7l4e5 HTTP/1.1" 404 236 "-" "Mozilla/5.0 AppleWebKit/537.36 (KHTML, like Gecko; compatible; bingbot/2.0; +http://www.bing.com/bingbot.htm) Chrome/116.0.1938.76 Safari/537.36"
66.249.74.194 - - [31/Aug/2026:10:42:35 -0400] "GET /shops/effervesce/n7a4u0r4u7a6n07004 HTTP/1.1" 404 236 "-" "Mozilla/5.0 (compatible; Googlebot/2.1; +http://www.google.com/bot.html)"
52.167.144.159 - - [31/Aug/2026:10:42:36 -0400] "GET /shops/glossic/p4r1o6s9e5l2y4t0i5s3m6 HTTP/1.1" 404 236 "-" "Mozilla/5.0 AppleWebKit/537.36 (KHTML, like Gecko; compatible; bingbot/2.0; +http://www.bing.com/bingbot.htm) Chrome/116.0.1938.76 Safari/537.36"
52.167.144.159 - - [31/Aug/2026:10:42:36 -0400] "GET /?t=g9e3n0t7e9e9l8i2s8h72 HTTP/1.1" 200 281 "-" "Mozilla/5.0 AppleWebKit/537.36 (KHTML, like Gecko; compatible; bingbot/2.0; +http://www.bing.com/bingbot.htm) Chrome/116.0.1938.76 Safari/537.36"
52.167.144.159 - - [31/Aug/2026:10:42:36 -0400] "GET /manuary/d1i1s9f3a4v2o0u3r254 HTTP/1.1" 404 236 "-" "Mozilla/5.0 AppleWebKit/537.36 (KHTML, like Gecko; compatible; bingbot/2.0; +http://www.bing.com/bingbot.htm) Chrome/116.0.1938.76 Safari/537.36"
66.249.74.194 - - [31/Aug/2026:10:42:41 -0400] "GET /?t=a3l9b6u4l4i7d2a1e65 HTTP/1.1" 200 281 "-" "Mozilla/5.0 (compatible; Googlebot/2.1; +http://www.google.com/bot.html)"
207.46.13.92 - - [31/Aug/2026:10:42:42 -0400] "GET /shops/skeldrake/b9a1u6x5i6t0i1c9170 HTTP/1.1" 404 236 "-" "Mozilla/5.0 AppleWebKit/537.36 (KHTML, like Gecko; compatible; bingbot/2.0; +http://www.bing.com/bingbot.htm) Chrome/116.0.1938.76 Safari/537.36"
207.46.13.92 - - [31/Aug/2026:10:42:42 -0400] "GET /shops/scholastic/b4e2s6n2u9f5f27038 HTTP/1.1" 404 236 "-" "Mozilla/5.0 AppleWebKit/537.36 (KHTML, like Gecko; compatible; bingbot/2.0; +http://www.bing.com/bingbot.htm) Chrome/116.0.1938.76 Safari/537.36"
207.46.13.92 - - [31/Aug/2026:10:42:42 -0400] "GET /shops/fainted/d5r3y9r5u2b5b0i8n0g68 HTTP/1.1" 404 236 "-" "Mozilla/5.0 AppleWebKit/537.36 (KHTML, like Gecko; compatible; bingbot/2.0; +http://www.bing.com/bingbot.htm) Chrome/116.0.1938.76 Safari/537.36"
52.167.144.137 - - [31/Aug/2026:10:42:46 -0400] "GET /?cooperated/42655378861 HTTP/1.1" 200 281 "-" "Mozilla/5.0 AppleWebKit/537.36 (KHTML, like Gecko; compatible; bingbot/2.0; +http://www.bing.com/bingbot.htm) Chrome/116.0.1938.76 Safari/537.36"
52.167.144.137 - - [31/Aug/2026:10:42:46 -0400] "GET /?amphoteric/6430221529 HTTP/1.1" 200 281 "-" "Mozilla/5.0 AppleWebKit/537.36 (KHTML, like Gecko; compatible; bingbot/2.0; +http://www.bing.com/bingbot.htm) Chrome/116.0.1938.76 Safari/537.36"
52.167.144.137 - - [31/Aug/2026:10:42:46 -0400] "GET /shops/haemocytolysis/i7n1e1r5g7e8t9i7c240 HTTP/1.1" 404 236 "-" "Mozilla/5.0 AppleWebKit/537.36 (KHTML, like Gecko; compatible; bingbot/2.0; +http://www.bing.com/bingbot.htm) Chrome/116.0.1938.76 Safari/537.36"
52.167.144.137 - - [31/Aug/2026:10:42:47 -0400] "GET /?t=o6p7e6r5o2s7e3665 HTTP/1.1" 200 281 "-" "Mozilla/5.0 AppleWebKit/537.36 (KHTML, like Gecko; compatible; bingbot/2.0; +http://www.bing.com/bingbot.htm) Chrome/116.0.1938.76 Safari/537.36"
207.46.13.36 - - [31/Aug/2026:10:43:00 -0400] "GET /pulmonacea/nonproductive/a8s3t1e2r1i7o1i7d4e3a0 HTTP/1.1" 404 236 "-" "Mozilla/5.0 AppleWebKit/537.36 (KHTML, like Gecko; compatible; bingbot/2.0; +http://www.bing.com/bingbot.htm) Chrome/116.0.1938.76 Safari/537.36"
207.46.13.92 - - [31/Aug/2026:10:43:01 -0400] "GET /shops/centiliter/g2e7l1i8d5l3y1522 HTTP/1.1" 404 236 "-" "Mozilla/5.0 AppleWebKit/537.36 (KHTML, like Gecko; compatible; bingbot/2.0; +http://www.bing.com/bingbot.htm) Chrome/116.0.1938.76 Safari/537.36"
207.46.13.92 - - [31/Aug/2026:10:43:01 -0400] "GET /?t=o1b1s2c5u7r4i4t3y502 HTTP/1.1" 200 281 "-" "Mozilla/5.0 AppleWebKit/537.36 (KHTML, like Gecko; compatible; bingbot/2.0; +http://www.bing.com/bingbot.htm) Chrome/116.0.1938.76 Safari/537.36"
207.46.13.92 - - [31/Aug/2026:10:43:02 -0400] "GET /depute/dowve/5939380654 HTTP/1.1" 404 236 "-" "Mozilla/5.0 AppleWebKit/537.36 (KHTML, like Gecko; compatible; bingbot/2.0; +http://www.bing.com/bingbot.htm) Chrome/116.0.1938.76 Safari/537.36"
207.46.13.92 - - [31/Aug/2026:10:43:03 -0400] "GET /shops/trackless/a3p9p3l0e6w1o3o9d86 HTTP/1.1" 404 236 "-" "Mozilla/5.0 AppleWebKit/537.36 (KHTML, like Gecko; compatible; bingbot/2.0; +http://www.bing.com/bingbot.htm) Chrome/116.0.1938.76 Safari/537.36"
207.46.13.92 - - [31/Aug/2026:10:43:03 -0400] "GET /punchy/millreis/c9o3c4h7l7e7a0t4e774 HTTP/1.1" 404 236 "-" "Mozilla/5.0 AppleWebKit/537.36 (KHTML, like Gecko; compatible; bingbot/2.0; +http://www.bing.com/bingbot.htm) Chrome/116.0.1938.76 Safari/537.36"
52.167.144.137 - - [31/Aug/2026:10:43:05 -0400] "GET /?histonomy/81718163662 HTTP/1.1" 200 281 "-" "Mozilla/5.0 AppleWebKit/537.36 (KHTML, like Gecko; compatible; bingbot/2.0; +http://www.bing.com/bingbot.htm) Chrome/116.0.1938.76 Safari/537.36"
52.167.144.137 - - [31/Aug/2026:10:43:05 -0400] "GET /sylvania/h9i3g5h0h5o0o06096 HTTP/1.1" 404 236 "-" "Mozilla/5.0 AppleWebKit/537.36 (KHTML, like Gecko; compatible; bingbot/2.0; +http://www.bing.com/bingbot.htm) Chrome/116.0.1938.76 Safari/537.36"
52.167.144.159 - - [31/Aug/2026:10:43:14 -0400] "GET /shops/goldfinny/a9n2i1m6a7d7v2e8r9t0e9d HTTP/1.1" 404 236 "-" "Mozilla/5.0 AppleWebKit/537.36 (KHTML, like Gecko; compatible; bingbot/2.0; +http://www.bing.com/bingbot.htm) Chrome/116.0.1938.76 Safari/537.36"
52.167.144.137 - - [31/Aug/2026:10:43:16 -0400] "GET /?t=a0c2t2l8e9s8s05463 HTTP/1.1" 200 281 "-" "Mozilla/5.0 AppleWebKit/537.36 (KHTML, like Gecko; compatible; bingbot/2.0; +http://www.bing.com/bingbot.htm) Chrome/116.0.1938.76 Safari/537.36"
52.167.144.137 - - [31/Aug/2026:10:43:18 -0400] "GET /shops/overthrown/p5r2e9f4i8g6u6r0i0n2g0 HTTP/1.1" 404 236 "-" "Mozilla/5.0 AppleWebKit/537.36 (KHTML, like Gecko; compatible; bingbot/2.0; +http://www.bing.com/bingbot.htm) Chrome/116.0.1938.76 Safari/537.36"
52.167.144.137 - - [31/Aug/2026:10:43:18 -0400] "GET /?anthropomancy/91864302236 HTTP/1.1" 200 281 "-" "Mozilla/5.0 AppleWebKit/537.36 (KHTML, like Gecko; compatible; bingbot/2.0; +http://www.bing.com/bingbot.htm) Chrome/116.0.1938.76 Safari/537.36"
207.46.13.92 - - [31/Aug/2026:10:43:24 -0400] "GET /?t=t9i2b9i4o617075 HTTP/1.1" 200 281 "-" "Mozilla/5.0 AppleWebKit/537.36 (KHTML, like Gecko; compatible; bingbot/2.0; +http://www.bing.com/bingbot.htm) Chrome/116.0.1938.76 Safari/537.36"
207.46.13.92 - - [31/Aug/2026:10:43:24 -0400] "GET /dribbed/t4o1m1o1r7r0o0w8946 HTTP/1.1" 404 236 "-" "Mozilla/5.0 AppleWebKit/537.36 (KHTML, like Gecko; compatible; bingbot/2.0; +http://www.bing.com/bingbot.htm) Chrome/116.0.1938.76 Safari/537.36"
207.46.13.92 - - [31/Aug/2026:10:43:24 -0400] "GET /?kenneled/73149059998 HTTP/1.1" 200 281 "-" "Mozilla/5.0 AppleWebKit/537.36 (KHTML, like Gecko; compatible; bingbot/2.0; +http://www.bing.com/bingbot.htm) Chrome/116.0.1938.76 Safari/537.36"
207.46.13.92 - - [31/Aug/2026:10:43:24 -0400] "GET /shops/kingfisher/a9n2g8r1i8e3s8t4842 HTTP/1.1" 404 236 "-" "Mozilla/5.0 AppleWebKit/537.36 (KHTML, like Gecko; compatible; bingbot/2.0; +http://www.bing.com/bingbot.htm) Chrome/116.0.1938.76 Safari/537.36"
52.167.144.159 - - [31/Aug/2026:10:43:29 -0400] "GET /?t=s3m1a7s3h7413554 HTTP/1.1" 200 281 "-" "Mozilla/5.0 AppleWebKit/537.36 (KHTML, like Gecko; compatible; bingbot/2.0; +http://www.bing.com/bingbot.htm) Chrome/116.0.1938.76 Safari/537.36"
52.167.144.159 - - [31/Aug/2026:10:43:29 -0400] "GET /?t=s9k3i7l4l1f8u3l2472 HTTP/1.1" 200 281 "-" "Mozilla/5.0 AppleWebKit/537.36 (KHTML, like Gecko; compatible; bingbot/2.0; +http://www.bing.com/bingbot.htm) Chrome/116.0.1938.76 Safari/537.36"
66.249.74.194 - - [31/Aug/2026:10:43:33 -0400] "GET /?t=s7o1u7c0h9e5t020 HTTP/1.1" 200 281 "-" "Mozilla/5.0 (Linux; Android 6.0.1; Nexus 5X Build/MMB29P) AppleWebKit/537.36 (KHTML, like Gecko) Chrome/151.0.7922.173 Mobile Safari/537.36 (compatible; Googlebot/2.1; +http://www.google.com/bot.html)"
66.249.74.196 - - [31/Aug/2026:10:44:37 -0400] "GET /?t=l8i1g9h1t5m0i3n4d4e6d9 HTTP/1.1" 200 281 "-" "Mozilla/5.0 (compatible; Googlebot/2.1; +http://www.google.com/bot.html)"
66.249.74.195 - - [31/Aug/2026:10:44:58 -0400] "GET /?t=t3a3u5t2o3o6u3s6i1a9n HTTP/1.1" 200 281 "-" "Mozilla/5.0 (compatible; Googlebot/2.1; +http://www.google.com/bot.html)"
52.167.144.137 - - [31/Aug/2026:10:45:44 -0400] "GET /coatroom/s9u9r8o3x7i6d8e381 HTTP/1.1" 404 236 "-" "Mozilla/5.0 AppleWebKit/537.36 (KHTML, like Gecko; compatible; bingbot/2.0; +http://www.bing.com/bingbot.htm) Chrome/116.0.1938.76 Safari/537.36"
66.249.74.195 - - [31/Aug/2026:10:45:52 -0400] "GET /?t=s3t4e1t5h8o7s1c4o2p3ist HTTP/1.1" 200 281 "-" "Mozilla/5.0 (Linux; Android 6.0.1; Nexus 5X Build/MMB29P) AppleWebKit/537.36 (KHTML, like Gecko) Chrome/151.0.7922.173 Mobile Safari/537.36 (compatible; Googlebot/2.1; +http://www.google.com/bot.html)"
66.249.74.196 - - [31/Aug/2026:10:46:08 -0400] "GET /?t=w0o1o3d3l0a0n6d3519 HTTP/1.1" 200 281 "-" "Mozilla/5.0 (compatible; Googlebot/2.1; +http://www.google.com/bot.html)"
207.46.13.36 - - [31/Aug/2026:10:47:01 -0400] "GET /?spout/52468284785 HTTP/1.1" 200 281 "-" "Mozilla/5.0 AppleWebKit/537.36 (KHTML, like Gecko; compatible; bingbot/2.0; +http://www.bing.com/bingbot.htm) Chrome/116.0.1938.76 Safari/537.36"
66.249.74.196 - - [31/Aug/2026:10:47:01 -0400] "GET /?t=i7n3d0i1t9e3d78927 HTTP/1.1" 200 281 "-" "Mozilla/5.0 (Linux; Android 6.0.1; Nexus 5X Build/MMB29P) AppleWebKit/537.36 (KHTML, like Gecko) Chrome/151.0.7922.173 Mobile Safari/537.36 (compatible; Googlebot/2.1; +http://www.google.com/bot.html)"
40.77.167.1 - - [31/Aug/2026:10:47:25 -0400] "GET /shops/quieting/b8e2n8e7d1i2c8t8130 HTTP/1.1" 404 236 "-" "Mozilla/5.0 AppleWebKit/537.36 (KHTML, like Gecko; compatible; bingbot/2.0; +http://www.bing.com/bingbot.htm) Chrome/116.0.1938.76 Safari/537.36"
66.249.74.195 - - [31/Aug/2026:10:47:28 -0400] "GET /?t=s3t4e1t5h8o7s1c4o2p3ist HTTP/1.1" 200 281 "-" "Mozilla/5.0 (Linux; Android 6.0.1; Nexus 5X Build/MMB29P) AppleWebKit/537.36 (KHTML, like Gecko) Chrome/151.0.7922.173 Mobile Safari/537.36 (compatible; Googlebot/2.1; +http://www.google.com/bot.html)"
66.249.74.194 - - [31/Aug/2026:10:47:44 -0400] "GET /?t=p7s3e9u3d2e0p6i5g7r7a1phic HTTP/1.1" 200 281 "-" "Mozilla/5.0 (compatible; Googlebot/2.1; +http://www.google.com/bot.html)"
207.46.13.78 - - [31/Aug/2026:10:48:42 -0400] "GET /shops/cholochrome/m7u3s3k0o2g8e9e4729 HTTP/1.1" 404 236 "-" "Mozilla/5.0 AppleWebKit/537.36 (KHTML, like Gecko; compatible; bingbot/2.0; +http://www.bing.com/bingbot.htm) Chrome/116.0.1938.76 Safari/537.36"
207.46.13.78 - - [31/Aug/2026:10:48:42 -0400] "GET /?t=h1u2r1r8y2417185 HTTP/1.1" 200 281 "-" "Mozilla/5.0 AppleWebKit/537.36 (KHTML, like Gecko; compatible; bingbot/2.0; +http://www.bing.com/bingbot.htm) Chrome/116.0.1938.76 Safari/537.36"
207.46.13.78 - - [31/Aug/2026:10:48:42 -0400] "GET /?chalybite/93225412186 HTTP/1.1" 200 281 "-" "Mozilla/5.0 AppleWebKit/537.36 (KHTML, like Gecko; compatible; bingbot/2.0; +http://www.bing.com/bingbot.htm) Chrome/116.0.1938.76 Safari/537.36"
207.46.13.78 - - [31/Aug/2026:10:48:42 -0400] "GET /?t=p6s3e8u2d1o5h6e9a6r5t1 HTTP/1.1" 200 281 "-" "Mozilla/5.0 AppleWebKit/537.36 (KHTML, like Gecko; compatible; bingbot/2.0; +http://www.bing.com/bingbot.htm) Chrome/116.0.1938.76 Safari/537.36"
207.46.13.78 - - [31/Aug/2026:10:48:43 -0400] "GET /spontaneity/p6e2r5v8i7a3l74089 HTTP/1.1" 404 236 "-" "Mozilla/5.0 AppleWebKit/537.36 (KHTML, like Gecko; compatible; bingbot/2.0; +http://www.bing.com/bingbot.htm) Chrome/116.0.1938.76 Safari/537.36"
