52.167.144.206 - - [01/Sep/2026:02:19:06 -0400] "GET /shops/brevipen/s3e3l4f7c7u7l8t2u5r0e5 HTTP/1.1" 404 236 "-" "Mozilla/5.0 AppleWebKit/537.36 (KHTML, like Gecko; compatible; bingbot/2.0; +http://www.bing.com/bingbot.htm) Chrome/116.0.1938.76 Safari/537.36"
52.167.144.206 - - [01/Sep/2026:02:19:06 -0400] "GET /shops/embarrassed/c2a2r9p7o6l8i8t2e7 HTTP/1.1" 404 236 "-" "Mozilla/5.0 AppleWebKit/537.36 (KHTML, like Gecko; compatible; bingbot/2.0; +http://www.bing.com/bingbot.htm) Chrome/116.0.1938.76 Safari/537.36"
52.167.144.174 - - [01/Sep/2026:02:19:07 -0400] "GET /deceptive/k0n2o9c9k2e4d8o0u5t95 HTTP/1.1" 404 236 "-" "Mozilla/5.0 AppleWebKit/537.36 (KHTML, like Gecko; compatible; bingbot/2.0; +http://www.bing.com/bingbot.htm) Chrome/116.0.1938.76 Safari/537.36"
207.46.13.141 - - [01/Sep/2026:02:19:19 -0400] "GET /?t=c6r6e8e8k853812 HTTP/1.1" 200 358 "-" "Mozilla/5.0 AppleWebKit/537.36 (KHTML, like Gecko; compatible; bingbot/2.0; +http://www.bing.com/bingbot.htm) Chrome/116.0.1938.76 Safari/537.36"
51.81.104.38 - - [01/Sep/2026:02:20:34 -0400] "GET /overmalapert/t2e2m8b7l0o0r40593 HTTP/1.1" 404 236 "-" "Mozilla/5.0 (compatible; AhrefsBot/7.0; +http://ahrefs.com/robot/)"
207.46.13.141 - - [01/Sep/2026:02:20:39 -0400] "GET /republishing/uncircumcision/31624975181 HTTP/1.1" 404 236 "-" "Mozilla/5.0 AppleWebKit/537.36 (KHTML, like Gecko; compatible; bingbot/2.0; +http://www.bing.com/bingbot.htm) Chrome/116.0.1938.76 Safari/537.36"
52.167.144.206 - - [01/Sep/2026:02:20:45 -0400] "GET /?t=c1o3r5t7i2c3a1t5e073 HTTP/1.1" 200 358 "-" "Mozilla/5.0 AppleWebKit/537.36 (KHTML, like Gecko; compatible; bingbot/2.0; +http://www.bing.com/bingbot.htm) Chrome/116.0.1938.76 Safari/537.36"
52.167.144.206 - - [01/Sep/2026:02:20:45 -0400] "GET /?backdown/8975234062 HTTP/1.1" 200 358 "-" "Mozilla/5.0 AppleWebKit/537.36 (KHTML, like Gecko; compatible; bingbot/2.0; +http://www.bing.com/bingbot.htm) Chrome/116.0.1938.76 Safari/537.36"
52.167.144.206 - - [01/Sep/2026:02:20:46 -0400] "GET /?t=g0r2e2e7n0l9a9n6d6e2r1 HTTP/1.1" 200 358 "-" "Mozilla/5.0 AppleWebKit/537.36 (KHTML, like Gecko; compatible; bingbot/2.0; +http://www.bing.com/bingbot.htm) Chrome/116.0.1938.76 Safari/537.36"
52.167.144.174 - - [01/Sep/2026:02:20:49 -0400] "GET /swingebuckler/cataclysmist/s0w1i0n4g1e6b3u1c6k3l3er HTTP/1.1" 404 236 "-" "Mozilla/5.0 AppleWebKit/537.36 (KHTML, like Gecko; compatible; bingbot/2.0; +http://www.bing.com/bingbot.htm) Chrome/116.0.1938.76 Safari/537.36"
52.167.144.174 - - [01/Sep/2026:02:20:49 -0400] "GET /shops/commelina/s5e3m7i8v8i6f926 HTTP/1.1" 404 236 "-" "Mozilla/5.0 AppleWebKit/537.36 (KHTML, like Gecko; compatible; bingbot/2.0; +http://www.bing.com/bingbot.htm) Chrome/116.0.1938.76 Safari/537.36"
52.167.144.174 - - [01/Sep/2026:02:20:50 -0400] "GET /shops/intempestive/h0y3p0o6s6u1l4p0h5u4r1ic HTTP/1.1" 404 236 "-" "Mozilla/5.0 AppleWebKit/537.36 (KHTML, like Gecko; compatible; bingbot/2.0; +http://www.bing.com/bingbot.htm) Chrome/116.0.1938.76 Safari/537.36"
207.46.13.141 - - [01/Sep/2026:02:20:50 -0400] "GET /?collema/03320115815 HTTP/1.1" 200 358 "-" "Mozilla/5.0 AppleWebKit/537.36 (KHTML, like Gecko; compatible; bingbot/2.0; +http://www.bing.com/bingbot.htm) Chrome/116.0.1938.76 Safari/537.36"
178.211.139.240 - - [01/Sep/2026:02:20:50 -0400] "GET /images/images/cache.php HTTP/1.1" 404 236 "www.google.com" "Mozlila/5.0 (Linux; Android 7.0; SM-G892A Bulid/NRD90M; wv) AppleWebKit/537.36 (KHTML, like Gecko) Version/4.0 Chrome/60.0.3112.107 Moblie Safari/537.36"
52.167.144.174 - - [01/Sep/2026:02:20:51 -0400] "GET /shops/areometry/c3u1r7r5i9c6l9e5108 HTTP/1.1" 404 236 "-" "Mozilla/5.0 AppleWebKit/537.36 (KHTML, like Gecko; compatible; bingbot/2.0; +http://www.bing.com/bingbot.htm) Chrome/116.0.1938.76 Safari/537.36"
52.167.144.206 - - [01/Sep/2026:02:20:55 -0400] "GET /?t=u4n4s2h3i2p2m2e4n7t82 HTTP/1.1" 200 358 "-" "Mozilla/5.0 AppleWebKit/537.36 (KHTML, like Gecko; compatible; bingbot/2.0; +http://www.bing.com/bingbot.htm) Chrome/116.0.1938.76 Safari/537.36"
52.167.144.206 - - [01/Sep/2026:02:20:55 -0400] "GET /shops/banyan/l1a1r3r4e3a381570 HTTP/1.1" 404 236 "-" "Mozilla/5.0 AppleWebKit/537.36 (KHTML, like Gecko; compatible; bingbot/2.0; +http://www.bing.com/bingbot.htm) Chrome/116.0.1938.76 Safari/537.36"
207.46.13.141 - - [01/Sep/2026:02:21:00 -0400] "GET /favoritism/d2o2w3n3i7n6e2s2s638 HTTP/1.1" 404 236 "-" "Mozilla/5.0 AppleWebKit/537.36 (KHTML, like Gecko; compatible; bingbot/2.0; +http://www.bing.com/bingbot.htm) Chrome/116.0.1938.76 Safari/537.36"
207.46.13.141 - - [01/Sep/2026:02:21:00 -0400] "GET /shops/gland/f1e3u4d2a2l1i0z9a0t0i8on HTTP/1.1" 404 236 "-" "Mozilla/5.0 AppleWebKit/537.36 (KHTML, like Gecko; compatible; bingbot/2.0; +http://www.bing.com/bingbot.htm) Chrome/116.0.1938.76 Safari/537.36"
207.46.13.141 - - [01/Sep/2026:02:21:00 -0400] "GET /deviate/antirenter/t6r2u1n9c1a0l19426 HTTP/1.1" 404 236 "-" "Mozilla/5.0 AppleWebKit/537.36 (KHTML, like Gecko; compatible; bingbot/2.0; +http://www.bing.com/bingbot.htm) Chrome/116.0.1938.76 Safari/537.36"
207.46.13.141 - - [01/Sep/2026:02:21:00 -0400] "GET /?forfeit/81732393802 HTTP/1.1" 200 358 "-" "Mozilla/5.0 AppleWebKit/537.36 (KHTML, like Gecko; compatible; bingbot/2.0; +http://www.bing.com/bingbot.htm) Chrome/116.0.1938.76 Safari/537.36"
207.46.13.141 - - [01/Sep/2026:02:21:00 -0400] "GET /?sports/84081674087 HTTP/1.1" 200 358 "-" "Mozilla/5.0 AppleWebKit/537.36 (KHTML, like Gecko; compatible; bingbot/2.0; +http://www.bing.com/bingbot.htm) Chrome/116.0.1938.76 Safari/537.36"
52.167.144.206 - - [01/Sep/2026:02:21:06 -0400] "GET /operandi/v0e2r5t8e9b5e1r3050 HTTP/1.1" 404 236 "-" "Mozilla/5.0 AppleWebKit/537.36 (KHTML, like Gecko; compatible; bingbot/2.0; +http://www.bing.com/bingbot.htm) Chrome/116.0.1938.76 Safari/537.36"
52.167.144.174 - - [01/Sep/2026:02:21:08 -0400] "GET /leftoff/codle/g2a3l0l7e4a9s5s200 HTTP/1.1" 404 236 "-" "Mozilla/5.0 AppleWebKit/537.36 (KHTML, like Gecko; compatible; bingbot/2.0; +http://www.bing.com/bingbot.htm) Chrome/116.0.1938.76 Safari/537.36"
207.46.13.141 - - [01/Sep/2026:02:21:09 -0400] "GET /milton/v5e3s2i1c2o8v9a7g1i0n5al HTTP/1.1" 404 236 "-" "Mozilla/5.0 AppleWebKit/537.36 (KHTML, like Gecko; compatible; bingbot/2.0; +http://www.bing.com/bingbot.htm) Chrome/116.0.1938.76 Safari/537.36"
52.167.144.174 - - [01/Sep/2026:02:21:11 -0400] "GET /shops/inlayer/v5o3m9i6c2i1n0e9925 HTTP/1.1" 404 236 "-" "Mozilla/5.0 AppleWebKit/537.36 (KHTML, like Gecko; compatible; bingbot/2.0; +http://www.bing.com/bingbot.htm) Chrome/116.0.1938.76 Safari/537.36"
52.167.144.198 - - [01/Sep/2026:02:22:45 -0400] "GET /shops/divinest/l7a1n3c1e5l7e3t9390 HTTP/1.1" 404 236 "-" "Mozilla/5.0 AppleWebKit/537.36 (KHTML, like Gecko; compatible; bingbot/2.0; +http://www.bing.com/bingbot.htm) Chrome/116.0.1938.76 Safari/537.36"
52.167.144.206 - - [01/Sep/2026:02:23:05 -0400] "GET /shops/macadam/a6n2t7e0n7n0i7f1o9r3m0 HTTP/1.1" 404 236 "-" "Mozilla/5.0 AppleWebKit/537.36 (KHTML, like Gecko; compatible; bingbot/2.0; +http://www.bing.com/bingbot.htm) Chrome/116.0.1938.76 Safari/537.36"
52.167.144.206 - - [01/Sep/2026:02:23:05 -0400] "GET /?t=e3a1t8e7n2388943 HTTP/1.1" 200 358 "-" "Mozilla/5.0 AppleWebKit/537.36 (KHTML, like Gecko; compatible; bingbot/2.0; +http://www.bing.com/bingbot.htm) Chrome/116.0.1938.76 Safari/537.36"
52.167.144.206 - - [01/Sep/2026:02:23:05 -0400] "GET /?t=d5e2m6e5p5h5i5t9i5z1e4d HTTP/1.1" 200 358 "-" "Mozilla/5.0 AppleWebKit/537.36 (KHTML, like Gecko; compatible; bingbot/2.0; +http://www.bing.com/bingbot.htm) Chrome/116.0.1938.76 Safari/537.36"
52.167.144.206 - - [01/Sep/2026:02:23:05 -0400] "GET /unexceptionableness/c5l1a4m3p4d9o3w2n360 HTTP/1.1" 404 236 "-" "Mozilla/5.0 AppleWebKit/537.36 (KHTML, like Gecko; compatible; bingbot/2.0; +http://www.bing.com/bingbot.htm) Chrome/116.0.1938.76 Safari/537.36"
52.167.144.206 - - [01/Sep/2026:02:23:06 -0400] "GET /?bicarbureted/13230996964 HTTP/1.1" 200 358 "-" "Mozilla/5.0 AppleWebKit/537.36 (KHTML, like Gecko; compatible; bingbot/2.0; +http://www.bing.com/bingbot.htm) Chrome/116.0.1938.76 Safari/537.36"
207.46.13.141 - - [01/Sep/2026:02:23:10 -0400] "GET /shops/mostwhat/p6o1s4i1e8d906649 HTTP/1.1" 404 236 "-" "Mozilla/5.0 AppleWebKit/537.36 (KHTML, like Gecko; compatible; bingbot/2.0; +http://www.bing.com/bingbot.htm) Chrome/116.0.1938.76 Safari/537.36"
207.46.13.141 - - [01/Sep/2026:02:23:10 -0400] "GET /?t=e7b3l0a0n8i0n75374 HTTP/1.1" 200 358 "-" "Mozilla/5.0 AppleWebKit/537.36 (KHTML, like Gecko; compatible; bingbot/2.0; +http://www.bing.com/bingbot.htm) Chrome/116.0.1938.76 Safari/537.36"
207.46.13.141 - - [01/Sep/2026:02:23:10 -0400] "GET /shops/sooted/v9e4r0r6a4y556723 HTTP/1.1" 404 236 "-" "Mozilla/5.0 AppleWebKit/537.36 (KHTML, like Gecko; compatible; bingbot/2.0; +http://www.bing.com/bingbot.htm) Chrome/116.0.1938.76 Safari/537.36"
40.77.167.38 - - [01/Sep/2026:02:23:17 -0400] "GET /?t=s7l1u7g0g7a5r8d9y725 HTTP/1.1" 200 358 "-" "Mozilla/5.0 AppleWebKit/537.36 (KHTML, like Gecko; compatible; bingbot/2.0; +http://www.bing.com/bingbot.htm) Chrome/116.0.1938.76 Safari/537.36"
40.77.167.38 - - [01/Sep/2026:02:23:17 -0400] "GET /reagent/i4n2s4t9i7t2u8t9i8n2g6 HTTP/1.1" 404 236 "-" "Mozilla/5.0 AppleWebKit/537.36 (KHTML, like Gecko; compatible; bingbot/2.0; +http://www.bing.com/bingbot.htm) Chrome/116.0.1938.76 Safari/537.36"
51.81.110.24 - - [01/Sep/2026:02:23:19 -0400] "GET /picle/g2l2i4n0t0265518 HTTP/1.1" 404 236 "-" "Mozilla/5.0 (compatible; AhrefsBot/7.0; +http://ahrefs.com/robot/)"
52.167.144.198 - - [01/Sep/2026:02:23:56 -0400] "GET /tetraoninae/dialectal/31112963009 HTTP/1.1" 404 236 "-" "Mozilla/5.0 AppleWebKit/537.36 (KHTML, like Gecko; compatible; bingbot/2.0; +http://www.bing.com/bingbot.htm) Chrome/116.0.1938.76 Safari/537.36"
52.167.144.206 - - [01/Sep/2026:02:24:36 -0400] "GET /?t=c1o3r5t7i2c3a1t5e073 HTTP/1.1" 200 358 "-" "Mozilla/5.0 AppleWebKit/537.36 (KHTML, like Gecko; compatible; bingbot/2.0; +http://www.bing.com/bingbot.htm) Chrome/116.0.1938.76 Safari/537.36"
52.167.144.206 - - [01/Sep/2026:02:24:36 -0400] "GET /?backdown/8975234062 HTTP/1.1" 200 358 "-" "Mozilla/5.0 AppleWebKit/537.36 (KHTML, like Gecko; compatible; bingbot/2.0; +http://www.bing.com/bingbot.htm) Chrome/116.0.1938.76 Safari/537.36"
40.77.167.38 - - [01/Sep/2026:02:24:40 -0400] "GET /shops/commelina/s5e3m7i8v8i6f926 HTTP/1.1" 404 236 "-" "Mozilla/5.0 AppleWebKit/537.36 (KHTML, like Gecko; compatible; bingbot/2.0; +http://www.bing.com/bingbot.htm) Chrome/116.0.1938.76 Safari/537.36"
40.77.167.38 - - [01/Sep/2026:02:24:40 -0400] "GET /shops/intempestive/h0y3p0o6s6u1l4p0h5u4r1ic HTTP/1.1" 404 236 "-" "Mozilla/5.0 AppleWebKit/537.36 (KHTML, like Gecko; compatible; bingbot/2.0; +http://www.bing.com/bingbot.htm) Chrome/116.0.1938.76 Safari/537.36"
207.46.13.141 - - [01/Sep/2026:02:24:40 -0400] "GET /republishing/uncircumcision/31624975181 HTTP/1.1" 404 236 "-" "Mozilla/5.0 AppleWebKit/537.36 (KHTML, like Gecko; compatible; bingbot/2.0; +http://www.bing.com/bingbot.htm) Chrome/116.0.1938.76 Safari/537.36"
40.77.167.38 - - [01/Sep/2026:02:24:40 -0400] "GET /shops/areometry/c3u1r7r5i9c6l9e5108 HTTP/1.1" 404 236 "-" "Mozilla/5.0 AppleWebKit/537.36 (KHTML, like Gecko; compatible; bingbot/2.0; +http://www.bing.com/bingbot.htm) Chrome/116.0.1938.76 Safari/537.36"
52.167.144.206 - - [01/Sep/2026:02:24:46 -0400] "GET /?t=g0r2e2e7n0l9a9n6d6e2r1 HTTP/1.1" 200 358 "-" "Mozilla/5.0 AppleWebKit/537.36 (KHTML, like Gecko; compatible; bingbot/2.0; +http://www.bing.com/bingbot.htm) Chrome/116.0.1938.76 Safari/537.36"
52.167.144.206 - - [01/Sep/2026:02:24:46 -0400] "GET /?t=u4n4s2h3i2p2m2e4n7t82 HTTP/1.1" 200 358 "-" "Mozilla/5.0 AppleWebKit/537.36 (KHTML, like Gecko; compatible; bingbot/2.0; +http://www.bing.com/bingbot.htm) Chrome/116.0.1938.76 Safari/537.36"
207.46.13.141 - - [01/Sep/2026:02:24:51 -0400] "GET /?collema/03320115815 HTTP/1.1" 200 358 "-" "Mozilla/5.0 AppleWebKit/537.36 (KHTML, like Gecko; compatible; bingbot/2.0; +http://www.bing.com/bingbot.htm) Chrome/116.0.1938.76 Safari/537.36"
207.46.13.141 - - [01/Sep/2026:02:24:51 -0400] "GET /favoritism/d2o2w3n3i7n6e2s2s638 HTTP/1.1" 404 236 "-" "Mozilla/5.0 AppleWebKit/537.36 (KHTML, like Gecko; compatible; bingbot/2.0; +http://www.bing.com/bingbot.htm) Chrome/116.0.1938.76 Safari/537.36"
207.46.13.141 - - [01/Sep/2026:02:24:51 -0400] "GET /shops/gland/f1e3u4d2a2l1i0z9a0t0i8on HTTP/1.1" 404 236 "-" "Mozilla/5.0 AppleWebKit/537.36 (KHTML, like Gecko; compatible; bingbot/2.0; +http://www.bing.com/bingbot.htm) Chrome/116.0.1938.76 Safari/537.36"
207.46.13.141 - - [01/Sep/2026:02:24:51 -0400] "GET /deviate/antirenter/t6r2u1n9c1a0l19426 HTTP/1.1" 404 236 "-" "Mozilla/5.0 AppleWebKit/537.36 (KHTML, like Gecko; compatible; bingbot/2.0; +http://www.bing.com/bingbot.htm) Chrome/116.0.1938.76 Safari/537.36"
207.46.13.141 - - [01/Sep/2026:02:24:51 -0400] "GET /?forfeit/81732393802 HTTP/1.1" 200 358 "-" "Mozilla/5.0 AppleWebKit/537.36 (KHTML, like Gecko; compatible; bingbot/2.0; +http://www.bing.com/bingbot.htm) Chrome/116.0.1938.76 Safari/537.36"
207.46.13.141 - - [01/Sep/2026:02:24:51 -0400] "GET /?sports/84081674087 HTTP/1.1" 200 358 "-" "Mozilla/5.0 AppleWebKit/537.36 (KHTML, like Gecko; compatible; bingbot/2.0; +http://www.bing.com/bingbot.htm) Chrome/116.0.1938.76 Safari/537.36"
52.167.144.198 - - [01/Sep/2026:02:24:55 -0400] "GET /shops/foxhunting/s3e1r2p8u6l4a3s8778 HTTP/1.1" 404 236 "-" "Mozilla/5.0 AppleWebKit/537.36 (KHTML, like Gecko; compatible; bingbot/2.0; +http://www.bing.com/bingbot.htm) Chrome/116.0.1938.76 Safari/537.36"
52.167.144.206 - - [01/Sep/2026:02:24:56 -0400] "GET /shops/banyan/l1a1r3r4e3a381570 HTTP/1.1" 404 236 "-" "Mozilla/5.0 AppleWebKit/537.36 (KHTML, like Gecko; compatible; bingbot/2.0; +http://www.bing.com/bingbot.htm) Chrome/116.0.1938.76 Safari/537.36"
40.77.167.38 - - [01/Sep/2026:02:24:56 -0400] "GET /leftoff/codle/g2a3l0l7e4a9s5s200 HTTP/1.1" 404 236 "-" "Mozilla/5.0 AppleWebKit/537.36 (KHTML, like Gecko; compatible; bingbot/2.0; +http://www.bing.com/bingbot.htm) Chrome/116.0.1938.76 Safari/537.36"
52.167.144.206 - - [01/Sep/2026:02:24:57 -0400] "GET /operandi/v0e2r5t8e9b5e1r3050 HTTP/1.1" 404 236 "-" "Mozilla/5.0 AppleWebKit/537.36 (KHTML, like Gecko; compatible; bingbot/2.0; +http://www.bing.com/bingbot.htm) Chrome/116.0.1938.76 Safari/537.36"
207.46.13.141 - - [01/Sep/2026:02:24:59 -0400] "GET /milton/v5e3s2i1c2o8v9a7g1i0n5al HTTP/1.1" 404 236 "-" "Mozilla/5.0 AppleWebKit/537.36 (KHTML, like Gecko; compatible; bingbot/2.0; +http://www.bing.com/bingbot.htm) Chrome/116.0.1938.76 Safari/537.36"
52.167.144.236 - - [01/Sep/2026:02:25:06 -0400] "GET /gynoecium/taigoor/44090379688 HTTP/1.1" 404 236 "-" "Mozilla/5.0 AppleWebKit/537.36 (KHTML, like Gecko; compatible; bingbot/2.0; +http://www.bing.com/bingbot.htm) Chrome/116.0.1938.76 Safari/537.36"
40.77.167.38 - - [01/Sep/2026:02:25:09 -0400] "GET /shops/inlayer/v5o3m9i6c2i1n0e9925 HTTP/1.1" 404 236 "-" "Mozilla/5.0 AppleWebKit/537.36 (KHTML, like Gecko; compatible; bingbot/2.0; +http://www.bing.com/bingbot.htm) Chrome/116.0.1938.76 Safari/537.36"
52.167.144.198 - - [01/Sep/2026:02:25:23 -0400] "GET /testudo/f7i4t2t3i2n8g18453 HTTP/1.1" 404 236 "-" "Mozilla/5.0 AppleWebKit/537.36 (KHTML, like Gecko; compatible; bingbot/2.0; +http://www.bing.com/bingbot.htm) Chrome/116.0.1938.76 Safari/537.36"
52.167.144.198 - - [01/Sep/2026:02:25:44 -0400] "GET /grubby/woodsman/g0r1u6b4b8y105417 HTTP/1.1" 404 236 "-" "Mozilla/5.0 AppleWebKit/537.36 (KHTML, like Gecko; compatible; bingbot/2.0; +http://www.bing.com/bingbot.htm) Chrome/116.0.1938.76 Safari/537.36"
51.81.110.82 - - [01/Sep/2026:02:26:16 -0400] "GET /novatianism/g2u1t3w8o1r5t47958 HTTP/1.1" 404 236 "-" "Mozilla/5.0 (compatible; AhrefsBot/7.0; +http://ahrefs.com/robot/)"
207.46.13.141 - - [01/Sep/2026:02:26:50 -0400] "GET /mootman/d0e1p5u9r5a1t1e8005 HTTP/1.1" 404 236 "-" "Mozilla/5.0 AppleWebKit/537.36 (KHTML, like Gecko; compatible; bingbot/2.0; +http://www.bing.com/bingbot.htm) Chrome/116.0.1938.76 Safari/537.36"
207.46.13.141 - - [01/Sep/2026:02:26:50 -0400] "GET /prognosticated/q1u2o5i3l1822829 HTTP/1.1" 404 236 "-" "Mozilla/5.0 AppleWebKit/537.36 (KHTML, like Gecko; compatible; bingbot/2.0; +http://www.bing.com/bingbot.htm) Chrome/116.0.1938.76 Safari/537.36"
207.46.13.141 - - [01/Sep/2026:02:26:50 -0400] "GET /?parsimoniousness/11851430674 HTTP/1.1" 200 358 "-" "Mozilla/5.0 AppleWebKit/537.36 (KHTML, like Gecko; compatible; bingbot/2.0; +http://www.bing.com/bingbot.htm) Chrome/116.0.1938.76 Safari/537.36"
207.46.13.141 - - [01/Sep/2026:02:26:51 -0400] "GET /obligatorily/u7n6g9u8i5n9o1u6s43 HTTP/1.1" 404 236 "-" "Mozilla/5.0 AppleWebKit/537.36 (KHTML, like Gecko; compatible; bingbot/2.0; +http://www.bing.com/bingbot.htm) Chrome/116.0.1938.76 Safari/537.36"
40.77.167.2 - - [01/Sep/2026:02:26:56 -0400] "GET /?plumose/22943159828 HTTP/1.1" 200 358 "-" "Mozilla/5.0 AppleWebKit/537.36 (KHTML, like Gecko; compatible; bingbot/2.0; +http://www.bing.com/bingbot.htm) Chrome/116.0.1938.76 Safari/537.36"
40.77.167.2 - - [01/Sep/2026:02:26:56 -0400] "GET /logged/u3n1w5i1l4l7e6d782 HTTP/1.1" 404 236 "-" "Mozilla/5.0 AppleWebKit/537.36 (KHTML, like Gecko; compatible; bingbot/2.0; +http://www.bing.com/bingbot.htm) Chrome/116.0.1938.76 Safari/537.36"
40.77.167.38 - - [01/Sep/2026:02:27:00 -0400] "GET /?t=u4n1d5e0r4f4u0r3n7i3s0h HTTP/1.1" 200 358 "-" "Mozilla/5.0 AppleWebKit/537.36 (KHTML, like Gecko; compatible; bingbot/2.0; +http://www.bing.com/bingbot.htm) Chrome/116.0.1938.76 Safari/537.36"
40.77.167.38 - - [01/Sep/2026:02:27:00 -0400] "GET /?t=f6a6r6c3y762707 HTTP/1.1" 200 358 "-" "Mozilla/5.0 AppleWebKit/537.36 (KHTML, like Gecko; compatible; bingbot/2.0; +http://www.bing.com/bingbot.htm) Chrome/116.0.1938.76 Safari/537.36"
207.46.13.141 - - [01/Sep/2026:02:27:00 -0400] "GET /shops/adversarious/t9u3b8i1c7o0r3n9o8u3s6 HTTP/1.1" 404 236 "-" "Mozilla/5.0 AppleWebKit/537.36 (KHTML, like Gecko; compatible; bingbot/2.0; +http://www.bing.com/bingbot.htm) Chrome/116.0.1938.76 Safari/537.36"
207.46.13.141 - - [01/Sep/2026:02:27:10 -0400] "GET /?t=k6h2u7s7k8h8u1s6721 HTTP/1.1" 200 358 "-" "Mozilla/5.0 AppleWebKit/537.36 (KHTML, like Gecko; compatible; bingbot/2.0; +http://www.bing.com/bingbot.htm) Chrome/116.0.1938.76 Safari/537.36"
207.46.13.141 - - [01/Sep/2026:02:27:10 -0400] "GET /shops/triangularly/h6a1n3d2o4f5f03888 HTTP/1.1" 404 236 "-" "Mozilla/5.0 AppleWebKit/537.36 (KHTML, like Gecko; compatible; bingbot/2.0; +http://www.bing.com/bingbot.htm) Chrome/116.0.1938.76 Safari/537.36"
207.46.13.141 - - [01/Sep/2026:02:27:11 -0400] "GET /?t=e6x3t4i9n9c6t09262 HTTP/1.1" 200 358 "-" "Mozilla/5.0 AppleWebKit/537.36 (KHTML, like Gecko; compatible; bingbot/2.0; +http://www.bing.com/bingbot.htm) Chrome/116.0.1938.76 Safari/537.36"
152.232.63.9 - - [01/Sep/2026:02:34:40 -0400] "GET /hickup/tonga/b8l2e4n9c5h141900 HTTP/1.1" 404 236 "-" "Mozilla/5.0 (Windows NT 10.0; Win64; x64) AppleWebKit/537.36 (KHTML, like Gecko) Chrome/149.0.0.0 Safari/537.36 Edg/149.0.0.0"
52.167.144.160 - - [01/Sep/2026:02:35:36 -0400] "GET /?t=i2l3l4e6g1i0t6i0m2a2c9y HTTP/1.1" 200 358 "-" "Mozilla/5.0 AppleWebKit/537.36 (KHTML, like Gecko; compatible; bingbot/2.0; +http://www.bing.com/bingbot.htm) Chrome/116.0.1938.76 Safari/537.36"
40.77.167.2 - - [01/Sep/2026:02:36:27 -0400] "GET /ophiuroida/h1e2n0s3f5o2o1t4964 HTTP/1.1" 404 236 "-" "Mozilla/5.0 AppleWebKit/537.36 (KHTML, like Gecko; compatible; bingbot/2.0; +http://www.bing.com/bingbot.htm) Chrome/116.0.1938.76 Safari/537.36"
89.208.52.206 - - [01/Sep/2026:02:36:28 -0400] "GET /?inexorability/8415671542 HTTP/1.1" 200 358 "-" "Mozilla/5.0 (Windows NT 10.0; Win64; x64) AppleWebKit/537.36 (KHTML, like Gecko) Chrome/149.0.0.0 Safari/537.36 Edg/149.0.0.0"
157.55.39.204 - - [01/Sep/2026:02:36:31 -0400] "GET /?t=s6u1p5e7r3t8r0a9g7i8c1al HTTP/1.1" 200 358 "-" "Mozilla/5.0 AppleWebKit/537.36 (KHTML, like Gecko; compatible; bingbot/2.0; +http://www.bing.com/bingbot.htm) Chrome/116.0.1938.76 Safari/537.36"
52.167.144.222 - - [01/Sep/2026:02:36:31 -0400] "GET /towsack/r6e3s3o2r5c0y7l8i4c99 HTTP/1.1" 404 236 "-" "Mozilla/5.0 AppleWebKit/537.36 (KHTML, like Gecko; compatible; bingbot/2.0; +http://www.bing.com/bingbot.htm) Chrome/116.0.1938.76 Safari/537.36"
52.167.144.222 - - [01/Sep/2026:02:36:31 -0400] "GET /shops/anamnesis/e7l1l5e2n1g5e9n5e9s8s5 HTTP/1.1" 404 236 "-" "Mozilla/5.0 AppleWebKit/537.36 (KHTML, like Gecko; compatible; bingbot/2.0; +http://www.bing.com/bingbot.htm) Chrome/116.0.1938.76 Safari/537.36"
52.167.144.222 - - [01/Sep/2026:02:36:31 -0400] "GET /shops/incumber/p2r3o0t8e2r1o4g9y9n5o2us HTTP/1.1" 404 236 "-" "Mozilla/5.0 AppleWebKit/537.36 (KHTML, like Gecko; compatible; bingbot/2.0; +http://www.bing.com/bingbot.htm) Chrome/116.0.1938.76 Safari/537.36"
52.167.144.222 - - [01/Sep/2026:02:36:31 -0400] "GET /gentianine/fretting/02363801524 HTTP/1.1" 404 236 "-" "Mozilla/5.0 AppleWebKit/537.36 (KHTML, like Gecko; compatible; bingbot/2.0; +http://www.bing.com/bingbot.htm) Chrome/116.0.1938.76 Safari/537.36"
40.77.167.2 - - [01/Sep/2026:02:36:37 -0400] "GET /stilting/hymeniums/82556620940 HTTP/1.1" 404 236 "-" "Mozilla/5.0 AppleWebKit/537.36 (KHTML, like Gecko; compatible; bingbot/2.0; +http://www.bing.com/bingbot.htm) Chrome/116.0.1938.76 Safari/537.36"
40.77.167.2 - - [01/Sep/2026:02:36:38 -0400] "GET /?t=d6e2g9a6r8n5i1s8h2e9d8 HTTP/1.1" 200 358 "-" "Mozilla/5.0 AppleWebKit/537.36 (KHTML, like Gecko; compatible; bingbot/2.0; +http://www.bing.com/bingbot.htm) Chrome/116.0.1938.76 Safari/537.36"
157.55.39.204 - - [01/Sep/2026:02:36:50 -0400] "GET /vessels/cordylus/g6u3i9d1e9r367005 HTTP/1.1" 404 236 "-" "Mozilla/5.0 AppleWebKit/537.36 (KHTML, like Gecko; compatible; bingbot/2.0; +http://www.bing.com/bingbot.htm) Chrome/116.0.1938.76 Safari/537.36"
94.154.43.129 - - [01/Sep/2026:02:38:22 -0400] "GET /.env HTTP/1.1" 406 300 "-" "Mozilla/5.0 (Windows NT 10.0; Win64; x64) AppleWebKit/537.36 (KHTML, like Gecko) Chrome/147.0.0.0 Safari/537.36"
52.167.144.238 - - [01/Sep/2026:02:39:38 -0400] "GET /?subventionize/33623147947 HTTP/1.1" 200 358 "-" "Mozilla/5.0 AppleWebKit/537.36 (KHTML, like Gecko; compatible; bingbot/2.0; +http://www.bing.com/bingbot.htm) Chrome/116.0.1938.76 Safari/537.36"
52.167.144.238 - - [01/Sep/2026:02:39:38 -0400] "GET /?t=i5n1a5d3e3q8u5a8t5e0l6y HTTP/1.1" 200 358 "-" "Mozilla/5.0 AppleWebKit/537.36 (KHTML, like Gecko; compatible; bingbot/2.0; +http://www.bing.com/bingbot.htm) Chrome/116.0.1938.76 Safari/537.36"
52.167.144.238 - - [01/Sep/2026:02:39:38 -0400] "GET /tosto/fourparty/1207315492 HTTP/1.1" 404 236 "-" "Mozilla/5.0 AppleWebKit/537.36 (KHTML, like Gecko; compatible; bingbot/2.0; +http://www.bing.com/bingbot.htm) Chrome/116.0.1938.76 Safari/537.36"
52.167.144.222 - - [01/Sep/2026:02:39:42 -0400] "GET /shops/dense/h6o9m3e6s6p5e4a9k0i3ng HTTP/1.1" 404 236 "-" "Mozilla/5.0 AppleWebKit/537.36 (KHTML, like Gecko; compatible; bingbot/2.0; +http://www.bing.com/bingbot.htm) Chrome/116.0.1938.76 Safari/537.36"
52.167.144.222 - - [01/Sep/2026:02:39:47 -0400] "GET /batten/p3i6n2k1b2o1o3t407 HTTP/1.1" 404 236 "-" "Mozilla/5.0 AppleWebKit/537.36 (KHTML, like Gecko; compatible; bingbot/2.0; +http://www.bing.com/bingbot.htm) Chrome/116.0.1938.76 Safari/537.36"
52.167.144.238 - - [01/Sep/2026:02:39:49 -0400] "GET /shops/intercident/c8u1s4t6o2m1a1r0i2l5y3 HTTP/1.1" 404 236 "-" "Mozilla/5.0 AppleWebKit/537.36 (KHTML, like Gecko; compatible; bingbot/2.0; +http://www.bing.com/bingbot.htm) Chrome/116.0.1938.76 Safari/537.36"
207.46.13.64 - - [01/Sep/2026:02:39:50 -0400] "GET /shops/inspeximus/r8e1s0e7n9t2f0u2l5l9y8 HTTP/1.1" 404 236 "-" "Mozilla/5.0 AppleWebKit/537.36 (KHTML, like Gecko; compatible; bingbot/2.0; +http://www.bing.com/bingbot.htm) Chrome/116.0.1938.76 Safari/537.36"
52.167.144.238 - - [01/Sep/2026:02:39:52 -0400] "GET /?t=i0n2f6l8a3t2i3o6n9i3s1t HTTP/1.1" 200 358 "-" "Mozilla/5.0 AppleWebKit/537.36 (KHTML, like Gecko; compatible; bingbot/2.0; +http://www.bing.com/bingbot.htm) Chrome/116.0.1938.76 Safari/537.36"
52.167.144.238 - - [01/Sep/2026:02:39:52 -0400] "GET /shops/stereoscope/c0a2l5i0g1r2a2p7h2i6c HTTP/1.1" 404 236 "-" "Mozilla/5.0 AppleWebKit/537.36 (KHTML, like Gecko; compatible; bingbot/2.0; +http://www.bing.com/bingbot.htm) Chrome/116.0.1938.76 Safari/537.36"
157.55.39.204 - - [01/Sep/2026:02:40:01 -0400] "GET /nogoodnik/mintmaster/01871555252 HTTP/1.1" 404 236 "-" "Mozilla/5.0 AppleWebKit/537.36 (KHTML, like Gecko; compatible; bingbot/2.0; +http://www.bing.com/bingbot.htm) Chrome/116.0.1938.76 Safari/537.36"
157.55.39.204 - - [01/Sep/2026:02:40:01 -0400] "GET /shops/haiduk/b7i2d2w5i9l8l6i8i436 HTTP/1.1" 404 236 "-" "Mozilla/5.0 AppleWebKit/537.36 (KHTML, like Gecko; compatible; bingbot/2.0; +http://www.bing.com/bingbot.htm) Chrome/116.0.1938.76 Safari/537.36"
157.55.39.204 - - [01/Sep/2026:02:40:01 -0400] "GET /?emendable/61495811704 HTTP/1.1" 200 358 "-" "Mozilla/5.0 AppleWebKit/537.36 (KHTML, like Gecko; compatible; bingbot/2.0; +http://www.bing.com/bingbot.htm) Chrome/116.0.1938.76 Safari/537.36"
157.55.39.204 - - [01/Sep/2026:02:40:01 -0400] "GET /polygraphy/m0o3m7m2e3r6y70580 HTTP/1.1" 404 236 "-" "Mozilla/5.0 AppleWebKit/537.36 (KHTML, like Gecko; compatible; bingbot/2.0; +http://www.bing.com/bingbot.htm) Chrome/116.0.1938.76 Safari/537.36"
157.55.39.204 - - [01/Sep/2026:02:40:02 -0400] "GET /shops/treble/a2t2o0m3i0s6e2r6192 HTTP/1.1" 404 236 "-" "Mozilla/5.0 AppleWebKit/537.36 (KHTML, like Gecko; compatible; bingbot/2.0; +http://www.bing.com/bingbot.htm) Chrome/116.0.1938.76 Safari/537.36"
157.55.39.204 - - [01/Sep/2026:02:40:02 -0400] "GET /?t=h1y5d3r1o7p2h8o7b7y HTTP/1.1" 200 358 "-" "Mozilla/5.0 AppleWebKit/537.36 (KHTML, like Gecko; compatible; bingbot/2.0; +http://www.bing.com/bingbot.htm) Chrome/116.0.1938.76 Safari/537.36"
157.55.39.204 - - [01/Sep/2026:02:40:02 -0400] "GET /dactylalogy/summerhouse/72620700131 HTTP/1.1" 404 236 "-" "Mozilla/5.0 AppleWebKit/537.36 (KHTML, like Gecko; compatible; bingbot/2.0; +http://www.bing.com/bingbot.htm) Chrome/116.0.1938.76 Safari/537.36"
52.167.144.238 - - [01/Sep/2026:02:41:25 -0400] "GET /papagay/granter/71863495802 HTTP/1.1" 404 236 "-" "Mozilla/5.0 AppleWebKit/537.36 (KHTML, like Gecko; compatible; bingbot/2.0; +http://www.bing.com/bingbot.htm) Chrome/116.0.1938.76 Safari/537.36"
74.7.243.219 - - [01/Sep/2026:02:42:04 -0400] "GET /?sitemapindex.xml HTTP/1.1" 200 358 "-" "Mozilla/5.0 AppleWebKit/537.36 (KHTML, like Gecko; compatible; GPTBot/1.4; +https://openai.com/gptbot)"
74.7.230.57 - - [01/Sep/2026:02:42:04 -0400] "GET /robots.txt HTTP/1.1" 404 236 "-" "Mozilla/5.0 (Macintosh; Intel Mac OS X 10_15_7) AppleWebKit/537.36 (KHTML, like Gecko) Chrome/131.0.0.0 Safari/537.36; compatible; OAI-SearchBot/1.4; robots.txt; +https://openai.com/searchbot"
74.7.243.219 - - [01/Sep/2026:02:42:07 -0400] "GET /well-known/ HTTP/1.1" 200 391 "https://rioislandkitchen.com/?sitemapindex.xml" "Mozilla/5.0 AppleWebKit/537.36 (KHTML, like Gecko; compatible; GPTBot/1.4; +https://openai.com/gptbot)"
74.7.243.219 - - [01/Sep/2026:02:42:10 -0400] "GET /assets/ HTTP/1.1" 200 390 "https://rioislandkitchen.com/?sitemapindex.xml" "Mozilla/5.0 AppleWebKit/537.36 (KHTML, like Gecko; compatible; GPTBot/1.4; +https://openai.com/gptbot)"
74.7.243.219 - - [01/Sep/2026:02:42:12 -0400] "GET /well-known/?C=M;O=A HTTP/1.1" 200 391 "https://rioislandkitchen.com/well-known/" "Mozilla/5.0 AppleWebKit/537.36 (KHTML, like Gecko; compatible; GPTBot/1.4; +https://openai.com/gptbot)"
74.7.243.219 - - [01/Sep/2026:02:42:13 -0400] "GET /well-known/?C=D;O=A HTTP/1.1" 200 391 "https://rioislandkitchen.com/well-known/" "Mozilla/5.0 AppleWebKit/537.36 (KHTML, like Gecko; compatible; GPTBot/1.4; +https://openai.com/gptbot)"
74.7.243.219 - - [01/Sep/2026:02:42:15 -0400] "GET /well-known/?C=S;O=A HTTP/1.1" 200 391 "https://rioislandkitchen.com/well-known/" "Mozilla/5.0 AppleWebKit/537.36 (KHTML, like Gecko; compatible; GPTBot/1.4; +https://openai.com/gptbot)"
74.7.243.219 - - [01/Sep/2026:02:42:16 -0400] "GET /well-known/acme-challenge/ HTTP/1.1" 200 421 "https://rioislandkitchen.com/well-known/" "Mozilla/5.0 AppleWebKit/537.36 (KHTML, like Gecko; compatible; GPTBot/1.4; +https://openai.com/gptbot)"
74.7.243.219 - - [01/Sep/2026:02:42:17 -0400] "GET /well-known/?C=N;O=D HTTP/1.1" 200 388 "https://rioislandkitchen.com/well-known/" "Mozilla/5.0 AppleWebKit/537.36 (KHTML, like Gecko; compatible; GPTBot/1.4; +https://openai.com/gptbot)"
74.7.243.219 - - [01/Sep/2026:02:42:18 -0400] "GET /well-known/pki-validation/ HTTP/1.1" 200 420 "https://rioislandkitchen.com/well-known/" "Mozilla/5.0 AppleWebKit/537.36 (KHTML, like Gecko; compatible; GPTBot/1.4; +https://openai.com/gptbot)"
74.7.243.219 - - [01/Sep/2026:02:42:19 -0400] "GET /assets/?C=D;O=A HTTP/1.1" 200 390 "https://rioislandkitchen.com/assets/" "Mozilla/5.0 AppleWebKit/537.36 (KHTML, like Gecko; compatible; GPTBot/1.4; +https://openai.com/gptbot)"
74.7.243.219 - - [01/Sep/2026:02:42:20 -0400] "GET /assets/images/ HTTP/1.1" 200 442 "https://rioislandkitchen.com/assets/" "Mozilla/5.0 AppleWebKit/537.36 (KHTML, like Gecko; compatible; GPTBot/1.4; +https://openai.com/gptbot)"
74.7.243.219 - - [01/Sep/2026:02:42:21 -0400] "GET /assets/?C=S;O=A HTTP/1.1" 200 390 "https://rioislandkitchen.com/assets/" "Mozilla/5.0 AppleWebKit/537.36 (KHTML, like Gecko; compatible; GPTBot/1.4; +https://openai.com/gptbot)"
74.7.243.219 - - [01/Sep/2026:02:42:21 -0400] "GET /assets/?C=M;O=A HTTP/1.1" 200 390 "https://rioislandkitchen.com/assets/" "Mozilla/5.0 AppleWebKit/537.36 (KHTML, like Gecko; compatible; GPTBot/1.4; +https://openai.com/gptbot)"
74.7.243.219 - - [01/Sep/2026:02:42:22 -0400] "GET /assets/well-known/ HTTP/1.1" 200 381 "https://rioislandkitchen.com/assets/" "Mozilla/5.0 AppleWebKit/537.36 (KHTML, like Gecko; compatible; GPTBot/1.4; +https://openai.com/gptbot)"
74.7.243.219 - - [01/Sep/2026:02:42:23 -0400] "GET /assets/?C=N;O=D HTTP/1.1" 200 388 "https://rioislandkitchen.com/assets/" "Mozilla/5.0 AppleWebKit/537.36 (KHTML, like Gecko; compatible; GPTBot/1.4; +https://openai.com/gptbot)"
74.7.243.219 - - [01/Sep/2026:02:42:23 -0400] "GET /well-known/?C=M;O=D HTTP/1.1" 200 388 "https://rioislandkitchen.com/well-known/?C=M;O=A" "Mozilla/5.0 AppleWebKit/537.36 (KHTML, like Gecko; compatible; GPTBot/1.4; +https://openai.com/gptbot)"
74.7.243.219 - - [01/Sep/2026:02:42:24 -0400] "GET /well-known/?C=S;O=D HTTP/1.1" 200 388 "https://rioislandkitchen.com/well-known/?C=S;O=A" "Mozilla/5.0 AppleWebKit/537.36 (KHTML, like Gecko; compatible; GPTBot/1.4; +https://openai.com/gptbot)"
74.7.243.219 - - [01/Sep/2026:02:42:24 -0400] "GET /well-known/acme-challenge/c/ HTTP/1.1" 200 423 "https://rioislandkitchen.com/well-known/acme-challenge/" "Mozilla/5.0 AppleWebKit/537.36 (KHTML, like Gecko; compatible; GPTBot/1.4; +https://openai.com/gptbot)"
74.7.243.219 - - [01/Sep/2026:02:42:24 -0400] "GET /well-known/acme-challenge/e/ HTTP/1.1" 200 423 "https://rioislandkitchen.com/well-known/acme-challenge/" "Mozilla/5.0 AppleWebKit/537.36 (KHTML, like Gecko; compatible; GPTBot/1.4; +https://openai.com/gptbot)"
74.7.243.219 - - [01/Sep/2026:02:42:25 -0400] "GET /well-known/pki-validation/a/ HTTP/1.1" 200 421 "https://rioislandkitchen.com/well-known/pki-validation/" "Mozilla/5.0 AppleWebKit/537.36 (KHTML, like Gecko; compatible; GPTBot/1.4; +https://openai.com/gptbot)"
74.7.243.219 - - [01/Sep/2026:02:42:25 -0400] "GET /well-known/acme-challenge/d/ HTTP/1.1" 429 17 "https://rioislandkitchen.com/well-known/acme-challenge/" "Mozilla/5.0 AppleWebKit/537.36 (KHTML, like Gecko; compatible; GPTBot/1.4; +https://openai.com/gptbot)"
74.7.243.219 - - [01/Sep/2026:02:42:26 -0400] "GET /assets/images/f334a447b8index.php HTTP/1.1" 429 17 "https://rioislandkitchen.com/assets/images/" "Mozilla/5.0 AppleWebKit/537.36 (KHTML, like Gecko; compatible; GPTBot/1.4; +https://openai.com/gptbot)"
74.7.243.219 - - [01/Sep/2026:02:42:26 -0400] "GET /well-known/pki-validation/d/ HTTP/1.1" 429 17 "https://rioislandkitchen.com/well-known/pki-validation/" "Mozilla/5.0 AppleWebKit/537.36 (KHTML, like Gecko; compatible; GPTBot/1.4; +https://openai.com/gptbot)"
74.7.243.219 - - [01/Sep/2026:02:42:28 -0400] "GET /well-known/acme-challenge/a/ HTTP/1.1" 429 17 "https://rioislandkitchen.com/well-known/acme-challenge/" "Mozilla/5.0 AppleWebKit/537.36 (KHTML, like Gecko; compatible; GPTBot/1.4; +https://openai.com/gptbot)"
74.7.243.219 - - [01/Sep/2026:02:42:29 -0400] "GET /assets/well-known/acme-challenge/ HTTP/1.1" 429 17 "https://rioislandkitchen.com/assets/well-known/" "Mozilla/5.0 AppleWebKit/537.36 (KHTML, like Gecko; compatible; GPTBot/1.4; +https://openai.com/gptbot)"
74.7.243.219 - - [01/Sep/2026:02:42:32 -0400] "GET /well-known/acme-challenge/h/ HTTP/1.1" 429 17 "https://rioislandkitchen.com/well-known/acme-challenge/" "Mozilla/5.0 AppleWebKit/537.36 (KHTML, like Gecko; compatible; GPTBot/1.4; +https://openai.com/gptbot)"
74.7.243.219 - - [01/Sep/2026:02:42:36 -0400] "GET /well-known/acme-challenge/f/ HTTP/1.1" 429 17 "https://rioislandkitchen.com/well-known/acme-challenge/" "Mozilla/5.0 AppleWebKit/537.36 (KHTML, like Gecko; compatible; GPTBot/1.4; +https://openai.com/gptbot)"
74.7.243.219 - - [01/Sep/2026:02:42:41 -0400] "GET /well-known/acme-challenge/g/ HTTP/1.1" 429 17 "https://rioislandkitchen.com/well-known/acme-challenge/" "Mozilla/5.0 AppleWebKit/537.36 (KHTML, like Gecko; compatible; GPTBot/1.4; +https://openai.com/gptbot)"
66.249.74.195 - - [01/Sep/2026:02:42:46 -0400] "GET /?t=a1r1m7i5s2o0n4a7n8t92 HTTP/1.1" 200 358 "-" "Mozilla/5.0 (Linux; Android 6.0.1; Nexus 5X Build/MMB29P) AppleWebKit/537.36 (KHTML, like Gecko) Chrome/151.0.7922.173 Mobile Safari/537.36 (compatible; Googlebot/2.1; +http://www.google.com/bot.html)"
74.7.243.219 - - [01/Sep/2026:02:42:50 -0400] "GET /well-known/acme-challenge/c/h/ HTTP/1.1" 429 17 "https://rioislandkitchen.com/well-known/acme-challenge/c/" "Mozilla/5.0 AppleWebKit/537.36 (KHTML, like Gecko; compatible; GPTBot/1.4; +https://openai.com/gptbot)"
52.167.144.222 - - [01/Sep/2026:02:42:56 -0400] "GET /inadequacy/litmus/i0n2a2d8e5q1u2a1c8y74 HTTP/1.1" 404 236 "-" "Mozilla/5.0 AppleWebKit/537.36 (KHTML, like Gecko; compatible; bingbot/2.0; +http://www.bing.com/bingbot.htm) Chrome/116.0.1938.76 Safari/537.36"
74.7.243.219 - - [01/Sep/2026:02:43:03 -0400] "GET /well-known/acme-challenge/e/f/ HTTP/1.1" 429 17 "https://rioislandkitchen.com/well-known/acme-challenge/e/" "Mozilla/5.0 AppleWebKit/537.36 (KHTML, like Gecko; compatible; GPTBot/1.4; +https://openai.com/gptbot)"
74.7.243.219 - - [01/Sep/2026:02:43:22 -0400] "GET /well-known/pki-validation/a/e/ HTTP/1.1" 429 17 "https://rioislandkitchen.com/well-known/pki-validation/a/" "Mozilla/5.0 AppleWebKit/537.36 (KHTML, like Gecko; compatible; GPTBot/1.4; +https://openai.com/gptbot)"
74.7.243.219 - - [01/Sep/2026:02:43:42 -0400] "GET /well-known/acme-challenge/e/g/ HTTP/1.1" 429 17 "https://rioislandkitchen.com/well-known/acme-challenge/e/" "Mozilla/5.0 AppleWebKit/537.36 (KHTML, like Gecko; compatible; GPTBot/1.4; +https://openai.com/gptbot)"
74.7.243.219 - - [01/Sep/2026:02:44:02 -0400] "GET /well-known/acme-challenge/e/a/ HTTP/1.1" 429 17 "https://rioislandkitchen.com/well-known/acme-challenge/e/" "Mozilla/5.0 AppleWebKit/537.36 (KHTML, like Gecko; compatible; GPTBot/1.4; +https://openai.com/gptbot)"
74.7.243.219 - - [01/Sep/2026:02:44:22 -0400] "GET /well-known/acme-challenge/c/d/ HTTP/1.1" 429 17 "https://rioislandkitchen.com/well-known/acme-challenge/c/" "Mozilla/5.0 AppleWebKit/537.36 (KHTML, like Gecko; compatible; GPTBot/1.4; +https://openai.com/gptbot)"
74.7.243.219 - - [01/Sep/2026:02:44:42 -0400] "GET /well-known/pki-validation/a/h/ HTTP/1.1" 429 17 "https://rioislandkitchen.com/well-known/pki-validation/a/" "Mozilla/5.0 AppleWebKit/537.36 (KHTML, like Gecko; compatible; GPTBot/1.4; +https://openai.com/gptbot)"
74.7.243.219 - - [01/Sep/2026:02:45:02 -0400] "GET /well-known/acme-challenge/c/f/ HTTP/1.1" 429 17 "https://rioislandkitchen.com/well-known/acme-challenge/c/" "Mozilla/5.0 AppleWebKit/537.36 (KHTML, like Gecko; compatible; GPTBot/1.4; +https://openai.com/gptbot)"
74.7.243.219 - - [01/Sep/2026:02:45:22 -0400] "GET /well-known/pki-validation/a/c/ HTTP/1.1" 429 17 "https://rioislandkitchen.com/well-known/pki-validation/a/" "Mozilla/5.0 AppleWebKit/537.36 (KHTML, like Gecko; compatible; GPTBot/1.4; +https://openai.com/gptbot)"
74.7.243.219 - - [01/Sep/2026:02:45:42 -0400] "GET /?sitemap774.xml HTTP/1.1" 429 17 "-" "Mozilla/5.0 AppleWebKit/537.36 (KHTML, like Gecko; compatible; GPTBot/1.4; +https://openai.com/gptbot)"
74.7.243.219 - - [01/Sep/2026:02:46:02 -0400] "GET /well-known/acme-challenge/e/h/ HTTP/1.1" 429 17 "https://rioislandkitchen.com/well-known/acme-challenge/e/" "Mozilla/5.0 AppleWebKit/537.36 (KHTML, like Gecko; compatible; GPTBot/1.4; +https://openai.com/gptbot)"
74.7.243.219 - - [01/Sep/2026:02:46:22 -0400] "GET /well-known/acme-challenge/e/b/ HTTP/1.1" 429 17 "https://rioislandkitchen.com/well-known/acme-challenge/e/" "Mozilla/5.0 AppleWebKit/537.36 (KHTML, like Gecko; compatible; GPTBot/1.4; +https://openai.com/gptbot)"
74.7.243.219 - - [01/Sep/2026:02:46:42 -0400] "GET /well-known/acme-challenge/c/a/ HTTP/1.1" 429 17 "https://rioislandkitchen.com/well-known/acme-challenge/c/" "Mozilla/5.0 AppleWebKit/537.36 (KHTML, like Gecko; compatible; GPTBot/1.4; +https://openai.com/gptbot)"
40.77.167.51 - - [01/Sep/2026:02:46:57 -0400] "GET /mailable/ricinelaidic/m0a1i0l8a8b2l0e0771 HTTP/1.1" 404 236 "-" "Mozilla/5.0 AppleWebKit/537.36 (KHTML, like Gecko; compatible; bingbot/2.0; +http://www.bing.com/bingbot.htm) Chrome/116.0.1938.76 Safari/537.36"
74.7.243.219 - - [01/Sep/2026:02:47:02 -0400] "GET /well-known/acme-challenge/c/b/ HTTP/1.1" 429 17 "https://rioislandkitchen.com/well-known/acme-challenge/c/" "Mozilla/5.0 AppleWebKit/537.36 (KHTML, like Gecko; compatible; GPTBot/1.4; +https://openai.com/gptbot)"
40.77.167.51 - - [01/Sep/2026:02:47:07 -0400] "GET /sandhill/urostyle/94179110087 HTTP/1.1" 404 236 "-" "Mozilla/5.0 AppleWebKit/537.36 (KHTML, like Gecko; compatible; bingbot/2.0; +http://www.bing.com/bingbot.htm) Chrome/116.0.1938.76 Safari/537.36"
74.7.243.219 - - [01/Sep/2026:02:47:22 -0400] "GET /well-known/acme-challenge/c/e/ HTTP/1.1" 429 17 "https://rioislandkitchen.com/well-known/acme-challenge/c/" "Mozilla/5.0 AppleWebKit/537.36 (KHTML, like Gecko; compatible; GPTBot/1.4; +https://openai.com/gptbot)"
74.7.243.219 - - [01/Sep/2026:02:47:42 -0400] "GET /well-known/acme-challenge/c/g/ HTTP/1.1" 429 17 "https://rioislandkitchen.com/well-known/acme-challenge/c/" "Mozilla/5.0 AppleWebKit/537.36 (KHTML, like Gecko; compatible; GPTBot/1.4; +https://openai.com/gptbot)"
74.7.243.219 - - [01/Sep/2026:02:48:02 -0400] "GET /well-known/pki-validation/a/f/ HTTP/1.1" 429 17 "https://rioislandkitchen.com/well-known/pki-validation/a/" "Mozilla/5.0 AppleWebKit/537.36 (KHTML, like Gecko; compatible; GPTBot/1.4; +https://openai.com/gptbot)"
40.77.167.51 - - [01/Sep/2026:02:48:09 -0400] "GET /edgingly/corporalship/3680657674 HTTP/1.1" 404 236 "-" "Mozilla/5.0 AppleWebKit/537.36 (KHTML, like Gecko; compatible; bingbot/2.0; +http://www.bing.com/bingbot.htm) Chrome/116.0.1938.76 Safari/537.36"
40.77.167.51 - - [01/Sep/2026:02:48:09 -0400] "GET /?t=c1o1n0f7r6o7n8t9e0d71 HTTP/1.1" 200 358 "-" "Mozilla/5.0 AppleWebKit/537.36 (KHTML, like Gecko; compatible; bingbot/2.0; +http://www.bing.com/bingbot.htm) Chrome/116.0.1938.76 Safari/537.36"
40.77.167.51 - - [01/Sep/2026:02:48:10 -0400] "GET /shops/retinite/c6o1m5m8e3r9c2e1568 HTTP/1.1" 404 236 "-" "Mozilla/5.0 AppleWebKit/537.36 (KHTML, like Gecko; compatible; bingbot/2.0; +http://www.bing.com/bingbot.htm) Chrome/116.0.1938.76 Safari/537.36"
40.77.167.51 - - [01/Sep/2026:02:48:11 -0400] "GET /?dictate/64146690329 HTTP/1.1" 200 358 "-" "Mozilla/5.0 AppleWebKit/537.36 (KHTML, like Gecko; compatible; bingbot/2.0; +http://www.bing.com/bingbot.htm) Chrome/116.0.1938.76 Safari/537.36"
40.77.167.51 - - [01/Sep/2026:02:48:11 -0400] "GET /?eyeglass/71868385283 HTTP/1.1" 200 358 "-" "Mozilla/5.0 AppleWebKit/537.36 (KHTML, like Gecko; compatible; bingbot/2.0; +http://www.bing.com/bingbot.htm) Chrome/116.0.1938.76 Safari/537.36"
207.46.13.51 - - [01/Sep/2026:02:48:13 -0400] "GET /shops/taeniada/b1e7s2i3e1g1e2d595 HTTP/1.1" 404 236 "-" "Mozilla/5.0 AppleWebKit/537.36 (KHTML, like Gecko; compatible; bingbot/2.0; +http://www.bing.com/bingbot.htm) Chrome/116.0.1938.76 Safari/537.36"
74.7.243.219 - - [01/Sep/2026:02:48:22 -0400] "GET /well-known/acme-challenge/e/d/ HTTP/1.1" 429 17 "https://rioislandkitchen.com/well-known/acme-challenge/e/" "Mozilla/5.0 AppleWebKit/537.36 (KHTML, like Gecko; compatible; GPTBot/1.4; +https://openai.com/gptbot)"
74.7.243.219 - - [01/Sep/2026:02:48:42 -0400] "GET /well-known/pki-validation/a/b/ HTTP/1.1" 429 17 "https://rioislandkitchen.com/well-known/pki-validation/a/" "Mozilla/5.0 AppleWebKit/537.36 (KHTML, like Gecko; compatible; GPTBot/1.4; +https://openai.com/gptbot)"
74.7.243.219 - - [01/Sep/2026:02:49:02 -0400] "GET /well-known/pki-validation/a/d/ HTTP/1.1" 429 17 "https://rioislandkitchen.com/well-known/pki-validation/a/" "Mozilla/5.0 AppleWebKit/537.36 (KHTML, like Gecko; compatible; GPTBot/1.4; +https://openai.com/gptbot)"
74.7.243.219 - - [01/Sep/2026:02:49:22 -0400] "GET /well-known/pki-validation/a/g/ HTTP/1.1" 429 17 "https://rioislandkitchen.com/well-known/pki-validation/a/" "Mozilla/5.0 AppleWebKit/537.36 (KHTML, like Gecko; compatible; GPTBot/1.4; +https://openai.com/gptbot)"
69.63.184.6 - - [01/Sep/2026:02:49:33 -0400] "GET /robots.txt HTTP/1.1" 404 236 "-" "facebookexternalhit/1.1 (+http://www.facebook.com/externalhit_uatext.php)"
74.7.243.219 - - [01/Sep/2026:02:49:42 -0400] "GET /well-known/acme-challenge/e/c/ HTTP/1.1" 429 17 "https://rioislandkitchen.com/well-known/acme-challenge/e/" "Mozilla/5.0 AppleWebKit/537.36 (KHTML, like Gecko; compatible; GPTBot/1.4; +https://openai.com/gptbot)"
66.249.74.196 - - [01/Sep/2026:02:49:47 -0400] "GET /robots.txt HTTP/1.1" 404 236 "-" "Mozilla/5.0 (compatible; Googlebot/2.1; +http://www.google.com/bot.html)"
66.249.74.194 - - [01/Sep/2026:02:49:51 -0400] "GET /?t=c0o2n8v5e4n1i5e4n1c6e2 HTTP/1.1" 200 358 "-" "Mozilla/5.0 (Linux; Android 6.0.1; Nexus 5X Build/MMB29P) AppleWebKit/537.36 (KHTML, like Gecko) Chrome/151.0.7922.173 Mobile Safari/537.36 (compatible; Googlebot/2.1; +http://www.google.com/bot.html)"
40.77.167.42 - - [01/Sep/2026:02:49:57 -0400] "GET /?i=97565185174008 HTTP/1.1" 200 358 "-" "Mozilla/5.0 AppleWebKit/537.36 (KHTML, like Gecko; compatible; bingbot/2.0; +http://www.bing.com/bingbot.htm) Chrome/116.0.1938.76 Safari/537.36"
74.7.243.219 - - [01/Sep/2026:02:50:02 -0400] "GET /?sitemap518.xml HTTP/1.1" 429 17 "-" "Mozilla/5.0 AppleWebKit/537.36 (KHTML, like Gecko; compatible; GPTBot/1.4; +https://openai.com/gptbot)"
40.77.167.51 - - [01/Sep/2026:02:50:19 -0400] "GET /?t=d3e1p9r8a2v8e2d0n5e5ss HTTP/1.1" 200 358 "-" "Mozilla/5.0 AppleWebKit/537.36 (KHTML, like Gecko; compatible; bingbot/2.0; +http://www.bing.com/bingbot.htm) Chrome/116.0.1938.76 Safari/537.36"
40.77.167.51 - - [01/Sep/2026:02:50:19 -0400] "GET /shops/ochlesis/a7l1l4o8m3o3r1p6h8i9s4m HTTP/1.1" 404 236 "-" "Mozilla/5.0 AppleWebKit/537.36 (KHTML, like Gecko; compatible; bingbot/2.0; +http://www.bing.com/bingbot.htm) Chrome/116.0.1938.76 Safari/537.36"
40.77.167.51 - - [01/Sep/2026:02:50:19 -0400] "GET /shops/protea/p3e4t0e3r5e9l28389 HTTP/1.1" 404 236 "-" "Mozilla/5.0 AppleWebKit/537.36 (KHTML, like Gecko; compatible; bingbot/2.0; +http://www.bing.com/bingbot.htm) Chrome/116.0.1938.76 Safari/537.36"
74.7.243.219 - - [01/Sep/2026:02:50:22 -0400] "GET /well-known/pki-validation/e/ HTTP/1.1" 429 17 "https://rioislandkitchen.com/well-known/pki-validation/" "Mozilla/5.0 AppleWebKit/537.36 (KHTML, like Gecko; compatible; GPTBot/1.4; +https://openai.com/gptbot)"
207.46.13.51 - - [01/Sep/2026:02:50:23 -0400] "GET /?t=u2n2m4o2r3t3i1s4e151 HTTP/1.1" 200 358 "-" "Mozilla/5.0 AppleWebKit/537.36 (KHTML, like Gecko; compatible; bingbot/2.0; +http://www.bing.com/bingbot.htm) Chrome/116.0.1938.76 Safari/537.36"
207.46.13.51 - - [01/Sep/2026:02:50:24 -0400] "GET /shops/ambassadorship/r9e2b3u2k6i4n8g7658 HTTP/1.1" 404 236 "-" "Mozilla/5.0 AppleWebKit/537.36 (KHTML, like Gecko; compatible; bingbot/2.0; +http://www.bing.com/bingbot.htm) Chrome/116.0.1938.76 Safari/537.36"
207.46.13.51 - - [01/Sep/2026:02:50:24 -0400] "GET /?t=p2o5a8c6h7i2n6e4s6s6 HTTP/1.1" 200 358 "-" "Mozilla/5.0 AppleWebKit/537.36 (KHTML, like Gecko; compatible; bingbot/2.0; +http://www.bing.com/bingbot.htm) Chrome/116.0.1938.76 Safari/537.36"
207.46.13.51 - - [01/Sep/2026:02:50:24 -0400] "GET /?zemindary/7584699028 HTTP/1.1" 200 358 "-" "Mozilla/5.0 AppleWebKit/537.36 (KHTML, like Gecko; compatible; bingbot/2.0; +http://www.bing.com/bingbot.htm) Chrome/116.0.1938.76 Safari/537.36"
207.46.13.51 - - [01/Sep/2026:02:50:25 -0400] "GET /consulate/a5f2t9e3r8e1a9t3a4g6e0 HTTP/1.1" 404 236 "-" "Mozilla/5.0 AppleWebKit/537.36 (KHTML, like Gecko; compatible; bingbot/2.0; +http://www.bing.com/bingbot.htm) Chrome/116.0.1938.76 Safari/537.36"
40.77.167.42 - - [01/Sep/2026:02:50:29 -0400] "GET /?t=s5k2e8w5b8a9l7d3957 HTTP/1.1" 200 358 "-" "Mozilla/5.0 AppleWebKit/537.36 (KHTML, like Gecko; compatible; bingbot/2.0; +http://www.bing.com/bingbot.htm) Chrome/116.0.1938.76 Safari/537.36"
40.77.167.42 - - [01/Sep/2026:02:50:29 -0400] "GET /shops/overking/s8t2r2y3c2h1n6i6a120 HTTP/1.1" 404 236 "-" "Mozilla/5.0 AppleWebKit/537.36 (KHTML, like Gecko; compatible; bingbot/2.0; +http://www.bing.com/bingbot.htm) Chrome/116.0.1938.76 Safari/537.36"
40.77.167.42 - - [01/Sep/2026:02:50:29 -0400] "GET /?t=p0e2b5b2l7e0d96991 HTTP/1.1" 200 358 "-" "Mozilla/5.0 AppleWebKit/537.36 (KHTML, like Gecko; compatible; bingbot/2.0; +http://www.bing.com/bingbot.htm) Chrome/116.0.1938.76 Safari/537.36"
207.46.13.51 - - [01/Sep/2026:02:50:33 -0400] "GET /shops/fomorian/r2e2m4o0r2s0e2l8e1s5s1ness HTTP/1.1" 404 236 "-" "Mozilla/5.0 AppleWebKit/537.36 (KHTML, like Gecko; compatible; bingbot/2.0; +http://www.bing.com/bingbot.htm) Chrome/116.0.1938.76 Safari/537.36"
207.46.13.51 - - [01/Sep/2026:02:50:34 -0400] "GET /shops/inclinable/c3o3n9c5e5i3t0e7d3n2e8ss HTTP/1.1" 404 236 "-" "Mozilla/5.0 AppleWebKit/537.36 (KHTML, like Gecko; compatible; bingbot/2.0; +http://www.bing.com/bingbot.htm) Chrome/116.0.1938.76 Safari/537.36"
207.46.13.51 - - [01/Sep/2026:02:50:34 -0400] "GET /slicking/rabdomancy/e7p2e8n3e7t5i8c7942 HTTP/1.1" 404 236 "-" "Mozilla/5.0 AppleWebKit/537.36 (KHTML, like Gecko; compatible; bingbot/2.0; +http://www.bing.com/bingbot.htm) Chrome/116.0.1938.76 Safari/537.36"
40.77.167.51 - - [01/Sep/2026:02:50:39 -0400] "GET /shops/antiphone/b0o4w0p9e6n4c9i1l687 HTTP/1.1" 404 236 "-" "Mozilla/5.0 AppleWebKit/537.36 (KHTML, like Gecko; compatible; bingbot/2.0; +http://www.bing.com/bingbot.htm) Chrome/116.0.1938.76 Safari/537.36"
40.77.167.51 - - [01/Sep/2026:02:50:39 -0400] "GET /shops/selfhomicide/s1e2d7u4c3t9i6v8e2l0y HTTP/1.1" 404 236 "-" "Mozilla/5.0 AppleWebKit/537.36 (KHTML, like Gecko; compatible; bingbot/2.0; +http://www.bing.com/bingbot.htm) Chrome/116.0.1938.76 Safari/537.36"
69.171.249.115 - - [01/Sep/2026:02:50:40 -0400] "GET /robots.txt HTTP/1.1" 404 236 "-" "facebookexternalhit/1.1 (+http://www.facebook.com/externalhit_uatext.php)"
40.77.167.51 - - [01/Sep/2026:02:50:40 -0400] "GET /?t=i6m6p0r0e3s0s8i0b5ly HTTP/1.1" 200 358 "-" "Mozilla/5.0 AppleWebKit/537.36 (KHTML, like Gecko; compatible; bingbot/2.0; +http://www.bing.com/bingbot.htm) Chrome/116.0.1938.76 Safari/537.36"
69.171.249.12 - - [01/Sep/2026:02:50:40 -0400] "GET /robots.txt HTTP/1.1" 404 236 "-" "facebookexternalhit/1.1 (+http://www.facebook.com/externalhit_uatext.php)"
74.7.243.219 - - [01/Sep/2026:02:50:42 -0400] "GET /well-known/acme-challenge/b/ HTTP/1.1" 429 17 "https://rioislandkitchen.com/well-known/acme-challenge/" "Mozilla/5.0 AppleWebKit/537.36 (KHTML, like Gecko; compatible; GPTBot/1.4; +https://openai.com/gptbot)"
74.7.243.219 - - [01/Sep/2026:02:51:02 -0400] "GET /?sitemap835.xml HTTP/1.1" 429 17 "-" "Mozilla/5.0 AppleWebKit/537.36 (KHTML, like Gecko; compatible; GPTBot/1.4; +https://openai.com/gptbot)"
74.7.243.219 - - [01/Sep/2026:02:51:22 -0400] "GET /well-known/pki-validation/b/ HTTP/1.1" 429 17 "https://rioislandkitchen.com/well-known/pki-validation/" "Mozilla/5.0 AppleWebKit/537.36 (KHTML, like Gecko; compatible; GPTBot/1.4; +https://openai.com/gptbot)"
74.7.228.55 - - [01/Sep/2026:02:51:30 -0400] "GET /robots.txt HTTP/1.1" 404 236 "-" "Mozilla/5.0 (Macintosh; Intel Mac OS X 10_15_7) AppleWebKit/537.36 (KHTML, like Gecko) Chrome/131.0.0.0 Safari/537.36; compatible; OAI-SearchBot/1.4; robots.txt; +https://openai.com/searchbot"
74.7.243.219 - - [01/Sep/2026:02:51:42 -0400] "GET /?sitemap905.xml HTTP/1.1" 429 17 "-" "Mozilla/5.0 AppleWebKit/537.36 (KHTML, like Gecko; compatible; GPTBot/1.4; +https://openai.com/gptbot)"
157.55.39.197 - - [01/Sep/2026:02:51:51 -0400] "GET /shops/winning/b3e5a5c6h2e0d6900 HTTP/1.1" 404 236 "-" "Mozilla/5.0 AppleWebKit/537.36 (KHTML, like Gecko; compatible; bingbot/2.0; +http://www.bing.com/bingbot.htm) Chrome/116.0.1938.76 Safari/537.36"
52.167.144.174 - - [01/Sep/2026:02:51:57 -0400] "GET /shops/asweve/o2t1i0o7s4e356314 HTTP/1.1" 404 236 "-" "Mozilla/5.0 AppleWebKit/537.36 (KHTML, like Gecko; compatible; bingbot/2.0; +http://www.bing.com/bingbot.htm) Chrome/116.0.1938.76 Safari/537.36"
74.7.243.219 - - [01/Sep/2026:02:52:02 -0400] "GET /well-known/pki-validation/h/ HTTP/1.1" 429 17 "https://rioislandkitchen.com/well-known/pki-validation/" "Mozilla/5.0 AppleWebKit/537.36 (KHTML, like Gecko; compatible; GPTBot/1.4; +https://openai.com/gptbot)"
52.167.144.169 - - [01/Sep/2026:02:52:16 -0400] "GET /belittled/p2e2n8n8a7t0u6l3a5s3 HTTP/1.1" 404 236 "-" "Mozilla/5.0 AppleWebKit/537.36 (KHTML, like Gecko; compatible; bingbot/2.0; +http://www.bing.com/bingbot.htm) Chrome/116.0.1938.76 Safari/537.36"
