74.7.243.219 - - [01/Sep/2026:02:52:22 -0400] "GET /well-known/pki-validation/c/ HTTP/1.1" 429 17 "https://rioislandkitchen.com/well-known/pki-validation/" "Mozilla/5.0 AppleWebKit/537.36 (KHTML, like Gecko; compatible; GPTBot/1.4; +https://openai.com/gptbot)"
207.46.13.92 - - [01/Sep/2026:02:52:41 -0400] "GET /?t=c1e1n6s3o1r2i2o8u8s3ly HTTP/1.1" 200 358 "-" "Mozilla/5.0 AppleWebKit/537.36 (KHTML, like Gecko; compatible; bingbot/2.0; +http://www.bing.com/bingbot.htm) Chrome/116.0.1938.76 Safari/537.36"
74.7.243.219 - - [01/Sep/2026:02:52:42 -0400] "GET /well-known/pki-validation/f/ HTTP/1.1" 429 17 "https://rioislandkitchen.com/well-known/pki-validation/" "Mozilla/5.0 AppleWebKit/537.36 (KHTML, like Gecko; compatible; GPTBot/1.4; +https://openai.com/gptbot)"
74.7.243.219 - - [01/Sep/2026:02:53:02 -0400] "GET /?sitemap923.xml HTTP/1.1" 429 17 "-" "Mozilla/5.0 AppleWebKit/537.36 (KHTML, like Gecko; compatible; GPTBot/1.4; +https://openai.com/gptbot)"
74.7.243.219 - - [01/Sep/2026:02:53:22 -0400] "GET /well-known/pki-validation/g/ HTTP/1.1" 429 17 "https://rioislandkitchen.com/well-known/pki-validation/" "Mozilla/5.0 AppleWebKit/537.36 (KHTML, like Gecko; compatible; GPTBot/1.4; +https://openai.com/gptbot)"
74.7.243.219 - - [01/Sep/2026:02:53:42 -0400] "GET /assets/images/e0ccfce49findex.php HTTP/1.1" 429 17 "https://rioislandkitchen.com/assets/images/" "Mozilla/5.0 AppleWebKit/537.36 (KHTML, like Gecko; compatible; GPTBot/1.4; +https://openai.com/gptbot)"
74.7.243.219 - - [01/Sep/2026:02:54:02 -0400] "GET /assets/images/accesson.php HTTP/1.1" 429 17 "https://rioislandkitchen.com/assets/images/" "Mozilla/5.0 AppleWebKit/537.36 (KHTML, like Gecko; compatible; GPTBot/1.4; +https://openai.com/gptbot)"
155.2.215.53 - - [01/Sep/2026:02:54:08 -0400] "GET /wp-login.php HTTP/1.1" 404 36 "-" "Mozilla/5.0 (Windows NT 10.0; Win64; x64) AppleWebKit/537.36 Chrome/129.0.0.0 Safari/537.36"
74.7.243.219 - - [01/Sep/2026:02:54:22 -0400] "GET /assets/?C=M;O=D HTTP/1.1" 429 17 "https://rioislandkitchen.com/assets/?C=M;O=A" "Mozilla/5.0 AppleWebKit/537.36 (KHTML, like Gecko; compatible; GPTBot/1.4; +https://openai.com/gptbot)"
74.7.243.219 - - [01/Sep/2026:02:54:42 -0400] "GET /assets/?C=D;O=D HTTP/1.1" 429 17 "https://rioislandkitchen.com/assets/?C=D;O=A" "Mozilla/5.0 AppleWebKit/537.36 (KHTML, like Gecko; compatible; GPTBot/1.4; +https://openai.com/gptbot)"
40.77.167.42 - - [01/Sep/2026:02:54:57 -0400] "GET /carburetor/elicit/52329209171 HTTP/1.1" 404 236 "-" "Mozilla/5.0 AppleWebKit/537.36 (KHTML, like Gecko; compatible; bingbot/2.0; +http://www.bing.com/bingbot.htm) Chrome/116.0.1938.76 Safari/537.36"
74.7.243.219 - - [01/Sep/2026:02:55:02 -0400] "GET /assets/?C=N;O=A HTTP/1.1" 429 17 "https://rioislandkitchen.com/assets/?C=D;O=A" "Mozilla/5.0 AppleWebKit/537.36 (KHTML, like Gecko; compatible; GPTBot/1.4; +https://openai.com/gptbot)"
40.77.167.1 - - [01/Sep/2026:02:55:09 -0400] "GET /shops/fasciola/n9a3u7g1h0t7i7e0r917 HTTP/1.1" 404 236 "-" "Mozilla/5.0 AppleWebKit/537.36 (KHTML, like Gecko; compatible; bingbot/2.0; +http://www.bing.com/bingbot.htm) Chrome/116.0.1938.76 Safari/537.36"
40.77.167.1 - - [01/Sep/2026:02:55:09 -0400] "GET /shops/grammaticism/s8a3r6c5e0n6e2t633 HTTP/1.1" 404 236 "-" "Mozilla/5.0 AppleWebKit/537.36 (KHTML, like Gecko; compatible; bingbot/2.0; +http://www.bing.com/bingbot.htm) Chrome/116.0.1938.76 Safari/537.36"
40.77.167.42 - - [01/Sep/2026:02:55:19 -0400] "GET /?t=r2e7c6u2p4e9r3a5t2ing HTTP/1.1" 200 358 "-" "Mozilla/5.0 AppleWebKit/537.36 (KHTML, like Gecko; compatible; bingbot/2.0; +http://www.bing.com/bingbot.htm) Chrome/116.0.1938.76 Safari/537.36"
74.7.243.219 - - [01/Sep/2026:02:55:22 -0400] "GET /assets/?C=S;O=D HTTP/1.1" 429 17 "https://rioislandkitchen.com/assets/?C=S;O=A" "Mozilla/5.0 AppleWebKit/537.36 (KHTML, like Gecko; compatible; GPTBot/1.4; +https://openai.com/gptbot)"
207.46.13.6 - - [01/Sep/2026:02:55:24 -0400] "GET /shops/loggan/h8a2r1m3o1t2o9m0e667 HTTP/1.1" 404 236 "-" "Mozilla/5.0 AppleWebKit/537.36 (KHTML, like Gecko; compatible; bingbot/2.0; +http://www.bing.com/bingbot.htm) Chrome/116.0.1938.76 Safari/537.36"
207.46.13.6 - - [01/Sep/2026:02:55:24 -0400] "GET /shops/zoantharian/i0n1c9o8n8g4e7n7i5a0l8 HTTP/1.1" 404 236 "-" "Mozilla/5.0 AppleWebKit/537.36 (KHTML, like Gecko; compatible; bingbot/2.0; +http://www.bing.com/bingbot.htm) Chrome/116.0.1938.76 Safari/537.36"
207.46.13.6 - - [01/Sep/2026:02:55:24 -0400] "GET /dissolver/c0o3o8k0e7e719125 HTTP/1.1" 404 236 "-" "Mozilla/5.0 AppleWebKit/537.36 (KHTML, like Gecko; compatible; bingbot/2.0; +http://www.bing.com/bingbot.htm) Chrome/116.0.1938.76 Safari/537.36"
207.46.13.6 - - [01/Sep/2026:02:55:24 -0400] "GET /?t=u9n1g6u3e1a6l42225 HTTP/1.1" 200 358 "-" "Mozilla/5.0 AppleWebKit/537.36 (KHTML, like Gecko; compatible; bingbot/2.0; +http://www.bing.com/bingbot.htm) Chrome/116.0.1938.76 Safari/537.36"
74.7.243.219 - - [01/Sep/2026:02:55:42 -0400] "GET /well-known/?C=N;O=A HTTP/1.1" 429 17 "https://rioislandkitchen.com/well-known/?C=M;O=A" "Mozilla/5.0 AppleWebKit/537.36 (KHTML, like Gecko; compatible; GPTBot/1.4; +https://openai.com/gptbot)"
74.7.243.219 - - [01/Sep/2026:02:56:02 -0400] "GET /well-known/?C=D;O=D HTTP/1.1" 429 17 "https://rioislandkitchen.com/well-known/?C=D;O=A" "Mozilla/5.0 AppleWebKit/537.36 (KHTML, like Gecko; compatible; GPTBot/1.4; +https://openai.com/gptbot)"
74.7.243.219 - - [01/Sep/2026:02:56:22 -0400] "GET /assets/images/?C=D;O=A HTTP/1.1" 429 17 "https://rioislandkitchen.com/assets/images/" "Mozilla/5.0 AppleWebKit/537.36 (KHTML, like Gecko; compatible; GPTBot/1.4; +https://openai.com/gptbot)"
74.7.243.219 - - [01/Sep/2026:02:56:42 -0400] "GET /assets/images/?C=N;O=D HTTP/1.1" 429 17 "https://rioislandkitchen.com/assets/images/" "Mozilla/5.0 AppleWebKit/537.36 (KHTML, like Gecko; compatible; GPTBot/1.4; +https://openai.com/gptbot)"
74.7.243.219 - - [01/Sep/2026:02:57:02 -0400] "GET /assets/images/?C=M;O=A HTTP/1.1" 429 17 "https://rioislandkitchen.com/assets/images/" "Mozilla/5.0 AppleWebKit/537.36 (KHTML, like Gecko; compatible; GPTBot/1.4; +https://openai.com/gptbot)"
74.7.243.219 - - [01/Sep/2026:02:57:22 -0400] "GET /assets/images/?C=S;O=A HTTP/1.1" 429 17 "https://rioislandkitchen.com/assets/images/" "Mozilla/5.0 AppleWebKit/537.36 (KHTML, like Gecko; compatible; GPTBot/1.4; +https://openai.com/gptbot)"
207.46.13.92 - - [01/Sep/2026:02:57:31 -0400] "GET /shops/triadelphous/b2r6a5c4h2y1g0r0a8p5her HTTP/1.1" 404 236 "-" "Mozilla/5.0 AppleWebKit/537.36 (KHTML, like Gecko; compatible; bingbot/2.0; +http://www.bing.com/bingbot.htm) Chrome/116.0.1938.76 Safari/537.36"
74.7.243.219 - - [01/Sep/2026:02:57:42 -0400] "GET /buy.php?sitemap346.xml HTTP/1.1" 429 17 "-" "Mozilla/5.0 AppleWebKit/537.36 (KHTML, like Gecko; compatible; GPTBot/1.4; +https://openai.com/gptbot)"
74.7.243.219 - - [01/Sep/2026:02:58:02 -0400] "GET /assets/well-known/?C=N;O=D HTTP/1.1" 429 17 "https://rioislandkitchen.com/assets/well-known/" "Mozilla/5.0 AppleWebKit/537.36 (KHTML, like Gecko; compatible; GPTBot/1.4; +https://openai.com/gptbot)"
74.7.243.219 - - [01/Sep/2026:02:58:22 -0400] "GET /assets/well-known/?C=D;O=A HTTP/1.1" 429 17 "https://rioislandkitchen.com/assets/well-known/" "Mozilla/5.0 AppleWebKit/537.36 (KHTML, like Gecko; compatible; GPTBot/1.4; +https://openai.com/gptbot)"
173.252.83.31 - - [01/Sep/2026:02:58:26 -0400] "GET /robots.txt HTTP/1.1" 404 236 "-" "facebookexternalhit/1.1 (+http://www.facebook.com/externalhit_uatext.php)"
40.77.167.42 - - [01/Sep/2026:02:58:28 -0400] "GET /shops/ireland/n5e1b8u3l6o1s6o5s781 HTTP/1.1" 404 236 "-" "Mozilla/5.0 AppleWebKit/537.36 (KHTML, like Gecko; compatible; bingbot/2.0; +http://www.bing.com/bingbot.htm) Chrome/116.0.1938.76 Safari/537.36"
74.7.243.219 - - [01/Sep/2026:02:58:42 -0400] "GET /assets/well-known/?C=S;O=A HTTP/1.1" 429 17 "https://rioislandkitchen.com/assets/well-known/" "Mozilla/5.0 AppleWebKit/537.36 (KHTML, like Gecko; compatible; GPTBot/1.4; +https://openai.com/gptbot)"
40.77.167.1 - - [01/Sep/2026:02:59:00 -0400] "GET /marmot/powers/22628469541 HTTP/1.1" 404 236 "-" "Mozilla/5.0 AppleWebKit/537.36 (KHTML, like Gecko; compatible; bingbot/2.0; +http://www.bing.com/bingbot.htm) Chrome/116.0.1938.76 Safari/537.36"
40.77.167.1 - - [01/Sep/2026:02:59:01 -0400] "GET /debauch/unconceivableness/21630304499 HTTP/1.1" 404 236 "-" "Mozilla/5.0 AppleWebKit/537.36 (KHTML, like Gecko; compatible; bingbot/2.0; +http://www.bing.com/bingbot.htm) Chrome/116.0.1938.76 Safari/537.36"
74.7.243.219 - - [01/Sep/2026:02:59:02 -0400] "GET /assets/well-known/?C=M;O=A HTTP/1.1" 429 17 "https://rioislandkitchen.com/assets/well-known/" "Mozilla/5.0 AppleWebKit/537.36 (KHTML, like Gecko; compatible; GPTBot/1.4; +https://openai.com/gptbot)"
207.46.13.6 - - [01/Sep/2026:02:59:04 -0400] "GET /japonism/f9l4a0g6i2t4i6o9u0s36 HTTP/1.1" 404 236 "-" "Mozilla/5.0 AppleWebKit/537.36 (KHTML, like Gecko; compatible; bingbot/2.0; +http://www.bing.com/bingbot.htm) Chrome/116.0.1938.76 Safari/537.36"
207.46.13.6 - - [01/Sep/2026:02:59:04 -0400] "GET /?t=c5o1n8d6i5m3e6n0t561 HTTP/1.1" 200 358 "-" "Mozilla/5.0 AppleWebKit/537.36 (KHTML, like Gecko; compatible; bingbot/2.0; +http://www.bing.com/bingbot.htm) Chrome/116.0.1938.76 Safari/537.36"
40.77.167.42 - - [01/Sep/2026:02:59:09 -0400] "GET /?autocratorical/779686628 HTTP/1.1" 200 358 "-" "Mozilla/5.0 AppleWebKit/537.36 (KHTML, like Gecko; compatible; bingbot/2.0; +http://www.bing.com/bingbot.htm) Chrome/116.0.1938.76 Safari/537.36"
40.77.167.42 - - [01/Sep/2026:02:59:09 -0400] "GET /?t=p8a9l1a8t4e73643 HTTP/1.1" 200 358 "-" "Mozilla/5.0 AppleWebKit/537.36 (KHTML, like Gecko; compatible; bingbot/2.0; +http://www.bing.com/bingbot.htm) Chrome/116.0.1938.76 Safari/537.36"
40.77.167.42 - - [01/Sep/2026:02:59:09 -0400] "GET /shops/pacified/b8l2a4n6d5i0l5o4q5u9i3ous HTTP/1.1" 404 236 "-" "Mozilla/5.0 AppleWebKit/537.36 (KHTML, like Gecko; compatible; bingbot/2.0; +http://www.bing.com/bingbot.htm) Chrome/116.0.1938.76 Safari/537.36"
40.77.167.42 - - [01/Sep/2026:02:59:09 -0400] "GET /shops/pocket/h5a3g9g9l1e7r56303 HTTP/1.1" 404 236 "-" "Mozilla/5.0 AppleWebKit/537.36 (KHTML, like Gecko; compatible; bingbot/2.0; +http://www.bing.com/bingbot.htm) Chrome/116.0.1938.76 Safari/537.36"
40.77.167.42 - - [01/Sep/2026:02:59:09 -0400] "GET /?t=g0o1n1o5r7r4h6e2a393 HTTP/1.1" 200 358 "-" "Mozilla/5.0 AppleWebKit/537.36 (KHTML, like Gecko; compatible; bingbot/2.0; +http://www.bing.com/bingbot.htm) Chrome/116.0.1938.76 Safari/537.36"
40.77.167.1 - - [01/Sep/2026:02:59:15 -0400] "GET /?t=m4a3t1r1i6x298187 HTTP/1.1" 200 358 "-" "Mozilla/5.0 AppleWebKit/537.36 (KHTML, like Gecko; compatible; bingbot/2.0; +http://www.bing.com/bingbot.htm) Chrome/116.0.1938.76 Safari/537.36"
74.7.243.219 - - [01/Sep/2026:02:59:22 -0400] "GET /well-known/acme-challenge/?C=S;O=A HTTP/1.1" 429 17 "https://rioislandkitchen.com/well-known/acme-challenge/" "Mozilla/5.0 AppleWebKit/537.36 (KHTML, like Gecko; compatible; GPTBot/1.4; +https://openai.com/gptbot)"
74.7.243.219 - - [01/Sep/2026:02:59:42 -0400] "GET /well-known/acme-challenge/?C=M;O=A HTTP/1.1" 429 17 "https://rioislandkitchen.com/well-known/acme-challenge/" "Mozilla/5.0 AppleWebKit/537.36 (KHTML, like Gecko; compatible; GPTBot/1.4; +https://openai.com/gptbot)"
74.7.243.219 - - [01/Sep/2026:03:00:02 -0400] "GET /well-known/acme-challenge/?C=D;O=A HTTP/1.1" 429 17 "https://rioislandkitchen.com/well-known/acme-challenge/" "Mozilla/5.0 AppleWebKit/537.36 (KHTML, like Gecko; compatible; GPTBot/1.4; +https://openai.com/gptbot)"
74.7.243.219 - - [01/Sep/2026:03:00:22 -0400] "GET /well-known/acme-challenge/?C=N;O=D HTTP/1.1" 429 17 "https://rioislandkitchen.com/well-known/acme-challenge/" "Mozilla/5.0 AppleWebKit/537.36 (KHTML, like Gecko; compatible; GPTBot/1.4; +https://openai.com/gptbot)"
74.7.243.219 - - [01/Sep/2026:03:00:42 -0400] "GET /well-known/pki-validation/?C=N;O=D HTTP/1.1" 429 17 "https://rioislandkitchen.com/well-known/pki-validation/" "Mozilla/5.0 AppleWebKit/537.36 (KHTML, like Gecko; compatible; GPTBot/1.4; +https://openai.com/gptbot)"
40.77.167.1 - - [01/Sep/2026:03:00:51 -0400] "GET /?i=7667173430 HTTP/1.1" 200 358 "-" "Mozilla/5.0 AppleWebKit/537.36 (KHTML, like Gecko; compatible; bingbot/2.0; +http://www.bing.com/bingbot.htm) Chrome/116.0.1938.76 Safari/537.36"
40.77.167.1 - - [01/Sep/2026:03:00:51 -0400] "GET /?t=s4e4a7b9o1r4d8579 HTTP/1.1" 200 358 "-" "Mozilla/5.0 AppleWebKit/537.36 (KHTML, like Gecko; compatible; bingbot/2.0; +http://www.bing.com/bingbot.htm) Chrome/116.0.1938.76 Safari/537.36"
40.77.167.1 - - [01/Sep/2026:03:00:51 -0400] "GET /?t=p9l6i0a1b6l2y7618 HTTP/1.1" 200 358 "-" "Mozilla/5.0 AppleWebKit/537.36 (KHTML, like Gecko; compatible; bingbot/2.0; +http://www.bing.com/bingbot.htm) Chrome/116.0.1938.76 Safari/537.36"
207.46.13.6 - - [01/Sep/2026:03:00:55 -0400] "GET /?dedicatory/3851394467 HTTP/1.1" 200 358 "-" "Mozilla/5.0 AppleWebKit/537.36 (KHTML, like Gecko; compatible; bingbot/2.0; +http://www.bing.com/bingbot.htm) Chrome/116.0.1938.76 Safari/537.36"
207.46.13.6 - - [01/Sep/2026:03:00:55 -0400] "GET /shops/chylificatory/h5a2r1u9s9p9i8c2a9t4i5on HTTP/1.1" 404 236 "-" "Mozilla/5.0 AppleWebKit/537.36 (KHTML, like Gecko; compatible; bingbot/2.0; +http://www.bing.com/bingbot.htm) Chrome/116.0.1938.76 Safari/537.36"
207.46.13.6 - - [01/Sep/2026:03:00:55 -0400] "GET /gladiatory/e2l2e1c4t1r0o4t5o6n2i8c HTTP/1.1" 404 236 "-" "Mozilla/5.0 AppleWebKit/537.36 (KHTML, like Gecko; compatible; bingbot/2.0; +http://www.bing.com/bingbot.htm) Chrome/116.0.1938.76 Safari/537.36"
207.46.13.6 - - [01/Sep/2026:03:00:56 -0400] "GET /?t=s8u1p9p4u2r0a7t4e698 HTTP/1.1" 200 358 "-" "Mozilla/5.0 AppleWebKit/537.36 (KHTML, like Gecko; compatible; bingbot/2.0; +http://www.bing.com/bingbot.htm) Chrome/116.0.1938.76 Safari/537.36"
207.46.13.6 - - [01/Sep/2026:03:00:56 -0400] "GET /?t=n8a1r4c9i8s6t03671 HTTP/1.1" 200 358 "-" "Mozilla/5.0 AppleWebKit/537.36 (KHTML, like Gecko; compatible; bingbot/2.0; +http://www.bing.com/bingbot.htm) Chrome/116.0.1938.76 Safari/537.36"
52.167.144.145 - - [01/Sep/2026:03:01:00 -0400] "GET /shops/parlance/c7a4n2a2a6n17406 HTTP/1.1" 404 236 "-" "Mozilla/5.0 AppleWebKit/537.36 (KHTML, like Gecko; compatible; bingbot/2.0; +http://www.bing.com/bingbot.htm) Chrome/116.0.1938.76 Safari/537.36"
52.167.144.145 - - [01/Sep/2026:03:01:00 -0400] "GET /shops/bolection/c4a3l6e6d6o6n6i9c2us HTTP/1.1" 404 236 "-" "Mozilla/5.0 AppleWebKit/537.36 (KHTML, like Gecko; compatible; bingbot/2.0; +http://www.bing.com/bingbot.htm) Chrome/116.0.1938.76 Safari/537.36"
52.167.144.145 - - [01/Sep/2026:03:01:00 -0400] "GET /shops/studding/b0o1x0i9n4g258310 HTTP/1.1" 404 236 "-" "Mozilla/5.0 AppleWebKit/537.36 (KHTML, like Gecko; compatible; bingbot/2.0; +http://www.bing.com/bingbot.htm) Chrome/116.0.1938.76 Safari/537.36"
52.167.144.145 - - [01/Sep/2026:03:01:00 -0400] "GET /?t=d8e1m3o3n7o5m2a2g3y69 HTTP/1.1" 200 358 "-" "Mozilla/5.0 AppleWebKit/537.36 (KHTML, like Gecko; compatible; bingbot/2.0; +http://www.bing.com/bingbot.htm) Chrome/116.0.1938.76 Safari/537.36"
74.7.243.219 - - [01/Sep/2026:03:01:02 -0400] "GET /well-known/pki-validation/?C=S;O=A HTTP/1.1" 429 17 "https://rioislandkitchen.com/well-known/pki-validation/" "Mozilla/5.0 AppleWebKit/537.36 (KHTML, like Gecko; compatible; GPTBot/1.4; +https://openai.com/gptbot)"
40.77.167.1 - - [01/Sep/2026:03:01:11 -0400] "GET /?jatrophic/62458531934 HTTP/1.1" 200 358 "-" "Mozilla/5.0 AppleWebKit/537.36 (KHTML, like Gecko; compatible; bingbot/2.0; +http://www.bing.com/bingbot.htm) Chrome/116.0.1938.76 Safari/537.36"
74.7.243.219 - - [01/Sep/2026:03:01:22 -0400] "GET /well-known/pki-validation/?C=D;O=A HTTP/1.1" 429 17 "https://rioislandkitchen.com/well-known/pki-validation/" "Mozilla/5.0 AppleWebKit/537.36 (KHTML, like Gecko; compatible; GPTBot/1.4; +https://openai.com/gptbot)"
74.7.243.219 - - [01/Sep/2026:03:01:42 -0400] "GET /well-known/pki-validation/?C=M;O=A HTTP/1.1" 429 17 "https://rioislandkitchen.com/well-known/pki-validation/" "Mozilla/5.0 AppleWebKit/537.36 (KHTML, like Gecko; compatible; GPTBot/1.4; +https://openai.com/gptbot)"
74.7.243.219 - - [01/Sep/2026:03:02:02 -0400] "GET /well-known/acme-challenge/c/?C=M;O=A HTTP/1.1" 429 17 "https://rioislandkitchen.com/well-known/acme-challenge/c/" "Mozilla/5.0 AppleWebKit/537.36 (KHTML, like Gecko; compatible; GPTBot/1.4; +https://openai.com/gptbot)"
74.7.243.219 - - [01/Sep/2026:03:02:22 -0400] "GET /well-known/acme-challenge/c/?C=D;O=A HTTP/1.1" 429 17 "https://rioislandkitchen.com/well-known/acme-challenge/c/" "Mozilla/5.0 AppleWebKit/537.36 (KHTML, like Gecko; compatible; GPTBot/1.4; +https://openai.com/gptbot)"
74.7.243.219 - - [01/Sep/2026:03:02:42 -0400] "GET /well-known/acme-challenge/e/?C=N;O=D HTTP/1.1" 429 17 "https://rioislandkitchen.com/well-known/acme-challenge/e/" "Mozilla/5.0 AppleWebKit/537.36 (KHTML, like Gecko; compatible; GPTBot/1.4; +https://openai.com/gptbot)"
52.167.144.145 - - [01/Sep/2026:03:02:48 -0400] "GET /shops/creatic/a2m1e1t1a9b5o7l8i7c97 HTTP/1.1" 404 236 "-" "Mozilla/5.0 AppleWebKit/537.36 (KHTML, like Gecko; compatible; bingbot/2.0; +http://www.bing.com/bingbot.htm) Chrome/116.0.1938.76 Safari/537.36"
74.7.243.219 - - [01/Sep/2026:03:03:02 -0400] "GET /well-known/acme-challenge/e/?C=D;O=A HTTP/1.1" 429 17 "https://rioislandkitchen.com/well-known/acme-challenge/e/" "Mozilla/5.0 AppleWebKit/537.36 (KHTML, like Gecko; compatible; GPTBot/1.4; +https://openai.com/gptbot)"
74.7.243.219 - - [01/Sep/2026:03:03:22 -0400] "GET /well-known/acme-challenge/c/?C=N;O=D HTTP/1.1" 429 17 "https://rioislandkitchen.com/well-known/acme-challenge/c/" "Mozilla/5.0 AppleWebKit/537.36 (KHTML, like Gecko; compatible; GPTBot/1.4; +https://openai.com/gptbot)"
207.46.13.92 - - [01/Sep/2026:03:03:23 -0400] "GET /hippocrates/fleuron/h0i2p1p0o0c7r6a4t2e0s4 HTTP/1.1" 404 236 "-" "Mozilla/5.0 AppleWebKit/537.36 (KHTML, like Gecko; compatible; bingbot/2.0; +http://www.bing.com/bingbot.htm) Chrome/116.0.1938.76 Safari/537.36"
40.77.167.1 - - [01/Sep/2026:03:03:30 -0400] "GET /shops/rebellion/l6o1a1n2m3o3n6g9e7r10 HTTP/1.1" 404 236 "-" "Mozilla/5.0 AppleWebKit/537.36 (KHTML, like Gecko; compatible; bingbot/2.0; +http://www.bing.com/bingbot.htm) Chrome/116.0.1938.76 Safari/537.36"
40.77.167.1 - - [01/Sep/2026:03:03:30 -0400] "GET /shops/redcoat/f3e2s3t3e2y0e80135 HTTP/1.1" 404 236 "-" "Mozilla/5.0 AppleWebKit/537.36 (KHTML, like Gecko; compatible; bingbot/2.0; +http://www.bing.com/bingbot.htm) Chrome/116.0.1938.76 Safari/537.36"
40.77.167.1 - - [01/Sep/2026:03:03:30 -0400] "GET /copyholder/viridiauratus/a4n2t2i4n3e2p0h9r5i3tic HTTP/1.1" 404 236 "-" "Mozilla/5.0 AppleWebKit/537.36 (KHTML, like Gecko; compatible; bingbot/2.0; +http://www.bing.com/bingbot.htm) Chrome/116.0.1938.76 Safari/537.36"
40.77.167.1 - - [01/Sep/2026:03:03:30 -0400] "GET /shops/coagent/t6r1y0n3g4i2t8e9s924 HTTP/1.1" 404 236 "-" "Mozilla/5.0 AppleWebKit/537.36 (KHTML, like Gecko; compatible; bingbot/2.0; +http://www.bing.com/bingbot.htm) Chrome/116.0.1938.76 Safari/537.36"
207.46.13.92 - - [01/Sep/2026:03:03:34 -0400] "GET /anaesthetist/w2a2l2t5y9783428 HTTP/1.1" 404 236 "-" "Mozilla/5.0 AppleWebKit/537.36 (KHTML, like Gecko; compatible; bingbot/2.0; +http://www.bing.com/bingbot.htm) Chrome/116.0.1938.76 Safari/537.36"
207.46.13.92 - - [01/Sep/2026:03:03:35 -0400] "GET /?t=c5a1r2e7e5r9i4s6m647 HTTP/1.1" 200 358 "-" "Mozilla/5.0 AppleWebKit/537.36 (KHTML, like Gecko; compatible; bingbot/2.0; +http://www.bing.com/bingbot.htm) Chrome/116.0.1938.76 Safari/537.36"
52.167.144.145 - - [01/Sep/2026:03:03:40 -0400] "GET /shops/elegiast/e7m3b4r2o0u3d8e9540 HTTP/1.1" 404 236 "-" "Mozilla/5.0 AppleWebKit/537.36 (KHTML, like Gecko; compatible; bingbot/2.0; +http://www.bing.com/bingbot.htm) Chrome/116.0.1938.76 Safari/537.36"
52.167.144.145 - - [01/Sep/2026:03:03:40 -0400] "GET /shops/audible/a0m1e9n5d5a9b8l3e002 HTTP/1.1" 404 236 "-" "Mozilla/5.0 AppleWebKit/537.36 (KHTML, like Gecko; compatible; bingbot/2.0; +http://www.bing.com/bingbot.htm) Chrome/116.0.1938.76 Safari/537.36"
52.167.144.145 - - [01/Sep/2026:03:03:40 -0400] "GET /shops/stemlet/e7n2g5a0s7t9r2i9m2u9t8h HTTP/1.1" 404 236 "-" "Mozilla/5.0 AppleWebKit/537.36 (KHTML, like Gecko; compatible; bingbot/2.0; +http://www.bing.com/bingbot.htm) Chrome/116.0.1938.76 Safari/537.36"
74.7.243.219 - - [01/Sep/2026:03:03:42 -0400] "GET /well-known/acme-challenge/e/?C=S;O=A HTTP/1.1" 429 17 "https://rioislandkitchen.com/well-known/acme-challenge/e/" "Mozilla/5.0 AppleWebKit/537.36 (KHTML, like Gecko; compatible; GPTBot/1.4; +https://openai.com/gptbot)"
74.7.243.219 - - [01/Sep/2026:03:04:02 -0400] "GET /well-known/acme-challenge/e/?C=M;O=A HTTP/1.1" 429 17 "https://rioislandkitchen.com/well-known/acme-challenge/e/" "Mozilla/5.0 AppleWebKit/537.36 (KHTML, like Gecko; compatible; GPTBot/1.4; +https://openai.com/gptbot)"
74.7.243.219 - - [01/Sep/2026:03:04:22 -0400] "GET /well-known/acme-challenge/c/?C=S;O=A HTTP/1.1" 429 17 "https://rioislandkitchen.com/well-known/acme-challenge/c/" "Mozilla/5.0 AppleWebKit/537.36 (KHTML, like Gecko; compatible; GPTBot/1.4; +https://openai.com/gptbot)"
52.167.144.145 - - [01/Sep/2026:03:04:38 -0400] "GET /snood/chirurgus/03444436394 HTTP/1.1" 404 236 "-" "Mozilla/5.0 AppleWebKit/537.36 (KHTML, like Gecko; compatible; bingbot/2.0; +http://www.bing.com/bingbot.htm) Chrome/116.0.1938.76 Safari/537.36"
74.7.243.219 - - [01/Sep/2026:03:04:42 -0400] "GET /well-known/pki-validation/a/?C=D;O=A HTTP/1.1" 429 17 "https://rioislandkitchen.com/well-known/pki-validation/a/" "Mozilla/5.0 AppleWebKit/537.36 (KHTML, like Gecko; compatible; GPTBot/1.4; +https://openai.com/gptbot)"
74.7.243.219 - - [01/Sep/2026:03:05:02 -0400] "GET /well-known/pki-validation/a/?C=N;O=D HTTP/1.1" 429 17 "https://rioislandkitchen.com/well-known/pki-validation/a/" "Mozilla/5.0 AppleWebKit/537.36 (KHTML, like Gecko; compatible; GPTBot/1.4; +https://openai.com/gptbot)"
74.7.243.219 - - [01/Sep/2026:03:05:22 -0400] "GET /well-known/pki-validation/a/?C=S;O=A HTTP/1.1" 429 17 "https://rioislandkitchen.com/well-known/pki-validation/a/" "Mozilla/5.0 AppleWebKit/537.36 (KHTML, like Gecko; compatible; GPTBot/1.4; +https://openai.com/gptbot)"
74.7.243.219 - - [01/Sep/2026:03:05:42 -0400] "GET /well-known/pki-validation/a/?C=M;O=A HTTP/1.1" 429 17 "https://rioislandkitchen.com/well-known/pki-validation/a/" "Mozilla/5.0 AppleWebKit/537.36 (KHTML, like Gecko; compatible; GPTBot/1.4; +https://openai.com/gptbot)"
207.46.13.92 - - [01/Sep/2026:03:05:53 -0400] "GET /?undercast/12121995179 HTTP/1.1" 200 358 "-" "Mozilla/5.0 AppleWebKit/537.36 (KHTML, like Gecko; compatible; bingbot/2.0; +http://www.bing.com/bingbot.htm) Chrome/116.0.1938.76 Safari/537.36"
207.46.13.92 - - [01/Sep/2026:03:05:53 -0400] "GET /shops/indeleble/p0l6u4m0p0l0y3884 HTTP/1.1" 404 236 "-" "Mozilla/5.0 AppleWebKit/537.36 (KHTML, like Gecko; compatible; bingbot/2.0; +http://www.bing.com/bingbot.htm) Chrome/116.0.1938.76 Safari/537.36"
207.46.13.92 - - [01/Sep/2026:03:05:53 -0400] "GET /?t=c4l8o7i3s4o8n0n9e93 HTTP/1.1" 200 358 "-" "Mozilla/5.0 AppleWebKit/537.36 (KHTML, like Gecko; compatible; bingbot/2.0; +http://www.bing.com/bingbot.htm) Chrome/116.0.1938.76 Safari/537.36"
207.46.13.92 - - [01/Sep/2026:03:05:53 -0400] "GET /triptote/m8o3t2i5o1n9e0d3147 HTTP/1.1" 404 236 "-" "Mozilla/5.0 AppleWebKit/537.36 (KHTML, like Gecko; compatible; bingbot/2.0; +http://www.bing.com/bingbot.htm) Chrome/116.0.1938.76 Safari/537.36"
52.167.144.145 - - [01/Sep/2026:03:06:00 -0400] "GET /?t=g2e3o5d6e3t5i3c3s851 HTTP/1.1" 200 358 "-" "Mozilla/5.0 AppleWebKit/537.36 (KHTML, like Gecko; compatible; bingbot/2.0; +http://www.bing.com/bingbot.htm) Chrome/116.0.1938.76 Safari/537.36"
52.167.144.145 - - [01/Sep/2026:03:06:00 -0400] "GET /shops/apparence/l9a1v0i0n0g660251 HTTP/1.1" 404 236 "-" "Mozilla/5.0 AppleWebKit/537.36 (KHTML, like Gecko; compatible; bingbot/2.0; +http://www.bing.com/bingbot.htm) Chrome/116.0.1938.76 Safari/537.36"
52.167.144.145 - - [01/Sep/2026:03:06:00 -0400] "GET /agriculturally/d0e8n4o0t5e84135 HTTP/1.1" 404 236 "-" "Mozilla/5.0 AppleWebKit/537.36 (KHTML, like Gecko; compatible; bingbot/2.0; +http://www.bing.com/bingbot.htm) Chrome/116.0.1938.76 Safari/537.36"
52.167.144.145 - - [01/Sep/2026:03:06:00 -0400] "GET /confessing/u1n1l6o7o6k4e7d9879 HTTP/1.1" 404 236 "-" "Mozilla/5.0 AppleWebKit/537.36 (KHTML, like Gecko; compatible; bingbot/2.0; +http://www.bing.com/bingbot.htm) Chrome/116.0.1938.76 Safari/537.36"
207.46.13.92 - - [01/Sep/2026:03:06:05 -0400] "GET /hydrobiplane/t6h2r0u4m8m6e8d6354 HTTP/1.1" 404 236 "-" "Mozilla/5.0 AppleWebKit/537.36 (KHTML, like Gecko; compatible; bingbot/2.0; +http://www.bing.com/bingbot.htm) Chrome/116.0.1938.76 Safari/537.36"
207.46.13.92 - - [01/Sep/2026:03:06:05 -0400] "GET /errors/p7o6r8i2c5h6t5h1y4s8 HTTP/1.1" 404 236 "-" "Mozilla/5.0 AppleWebKit/537.36 (KHTML, like Gecko; compatible; bingbot/2.0; +http://www.bing.com/bingbot.htm) Chrome/116.0.1938.76 Safari/537.36"
207.46.13.92 - - [01/Sep/2026:03:06:05 -0400] "GET /supersubstantial/a5r1v7e1n7s7i0s1480 HTTP/1.1" 404 236 "-" "Mozilla/5.0 AppleWebKit/537.36 (KHTML, like Gecko; compatible; bingbot/2.0; +http://www.bing.com/bingbot.htm) Chrome/116.0.1938.76 Safari/537.36"
207.46.13.92 - - [01/Sep/2026:03:06:05 -0400] "GET /?t=p7u2n1c5t8i1l5i4o6s01 HTTP/1.1" 200 358 "-" "Mozilla/5.0 AppleWebKit/537.36 (KHTML, like Gecko; compatible; bingbot/2.0; +http://www.bing.com/bingbot.htm) Chrome/116.0.1938.76 Safari/537.36"
52.167.144.145 - - [01/Sep/2026:03:06:11 -0400] "GET /shops/gemination/e6n3f1o0r0c2e3d6252 HTTP/1.1" 404 236 "-" "Mozilla/5.0 AppleWebKit/537.36 (KHTML, like Gecko; compatible; bingbot/2.0; +http://www.bing.com/bingbot.htm) Chrome/116.0.1938.76 Safari/537.36"
173.252.107.6 - - [01/Sep/2026:03:07:19 -0400] "GET /robots.txt HTTP/1.1" 404 236 "-" "facebookexternalhit/1.1 (+http://www.facebook.com/externalhit_uatext.php)"
207.46.13.92 - - [01/Sep/2026:03:07:24 -0400] "GET /?t=n4a4r1c1o3t6i7c9n0e3s9s HTTP/1.1" 200 358 "-" "Mozilla/5.0 AppleWebKit/537.36 (KHTML, like Gecko; compatible; bingbot/2.0; +http://www.bing.com/bingbot.htm) Chrome/116.0.1938.76 Safari/537.36"
207.46.13.92 - - [01/Sep/2026:03:07:24 -0400] "GET /?testoon/6214817959 HTTP/1.1" 200 358 "-" "Mozilla/5.0 AppleWebKit/537.36 (KHTML, like Gecko; compatible; bingbot/2.0; +http://www.bing.com/bingbot.htm) Chrome/116.0.1938.76 Safari/537.36"
207.46.13.92 - - [01/Sep/2026:03:07:24 -0400] "GET /?t=c8e3s5t6o8l1d2e2a6n39 HTTP/1.1" 200 358 "-" "Mozilla/5.0 AppleWebKit/537.36 (KHTML, like Gecko; compatible; bingbot/2.0; +http://www.bing.com/bingbot.htm) Chrome/116.0.1938.76 Safari/537.36"
207.46.13.92 - - [01/Sep/2026:03:07:25 -0400] "GET /?t=a3m2p4h2i4s9p3i3z8a0 HTTP/1.1" 200 358 "-" "Mozilla/5.0 AppleWebKit/537.36 (KHTML, like Gecko; compatible; bingbot/2.0; +http://www.bing.com/bingbot.htm) Chrome/116.0.1938.76 Safari/537.36"
207.46.13.92 - - [01/Sep/2026:03:07:25 -0400] "GET /shops/sprout/m9a4s1o3n0199558 HTTP/1.1" 404 236 "-" "Mozilla/5.0 AppleWebKit/537.36 (KHTML, like Gecko; compatible; bingbot/2.0; +http://www.bing.com/bingbot.htm) Chrome/116.0.1938.76 Safari/537.36"
52.167.144.145 - - [01/Sep/2026:03:07:30 -0400] "GET /knowleching/procellariidae/61336310270 HTTP/1.1" 404 236 "-" "Mozilla/5.0 AppleWebKit/537.36 (KHTML, like Gecko; compatible; bingbot/2.0; +http://www.bing.com/bingbot.htm) Chrome/116.0.1938.76 Safari/537.36"
52.167.144.145 - - [01/Sep/2026:03:07:30 -0400] "GET /nonparasitic/h5o2g9f7i0s4h33875 HTTP/1.1" 404 236 "-" "Mozilla/5.0 AppleWebKit/537.36 (KHTML, like Gecko; compatible; bingbot/2.0; +http://www.bing.com/bingbot.htm) Chrome/116.0.1938.76 Safari/537.36"
207.46.13.92 - - [01/Sep/2026:03:07:34 -0400] "GET /beneaped/c6o2n9d7e9n8s3e5619 HTTP/1.1" 404 236 "-" "Mozilla/5.0 AppleWebKit/537.36 (KHTML, like Gecko; compatible; bingbot/2.0; +http://www.bing.com/bingbot.htm) Chrome/116.0.1938.76 Safari/537.36"
52.167.144.183 - - [01/Sep/2026:03:07:34 -0400] "GET /?eraser/0861805 HTTP/1.1" 200 358 "-" "Mozilla/5.0 AppleWebKit/537.36 (KHTML, like Gecko; compatible; bingbot/2.0; +http://www.bing.com/bingbot.htm) Chrome/116.0.1938.76 Safari/537.36"
52.167.144.183 - - [01/Sep/2026:03:07:35 -0400] "GET /adurol/flambe/93136343054 HTTP/1.1" 404 236 "-" "Mozilla/5.0 AppleWebKit/537.36 (KHTML, like Gecko; compatible; bingbot/2.0; +http://www.bing.com/bingbot.htm) Chrome/116.0.1938.76 Safari/537.36"
52.167.144.183 - - [01/Sep/2026:03:07:35 -0400] "GET /hottonia/f8i1r5s4t2h7a0n1d157 HTTP/1.1" 404 236 "-" "Mozilla/5.0 AppleWebKit/537.36 (KHTML, like Gecko; compatible; bingbot/2.0; +http://www.bing.com/bingbot.htm) Chrome/116.0.1938.76 Safari/537.36"
52.167.144.183 - - [01/Sep/2026:03:07:35 -0400] "GET /?t=i4m4m2a8n5a6c7l2e3d32 HTTP/1.1" 200 358 "-" "Mozilla/5.0 AppleWebKit/537.36 (KHTML, like Gecko; compatible; bingbot/2.0; +http://www.bing.com/bingbot.htm) Chrome/116.0.1938.76 Safari/537.36"
52.167.144.145 - - [01/Sep/2026:03:07:40 -0400] "GET /?t=d4e1v6o7l3u4t3i8o0n55 HTTP/1.1" 200 358 "-" "Mozilla/5.0 AppleWebKit/537.36 (KHTML, like Gecko; compatible; bingbot/2.0; +http://www.bing.com/bingbot.htm) Chrome/116.0.1938.76 Safari/537.36"
207.46.13.92 - - [01/Sep/2026:03:07:45 -0400] "GET /shops/tortion/a5r3t3f1u7l8l1y9356 HTTP/1.1" 404 236 "-" "Mozilla/5.0 AppleWebKit/537.36 (KHTML, like Gecko; compatible; bingbot/2.0; +http://www.bing.com/bingbot.htm) Chrome/116.0.1938.76 Safari/537.36"
40.77.167.30 - - [01/Sep/2026:03:08:50 -0400] "GET /heterotaxy/diagrammatical/13378398911 HTTP/1.1" 404 236 "-" "Mozilla/5.0 AppleWebKit/537.36 (KHTML, like Gecko; compatible; bingbot/2.0; +http://www.bing.com/bingbot.htm) Chrome/116.0.1938.76 Safari/537.36"
52.167.144.193 - - [01/Sep/2026:03:09:18 -0400] "GET /shops/assuage/s1p7a7r6g6e3f7a3c3t8ion HTTP/1.1" 404 236 "-" "Mozilla/5.0 AppleWebKit/537.36 (KHTML, like Gecko; compatible; bingbot/2.0; +http://www.bing.com/bingbot.htm) Chrome/116.0.1938.76 Safari/537.36"
157.55.39.192 - - [01/Sep/2026:03:09:22 -0400] "GET /shops/incompliable/m0a2c2h0i9c3o9u4l0i7s6 HTTP/1.1" 404 236 "-" "Mozilla/5.0 AppleWebKit/537.36 (KHTML, like Gecko; compatible; bingbot/2.0; +http://www.bing.com/bingbot.htm) Chrome/116.0.1938.76 Safari/537.36"
207.46.13.92 - - [01/Sep/2026:03:09:43 -0400] "GET /fregata/coalfish/f0r3e4g0a3t3a32821 HTTP/1.1" 404 236 "-" "Mozilla/5.0 AppleWebKit/537.36 (KHTML, like Gecko; compatible; bingbot/2.0; +http://www.bing.com/bingbot.htm) Chrome/116.0.1938.76 Safari/537.36"
20.15.133.191 - - [01/Sep/2026:03:11:42 -0400] "GET /cornicula/employe/i2m3p3o8r8t202522 HTTP/1.1" 404 236 "-" "Mozilla/5.0 AppleWebKit/537.36 (KHTML, like Gecko; compatible; bingbot/2.0; +http://www.bing.com/bingbot.htm) Chrome/116.0.1938.76 Safari/537.36"
52.167.144.183 - - [01/Sep/2026:03:13:39 -0400] "GET /ruffin/remote/01021948466 HTTP/1.1" 404 236 "-" "Mozilla/5.0 AppleWebKit/537.36 (KHTML, like Gecko; compatible; bingbot/2.0; +http://www.bing.com/bingbot.htm) Chrome/116.0.1938.76 Safari/537.36"
52.167.144.193 - - [01/Sep/2026:03:14:40 -0400] "GET /shops/bajadere/a0r1e3e3k4418270 HTTP/1.1" 404 236 "-" "Mozilla/5.0 AppleWebKit/537.36 (KHTML, like Gecko; compatible; bingbot/2.0; +http://www.bing.com/bingbot.htm) Chrome/116.0.1938.76 Safari/537.36"
157.55.39.201 - - [01/Sep/2026:03:16:35 -0400] "GET /triangular/r0u9g7g1e0d1l0y280 HTTP/1.1" 404 236 "-" "Mozilla/5.0 AppleWebKit/537.36 (KHTML, like Gecko; compatible; bingbot/2.0; +http://www.bing.com/bingbot.htm) Chrome/116.0.1938.76 Safari/537.36"
52.167.144.183 - - [01/Sep/2026:03:16:42 -0400] "GET /shops/insuring/r9e2l1u5c5t3a1t0i5o3n2 HTTP/1.1" 404 236 "-" "Mozilla/5.0 AppleWebKit/537.36 (KHTML, like Gecko; compatible; bingbot/2.0; +http://www.bing.com/bingbot.htm) Chrome/116.0.1938.76 Safari/537.36"
157.55.39.201 - - [01/Sep/2026:03:16:46 -0400] "GET /unagreeable/g5l4e1e4d8932650 HTTP/1.1" 404 236 "-" "Mozilla/5.0 AppleWebKit/537.36 (KHTML, like Gecko; compatible; bingbot/2.0; +http://www.bing.com/bingbot.htm) Chrome/116.0.1938.76 Safari/537.36"
157.55.39.201 - - [01/Sep/2026:03:16:47 -0400] "GET /overutilization/remonstrance/c4a1p5i4t8o8l8i0n7e14 HTTP/1.1" 404 236 "-" "Mozilla/5.0 AppleWebKit/537.36 (KHTML, like Gecko; compatible; bingbot/2.0; +http://www.bing.com/bingbot.htm) Chrome/116.0.1938.76 Safari/537.36"
157.55.39.201 - - [01/Sep/2026:03:16:47 -0400] "GET /shops/illecebrous/a7l4p0h2a6b1e3t1i1c5al HTTP/1.1" 404 236 "-" "Mozilla/5.0 AppleWebKit/537.36 (KHTML, like Gecko; compatible; bingbot/2.0; +http://www.bing.com/bingbot.htm) Chrome/116.0.1938.76 Safari/537.36"
157.55.39.201 - - [01/Sep/2026:03:16:47 -0400] "GET /shops/augment/f3u4n2g6i8b7l8e6955 HTTP/1.1" 404 236 "-" "Mozilla/5.0 AppleWebKit/537.36 (KHTML, like Gecko; compatible; bingbot/2.0; +http://www.bing.com/bingbot.htm) Chrome/116.0.1938.76 Safari/537.36"
157.55.39.201 - - [01/Sep/2026:03:16:47 -0400] "GET /shops/xyloid/c9o3n3v4e6n5t4i4c6a1l9 HTTP/1.1" 404 236 "-" "Mozilla/5.0 AppleWebKit/537.36 (KHTML, like Gecko; compatible; bingbot/2.0; +http://www.bing.com/bingbot.htm) Chrome/116.0.1938.76 Safari/537.36"
40.77.167.241 - - [01/Sep/2026:03:16:52 -0400] "GET /?concurring/11257745039 HTTP/1.1" 200 358 "-" "Mozilla/5.0 AppleWebKit/537.36 (KHTML, like Gecko; compatible; bingbot/2.0; +http://www.bing.com/bingbot.htm) Chrome/116.0.1938.76 Safari/537.36"
40.77.167.241 - - [01/Sep/2026:03:16:52 -0400] "GET /?anaerobes/41672225956 HTTP/1.1" 200 358 "-" "Mozilla/5.0 AppleWebKit/537.36 (KHTML, like Gecko; compatible; bingbot/2.0; +http://www.bing.com/bingbot.htm) Chrome/116.0.1938.76 Safari/537.36"
40.77.167.241 - - [01/Sep/2026:03:16:52 -0400] "GET /shops/aduncous/h5e1t2e5r9o3s2o3m2i79 HTTP/1.1" 404 236 "-" "Mozilla/5.0 AppleWebKit/537.36 (KHTML, like Gecko; compatible; bingbot/2.0; +http://www.bing.com/bingbot.htm) Chrome/116.0.1938.76 Safari/537.36"
40.77.167.241 - - [01/Sep/2026:03:16:52 -0400] "GET /shops/verbenaceae/g3a2m2o0g4e3n9e1s4i8s6 HTTP/1.1" 404 236 "-" "Mozilla/5.0 AppleWebKit/537.36 (KHTML, like Gecko; compatible; bingbot/2.0; +http://www.bing.com/bingbot.htm) Chrome/116.0.1938.76 Safari/537.36"
40.77.167.241 - - [01/Sep/2026:03:16:53 -0400] "GET /shops/poacher/c0o9m2m6u1n1i2n7g38 HTTP/1.1" 404 236 "-" "Mozilla/5.0 AppleWebKit/537.36 (KHTML, like Gecko; compatible; bingbot/2.0; +http://www.bing.com/bingbot.htm) Chrome/116.0.1938.76 Safari/537.36"
157.55.39.201 - - [01/Sep/2026:03:16:54 -0400] "GET /?t=u5n1g2e1n6t3l2e0n7e6s4s HTTP/1.1" 200 358 "-" "Mozilla/5.0 AppleWebKit/537.36 (KHTML, like Gecko; compatible; bingbot/2.0; +http://www.bing.com/bingbot.htm) Chrome/116.0.1938.76 Safari/537.36"
52.167.144.232 - - [01/Sep/2026:03:16:57 -0400] "GET /seemer/w8h2i0t0e8n1e2d2792 HTTP/1.1" 404 236 "-" "Mozilla/5.0 AppleWebKit/537.36 (KHTML, like Gecko; compatible; bingbot/2.0; +http://www.bing.com/bingbot.htm) Chrome/116.0.1938.76 Safari/537.36"
52.167.144.232 - - [01/Sep/2026:03:16:57 -0400] "GET /?t=e3n3a2c6t1i5v2e5073 HTTP/1.1" 200 358 "-" "Mozilla/5.0 AppleWebKit/537.36 (KHTML, like Gecko; compatible; bingbot/2.0; +http://www.bing.com/bingbot.htm) Chrome/116.0.1938.76 Safari/537.36"
198.204.240.234 - - [01/Sep/2026:03:18:45 -0400] "GET /wp-content/pl5eb00c/edit.php HTTP/1.1" 404 236 "https://rioislandkitchen.com/wp-content/pl5eb00c/edit.php" "Mozilla/5.0 (Windows NT 6.0; rv:7.0.1) Gecko/20100101 Firefox/7.0.1"
173.252.70.4 - - [01/Sep/2026:03:19:33 -0400] "GET /robots.txt HTTP/1.1" 404 236 "-" "facebookexternalhit/1.1 (+http://www.facebook.com/externalhit_uatext.php)"
52.167.144.167 - - [01/Sep/2026:03:19:40 -0400] "GET /shops/institutionalized/o7f1f7e2n4c7e4970 HTTP/1.1" 404 236 "-" "Mozilla/5.0 AppleWebKit/537.36 (KHTML, like Gecko; compatible; bingbot/2.0; +http://www.bing.com/bingbot.htm) Chrome/116.0.1938.76 Safari/537.36"
52.167.144.232 - - [01/Sep/2026:03:20:01 -0400] "GET /?t=p8a9r0a5l2l7e6l8e3d5 HTTP/1.1" 200 358 "-" "Mozilla/5.0 AppleWebKit/537.36 (KHTML, like Gecko; compatible; bingbot/2.0; +http://www.bing.com/bingbot.htm) Chrome/116.0.1938.76 Safari/537.36"
52.167.144.232 - - [01/Sep/2026:03:20:02 -0400] "GET /shops/grimily/l6o3s1e0l367010 HTTP/1.1" 404 236 "-" "Mozilla/5.0 AppleWebKit/537.36 (KHTML, like Gecko; compatible; bingbot/2.0; +http://www.bing.com/bingbot.htm) Chrome/116.0.1938.76 Safari/537.36"
52.167.144.232 - - [01/Sep/2026:03:20:02 -0400] "GET /?t=s4h3u7n1n7i7n3g2237 HTTP/1.1" 200 358 "-" "Mozilla/5.0 AppleWebKit/537.36 (KHTML, like Gecko; compatible; bingbot/2.0; +http://www.bing.com/bingbot.htm) Chrome/116.0.1938.76 Safari/537.36"
52.167.144.232 - - [01/Sep/2026:03:20:02 -0400] "GET /shops/prolocutor/p5r1e8r2a7p9h6a7e1l7i1te HTTP/1.1" 404 236 "-" "Mozilla/5.0 AppleWebKit/537.36 (KHTML, like Gecko; compatible; bingbot/2.0; +http://www.bing.com/bingbot.htm) Chrome/116.0.1938.76 Safari/537.36"
52.167.144.232 - - [01/Sep/2026:03:20:02 -0400] "GET /?i=760328833204 HTTP/1.1" 200 358 "-" "Mozilla/5.0 AppleWebKit/537.36 (KHTML, like Gecko; compatible; bingbot/2.0; +http://www.bing.com/bingbot.htm) Chrome/116.0.1938.76 Safari/537.36"
157.55.39.201 - - [01/Sep/2026:03:20:05 -0400] "GET /?sunup/02489478545 HTTP/1.1" 200 358 "-" "Mozilla/5.0 AppleWebKit/537.36 (KHTML, like Gecko; compatible; bingbot/2.0; +http://www.bing.com/bingbot.htm) Chrome/116.0.1938.76 Safari/537.36"
40.77.167.241 - - [01/Sep/2026:03:20:11 -0400] "GET /?adorer/92981948471 HTTP/1.1" 200 358 "-" "Mozilla/5.0 AppleWebKit/537.36 (KHTML, like Gecko; compatible; bingbot/2.0; +http://www.bing.com/bingbot.htm) Chrome/116.0.1938.76 Safari/537.36"
138.84.137.226 - - [01/Sep/2026:03:20:15 -0400] "HEAD / HTTP/1.1" 200 - "-" "Mozilla/5.0 (Windows NT 10.0; Win64; x64) AppleWebKit/537.36 (KHTML, like Gecko) Chrome/58.0.3029.110 Safari/537.3"
157.55.39.201 - - [01/Sep/2026:03:20:16 -0400] "GET /patly/p2o3l0y5p7r1o2t6o1d2o8nta HTTP/1.1" 404 236 "-" "Mozilla/5.0 AppleWebKit/537.36 (KHTML, like Gecko; compatible; bingbot/2.0; +http://www.bing.com/bingbot.htm) Chrome/116.0.1938.76 Safari/537.36"
207.46.13.14 - - [01/Sep/2026:03:20:54 -0400] "GET /?t=u5n2h6a8l3l8o9w9e7d62 HTTP/1.1" 200 358 "-" "Mozilla/5.0 AppleWebKit/537.36 (KHTML, like Gecko; compatible; bingbot/2.0; +http://www.bing.com/bingbot.htm) Chrome/116.0.1938.76 Safari/537.36"
122.52.155.131 - - [01/Sep/2026:03:21:53 -0400] "HEAD / HTTP/1.1" 200 - "-" "Mozilla/5.0 (Windows NT 10.0; Win64; x64) AppleWebKit/537.36 (KHTML, like Gecko) Chrome/58.0.3029.110 Safari/537.3"
5.39.109.163 - - [01/Sep/2026:03:22:51 -0400] "GET /robots.txt HTTP/1.1" 404 236 "-" "Mozilla/5.0 (compatible; AhrefsBot/7.0; +http://ahrefs.com/robot/)"
148.113.130.138 - - [01/Sep/2026:03:22:52 -0400] "GET /overtilt/p2o1i1s5o1n3o7u5s2n8ess HTTP/1.1" 404 236 "-" "Mozilla/5.0 (compatible; AhrefsBot/7.0; +http://ahrefs.com/robot/)"
207.46.13.14 - - [01/Sep/2026:03:24:34 -0400] "GET /?windrowing/01483059760 HTTP/1.1" 200 358 "-" "Mozilla/5.0 AppleWebKit/537.36 (KHTML, like Gecko; compatible; bingbot/2.0; +http://www.bing.com/bingbot.htm) Chrome/116.0.1938.76 Safari/537.36"
15.235.27.234 - - [01/Sep/2026:03:25:11 -0400] "GET /neese/p2a3l7t1r3i3l3y0973 HTTP/1.1" 404 236 "-" "Mozilla/5.0 (compatible; AhrefsBot/7.0; +http://ahrefs.com/robot/)"
69.165.68.225 - - [01/Sep/2026:03:26:12 -0400] "GET /index.php?rest_route=/wp/v2/posts&per_page=100&_fields=id%2Ccomment_status&page=1 HTTP/1.1" 404 36 "https://rioislandkitchen.com" "Mozilla/5.0 (Linux; Android 5.0; SM-G900P Build/LRX21T) AppleWebKit/537.36 (KHTML, like Gecko) Chrome/57.0.5283.1886 Mobile Safari/537.36"
52.167.144.232 - - [01/Sep/2026:03:26:54 -0400] "GET /aeromechanics/expectorant/088476829 HTTP/1.1" 404 236 "-" "Mozilla/5.0 AppleWebKit/537.36 (KHTML, like Gecko; compatible; bingbot/2.0; +http://www.bing.com/bingbot.htm) Chrome/116.0.1938.76 Safari/537.36"
167.114.139.57 - - [01/Sep/2026:03:27:52 -0400] "GET /paralyzing/r2e1s8i7d8u8a5r1y363 HTTP/1.1" 404 236 "-" "Mozilla/5.0 (compatible; AhrefsBot/7.0; +http://ahrefs.com/robot/)"
52.167.144.198 - - [01/Sep/2026:03:28:03 -0400] "GET /shops/preserved/a3m6e2n1t3a0c0e0o8u7s HTTP/1.1" 404 236 "-" "Mozilla/5.0 AppleWebKit/537.36 (KHTML, like Gecko; compatible; bingbot/2.0; +http://www.bing.com/bingbot.htm) Chrome/116.0.1938.76 Safari/537.36"
52.167.144.198 - - [01/Sep/2026:03:28:03 -0400] "GET /shops/ostensible/a5s2w1e1v0e181404 HTTP/1.1" 404 236 "-" "Mozilla/5.0 AppleWebKit/537.36 (KHTML, like Gecko; compatible; bingbot/2.0; +http://www.bing.com/bingbot.htm) Chrome/116.0.1938.76 Safari/537.36"
52.167.144.198 - - [01/Sep/2026:03:28:04 -0400] "GET /placentious/inspiriting/41080974212 HTTP/1.1" 404 236 "-" "Mozilla/5.0 AppleWebKit/537.36 (KHTML, like Gecko; compatible; bingbot/2.0; +http://www.bing.com/bingbot.htm) Chrome/116.0.1938.76 Safari/537.36"
207.46.13.127 - - [01/Sep/2026:03:28:08 -0400] "GET /ringtoss/neater/51698421538 HTTP/1.1" 404 236 "-" "Mozilla/5.0 AppleWebKit/537.36 (KHTML, like Gecko; compatible; bingbot/2.0; +http://www.bing.com/bingbot.htm) Chrome/116.0.1938.76 Safari/537.36"
207.46.13.127 - - [01/Sep/2026:03:28:08 -0400] "GET /?i=2288147590 HTTP/1.1" 200 358 "-" "Mozilla/5.0 AppleWebKit/537.36 (KHTML, like Gecko; compatible; bingbot/2.0; +http://www.bing.com/bingbot.htm) Chrome/116.0.1938.76 Safari/537.36"
52.167.144.172 - - [01/Sep/2026:03:28:13 -0400] "GET /shops/assoilment/e0n2c3r6i4m8s1o4n602 HTTP/1.1" 404 236 "-" "Mozilla/5.0 AppleWebKit/537.36 (KHTML, like Gecko; compatible; bingbot/2.0; +http://www.bing.com/bingbot.htm) Chrome/116.0.1938.76 Safari/537.36"
52.167.144.172 - - [01/Sep/2026:03:28:13 -0400] "GET /checkmate/p6a6l6e2a002954 HTTP/1.1" 404 236 "-" "Mozilla/5.0 AppleWebKit/537.36 (KHTML, like Gecko; compatible; bingbot/2.0; +http://www.bing.com/bingbot.htm) Chrome/116.0.1938.76 Safari/537.36"
52.167.144.172 - - [01/Sep/2026:03:28:13 -0400] "GET /lycanthropic/disroot/9542424370 HTTP/1.1" 404 236 "-" "Mozilla/5.0 AppleWebKit/537.36 (KHTML, like Gecko; compatible; bingbot/2.0; +http://www.bing.com/bingbot.htm) Chrome/116.0.1938.76 Safari/537.36"
52.167.144.172 - - [01/Sep/2026:03:28:13 -0400] "GET /shops/squire/b9e2n7e8f9i0c0e5l8e4s5s HTTP/1.1" 404 236 "-" "Mozilla/5.0 AppleWebKit/537.36 (KHTML, like Gecko; compatible; bingbot/2.0; +http://www.bing.com/bingbot.htm) Chrome/116.0.1938.76 Safari/537.36"
52.167.144.172 - - [01/Sep/2026:03:28:13 -0400] "GET /roynish/bodrage/e2t2h7y0l6e9n7e7957 HTTP/1.1" 404 236 "-" "Mozilla/5.0 AppleWebKit/537.36 (KHTML, like Gecko; compatible; bingbot/2.0; +http://www.bing.com/bingbot.htm) Chrome/116.0.1938.76 Safari/537.36"
207.46.13.127 - - [01/Sep/2026:03:28:16 -0400] "GET /shops/eminently/i7n2t1e6r0p6o1n2e1n8t5 HTTP/1.1" 404 236 "-" "Mozilla/5.0 AppleWebKit/537.36 (KHTML, like Gecko; compatible; bingbot/2.0; +http://www.bing.com/bingbot.htm) Chrome/116.0.1938.76 Safari/537.36"
52.167.144.198 - - [01/Sep/2026:03:28:17 -0400] "GET /?t=z5o1l8a5e3s0q0u8e1 HTTP/1.1" 200 358 "-" "Mozilla/5.0 AppleWebKit/537.36 (KHTML, like Gecko; compatible; bingbot/2.0; +http://www.bing.com/bingbot.htm) Chrome/116.0.1938.76 Safari/537.36"
52.167.144.198 - - [01/Sep/2026:03:28:17 -0400] "GET /?t=s8e1m2i7p3a3l2m0a8t3e HTTP/1.1" 200 358 "-" "Mozilla/5.0 AppleWebKit/537.36 (KHTML, like Gecko; compatible; bingbot/2.0; +http://www.bing.com/bingbot.htm) Chrome/116.0.1938.76 Safari/537.36"
52.167.144.198 - - [01/Sep/2026:03:28:17 -0400] "GET /shops/archaeornithes/a9s6p0i6r9a4t1o3r64 HTTP/1.1" 404 236 "-" "Mozilla/5.0 AppleWebKit/537.36 (KHTML, like Gecko; compatible; bingbot/2.0; +http://www.bing.com/bingbot.htm) Chrome/116.0.1938.76 Safari/537.36"
52.167.144.172 - - [01/Sep/2026:03:28:23 -0400] "GET /?t=i7n2v6a2s3i7o9n4057 HTTP/1.1" 200 358 "-" "Mozilla/5.0 AppleWebKit/537.36 (KHTML, like Gecko; compatible; bingbot/2.0; +http://www.bing.com/bingbot.htm) Chrome/116.0.1938.76 Safari/537.36"
52.167.144.172 - - [01/Sep/2026:03:28:23 -0400] "GET /shops/oxidizable/c4u1t6a9w5a7y73534 HTTP/1.1" 404 236 "-" "Mozilla/5.0 AppleWebKit/537.36 (KHTML, like Gecko; compatible; bingbot/2.0; +http://www.bing.com/bingbot.htm) Chrome/116.0.1938.76 Safari/537.36"
52.167.144.172 - - [01/Sep/2026:03:28:23 -0400] "GET /shops/nonreticulate/c1o3s6h2e4r247544 HTTP/1.1" 404 236 "-" "Mozilla/5.0 AppleWebKit/537.36 (KHTML, like Gecko; compatible; bingbot/2.0; +http://www.bing.com/bingbot.htm) Chrome/116.0.1938.76 Safari/537.36"
52.167.144.172 - - [01/Sep/2026:03:28:23 -0400] "GET /russia/i4n3d7o9r9s6i5n0g786 HTTP/1.1" 404 236 "-" "Mozilla/5.0 AppleWebKit/537.36 (KHTML, like Gecko; compatible; bingbot/2.0; +http://www.bing.com/bingbot.htm) Chrome/116.0.1938.76 Safari/537.36"
52.167.144.172 - - [01/Sep/2026:03:28:23 -0400] "GET /?t=p6o1l8y9d6i4p5s7i1a45 HTTP/1.1" 200 358 "-" "Mozilla/5.0 AppleWebKit/537.36 (KHTML, like Gecko; compatible; bingbot/2.0; +http://www.bing.com/bingbot.htm) Chrome/116.0.1938.76 Safari/537.36"
52.167.144.198 - - [01/Sep/2026:03:28:27 -0400] "GET /selfadmiration/slickens/c4a2u0g5h5t002715 HTTP/1.1" 404 236 "-" "Mozilla/5.0 AppleWebKit/537.36 (KHTML, like Gecko; compatible; bingbot/2.0; +http://www.bing.com/bingbot.htm) Chrome/116.0.1938.76 Safari/537.36"
52.167.144.198 - - [01/Sep/2026:03:30:01 -0400] "GET /cabala/d0i1s5h3a6b6i7t6u5a4t0e HTTP/1.1" 404 236 "-" "Mozilla/5.0 AppleWebKit/537.36 (KHTML, like Gecko; compatible; bingbot/2.0; +http://www.bing.com/bingbot.htm) Chrome/116.0.1938.76 Safari/537.36"
40.77.167.143 - - [01/Sep/2026:03:33:10 -0400] "GET /paparazzo/cessation/9781244434 HTTP/1.1" 404 236 "-" "Mozilla/5.0 AppleWebKit/537.36 (KHTML, like Gecko; compatible; bingbot/2.0; +http://www.bing.com/bingbot.htm) Chrome/116.0.1938.76 Safari/537.36"
40.77.167.143 - - [01/Sep/2026:03:33:22 -0400] "GET /shops/opisthodome/p7r3a3n0c7i4n5g7828 HTTP/1.1" 404 236 "-" "Mozilla/5.0 AppleWebKit/537.36 (KHTML, like Gecko; compatible; bingbot/2.0; +http://www.bing.com/bingbot.htm) Chrome/116.0.1938.76 Safari/537.36"
40.77.167.143 - - [01/Sep/2026:03:33:22 -0400] "GET /perviousness/croak/31137993266 HTTP/1.1" 404 236 "-" "Mozilla/5.0 AppleWebKit/537.36 (KHTML, like Gecko; compatible; bingbot/2.0; +http://www.bing.com/bingbot.htm) Chrome/116.0.1938.76 Safari/537.36"
40.77.167.143 - - [01/Sep/2026:03:33:22 -0400] "GET /lolled/p6h6o9n9e7t4i3z5e19 HTTP/1.1" 404 236 "-" "Mozilla/5.0 AppleWebKit/537.36 (KHTML, like Gecko; compatible; bingbot/2.0; +http://www.bing.com/bingbot.htm) Chrome/116.0.1938.76 Safari/537.36"
52.167.144.198 - - [01/Sep/2026:03:33:26 -0400] "GET /?deblai/01812971320 HTTP/1.1" 200 358 "-" "Mozilla/5.0 AppleWebKit/537.36 (KHTML, like Gecko; compatible; bingbot/2.0; +http://www.bing.com/bingbot.htm) Chrome/116.0.1938.76 Safari/537.36"
52.167.144.198 - - [01/Sep/2026:03:33:26 -0400] "GET /?t=b6l3o8o6m7e0d79787 HTTP/1.1" 200 358 "-" "Mozilla/5.0 AppleWebKit/537.36 (KHTML, like Gecko; compatible; bingbot/2.0; +http://www.bing.com/bingbot.htm) Chrome/116.0.1938.76 Safari/537.36"
207.46.13.127 - - [01/Sep/2026:03:33:27 -0400] "GET /?t=o8p1t9i8c2a2l0566 HTTP/1.1" 200 358 "-" "Mozilla/5.0 AppleWebKit/537.36 (KHTML, like Gecko; compatible; bingbot/2.0; +http://www.bing.com/bingbot.htm) Chrome/116.0.1938.76 Safari/537.36"
52.167.144.198 - - [01/Sep/2026:03:33:27 -0400] "GET /?t=c8i4c8a9d4i4d5a5e03 HTTP/1.1" 200 358 "-" "Mozilla/5.0 AppleWebKit/537.36 (KHTML, like Gecko; compatible; bingbot/2.0; +http://www.bing.com/bingbot.htm) Chrome/116.0.1938.76 Safari/537.36"
52.167.144.198 - - [01/Sep/2026:03:33:27 -0400] "GET /?sorriness/12952699964 HTTP/1.1" 200 358 "-" "Mozilla/5.0 AppleWebKit/537.36 (KHTML, like Gecko; compatible; bingbot/2.0; +http://www.bing.com/bingbot.htm) Chrome/116.0.1938.76 Safari/537.36"
40.77.167.143 - - [01/Sep/2026:03:33:33 -0400] "GET /shops/rideau/h8e1t1c3h5e4l25949 HTTP/1.1" 404 236 "-" "Mozilla/5.0 AppleWebKit/537.36 (KHTML, like Gecko; compatible; bingbot/2.0; +http://www.bing.com/bingbot.htm) Chrome/116.0.1938.76 Safari/537.36"
40.77.167.143 - - [01/Sep/2026:03:33:33 -0400] "GET /?t=g7r1e9e0t1e6r05404 HTTP/1.1" 200 358 "-" "Mozilla/5.0 AppleWebKit/537.36 (KHTML, like Gecko; compatible; bingbot/2.0; +http://www.bing.com/bingbot.htm) Chrome/116.0.1938.76 Safari/537.36"
207.46.13.127 - - [01/Sep/2026:03:33:38 -0400] "GET /?transmigratory/232279283 HTTP/1.1" 200 358 "-" "Mozilla/5.0 AppleWebKit/537.36 (KHTML, like Gecko; compatible; bingbot/2.0; +http://www.bing.com/bingbot.htm) Chrome/116.0.1938.76 Safari/537.36"
52.167.144.198 - - [01/Sep/2026:03:34:32 -0400] "GET /floutingly/antiloquist/f0l8o9u3t6i2n1g6l8y HTTP/1.1" 404 236 "-" "Mozilla/5.0 AppleWebKit/537.36 (KHTML, like Gecko; compatible; bingbot/2.0; +http://www.bing.com/bingbot.htm) Chrome/116.0.1938.76 Safari/537.36"
40.77.167.143 - - [01/Sep/2026:03:35:32 -0400] "GET /?t=t5o2l2u3i8c105339 HTTP/1.1" 200 358 "-" "Mozilla/5.0 AppleWebKit/537.36 (KHTML, like Gecko; compatible; bingbot/2.0; +http://www.bing.com/bingbot.htm) Chrome/116.0.1938.76 Safari/537.36"
40.77.167.143 - - [01/Sep/2026:03:35:33 -0400] "GET /reclamation/c1o1n2s5t8e4r5n4a9t3i4on HTTP/1.1" 404 236 "-" "Mozilla/5.0 AppleWebKit/537.36 (KHTML, like Gecko; compatible; bingbot/2.0; +http://www.bing.com/bingbot.htm) Chrome/116.0.1938.76 Safari/537.36"
40.77.167.143 - - [01/Sep/2026:03:35:33 -0400] "GET /shops/shockingness/e2l2v0a2n9115452 HTTP/1.1" 404 236 "-" "Mozilla/5.0 AppleWebKit/537.36 (KHTML, like Gecko; compatible; bingbot/2.0; +http://www.bing.com/bingbot.htm) Chrome/116.0.1938.76 Safari/537.36"
40.77.167.143 - - [01/Sep/2026:03:35:42 -0400] "GET /shops/hellenist/l7a1m3i1n1a4r3i3t3e49 HTTP/1.1" 404 236 "-" "Mozilla/5.0 AppleWebKit/537.36 (KHTML, like Gecko; compatible; bingbot/2.0; +http://www.bing.com/bingbot.htm) Chrome/116.0.1938.76 Safari/537.36"
40.77.167.143 - - [01/Sep/2026:03:35:42 -0400] "GET /shops/indemonstrability/d1i2s4a5v7o0w8a1l401 HTTP/1.1" 404 236 "-" "Mozilla/5.0 AppleWebKit/537.36 (KHTML, like Gecko; compatible; bingbot/2.0; +http://www.bing.com/bingbot.htm) Chrome/116.0.1938.76 Safari/537.36"
207.46.13.127 - - [01/Sep/2026:03:35:47 -0400] "GET /?t=b2a3r2b9a0s7t0e1l8l0u2s HTTP/1.1" 200 358 "-" "Mozilla/5.0 AppleWebKit/537.36 (KHTML, like Gecko; compatible; bingbot/2.0; +http://www.bing.com/bingbot.htm) Chrome/116.0.1938.76 Safari/537.36"
