66.249.65.130 - - [31/Aug/2026:15:15:05 -0400] "GET /physiologies/e8u2l1o8g5y56762 HTTP/1.1" 404 236 "-" "Mozilla/5.0 (compatible; Googlebot/2.1; +http://www.google.com/bot.html)"
102.69.211.223 - - [31/Aug/2026:15:15:11 -0400] "POST /cpsess5003052442/3rdparty/roundcube/?_task=mail&_action=refresh HTTP/1.1" 200 1390 "https://webmail.savednsingle.org/cpsess5003052442/3rdparty/roundcube/?_task=mail&_mbox=INBOX" "Mozilla/5.0 (Windows NT 10.0; Win64; x64) AppleWebKit/537.36 (KHTML, like Gecko) Chrome/151.0.0.0 Safari/537.36"
66.249.65.37 - - [31/Aug/2026:15:15:35 -0400] "GET /?u=m7u2l7t6i6f8l6o3r0o3u4s HTTP/1.1" 200 281 "-" "Mozilla/5.0 (Linux; Android 6.0.1; Nexus 5X Build/MMB29P) AppleWebKit/537.36 (KHTML, like Gecko) Chrome/151.0.7922.173 Mobile Safari/537.36 (compatible; Googlebot/2.1; +http://www.google.com/bot.html)"
197.184.86.246 - - [31/Aug/2026:15:15:45 -0400] "POST /cpsess0453424392/3rdparty/roundcube/?_task=mail&_action=refresh HTTP/1.1" 200 2122 "https://webmail.savednsingle.org/cpsess0453424392/3rdparty/roundcube/?_task=mail&_mbox=INBOX" "Mozilla/5.0 (Windows NT 10.0; Win64; x64; rv:154.0) Gecko/20100101 Firefox/154.0"
102.69.211.223 - - [31/Aug/2026:15:16:12 -0400] "POST /cpsess5003052442/3rdparty/roundcube/?_task=mail&_action=refresh HTTP/1.1" 200 2108 "https://webmail.savednsingle.org/cpsess5003052442/3rdparty/roundcube/?_task=mail&_mbox=INBOX" "Mozilla/5.0 (Windows NT 10.0; Win64; x64) AppleWebKit/537.36 (KHTML, like Gecko) Chrome/151.0.0.0 Safari/537.36"
197.184.86.246 - - [31/Aug/2026:15:16:52 -0400] "POST /cpsess0453424392/3rdparty/roundcube/?_task=mail&_action=refresh HTTP/1.1" 200 2118 "https://webmail.savednsingle.org/cpsess0453424392/3rdparty/roundcube/?_task=mail&_mbox=INBOX" "Mozilla/5.0 (Windows NT 10.0; Win64; x64; rv:154.0) Gecko/20100101 Firefox/154.0"
102.69.211.223 - - [31/Aug/2026:15:17:12 -0400] "POST /cpsess5003052442/3rdparty/roundcube/?_task=mail&_action=refresh HTTP/1.1" 200 2105 "https://webmail.savednsingle.org/cpsess5003052442/3rdparty/roundcube/?_task=mail&_mbox=INBOX" "Mozilla/5.0 (Windows NT 10.0; Win64; x64) AppleWebKit/537.36 (KHTML, like Gecko) Chrome/151.0.0.0 Safari/537.36"
66.249.65.38 - - [31/Aug/2026:15:17:21 -0400] "GET /?u=j7a2u7n4t4087716 HTTP/1.1" 200 281 "-" "Mozilla/5.0 (Linux; Android 6.0.1; Nexus 5X Build/MMB29P) AppleWebKit/537.36 (KHTML, like Gecko) Chrome/151.0.7922.173 Mobile Safari/537.36 (compatible; Googlebot/2.1; +http://www.google.com/bot.html)"
197.184.86.246 - - [31/Aug/2026:15:17:52 -0400] "POST /cpsess0453424392/3rdparty/roundcube/?_task=mail&_action=refresh HTTP/1.1" 200 2110 "https://webmail.savednsingle.org/cpsess0453424392/3rdparty/roundcube/?_task=mail&_mbox=INBOX" "Mozilla/5.0 (Windows NT 10.0; Win64; x64; rv:154.0) Gecko/20100101 Firefox/154.0"
102.69.211.223 - - [31/Aug/2026:15:18:11 -0400] "POST /cpsess5003052442/3rdparty/roundcube/?_task=mail&_action=refresh HTTP/1.1" 200 2099 "https://webmail.savednsingle.org/cpsess5003052442/3rdparty/roundcube/?_task=mail&_mbox=INBOX" "Mozilla/5.0 (Windows NT 10.0; Win64; x64) AppleWebKit/537.36 (KHTML, like Gecko) Chrome/151.0.0.0 Safari/537.36"
197.184.86.246 - - [31/Aug/2026:15:18:52 -0400] "POST /cpsess0453424392/3rdparty/roundcube/?_task=mail&_action=refresh HTTP/1.1" 200 2114 "https://webmail.savednsingle.org/cpsess0453424392/3rdparty/roundcube/?_task=mail&_mbox=INBOX" "Mozilla/5.0 (Windows NT 10.0; Win64; x64; rv:154.0) Gecko/20100101 Firefox/154.0"
66.249.65.39 - - [31/Aug/2026:15:19:05 -0400] "GET /?u=m5o3c1h2e1545794 HTTP/1.1" 200 281 "-" "Mozilla/5.0 (Linux; Android 6.0.1; Nexus 5X Build/MMB29P) AppleWebKit/537.36 (KHTML, like Gecko) Chrome/151.0.7922.173 Mobile Safari/537.36 (compatible; Googlebot/2.1; +http://www.google.com/bot.html)"
102.69.211.223 - - [31/Aug/2026:15:19:11 -0400] "POST /cpsess5003052442/3rdparty/roundcube/?_task=mail&_action=refresh HTTP/1.1" 200 2105 "https://webmail.savednsingle.org/cpsess5003052442/3rdparty/roundcube/?_task=mail&_mbox=INBOX" "Mozilla/5.0 (Windows NT 10.0; Win64; x64) AppleWebKit/537.36 (KHTML, like Gecko) Chrome/151.0.0.0 Safari/537.36"
197.184.86.246 - - [31/Aug/2026:15:19:58 -0400] "POST /cpsess0453424392/3rdparty/roundcube/?_task=mail&_action=refresh HTTP/1.1" 200 1422 "https://webmail.savednsingle.org/cpsess0453424392/3rdparty/roundcube/?_task=mail&_mbox=INBOX" "Mozilla/5.0 (Windows NT 10.0; Win64; x64; rv:154.0) Gecko/20100101 Firefox/154.0"
102.69.211.223 - - [31/Aug/2026:15:20:11 -0400] "POST /cpsess5003052442/3rdparty/roundcube/?_task=mail&_action=refresh HTTP/1.1" 200 1423 "https://webmail.savednsingle.org/cpsess5003052442/3rdparty/roundcube/?_task=mail&_mbox=INBOX" "Mozilla/5.0 (Windows NT 10.0; Win64; x64) AppleWebKit/537.36 (KHTML, like Gecko) Chrome/151.0.0.0 Safari/537.36"
66.249.65.38 - - [31/Aug/2026:15:20:49 -0400] "GET /?u=j7u7n8c4a8c3e7o6u4s4 HTTP/1.1" 200 281 "-" "Mozilla/5.0 (Linux; Android 6.0.1; Nexus 5X Build/MMB29P) AppleWebKit/537.36 (KHTML, like Gecko) Chrome/151.0.7922.173 Mobile Safari/537.36 (compatible; Googlebot/2.1; +http://www.google.com/bot.html)"
197.184.86.246 - - [31/Aug/2026:15:20:58 -0400] "POST /cpsess0453424392/3rdparty/roundcube/?_task=mail&_action=refresh HTTP/1.1" 200 1390 "https://webmail.savednsingle.org/cpsess0453424392/3rdparty/roundcube/?_task=mail&_mbox=INBOX" "Mozilla/5.0 (Windows NT 10.0; Win64; x64; rv:154.0) Gecko/20100101 Firefox/154.0"
66.249.65.130 - - [31/Aug/2026:15:21:03 -0400] "GET /?a=6492072503200 HTTP/1.1" 200 281 "-" "Mozilla/5.0 (Linux; Android 6.0.1; Nexus 5X Build/MMB29P) AppleWebKit/537.36 (KHTML, like Gecko) Chrome/151.0.7922.173 Mobile Safari/537.36 (compatible; Googlebot/2.1; +http://www.google.com/bot.html)"
102.69.211.223 - - [31/Aug/2026:15:21:12 -0400] "POST /cpsess5003052442/3rdparty/roundcube/?_task=mail&_action=refresh HTTP/1.1" 308 152 "https://webmail.savednsingle.org/cpsess5003052442/3rdparty/roundcube/?_task=mail&_mbox=INBOX" "Mozilla/5.0 (Windows NT 10.0; Win64; x64) AppleWebKit/537.36 (KHTML, like Gecko) Chrome/151.0.0.0 Safari/537.36"
102.69.211.223 - - [31/Aug/2026:15:21:13 -0400] "POST /cpsess5003052442/3rdparty/roundcube/?_task=mail&_action=refresh HTTP/1.1" 200 1390 "https://webmail.savednsingle.org/cpsess5003052442/3rdparty/roundcube/?_task=mail&_mbox=INBOX" "Mozilla/5.0 (Windows NT 10.0; Win64; x64) AppleWebKit/537.36 (KHTML, like Gecko) Chrome/151.0.0.0 Safari/537.36"
197.184.86.246 - - [31/Aug/2026:15:21:58 -0400] "POST /cpsess0453424392/3rdparty/roundcube/?_task=mail&_action=refresh HTTP/1.1" 200 1390 "https://webmail.savednsingle.org/cpsess0453424392/3rdparty/roundcube/?_task=mail&_mbox=INBOX" "Mozilla/5.0 (Windows NT 10.0; Win64; x64; rv:154.0) Gecko/20100101 Firefox/154.0"
102.0.11.2 - - [31/Aug/2026:15:22:07 -0400] "GET /shops/pseudonymous/h4a4e0m7a9t8o2p9i8n0u0s HTTP/1.1" 404 236 "https://savednsingle.org/?sitemap857.xml" "Mozilla/5.0 (iPhone; CPU iPhone OS 17_5 like Mac OS X) AppleWebKit/605.1.15 (KHTML, like Gecko) Version/17.5 Mobile/15E148 Safari/604.1 MicroMessenger/8.0.44(0x18001B3F) NetType/WIFI Language/zh_CN"
102.69.211.223 - - [31/Aug/2026:15:22:13 -0400] "POST /cpsess5003052442/3rdparty/roundcube/?_task=mail&_action=refresh HTTP/1.1" 308 152 "https://webmail.savednsingle.org/cpsess5003052442/3rdparty/roundcube/?_task=mail&_mbox=INBOX" "Mozilla/5.0 (Windows NT 10.0; Win64; x64) AppleWebKit/537.36 (KHTML, like Gecko) Chrome/151.0.0.0 Safari/537.36"
102.69.211.223 - - [31/Aug/2026:15:22:14 -0400] "POST /cpsess5003052442/3rdparty/roundcube/?_task=mail&_action=refresh HTTP/1.1" 200 1390 "https://webmail.savednsingle.org/cpsess5003052442/3rdparty/roundcube/?_task=mail&_mbox=INBOX" "Mozilla/5.0 (Windows NT 10.0; Win64; x64) AppleWebKit/537.36 (KHTML, like Gecko) Chrome/151.0.0.0 Safari/537.36"
66.249.65.39 - - [31/Aug/2026:15:22:34 -0400] "GET /?u=a4p3o2l4l5o6n9i4a1n9 HTTP/1.1" 200 281 "-" "Mozilla/5.0 (Linux; Android 6.0.1; Nexus 5X Build/MMB29P) AppleWebKit/537.36 (KHTML, like Gecko) Chrome/151.0.7922.173 Mobile Safari/537.36 (compatible; Googlebot/2.1; +http://www.google.com/bot.html)"
197.184.86.246 - - [31/Aug/2026:15:23:05 -0400] "POST /cpsess0453424392/3rdparty/roundcube/?_task=mail&_action=refresh HTTP/1.1" 200 1390 "https://webmail.savednsingle.org/cpsess0453424392/3rdparty/roundcube/?_task=mail&_mbox=INBOX" "Mozilla/5.0 (Windows NT 10.0; Win64; x64; rv:154.0) Gecko/20100101 Firefox/154.0"
66.249.65.130 - - [31/Aug/2026:15:23:12 -0400] "GET /arguer/c2o4o1e0y2e7d32493 HTTP/1.1" 404 236 "-" "Mozilla/5.0 (compatible; Googlebot/2.1; +http://www.google.com/bot.html)"
102.69.211.223 - - [31/Aug/2026:15:23:14 -0400] "POST /cpsess5003052442/3rdparty/roundcube/?_task=mail&_action=refresh HTTP/1.1" 200 1390 "https://webmail.savednsingle.org/cpsess5003052442/3rdparty/roundcube/?_task=mail&_mbox=INBOX" "Mozilla/5.0 (Windows NT 10.0; Win64; x64) AppleWebKit/537.36 (KHTML, like Gecko) Chrome/151.0.0.0 Safari/537.36"
170.199.229.178 - - [31/Aug/2026:15:23:16 -0400] "GET /yytest/ HTTP/1.1" 404 236 "-" "Mozilla/5.0 (compatible; Googlebot/2.1; +http://www.google.com/bot.html)"
66.84.94.48 - - [31/Aug/2026:15:23:17 -0400] "GET /yytest/ HTTP/1.1" 404 236 "-" "Mozilla/5.0 (compatible; Googlebot/2.1; +http://www.google.com/bot.html)"
158.62.222.197 - - [31/Aug/2026:15:23:17 -0400] "GET /yytest/ HTTP/1.1" 404 236 "-" "Mozilla/5.0 (compatible; Googlebot/2.1; +http://www.google.com/bot.html)"
63.141.239.146 - - [31/Aug/2026:15:23:17 -0400] "GET /yytest/ HTTP/1.1" 404 236 "-" "Mozilla/5.0 (compatible; Googlebot/2.1; +http://www.google.com/bot.html)"
138.229.96.224 - - [31/Aug/2026:15:23:18 -0400] "POST / HTTP/1.1" 404 236 "-" "Mozilla/5.0 (Windows NT 10.0; Win64; x64) AppleWebKit/537.36 (KHTML, like Gecko) Chrome/129.0.0.0 Safari/537.36"
151.241.48.40 - - [31/Aug/2026:15:23:18 -0400] "POST / HTTP/1.1" 404 236 "-" "Mozilla/5.0 (Windows NT 10.0; Win64; x64) AppleWebKit/537.36 (KHTML, like Gecko) Chrome/129.0.0.0 Safari/537.36"
168.91.42.232 - - [31/Aug/2026:15:23:18 -0400] "POST / HTTP/1.1" 404 236 "-" "Mozilla/5.0 (Windows NT 10.0; Win64; x64) AppleWebKit/537.36 (KHTML, like Gecko) Chrome/129.0.0.0 Safari/537.36"
66.249.65.38 - - [31/Aug/2026:15:23:55 -0400] "GET /?u=p8e1r3m9e3a8n1c9e814 HTTP/1.1" 200 281 "-" "Mozilla/5.0 (Linux; Android 6.0.1; Nexus 5X Build/MMB29P) AppleWebKit/537.36 (KHTML, like Gecko) Chrome/151.0.7922.173 Mobile Safari/537.36 (compatible; Googlebot/2.1; +http://www.google.com/bot.html)"
197.184.86.246 - - [31/Aug/2026:15:24:12 -0400] "POST /cpsess0453424392/3rdparty/roundcube/?_task=mail&_action=refresh HTTP/1.1" 200 1389 "https://webmail.savednsingle.org/cpsess0453424392/3rdparty/roundcube/?_task=mail&_mbox=INBOX" "Mozilla/5.0 (Windows NT 10.0; Win64; x64; rv:154.0) Gecko/20100101 Firefox/154.0"
102.69.211.223 - - [31/Aug/2026:15:24:15 -0400] "POST /cpsess5003052442/3rdparty/roundcube/?_task=mail&_action=refresh HTTP/1.1" 200 1389 "https://webmail.savednsingle.org/cpsess5003052442/3rdparty/roundcube/?_task=mail&_mbox=INBOX" "Mozilla/5.0 (Windows NT 10.0; Win64; x64) AppleWebKit/537.36 (KHTML, like Gecko) Chrome/151.0.0.0 Safari/537.36"
66.249.65.37 - - [31/Aug/2026:15:24:19 -0400] "GET /?u=m7a1l0v3a1032845 HTTP/1.1" 200 281 "-" "Mozilla/5.0 (Linux; Android 6.0.1; Nexus 5X Build/MMB29P) AppleWebKit/537.36 (KHTML, like Gecko) Chrome/151.0.7922.173 Mobile Safari/537.36 (compatible; Googlebot/2.1; +http://www.google.com/bot.html)"
187.188.8.109 - - [31/Aug/2026:15:24:54 -0400] "GET /shops/progue/n4a8t3t6i8n0e0s1s54 HTTP/1.1" 404 236 "https://savednsingle.org/?sitemap857.xml" "Mozilla/5.0 (iPhone; CPU iPhone OS 17_1 like Mac OS X) AppleWebKit/605.1.15 (KHTML, like Gecko) Version/17.1 Mobile/15E148 Safari/604.1 MicroMessenger/8.0.36(0x18001B3F) NetType/WIFI Language/zh_CN"
102.69.211.223 - - [31/Aug/2026:15:25:16 -0400] "POST /cpsess5003052442/3rdparty/roundcube/?_task=mail&_action=refresh HTTP/1.1" 200 1390 "https://webmail.savednsingle.org/cpsess5003052442/3rdparty/roundcube/?_task=mail&_mbox=INBOX" "Mozilla/5.0 (Windows NT 10.0; Win64; x64) AppleWebKit/537.36 (KHTML, like Gecko) Chrome/151.0.0.0 Safari/537.36"
197.184.86.246 - - [31/Aug/2026:15:25:19 -0400] "POST /cpsess0453424392/3rdparty/roundcube/?_task=mail&_action=refresh HTTP/1.1" 200 1390 "https://webmail.savednsingle.org/cpsess0453424392/3rdparty/roundcube/?_task=mail&_mbox=INBOX" "Mozilla/5.0 (Windows NT 10.0; Win64; x64; rv:154.0) Gecko/20100101 Firefox/154.0"
66.249.65.38 - - [31/Aug/2026:15:26:04 -0400] "GET /?u=s7e1e1k2s4o0r4r7o9w59 HTTP/1.1" 200 281 "-" "Mozilla/5.0 (Linux; Android 6.0.1; Nexus 5X Build/MMB29P) AppleWebKit/537.36 (KHTML, like Gecko) Chrome/151.0.7922.173 Mobile Safari/537.36 (compatible; Googlebot/2.1; +http://www.google.com/bot.html)"
102.69.211.223 - - [31/Aug/2026:15:26:17 -0400] "POST /cpsess5003052442/3rdparty/roundcube/?_task=mail&_action=refresh HTTP/1.1" 200 1390 "https://webmail.savednsingle.org/cpsess5003052442/3rdparty/roundcube/?_task=mail&_mbox=INBOX" "Mozilla/5.0 (Windows NT 10.0; Win64; x64) AppleWebKit/537.36 (KHTML, like Gecko) Chrome/151.0.0.0 Safari/537.36"
197.184.86.246 - - [31/Aug/2026:15:26:19 -0400] "POST /cpsess0453424392/3rdparty/roundcube/?_task=mail&_action=refresh HTTP/1.1" 200 1390 "https://webmail.savednsingle.org/cpsess0453424392/3rdparty/roundcube/?_task=mail&_mbox=INBOX" "Mozilla/5.0 (Windows NT 10.0; Win64; x64; rv:154.0) Gecko/20100101 Firefox/154.0"
102.69.211.223 - - [31/Aug/2026:15:27:18 -0400] "POST /cpsess5003052442/3rdparty/roundcube/?_task=mail&_action=refresh HTTP/1.1" 200 2118 "https://webmail.savednsingle.org/cpsess5003052442/3rdparty/roundcube/?_task=mail&_mbox=INBOX" "Mozilla/5.0 (Windows NT 10.0; Win64; x64) AppleWebKit/537.36 (KHTML, like Gecko) Chrome/151.0.0.0 Safari/537.36"
197.184.86.246 - - [31/Aug/2026:15:27:19 -0400] "POST /cpsess0453424392/3rdparty/roundcube/?_task=mail&_action=refresh HTTP/1.1" 200 2104 "https://webmail.savednsingle.org/cpsess0453424392/3rdparty/roundcube/?_task=mail&_mbox=INBOX" "Mozilla/5.0 (Windows NT 10.0; Win64; x64; rv:154.0) Gecko/20100101 Firefox/154.0"
66.249.65.128 - - [31/Aug/2026:15:27:55 -0400] "GET /asternal/comply/01475602751 HTTP/1.1" 404 236 "-" "Mozilla/5.0 (Linux; Android 6.0.1; Nexus 5X Build/MMB29P) AppleWebKit/537.36 (KHTML, like Gecko) Chrome/151.0.7922.173 Mobile Safari/537.36 (compatible; Googlebot/2.1; +http://www.google.com/bot.html)"
66.249.65.39 - - [31/Aug/2026:15:27:59 -0400] "GET /?u=b2o1u7c2h5e3s82514 HTTP/1.1" 200 281 "-" "Mozilla/5.0 (Linux; Android 6.0.1; Nexus 5X Build/MMB29P) AppleWebKit/537.36 (KHTML, like Gecko) Chrome/151.0.7922.173 Mobile Safari/537.36 (compatible; Googlebot/2.1; +http://www.google.com/bot.html)"
102.69.211.223 - - [31/Aug/2026:15:28:19 -0400] "POST /cpsess5003052442/3rdparty/roundcube/?_task=mail&_action=refresh HTTP/1.1" 200 2119 "https://webmail.savednsingle.org/cpsess5003052442/3rdparty/roundcube/?_task=mail&_mbox=INBOX" "Mozilla/5.0 (Windows NT 10.0; Win64; x64) AppleWebKit/537.36 (KHTML, like Gecko) Chrome/151.0.0.0 Safari/537.36"
197.184.86.246 - - [31/Aug/2026:15:28:26 -0400] "POST /cpsess0453424392/3rdparty/roundcube/?_task=mail&_action=refresh HTTP/1.1" 200 2103 "https://webmail.savednsingle.org/cpsess0453424392/3rdparty/roundcube/?_task=mail&_mbox=INBOX" "Mozilla/5.0 (Windows NT 10.0; Win64; x64; rv:154.0) Gecko/20100101 Firefox/154.0"
189.142.9.212 - - [31/Aug/2026:15:29:03 -0400] "GET /shops/procephalic/m4a2u5d5l0e103136 HTTP/1.1" 404 236 "https://savednsingle.org/?sitemap857.xml" "Mozilla/5.0 (Linux; Android 14; OPPO PCLM5) AppleWebKit/537.36 (KHTML, like Gecko) Chrome/154.0.5735.139 Mobile Safari/537.36 MicroMessenger/8.0.40(0x18001B3F) NetType/WIFI Language/zh_CN"
102.69.211.223 - - [31/Aug/2026:15:29:20 -0400] "POST /cpsess5003052442/3rdparty/roundcube/?_task=mail&_action=refresh HTTP/1.1" 308 152 "https://webmail.savednsingle.org/cpsess5003052442/3rdparty/roundcube/?_task=mail&_mbox=INBOX" "Mozilla/5.0 (Windows NT 10.0; Win64; x64) AppleWebKit/537.36 (KHTML, like Gecko) Chrome/151.0.0.0 Safari/537.36"
102.69.211.223 - - [31/Aug/2026:15:29:21 -0400] "POST /cpsess5003052442/3rdparty/roundcube/?_task=mail&_action=refresh HTTP/1.1" 200 2115 "https://webmail.savednsingle.org/cpsess5003052442/3rdparty/roundcube/?_task=mail&_mbox=INBOX" "Mozilla/5.0 (Windows NT 10.0; Win64; x64) AppleWebKit/537.36 (KHTML, like Gecko) Chrome/151.0.0.0 Safari/537.36"
197.184.86.246 - - [31/Aug/2026:15:29:26 -0400] "POST /cpsess0453424392/3rdparty/roundcube/?_task=mail&_action=refresh HTTP/1.1" 200 2102 "https://webmail.savednsingle.org/cpsess0453424392/3rdparty/roundcube/?_task=mail&_mbox=INBOX" "Mozilla/5.0 (Windows NT 10.0; Win64; x64; rv:154.0) Gecko/20100101 Firefox/154.0"
66.249.65.39 - - [31/Aug/2026:15:29:36 -0400] "GET /gadding/c3o1n8s8t8i3p7a1t2ed HTTP/1.1" 404 236 "-" "Mozilla/5.0 (Linux; Android 6.0.1; Nexus 5X Build/MMB29P) AppleWebKit/537.36 (KHTML, like Gecko) Chrome/151.0.7922.173 Mobile Safari/537.36 (compatible; Googlebot/2.1; +http://www.google.com/bot.html)"
102.69.211.223 - - [31/Aug/2026:15:30:21 -0400] "POST /cpsess5003052442/3rdparty/roundcube/?_task=mail&_action=refresh HTTP/1.1" 200 2113 "https://webmail.savednsingle.org/cpsess5003052442/3rdparty/roundcube/?_task=mail&_mbox=INBOX" "Mozilla/5.0 (Windows NT 10.0; Win64; x64) AppleWebKit/537.36 (KHTML, like Gecko) Chrome/151.0.0.0 Safari/537.36"
197.184.86.246 - - [31/Aug/2026:15:30:26 -0400] "POST /cpsess0453424392/3rdparty/roundcube/?_task=mail&_action=refresh HTTP/1.1" 308 152 "https://webmail.savednsingle.org/cpsess0453424392/3rdparty/roundcube/?_task=mail&_mbox=INBOX" "Mozilla/5.0 (Windows NT 10.0; Win64; x64; rv:154.0) Gecko/20100101 Firefox/154.0"
197.184.86.246 - - [31/Aug/2026:15:30:26 -0400] "POST /cpsess0453424392/3rdparty/roundcube/?_task=mail&_action=refresh HTTP/1.1" 200 2104 "https://webmail.savednsingle.org/cpsess0453424392/3rdparty/roundcube/?_task=mail&_mbox=INBOX" "Mozilla/5.0 (Windows NT 10.0; Win64; x64; rv:154.0) Gecko/20100101 Firefox/154.0"
66.249.65.37 - - [31/Aug/2026:15:31:17 -0400] "GET /remue/intervallums/71189647655 HTTP/1.1" 404 236 "-" "Mozilla/5.0 (Linux; Android 6.0.1; Nexus 5X Build/MMB29P) AppleWebKit/537.36 (KHTML, like Gecko) Chrome/151.0.7922.173 Mobile Safari/537.36 (compatible; Googlebot/2.1; +http://www.google.com/bot.html)"
102.69.211.223 - - [31/Aug/2026:15:31:22 -0400] "POST /cpsess5003052442/3rdparty/roundcube/?_task=mail&_action=refresh HTTP/1.1" 308 152 "https://webmail.savednsingle.org/cpsess5003052442/3rdparty/roundcube/?_task=mail&_mbox=INBOX" "Mozilla/5.0 (Windows NT 10.0; Win64; x64) AppleWebKit/537.36 (KHTML, like Gecko) Chrome/151.0.0.0 Safari/537.36"
102.69.211.223 - - [31/Aug/2026:15:31:23 -0400] "POST /cpsess5003052442/3rdparty/roundcube/?_task=mail&_action=refresh HTTP/1.1" 200 1426 "https://webmail.savednsingle.org/cpsess5003052442/3rdparty/roundcube/?_task=mail&_mbox=INBOX" "Mozilla/5.0 (Windows NT 10.0; Win64; x64) AppleWebKit/537.36 (KHTML, like Gecko) Chrome/151.0.0.0 Safari/537.36"
197.184.86.246 - - [31/Aug/2026:15:31:32 -0400] "POST /cpsess0453424392/3rdparty/roundcube/?_task=mail&_action=refresh HTTP/1.1" 200 1426 "https://webmail.savednsingle.org/cpsess0453424392/3rdparty/roundcube/?_task=mail&_mbox=INBOX" "Mozilla/5.0 (Windows NT 10.0; Win64; x64; rv:154.0) Gecko/20100101 Firefox/154.0"
102.69.211.223 - - [31/Aug/2026:15:32:24 -0400] "POST /cpsess5003052442/3rdparty/roundcube/?_task=mail&_action=refresh HTTP/1.1" 200 1390 "https://webmail.savednsingle.org/cpsess5003052442/3rdparty/roundcube/?_task=mail&_mbox=INBOX" "Mozilla/5.0 (Windows NT 10.0; Win64; x64) AppleWebKit/537.36 (KHTML, like Gecko) Chrome/151.0.0.0 Safari/537.36"
197.184.86.246 - - [31/Aug/2026:15:32:32 -0400] "POST /cpsess0453424392/3rdparty/roundcube/?_task=mail&_action=refresh HTTP/1.1" 200 1390 "https://webmail.savednsingle.org/cpsess0453424392/3rdparty/roundcube/?_task=mail&_mbox=INBOX" "Mozilla/5.0 (Windows NT 10.0; Win64; x64; rv:154.0) Gecko/20100101 Firefox/154.0"
66.249.65.39 - - [31/Aug/2026:15:32:48 -0400] "GET /shops/pubes/r8e1e7f5e9r118575 HTTP/1.1" 404 236 "-" "Mozilla/5.0 (Linux; Android 6.0.1; Nexus 5X Build/MMB29P) AppleWebKit/537.36 (KHTML, like Gecko) Chrome/151.0.7922.173 Mobile Safari/537.36 (compatible; Googlebot/2.1; +http://www.google.com/bot.html)"
66.249.65.37 - - [31/Aug/2026:15:33:02 -0400] "GET /?u=s2o9l6v2a1b7l5e2n7e6ss HTTP/1.1" 200 281 "-" "Mozilla/5.0 (Linux; Android 6.0.1; Nexus 5X Build/MMB29P) AppleWebKit/537.36 (KHTML, like Gecko) Chrome/151.0.7922.173 Mobile Safari/537.36 (compatible; Googlebot/2.1; +http://www.google.com/bot.html)"
102.69.211.223 - - [31/Aug/2026:15:33:24 -0400] "POST /cpsess5003052442/3rdparty/roundcube/?_task=mail&_action=refresh HTTP/1.1" 200 1390 "https://webmail.savednsingle.org/cpsess5003052442/3rdparty/roundcube/?_task=mail&_mbox=INBOX" "Mozilla/5.0 (Windows NT 10.0; Win64; x64) AppleWebKit/537.36 (KHTML, like Gecko) Chrome/151.0.0.0 Safari/537.36"
197.184.86.246 - - [31/Aug/2026:15:33:39 -0400] "POST /cpsess0453424392/3rdparty/roundcube/?_task=mail&_action=refresh HTTP/1.1" 200 1389 "https://webmail.savednsingle.org/cpsess0453424392/3rdparty/roundcube/?_task=mail&_mbox=INBOX" "Mozilla/5.0 (Windows NT 10.0; Win64; x64; rv:154.0) Gecko/20100101 Firefox/154.0"
102.69.211.223 - - [31/Aug/2026:15:34:25 -0400] "POST /cpsess5003052442/3rdparty/roundcube/?_task=mail&_action=refresh HTTP/1.1" 200 1390 "https://webmail.savednsingle.org/cpsess5003052442/3rdparty/roundcube/?_task=mail&_mbox=INBOX" "Mozilla/5.0 (Windows NT 10.0; Win64; x64) AppleWebKit/537.36 (KHTML, like Gecko) Chrome/151.0.0.0 Safari/537.36"
197.184.86.246 - - [31/Aug/2026:15:34:39 -0400] "POST /cpsess0453424392/3rdparty/roundcube/?_task=mail&_action=refresh HTTP/1.1" 200 1390 "https://webmail.savednsingle.org/cpsess0453424392/3rdparty/roundcube/?_task=mail&_mbox=INBOX" "Mozilla/5.0 (Windows NT 10.0; Win64; x64; rv:154.0) Gecko/20100101 Firefox/154.0"
66.249.65.38 - - [31/Aug/2026:15:34:46 -0400] "GET /?u=i1n7d9e3m4n2i1f0y95 HTTP/1.1" 200 281 "-" "Mozilla/5.0 (Linux; Android 6.0.1; Nexus 5X Build/MMB29P) AppleWebKit/537.36 (KHTML, like Gecko) Chrome/151.0.7922.173 Mobile Safari/537.36 (compatible; Googlebot/2.1; +http://www.google.com/bot.html)"
102.69.211.223 - - [31/Aug/2026:15:35:26 -0400] "POST /cpsess5003052442/3rdparty/roundcube/?_task=mail&_action=refresh HTTP/1.1" 200 1390 "https://webmail.savednsingle.org/cpsess5003052442/3rdparty/roundcube/?_task=mail&_mbox=INBOX" "Mozilla/5.0 (Windows NT 10.0; Win64; x64) AppleWebKit/537.36 (KHTML, like Gecko) Chrome/151.0.0.0 Safari/537.36"
197.184.86.246 - - [31/Aug/2026:15:35:46 -0400] "POST /cpsess0453424392/3rdparty/roundcube/?_task=mail&_action=refresh HTTP/1.1" 308 152 "https://webmail.savednsingle.org/cpsess0453424392/3rdparty/roundcube/?_task=mail&_mbox=INBOX" "Mozilla/5.0 (Windows NT 10.0; Win64; x64; rv:154.0) Gecko/20100101 Firefox/154.0"
197.184.86.246 - - [31/Aug/2026:15:35:46 -0400] "POST /cpsess0453424392/3rdparty/roundcube/?_task=mail&_action=refresh HTTP/1.1" 200 1390 "https://webmail.savednsingle.org/cpsess0453424392/3rdparty/roundcube/?_task=mail&_mbox=INBOX" "Mozilla/5.0 (Windows NT 10.0; Win64; x64; rv:154.0) Gecko/20100101 Firefox/154.0"
66.249.65.130 - - [31/Aug/2026:15:35:54 -0400] "GET /shops/sargasso/c1o2n7f2i2d7e8n3t1i3al HTTP/1.1" 404 236 "-" "Mozilla/5.0 (compatible; Googlebot/2.1; +http://www.google.com/bot.html)"
188.0.105.6 - - [31/Aug/2026:15:36:01 -0400] "GET /shops/queendom/l0u2b4r8i5c3a2t2o3r85 HTTP/1.1" 404 236 "https://savednsingle.org/?sitemap604.xml" "Mozilla/5.0 (Linux; Android 13; V2189) AppleWebKit/537.36 (KHTML, like Gecko) Chrome/153.0.5269.24 Mobile Safari/537.36 MicroMessenger/8.0.35(0x18001B3F) NetType/WIFI Language/zh_CN"
198.204.240.234 - - [31/Aug/2026:15:36:12 -0400] "GET /wp-content/x7a7275/index.php HTTP/1.1" 404 236 "https://savednsingle.org/wp-content/x7a7275/index.php" "Mozilla/5.0 (compatible; MSIE 10.0; Windows NT 6.2; ARM; Trident/6.0)"
102.69.211.223 - - [31/Aug/2026:15:36:27 -0400] "POST /cpsess5003052442/3rdparty/roundcube/?_task=mail&_action=refresh HTTP/1.1" 200 1390 "https://webmail.savednsingle.org/cpsess5003052442/3rdparty/roundcube/?_task=mail&_mbox=INBOX" "Mozilla/5.0 (Windows NT 10.0; Win64; x64) AppleWebKit/537.36 (KHTML, like Gecko) Chrome/151.0.0.0 Safari/537.36"
66.249.65.37 - - [31/Aug/2026:15:36:31 -0400] "GET /?u=l1i3s1t7e3r1i0z7e672 HTTP/1.1" 200 281 "-" "Mozilla/5.0 (Linux; Android 6.0.1; Nexus 5X Build/MMB29P) AppleWebKit/537.36 (KHTML, like Gecko) Chrome/151.0.7922.173 Mobile Safari/537.36 (compatible; Googlebot/2.1; +http://www.google.com/bot.html)"
197.184.86.246 - - [31/Aug/2026:15:36:46 -0400] "POST /cpsess0453424392/3rdparty/roundcube/?_task=mail&_action=refresh HTTP/1.1" 200 1390 "https://webmail.savednsingle.org/cpsess0453424392/3rdparty/roundcube/?_task=mail&_mbox=INBOX" "Mozilla/5.0 (Windows NT 10.0; Win64; x64; rv:154.0) Gecko/20100101 Firefox/154.0"
66.249.65.130 - - [31/Aug/2026:15:37:13 -0400] "GET /shops/heliaca/p9h4o2n6o7m2o8t3o5r26 HTTP/1.1" 404 236 "-" "Mozilla/5.0 (Linux; Android 6.0.1; Nexus 5X Build/MMB29P) AppleWebKit/537.36 (KHTML, like Gecko) Chrome/151.0.7922.173 Mobile Safari/537.36 (compatible; Googlebot/2.1; +http://www.google.com/bot.html)"
102.69.211.223 - - [31/Aug/2026:15:37:28 -0400] "POST /cpsess5003052442/3rdparty/roundcube/?_task=mail&_action=refresh HTTP/1.1" 200 1390 "https://webmail.savednsingle.org/cpsess5003052442/3rdparty/roundcube/?_task=mail&_mbox=INBOX" "Mozilla/5.0 (Windows NT 10.0; Win64; x64) AppleWebKit/537.36 (KHTML, like Gecko) Chrome/151.0.0.0 Safari/537.36"
197.184.86.246 - - [31/Aug/2026:15:37:53 -0400] "POST /cpsess0453424392/3rdparty/roundcube/?_task=mail&_action=refresh HTTP/1.1" 200 1390 "https://webmail.savednsingle.org/cpsess0453424392/3rdparty/roundcube/?_task=mail&_mbox=INBOX" "Mozilla/5.0 (Windows NT 10.0; Win64; x64; rv:154.0) Gecko/20100101 Firefox/154.0"
66.249.65.37 - - [31/Aug/2026:15:38:16 -0400] "GET /tocsin/hempen/p5h2y0s8a4r1i1a1514 HTTP/1.1" 404 236 "-" "Mozilla/5.0 (Linux; Android 6.0.1; Nexus 5X Build/MMB29P) AppleWebKit/537.36 (KHTML, like Gecko) Chrome/151.0.7922.173 Mobile Safari/537.36 (compatible; Googlebot/2.1; +http://www.google.com/bot.html)"
102.69.211.223 - - [31/Aug/2026:15:38:29 -0400] "POST /cpsess5003052442/3rdparty/roundcube/?_task=mail&_action=refresh HTTP/1.1" 200 2115 "https://webmail.savednsingle.org/cpsess5003052442/3rdparty/roundcube/?_task=mail&_mbox=INBOX" "Mozilla/5.0 (Windows NT 10.0; Win64; x64) AppleWebKit/537.36 (KHTML, like Gecko) Chrome/151.0.0.0 Safari/537.36"
197.184.86.246 - - [31/Aug/2026:15:38:53 -0400] "POST /cpsess0453424392/3rdparty/roundcube/?_task=mail&_action=refresh HTTP/1.1" 200 2103 "https://webmail.savednsingle.org/cpsess0453424392/3rdparty/roundcube/?_task=mail&_mbox=INBOX" "Mozilla/5.0 (Windows NT 10.0; Win64; x64; rv:154.0) Gecko/20100101 Firefox/154.0"
102.69.211.223 - - [31/Aug/2026:15:39:31 -0400] "POST /cpsess5003052442/3rdparty/roundcube/?_task=mail&_action=refresh HTTP/1.1" 200 2115 "https://webmail.savednsingle.org/cpsess5003052442/3rdparty/roundcube/?_task=mail&_mbox=INBOX" "Mozilla/5.0 (Windows NT 10.0; Win64; x64) AppleWebKit/537.36 (KHTML, like Gecko) Chrome/151.0.0.0 Safari/537.36"
66.249.65.130 - - [31/Aug/2026:15:39:42 -0400] "GET /?shealing/92412513071 HTTP/1.1" 200 281 "-" "Mozilla/5.0 (compatible; Googlebot/2.1; +http://www.google.com/bot.html)"
66.249.65.128 - - [31/Aug/2026:15:39:48 -0400] "GET /shops/illmannered/t5e9n0u6a5t0i3n2g90 HTTP/1.1" 404 236 "-" "Mozilla/5.0 (compatible; Googlebot/2.1; +http://www.google.com/bot.html)"
197.184.86.246 - - [31/Aug/2026:15:40:00 -0400] "POST /cpsess0453424392/3rdparty/roundcube/?_task=mail&_action=refresh HTTP/1.1" 200 2100 "https://webmail.savednsingle.org/cpsess0453424392/3rdparty/roundcube/?_task=mail&_mbox=INBOX" "Mozilla/5.0 (Windows NT 10.0; Win64; x64; rv:154.0) Gecko/20100101 Firefox/154.0"
66.249.65.37 - - [31/Aug/2026:15:40:00 -0400] "GET /?u=a6r2g2u8m4e9n0t9s135 HTTP/1.1" 200 281 "-" "Mozilla/5.0 (Linux; Android 6.0.1; Nexus 5X Build/MMB29P) AppleWebKit/537.36 (KHTML, like Gecko) Chrome/151.0.7922.173 Mobile Safari/537.36 (compatible; Googlebot/2.1; +http://www.google.com/bot.html)"
102.69.211.223 - - [31/Aug/2026:15:40:31 -0400] "POST /cpsess5003052442/3rdparty/roundcube/?_task=mail&_action=refresh HTTP/1.1" 308 152 "https://webmail.savednsingle.org/cpsess5003052442/3rdparty/roundcube/?_task=mail&_mbox=INBOX" "Mozilla/5.0 (Windows NT 10.0; Win64; x64) AppleWebKit/537.36 (KHTML, like Gecko) Chrome/151.0.0.0 Safari/537.36"
102.69.211.223 - - [31/Aug/2026:15:40:31 -0400] "POST /cpsess5003052442/3rdparty/roundcube/?_task=mail&_action=refresh HTTP/1.1" 200 2115 "https://webmail.savednsingle.org/cpsess5003052442/3rdparty/roundcube/?_task=mail&_mbox=INBOX" "Mozilla/5.0 (Windows NT 10.0; Win64; x64) AppleWebKit/537.36 (KHTML, like Gecko) Chrome/151.0.0.0 Safari/537.36"
197.184.86.246 - - [31/Aug/2026:15:41:09 -0400] "POST /cpsess0453424392/3rdparty/roundcube/?_task=mail&_action=refresh HTTP/1.1" 200 2101 "https://webmail.savednsingle.org/cpsess0453424392/3rdparty/roundcube/?_task=mail&_mbox=INBOX" "Mozilla/5.0 (Windows NT 10.0; Win64; x64; rv:154.0) Gecko/20100101 Firefox/154.0"
102.69.211.223 - - [31/Aug/2026:15:41:33 -0400] "POST /cpsess5003052442/3rdparty/roundcube/?_task=mail&_action=refresh HTTP/1.1" 200 2115 "https://webmail.savednsingle.org/cpsess5003052442/3rdparty/roundcube/?_task=mail&_mbox=INBOX" "Mozilla/5.0 (Windows NT 10.0; Win64; x64) AppleWebKit/537.36 (KHTML, like Gecko) Chrome/151.0.0.0 Safari/537.36"
66.249.65.37 - - [31/Aug/2026:15:41:45 -0400] "GET /?u=h6y9p3o3t9r0o6c9h2o5id HTTP/1.1" 200 281 "-" "Mozilla/5.0 (Linux; Android 6.0.1; Nexus 5X Build/MMB29P) AppleWebKit/537.36 (KHTML, like Gecko) Chrome/151.0.7922.173 Mobile Safari/537.36 (compatible; Googlebot/2.1; +http://www.google.com/bot.html)"
197.184.86.246 - - [31/Aug/2026:15:42:07 -0400] "POST /cpsess0453424392/3rdparty/roundcube/?_task=mail&_action=refresh HTTP/1.1" 308 152 "https://webmail.savednsingle.org/cpsess0453424392/3rdparty/roundcube/?_task=mail&_mbox=INBOX" "Mozilla/5.0 (Windows NT 10.0; Win64; x64; rv:154.0) Gecko/20100101 Firefox/154.0"
197.184.86.246 - - [31/Aug/2026:15:42:08 -0400] "POST /cpsess0453424392/3rdparty/roundcube/?_task=mail&_action=refresh HTTP/1.1" 200 2103 "https://webmail.savednsingle.org/cpsess0453424392/3rdparty/roundcube/?_task=mail&_mbox=INBOX" "Mozilla/5.0 (Windows NT 10.0; Win64; x64; rv:154.0) Gecko/20100101 Firefox/154.0"
102.69.211.223 - - [31/Aug/2026:15:42:33 -0400] "POST /cpsess5003052442/3rdparty/roundcube/?_task=mail&_action=refresh HTTP/1.1" 200 1425 "https://webmail.savednsingle.org/cpsess5003052442/3rdparty/roundcube/?_task=mail&_mbox=INBOX" "Mozilla/5.0 (Windows NT 10.0; Win64; x64) AppleWebKit/537.36 (KHTML, like Gecko) Chrome/151.0.0.0 Safari/537.36"
66.249.65.128 - - [31/Aug/2026:15:43:02 -0400] "GET /deflagration/n5e3r6v9a5t0i9o1n560 HTTP/1.1" 404 236 "-" "Mozilla/5.0 (compatible; Googlebot/2.1; +http://www.google.com/bot.html)"
197.184.86.246 - - [31/Aug/2026:15:43:14 -0400] "POST /cpsess0453424392/3rdparty/roundcube/?_task=mail&_action=refresh HTTP/1.1" 200 1425 "https://webmail.savednsingle.org/cpsess0453424392/3rdparty/roundcube/?_task=mail&_mbox=INBOX" "Mozilla/5.0 (Windows NT 10.0; Win64; x64; rv:154.0) Gecko/20100101 Firefox/154.0"
102.69.211.223 - - [31/Aug/2026:15:43:34 -0400] "POST /cpsess5003052442/3rdparty/roundcube/?_task=mail&_action=refresh HTTP/1.1" 200 1390 "https://webmail.savednsingle.org/cpsess5003052442/3rdparty/roundcube/?_task=mail&_mbox=INBOX" "Mozilla/5.0 (Windows NT 10.0; Win64; x64) AppleWebKit/537.36 (KHTML, like Gecko) Chrome/151.0.0.0 Safari/537.36"
197.184.86.246 - - [31/Aug/2026:15:44:14 -0400] "POST /cpsess0453424392/3rdparty/roundcube/?_task=mail&_action=refresh HTTP/1.1" 308 152 "https://webmail.savednsingle.org/cpsess0453424392/3rdparty/roundcube/?_task=mail&_mbox=INBOX" "Mozilla/5.0 (Windows NT 10.0; Win64; x64; rv:154.0) Gecko/20100101 Firefox/154.0"
197.184.86.246 - - [31/Aug/2026:15:44:15 -0400] "POST /cpsess0453424392/3rdparty/roundcube/?_task=mail&_action=refresh HTTP/1.1" 200 1389 "https://webmail.savednsingle.org/cpsess0453424392/3rdparty/roundcube/?_task=mail&_mbox=INBOX" "Mozilla/5.0 (Windows NT 10.0; Win64; x64; rv:154.0) Gecko/20100101 Firefox/154.0"
51.36.51.46 - - [31/Aug/2026:15:44:18 -0400] "GET /shops/prodigally/b2l3u4e1s3t327356 HTTP/1.1" 404 236 "https://savednsingle.org/shops/prodigally/b2l3u4e1s3t327356" "Mozilla/5.0 (iPhone; CPU iPhone OS 17_2 like Mac OS X) AppleWebKit/605.1.15 (KHTML, like Gecko) Version/17.2 Mobile/15E148 Safari/604.1"
102.69.211.223 - - [31/Aug/2026:15:44:35 -0400] "POST /cpsess5003052442/3rdparty/roundcube/?_task=mail&_action=refresh HTTP/1.1" 308 152 "https://webmail.savednsingle.org/cpsess5003052442/3rdparty/roundcube/?_task=mail&_mbox=INBOX" "Mozilla/5.0 (Windows NT 10.0; Win64; x64) AppleWebKit/537.36 (KHTML, like Gecko) Chrome/151.0.0.0 Safari/537.36"
102.69.211.223 - - [31/Aug/2026:15:44:36 -0400] "POST /cpsess5003052442/3rdparty/roundcube/?_task=mail&_action=refresh HTTP/1.1" 200 1388 "https://webmail.savednsingle.org/cpsess5003052442/3rdparty/roundcube/?_task=mail&_mbox=INBOX" "Mozilla/5.0 (Windows NT 10.0; Win64; x64) AppleWebKit/537.36 (KHTML, like Gecko) Chrome/151.0.0.0 Safari/537.36"
197.184.86.246 - - [31/Aug/2026:15:45:14 -0400] "POST /cpsess0453424392/3rdparty/roundcube/?_task=mail&_action=refresh HTTP/1.1" 200 1390 "https://webmail.savednsingle.org/cpsess0453424392/3rdparty/roundcube/?_task=mail&_mbox=INBOX" "Mozilla/5.0 (Windows NT 10.0; Win64; x64; rv:154.0) Gecko/20100101 Firefox/154.0"
102.69.211.223 - - [31/Aug/2026:15:45:36 -0400] "POST /cpsess5003052442/3rdparty/roundcube/?_task=mail&_action=refresh HTTP/1.1" 200 1390 "https://webmail.savednsingle.org/cpsess5003052442/3rdparty/roundcube/?_task=mail&_mbox=INBOX" "Mozilla/5.0 (Windows NT 10.0; Win64; x64) AppleWebKit/537.36 (KHTML, like Gecko) Chrome/151.0.0.0 Safari/537.36"
66.249.65.38 - - [31/Aug/2026:15:46:08 -0400] "GET /?u=g1r2e2m0i1a1l9546 HTTP/1.1" 200 281 "-" "Mozilla/5.0 (Linux; Android 6.0.1; Nexus 5X Build/MMB29P) AppleWebKit/537.36 (KHTML, like Gecko) Chrome/151.0.7922.173 Mobile Safari/537.36 (compatible; Googlebot/2.1; +http://www.google.com/bot.html)"
197.184.86.246 - - [31/Aug/2026:15:46:21 -0400] "POST /cpsess0453424392/3rdparty/roundcube/?_task=mail&_action=refresh HTTP/1.1" 200 1390 "https://webmail.savednsingle.org/cpsess0453424392/3rdparty/roundcube/?_task=mail&_mbox=INBOX" "Mozilla/5.0 (Windows NT 10.0; Win64; x64; rv:154.0) Gecko/20100101 Firefox/154.0"
102.69.211.223 - - [31/Aug/2026:15:46:37 -0400] "POST /cpsess5003052442/3rdparty/roundcube/?_task=mail&_action=refresh HTTP/1.1" 200 1390 "https://webmail.savednsingle.org/cpsess5003052442/3rdparty/roundcube/?_task=mail&_mbox=INBOX" "Mozilla/5.0 (Windows NT 10.0; Win64; x64) AppleWebKit/537.36 (KHTML, like Gecko) Chrome/151.0.0.0 Safari/537.36"
197.184.86.246 - - [31/Aug/2026:15:47:28 -0400] "POST /cpsess0453424392/3rdparty/roundcube/?_task=mail&_action=refresh HTTP/1.1" 200 1390 "https://webmail.savednsingle.org/cpsess0453424392/3rdparty/roundcube/?_task=mail&_mbox=INBOX" "Mozilla/5.0 (Windows NT 10.0; Win64; x64; rv:154.0) Gecko/20100101 Firefox/154.0"
102.69.211.223 - - [31/Aug/2026:15:47:39 -0400] "POST /cpsess5003052442/3rdparty/roundcube/?_task=mail&_action=refresh HTTP/1.1" 200 1390 "https://webmail.savednsingle.org/cpsess5003052442/3rdparty/roundcube/?_task=mail&_mbox=INBOX" "Mozilla/5.0 (Windows NT 10.0; Win64; x64) AppleWebKit/537.36 (KHTML, like Gecko) Chrome/151.0.0.0 Safari/537.36"
157.55.39.48 - - [31/Aug/2026:15:47:42 -0400] "GET /?a=1179195294303 HTTP/1.1" 200 281 "-" "Mozilla/5.0 AppleWebKit/537.36 (KHTML, like Gecko; compatible; bingbot/2.0; +http://www.bing.com/bingbot.htm) Chrome/116.0.1938.76 Safari/537.36"
197.184.86.246 - - [31/Aug/2026:15:48:35 -0400] "POST /cpsess0453424392/3rdparty/roundcube/?_task=mail&_action=refresh HTTP/1.1" 200 1390 "https://webmail.savednsingle.org/cpsess0453424392/3rdparty/roundcube/?_task=mail&_mbox=INBOX" "Mozilla/5.0 (Windows NT 10.0; Win64; x64; rv:154.0) Gecko/20100101 Firefox/154.0"
102.69.211.223 - - [31/Aug/2026:15:48:40 -0400] "POST /cpsess5003052442/3rdparty/roundcube/?_task=mail&_action=refresh HTTP/1.1" 308 152 "https://webmail.savednsingle.org/cpsess5003052442/3rdparty/roundcube/?_task=mail&_mbox=INBOX" "Mozilla/5.0 (Windows NT 10.0; Win64; x64) AppleWebKit/537.36 (KHTML, like Gecko) Chrome/151.0.0.0 Safari/537.36"
102.69.211.223 - - [31/Aug/2026:15:48:40 -0400] "POST /cpsess5003052442/3rdparty/roundcube/?_task=mail&_action=refresh HTTP/1.1" 200 1390 "https://webmail.savednsingle.org/cpsess5003052442/3rdparty/roundcube/?_task=mail&_mbox=INBOX" "Mozilla/5.0 (Windows NT 10.0; Win64; x64) AppleWebKit/537.36 (KHTML, like Gecko) Chrome/151.0.0.0 Safari/537.36"
102.69.211.223 - - [31/Aug/2026:15:49:40 -0400] "POST /cpsess5003052442/3rdparty/roundcube/?_task=mail&_action=refresh HTTP/1.1" 200 1390 "https://webmail.savednsingle.org/cpsess5003052442/3rdparty/roundcube/?_task=mail&_mbox=INBOX" "Mozilla/5.0 (Windows NT 10.0; Win64; x64) AppleWebKit/537.36 (KHTML, like Gecko) Chrome/151.0.0.0 Safari/537.36"
197.184.86.246 - - [31/Aug/2026:15:49:42 -0400] "POST /cpsess0453424392/3rdparty/roundcube/?_task=mail&_action=refresh HTTP/1.1" 200 1390 "https://webmail.savednsingle.org/cpsess0453424392/3rdparty/roundcube/?_task=mail&_mbox=INBOX" "Mozilla/5.0 (Windows NT 10.0; Win64; x64; rv:154.0) Gecko/20100101 Firefox/154.0"
102.69.211.223 - - [31/Aug/2026:15:50:41 -0400] "POST /cpsess5003052442/3rdparty/roundcube/?_task=mail&_action=refresh HTTP/1.1" 200 2121 "https://webmail.savednsingle.org/cpsess5003052442/3rdparty/roundcube/?_task=mail&_mbox=INBOX" "Mozilla/5.0 (Windows NT 10.0; Win64; x64) AppleWebKit/537.36 (KHTML, like Gecko) Chrome/151.0.0.0 Safari/537.36"
197.184.86.246 - - [31/Aug/2026:15:50:48 -0400] "POST /cpsess0453424392/3rdparty/roundcube/?_task=mail&_action=refresh HTTP/1.1" 200 2105 "https://webmail.savednsingle.org/cpsess0453424392/3rdparty/roundcube/?_task=mail&_mbox=INBOX" "Mozilla/5.0 (Windows NT 10.0; Win64; x64; rv:154.0) Gecko/20100101 Firefox/154.0"
66.249.65.39 - - [31/Aug/2026:15:51:06 -0400] "GET /shops/litchi/c9a3m0i9s8761770 HTTP/1.1" 404 236 "-" "Mozilla/5.0 (compatible; Googlebot/2.1; +http://www.google.com/bot.html)"
102.69.211.223 - - [31/Aug/2026:15:51:42 -0400] "POST /cpsess5003052442/3rdparty/roundcube/?_task=mail&_action=refresh HTTP/1.1" 200 2117 "https://webmail.savednsingle.org/cpsess5003052442/3rdparty/roundcube/?_task=mail&_mbox=INBOX" "Mozilla/5.0 (Windows NT 10.0; Win64; x64) AppleWebKit/537.36 (KHTML, like Gecko) Chrome/151.0.0.0 Safari/537.36"
197.184.86.246 - - [31/Aug/2026:15:51:49 -0400] "POST /cpsess0453424392/3rdparty/roundcube/?_task=mail&_action=refresh HTTP/1.1" 200 2103 "https://webmail.savednsingle.org/cpsess0453424392/3rdparty/roundcube/?_task=mail&_mbox=INBOX" "Mozilla/5.0 (Windows NT 10.0; Win64; x64; rv:154.0) Gecko/20100101 Firefox/154.0"
102.69.211.223 - - [31/Aug/2026:15:52:43 -0400] "POST /cpsess5003052442/3rdparty/roundcube/?_task=mail&_action=refresh HTTP/1.1" 200 2115 "https://webmail.savednsingle.org/cpsess5003052442/3rdparty/roundcube/?_task=mail&_mbox=INBOX" "Mozilla/5.0 (Windows NT 10.0; Win64; x64) AppleWebKit/537.36 (KHTML, like Gecko) Chrome/151.0.0.0 Safari/537.36"
197.184.86.246 - - [31/Aug/2026:15:52:56 -0400] "POST /cpsess0453424392/3rdparty/roundcube/?_task=mail&_action=refresh HTTP/1.1" 200 2100 "https://webmail.savednsingle.org/cpsess0453424392/3rdparty/roundcube/?_task=mail&_mbox=INBOX" "Mozilla/5.0 (Windows NT 10.0; Win64; x64; rv:154.0) Gecko/20100101 Firefox/154.0"
102.69.211.223 - - [31/Aug/2026:15:53:44 -0400] "POST /cpsess5003052442/3rdparty/roundcube/?_task=mail&_action=refresh HTTP/1.1" 308 152 "https://webmail.savednsingle.org/cpsess5003052442/3rdparty/roundcube/?_task=mail&_mbox=INBOX" "Mozilla/5.0 (Windows NT 10.0; Win64; x64) AppleWebKit/537.36 (KHTML, like Gecko) Chrome/151.0.0.0 Safari/537.36"
102.69.211.223 - - [31/Aug/2026:15:53:45 -0400] "POST /cpsess5003052442/3rdparty/roundcube/?_task=mail&_action=refresh HTTP/1.1" 200 2118 "https://webmail.savednsingle.org/cpsess5003052442/3rdparty/roundcube/?_task=mail&_mbox=INBOX" "Mozilla/5.0 (Windows NT 10.0; Win64; x64) AppleWebKit/537.36 (KHTML, like Gecko) Chrome/151.0.0.0 Safari/537.36"
197.184.86.246 - - [31/Aug/2026:15:54:03 -0400] "POST /cpsess0453424392/3rdparty/roundcube/?_task=mail&_action=refresh HTTP/1.1" 200 2103 "https://webmail.savednsingle.org/cpsess0453424392/3rdparty/roundcube/?_task=mail&_mbox=INBOX" "Mozilla/5.0 (Windows NT 10.0; Win64; x64; rv:154.0) Gecko/20100101 Firefox/154.0"
102.69.211.223 - - [31/Aug/2026:15:54:45 -0400] "POST /cpsess5003052442/3rdparty/roundcube/?_task=mail&_action=refresh HTTP/1.1" 200 1428 "https://webmail.savednsingle.org/cpsess5003052442/3rdparty/roundcube/?_task=mail&_mbox=INBOX" "Mozilla/5.0 (Windows NT 10.0; Win64; x64) AppleWebKit/537.36 (KHTML, like Gecko) Chrome/151.0.0.0 Safari/537.36"
197.184.86.246 - - [31/Aug/2026:15:55:03 -0400] "POST /cpsess0453424392/3rdparty/roundcube/?_task=mail&_action=refresh HTTP/1.1" 308 152 "https://webmail.savednsingle.org/cpsess0453424392/3rdparty/roundcube/?_task=mail&_mbox=INBOX" "Mozilla/5.0 (Windows NT 10.0; Win64; x64; rv:154.0) Gecko/20100101 Firefox/154.0"
197.184.86.246 - - [31/Aug/2026:15:55:04 -0400] "POST /cpsess0453424392/3rdparty/roundcube/?_task=mail&_action=refresh HTTP/1.1" 200 1428 "https://webmail.savednsingle.org/cpsess0453424392/3rdparty/roundcube/?_task=mail&_mbox=INBOX" "Mozilla/5.0 (Windows NT 10.0; Win64; x64; rv:154.0) Gecko/20100101 Firefox/154.0"
5.193.14.178 - - [31/Aug/2026:15:55:26 -0400] "GET /shops/saintsimonianism/p0e2r6i7c2l8a8s4e812 HTTP/1.1" 404 236 "https://savednsingle.org/shops/saintsimonianism/p0e2r6i7c2l8a8s4e812" "Mozilla/5.0 (Linux; Android 14; OPPO PCLM4) AppleWebKit/537.36 (KHTML, like Gecko) Chrome/144.0.5463.34 Mobile Safari/537.36"
94.241.173.159 - - [31/Aug/2026:15:55:43 -0400] "GET / HTTP/1.0" 200 482 "https://savednsingle.org/" "Mozilla/5.0 (Windows NT 10.0; Win64; x64) AppleWebKit/537.36 (KHTML, like Gecko) Chrome/131.0.0.0 Safari/537.36 Avast/131.0.0.0"
102.69.211.223 - - [31/Aug/2026:15:55:47 -0400] "POST /cpsess5003052442/3rdparty/roundcube/?_task=mail&_action=refresh HTTP/1.1" 200 1390 "https://webmail.savednsingle.org/cpsess5003052442/3rdparty/roundcube/?_task=mail&_mbox=INBOX" "Mozilla/5.0 (Windows NT 10.0; Win64; x64) AppleWebKit/537.36 (KHTML, like Gecko) Chrome/151.0.0.0 Safari/537.36"
197.184.86.246 - - [31/Aug/2026:15:56:10 -0400] "POST /cpsess0453424392/3rdparty/roundcube/?_task=mail&_action=refresh HTTP/1.1" 200 1390 "https://webmail.savednsingle.org/cpsess0453424392/3rdparty/roundcube/?_task=mail&_mbox=INBOX" "Mozilla/5.0 (Windows NT 10.0; Win64; x64; rv:154.0) Gecko/20100101 Firefox/154.0"
102.69.211.223 - - [31/Aug/2026:15:56:47 -0400] "POST /cpsess5003052442/3rdparty/roundcube/?_task=mail&_action=refresh HTTP/1.1" 200 1390 "https://webmail.savednsingle.org/cpsess5003052442/3rdparty/roundcube/?_task=mail&_mbox=INBOX" "Mozilla/5.0 (Windows NT 10.0; Win64; x64) AppleWebKit/537.36 (KHTML, like Gecko) Chrome/151.0.0.0 Safari/537.36"
78.110.74.92 - - [31/Aug/2026:15:56:51 -0400] "GET /shops/reurge/p4a2r7a9c5e4n5t9r3i6c6 HTTP/1.1" 404 236 "https://savednsingle.org/?sitemap857.xml" "Mozilla/5.0 (Linux; Android 14; OPPO PCLM4) AppleWebKit/537.36 (KHTML, like Gecko) Chrome/154.0.5384.131 Mobile Safari/537.36 MicroMessenger/8.0.33(0x18001B3F) NetType/WIFI Language/zh_CN"
197.184.86.246 - - [31/Aug/2026:15:57:17 -0400] "POST /cpsess0453424392/3rdparty/roundcube/?_task=mail&_action=refresh HTTP/1.1" 308 152 "https://webmail.savednsingle.org/cpsess0453424392/3rdparty/roundcube/?_task=mail&_mbox=INBOX" "Mozilla/5.0 (Windows NT 10.0; Win64; x64; rv:154.0) Gecko/20100101 Firefox/154.0"
197.184.86.246 - - [31/Aug/2026:15:57:17 -0400] "POST /cpsess0453424392/3rdparty/roundcube/?_task=mail&_action=refresh HTTP/1.1" 200 1389 "https://webmail.savednsingle.org/cpsess0453424392/3rdparty/roundcube/?_task=mail&_mbox=INBOX" "Mozilla/5.0 (Windows NT 10.0; Win64; x64; rv:154.0) Gecko/20100101 Firefox/154.0"
102.69.211.223 - - [31/Aug/2026:15:57:48 -0400] "POST /cpsess5003052442/3rdparty/roundcube/?_task=mail&_action=refresh HTTP/1.1" 200 1390 "https://webmail.savednsingle.org/cpsess5003052442/3rdparty/roundcube/?_task=mail&_mbox=INBOX" "Mozilla/5.0 (Windows NT 10.0; Win64; x64) AppleWebKit/537.36 (KHTML, like Gecko) Chrome/151.0.0.0 Safari/537.36"
197.184.86.246 - - [31/Aug/2026:15:58:17 -0400] "POST /cpsess0453424392/3rdparty/roundcube/?_task=mail&_action=refresh HTTP/1.1" 200 1390 "https://webmail.savednsingle.org/cpsess0453424392/3rdparty/roundcube/?_task=mail&_mbox=INBOX" "Mozilla/5.0 (Windows NT 10.0; Win64; x64; rv:154.0) Gecko/20100101 Firefox/154.0"
66.249.65.39 - - [31/Aug/2026:15:58:33 -0400] "GET /shops/dogmatizer/p1a3r0l0e7913471 HTTP/1.1" 404 236 "-" "Mozilla/5.0 (Linux; Android 6.0.1; Nexus 5X Build/MMB29P) AppleWebKit/537.36 (KHTML, like Gecko) Chrome/151.0.7922.173 Mobile Safari/537.36 (compatible; Googlebot/2.1; +http://www.google.com/bot.html)"
102.69.211.223 - - [31/Aug/2026:15:58:49 -0400] "POST /cpsess5003052442/3rdparty/roundcube/?_task=mail&_action=refresh HTTP/1.1" 200 1390 "https://webmail.savednsingle.org/cpsess5003052442/3rdparty/roundcube/?_task=mail&_mbox=INBOX" "Mozilla/5.0 (Windows NT 10.0; Win64; x64) AppleWebKit/537.36 (KHTML, like Gecko) Chrome/151.0.0.0 Safari/537.36"
197.184.86.246 - - [31/Aug/2026:15:59:24 -0400] "POST /cpsess0453424392/3rdparty/roundcube/?_task=mail&_action=refresh HTTP/1.1" 308 152 "https://webmail.savednsingle.org/cpsess0453424392/3rdparty/roundcube/?_task=mail&_mbox=INBOX" "Mozilla/5.0 (Windows NT 10.0; Win64; x64; rv:154.0) Gecko/20100101 Firefox/154.0"
197.184.86.246 - - [31/Aug/2026:15:59:24 -0400] "POST /cpsess0453424392/3rdparty/roundcube/?_task=mail&_action=refresh HTTP/1.1" 200 1390 "https://webmail.savednsingle.org/cpsess0453424392/3rdparty/roundcube/?_task=mail&_mbox=INBOX" "Mozilla/5.0 (Windows NT 10.0; Win64; x64; rv:154.0) Gecko/20100101 Firefox/154.0"
102.178.38.95 - - [31/Aug/2026:15:59:40 -0400] "GET /shops/putrification/m4y4x0o0b6a5c4t2e3r2i6um HTTP/1.1" 404 236 "https://savednsingle.org/?sitemap857.xml" "Mozilla/5.0 (Linux; Android 13; OPPO PCLM0) AppleWebKit/537.36 (KHTML, like Gecko) Chrome/151.0.5104.48 Mobile Safari/537.36 MicroMessenger/8.0.46(0x18001B3F) NetType/WIFI Language/zh_CN"
102.69.211.223 - - [31/Aug/2026:15:59:50 -0400] "POST /cpsess5003052442/3rdparty/roundcube/?_task=mail&_action=refresh HTTP/1.1" 308 152 "https://webmail.savednsingle.org/cpsess5003052442/3rdparty/roundcube/?_task=mail&_mbox=INBOX" "Mozilla/5.0 (Windows NT 10.0; Win64; x64) AppleWebKit/537.36 (KHTML, like Gecko) Chrome/151.0.0.0 Safari/537.36"
102.69.211.223 - - [31/Aug/2026:15:59:51 -0400] "POST /cpsess5003052442/3rdparty/roundcube/?_task=mail&_action=refresh HTTP/1.1" 200 1390 "https://webmail.savednsingle.org/cpsess5003052442/3rdparty/roundcube/?_task=mail&_mbox=INBOX" "Mozilla/5.0 (Windows NT 10.0; Win64; x64) AppleWebKit/537.36 (KHTML, like Gecko) Chrome/151.0.0.0 Safari/537.36"
197.184.86.246 - - [31/Aug/2026:16:00:24 -0400] "POST /cpsess0453424392/3rdparty/roundcube/?_task=mail&_action=refresh HTTP/1.1" 200 1390 "https://webmail.savednsingle.org/cpsess0453424392/3rdparty/roundcube/?_task=mail&_mbox=INBOX" "Mozilla/5.0 (Windows NT 10.0; Win64; x64; rv:154.0) Gecko/20100101 Firefox/154.0"
66.249.65.39 - - [31/Aug/2026:16:00:46 -0400] "GET /millepora/lanolin/82563882929 HTTP/1.1" 404 236 "-" "Mozilla/5.0 (compatible; Googlebot/2.1; +http://www.google.com/bot.html)"
66.249.65.129 - - [31/Aug/2026:16:00:51 -0400] "GET /middleaged/v1a2l6e9r0a3n4d3i229 HTTP/1.1" 404 236 "-" "Mozilla/5.0 (Linux; Android 6.0.1; Nexus 5X Build/MMB29P) AppleWebKit/537.36 (KHTML, like Gecko) Chrome/151.0.7922.173 Mobile Safari/537.36 (compatible; Googlebot/2.1; +http://www.google.com/bot.html)"
102.69.211.223 - - [31/Aug/2026:16:00:51 -0400] "POST /cpsess5003052442/3rdparty/roundcube/?_task=mail&_action=refresh HTTP/1.1" 200 1389 "https://webmail.savednsingle.org/cpsess5003052442/3rdparty/roundcube/?_task=mail&_mbox=INBOX" "Mozilla/5.0 (Windows NT 10.0; Win64; x64) AppleWebKit/537.36 (KHTML, like Gecko) Chrome/151.0.0.0 Safari/537.36"
207.46.13.64 - - [31/Aug/2026:16:01:23 -0400] "GET /?a=9472763118300 HTTP/1.1" 200 281 "-" "Mozilla/5.0 AppleWebKit/537.36 (KHTML, like Gecko; compatible; bingbot/2.0; +http://www.bing.com/bingbot.htm) Chrome/116.0.1938.76 Safari/537.36"
197.184.86.246 - - [31/Aug/2026:16:01:24 -0400] "POST /cpsess0453424392/3rdparty/roundcube/?_task=mail&_action=refresh HTTP/1.1" 308 152 "https://webmail.savednsingle.org/cpsess0453424392/3rdparty/roundcube/?_task=mail&_mbox=INBOX" "Mozilla/5.0 (Windows NT 10.0; Win64; x64; rv:154.0) Gecko/20100101 Firefox/154.0"
197.184.86.246 - - [31/Aug/2026:16:01:24 -0400] "POST /cpsess0453424392/3rdparty/roundcube/?_task=mail&_action=refresh HTTP/1.1" 200 1390 "https://webmail.savednsingle.org/cpsess0453424392/3rdparty/roundcube/?_task=mail&_mbox=INBOX" "Mozilla/5.0 (Windows NT 10.0; Win64; x64; rv:154.0) Gecko/20100101 Firefox/154.0"
102.69.211.223 - - [31/Aug/2026:16:01:52 -0400] "POST /cpsess5003052442/3rdparty/roundcube/?_task=mail&_action=refresh HTTP/1.1" 200 2124 "https://webmail.savednsingle.org/cpsess5003052442/3rdparty/roundcube/?_task=mail&_mbox=INBOX" "Mozilla/5.0 (Windows NT 10.0; Win64; x64) AppleWebKit/537.36 (KHTML, like Gecko) Chrome/151.0.0.0 Safari/537.36"
66.249.65.130 - - [31/Aug/2026:16:02:15 -0400] "GET /?u=s2t1i2m2u2l0a0n1t195 HTTP/1.1" 200 281 "-" "Mozilla/5.0 (Linux; Android 6.0.1; Nexus 5X Build/MMB29P) AppleWebKit/537.36 (KHTML, like Gecko) Chrome/151.0.7922.173 Mobile Safari/537.36 (compatible; Googlebot/2.1; +http://www.google.com/bot.html)"
