216.73.216.215 - - [01/Sep/2026:02:45:16 -0400] "GET /well-known/acme-challenge/h/c/ HTTP/1.1" 200 424 "-" "Mozilla/5.0 AppleWebKit/537.36 (KHTML, like Gecko; compatible; ClaudeBot/1.0; +claudebot@anthropic.com)"
216.73.216.215 - - [01/Sep/2026:02:45:43 -0400] "GET /well-known/acme-challenge/b/g/ HTTP/1.1" 200 424 "-" "Mozilla/5.0 AppleWebKit/537.36 (KHTML, like Gecko; compatible; ClaudeBot/1.0; +claudebot@anthropic.com)"
216.73.216.215 - - [01/Sep/2026:02:45:44 -0400] "GET /well-known/acme-challenge/g/b/ HTTP/1.1" 200 425 "-" "Mozilla/5.0 AppleWebKit/537.36 (KHTML, like Gecko; compatible; ClaudeBot/1.0; +claudebot@anthropic.com)"
216.73.216.215 - - [01/Sep/2026:02:45:44 -0400] "GET /well-known/acme-challenge/h/b/ HTTP/1.1" 200 425 "-" "Mozilla/5.0 AppleWebKit/537.36 (KHTML, like Gecko; compatible; ClaudeBot/1.0; +claudebot@anthropic.com)"
216.73.216.215 - - [01/Sep/2026:02:45:45 -0400] "GET /well-known/acme-challenge/b/h/ HTTP/1.1" 200 424 "-" "Mozilla/5.0 AppleWebKit/537.36 (KHTML, like Gecko; compatible; ClaudeBot/1.0; +claudebot@anthropic.com)"
216.73.216.215 - - [01/Sep/2026:02:45:45 -0400] "GET /well-known/acme-challenge/g/h/ HTTP/1.1" 200 424 "-" "Mozilla/5.0 AppleWebKit/537.36 (KHTML, like Gecko; compatible; ClaudeBot/1.0; +claudebot@anthropic.com)"
216.73.216.215 - - [01/Sep/2026:02:45:46 -0400] "GET /well-known/acme-challenge/h/g/ HTTP/1.1" 200 425 "-" "Mozilla/5.0 AppleWebKit/537.36 (KHTML, like Gecko; compatible; ClaudeBot/1.0; +claudebot@anthropic.com)"
216.73.216.215 - - [01/Sep/2026:02:45:49 -0400] "GET /well-known/acme-challenge/e/?C=N&O=D HTTP/1.1" 200 422 "-" "Mozilla/5.0 AppleWebKit/537.36 (KHTML, like Gecko; compatible; ClaudeBot/1.0; +claudebot@anthropic.com)"
216.73.216.215 - - [01/Sep/2026:02:45:50 -0400] "GET /well-known/acme-challenge/e/?C=M&O=A HTTP/1.1" 200 424 "-" "Mozilla/5.0 AppleWebKit/537.36 (KHTML, like Gecko; compatible; ClaudeBot/1.0; +claudebot@anthropic.com)"
216.73.216.215 - - [01/Sep/2026:02:45:50 -0400] "GET /well-known/acme-challenge/d/?C=N&O=D HTTP/1.1" 200 422 "-" "Mozilla/5.0 AppleWebKit/537.36 (KHTML, like Gecko; compatible; ClaudeBot/1.0; +claudebot@anthropic.com)"
216.73.216.215 - - [01/Sep/2026:02:45:51 -0400] "GET /well-known/acme-challenge/d/?C=M&O=A HTTP/1.1" 200 424 "-" "Mozilla/5.0 AppleWebKit/537.36 (KHTML, like Gecko; compatible; ClaudeBot/1.0; +claudebot@anthropic.com)"
173.252.160.93 - - [01/Sep/2026:02:45:50 -0400] "POST /cpsess0453424392/3rdparty/roundcube/?_task=mail&_action=refresh HTTP/1.1" 200 1933 "https://webmail.savednsingle.org/cpsess0453424392/3rdparty/roundcube/?_task=mail&_mbox=INBOX" "Mozilla/5.0 (Windows NT 10.0; Win64; x64; rv:154.0) Gecko/20100101 Firefox/154.0"
216.73.216.215 - - [01/Sep/2026:02:45:51 -0400] "GET /well-known/acme-challenge/e/?C=D&O=A HTTP/1.1" 200 423 "-" "Mozilla/5.0 AppleWebKit/537.36 (KHTML, like Gecko; compatible; ClaudeBot/1.0; +claudebot@anthropic.com)"
216.73.216.215 - - [01/Sep/2026:02:45:52 -0400] "GET /well-known/acme-challenge/e/?C=S&O=A HTTP/1.1" 200 424 "-" "Mozilla/5.0 AppleWebKit/537.36 (KHTML, like Gecko; compatible; ClaudeBot/1.0; +claudebot@anthropic.com)"
216.73.216.215 - - [01/Sep/2026:02:46:03 -0400] "GET /well-known/acme-challenge/d/?C=D&O=A HTTP/1.1" 200 424 "-" "Mozilla/5.0 AppleWebKit/537.36 (KHTML, like Gecko; compatible; ClaudeBot/1.0; +claudebot@anthropic.com)"
216.73.216.215 - - [01/Sep/2026:02:46:03 -0400] "GET /well-known/acme-challenge/b/?C=N&O=D HTTP/1.1" 200 422 "-" "Mozilla/5.0 AppleWebKit/537.36 (KHTML, like Gecko; compatible; ClaudeBot/1.0; +claudebot@anthropic.com)"
216.73.216.215 - - [01/Sep/2026:02:46:03 -0400] "GET /well-known/acme-challenge/d/?C=S&O=A HTTP/1.1" 200 424 "-" "Mozilla/5.0 AppleWebKit/537.36 (KHTML, like Gecko; compatible; ClaudeBot/1.0; +claudebot@anthropic.com)"
216.73.216.215 - - [01/Sep/2026:02:46:04 -0400] "GET /well-known/acme-challenge/b/?C=M&O=A HTTP/1.1" 200 424 "-" "Mozilla/5.0 AppleWebKit/537.36 (KHTML, like Gecko; compatible; ClaudeBot/1.0; +claudebot@anthropic.com)"
216.73.216.215 - - [01/Sep/2026:02:46:04 -0400] "GET /well-known/acme-challenge/c/?C=N&O=D HTTP/1.1" 200 421 "-" "Mozilla/5.0 AppleWebKit/537.36 (KHTML, like Gecko; compatible; ClaudeBot/1.0; +claudebot@anthropic.com)"
216.73.216.215 - - [01/Sep/2026:02:46:05 -0400] "GET /well-known/acme-challenge/b/?C=D&O=A HTTP/1.1" 200 424 "-" "Mozilla/5.0 AppleWebKit/537.36 (KHTML, like Gecko; compatible; ClaudeBot/1.0; +claudebot@anthropic.com)"
157.10.7.116 - - [01/Sep/2026:02:46:15 -0400] "GET /shops/lurcher/h0e3a1r3t2r8o9b6b4i6ng HTTP/1.1" 404 236 "https://savednsingle.org/shops/lurcher/h0e3a1r3t2r8o9b6b4i6ng" "Mozilla/5.0 (Linux; Android 12; V2183) AppleWebKit/537.36 (KHTML, like Gecko) Chrome/151.0.5579.102 Mobile Safari/537.36 MicroMessenger/8.0.41(0x18001B3F) NetType/WIFI Language/zh_CN"
66.249.65.129 - - [01/Sep/2026:02:46:15 -0400] "GET /?u=p0a2l2p4l7e8s0s0491 HTTP/1.1" 200 358 "-" "Mozilla/5.0 (Linux; Android 6.0.1; Nexus 5X Build/MMB29P) AppleWebKit/537.36 (KHTML, like Gecko) Chrome/151.0.7922.173 Mobile Safari/537.36 (compatible; Googlebot/2.1; +http://www.google.com/bot.html)"
66.249.65.128 - - [01/Sep/2026:02:46:16 -0400] "GET /?u=d0i3a2s5y7556859 HTTP/1.1" 200 358 "-" "Mozilla/5.0 (Linux; Android 6.0.1; Nexus 5X Build/MMB29P) AppleWebKit/537.36 (KHTML, like Gecko) Chrome/151.0.7922.173 Mobile Safari/537.36 (compatible; Googlebot/2.1; +http://www.google.com/bot.html)"
216.73.216.215 - - [01/Sep/2026:02:46:17 -0400] "GET /well-known/acme-challenge/c/?C=M&O=A HTTP/1.1" 200 423 "-" "Mozilla/5.0 AppleWebKit/537.36 (KHTML, like Gecko; compatible; ClaudeBot/1.0; +claudebot@anthropic.com)"
216.73.216.215 - - [01/Sep/2026:02:46:17 -0400] "GET /well-known/acme-challenge/b/?C=S&O=A HTTP/1.1" 200 424 "-" "Mozilla/5.0 AppleWebKit/537.36 (KHTML, like Gecko; compatible; ClaudeBot/1.0; +claudebot@anthropic.com)"
216.73.216.215 - - [01/Sep/2026:02:46:17 -0400] "GET /well-known/acme-challenge/c/?C=D&O=A HTTP/1.1" 200 423 "-" "Mozilla/5.0 AppleWebKit/537.36 (KHTML, like Gecko; compatible; ClaudeBot/1.0; +claudebot@anthropic.com)"
216.73.216.215 - - [01/Sep/2026:02:46:18 -0400] "GET /well-known/acme-challenge/c/?C=S&O=A HTTP/1.1" 200 423 "-" "Mozilla/5.0 AppleWebKit/537.36 (KHTML, like Gecko; compatible; ClaudeBot/1.0; +claudebot@anthropic.com)"
216.73.216.215 - - [01/Sep/2026:02:46:18 -0400] "GET /well-known/acme-challenge/g/?C=N&O=D HTTP/1.1" 200 422 "-" "Mozilla/5.0 AppleWebKit/537.36 (KHTML, like Gecko; compatible; ClaudeBot/1.0; +claudebot@anthropic.com)"
216.73.216.215 - - [01/Sep/2026:02:46:19 -0400] "GET /well-known/acme-challenge/g/?C=M&O=A HTTP/1.1" 200 424 "-" "Mozilla/5.0 AppleWebKit/537.36 (KHTML, like Gecko; compatible; ClaudeBot/1.0; +claudebot@anthropic.com)"
66.249.65.129 - - [01/Sep/2026:02:46:20 -0400] "GET /?u=m5o3u1n4c8h469301 HTTP/1.1" 200 358 "-" "Mozilla/5.0 (Linux; Android 6.0.1; Nexus 5X Build/MMB29P) AppleWebKit/537.36 (KHTML, like Gecko) Chrome/151.0.7922.173 Mobile Safari/537.36 (compatible; Googlebot/2.1; +http://www.google.com/bot.html)"
66.249.65.128 - - [01/Sep/2026:02:46:23 -0400] "GET /?u=d5i3e2t3e5r91763 HTTP/1.1" 200 358 "-" "Mozilla/5.0 (Linux; Android 6.0.1; Nexus 5X Build/MMB29P) AppleWebKit/537.36 (KHTML, like Gecko) Chrome/151.0.7922.173 Mobile Safari/537.36 (compatible; Googlebot/2.1; +http://www.google.com/bot.html)"
216.73.216.215 - - [01/Sep/2026:02:46:24 -0400] "GET /well-known/acme-challenge/g/?C=D&O=A HTTP/1.1" 200 424 "-" "Mozilla/5.0 AppleWebKit/537.36 (KHTML, like Gecko; compatible; ClaudeBot/1.0; +claudebot@anthropic.com)"
216.73.216.215 - - [01/Sep/2026:02:46:25 -0400] "GET /well-known/acme-challenge/g/?C=S&O=A HTTP/1.1" 200 424 "-" "Mozilla/5.0 AppleWebKit/537.36 (KHTML, like Gecko; compatible; ClaudeBot/1.0; +claudebot@anthropic.com)"
216.73.216.215 - - [01/Sep/2026:02:46:25 -0400] "GET /well-known/acme-challenge/h/?C=N&O=D HTTP/1.1" 200 422 "-" "Mozilla/5.0 AppleWebKit/537.36 (KHTML, like Gecko; compatible; ClaudeBot/1.0; +claudebot@anthropic.com)"
216.73.216.215 - - [01/Sep/2026:02:46:26 -0400] "GET /well-known/acme-challenge/h/?C=M&O=A HTTP/1.1" 200 424 "-" "Mozilla/5.0 AppleWebKit/537.36 (KHTML, like Gecko; compatible; ClaudeBot/1.0; +claudebot@anthropic.com)"
66.249.65.128 - - [01/Sep/2026:02:46:26 -0400] "GET /?a=79603143808000 HTTP/1.1" 200 358 "-" "Mozilla/5.0 (Linux; Android 6.0.1; Nexus 5X Build/MMB29P) AppleWebKit/537.36 (KHTML, like Gecko) Chrome/151.0.7922.173 Mobile Safari/537.36 (compatible; Googlebot/2.1; +http://www.google.com/bot.html)"
216.73.216.215 - - [01/Sep/2026:02:46:26 -0400] "GET /well-known/acme-challenge/h/?C=D&O=A HTTP/1.1" 200 424 "-" "Mozilla/5.0 AppleWebKit/537.36 (KHTML, like Gecko; compatible; ClaudeBot/1.0; +claudebot@anthropic.com)"
17.166.151.191 - - [01/Sep/2026:02:46:26 -0400] "GET /robots.txt HTTP/1.1" 404 236 "-" "Mozilla/5.0 (Macintosh; Intel Mac OS X 10_15_7) AppleWebKit/605.1.15 (KHTML, like Gecko) Version/17.4 Safari/605.1.15 (Applebot/0.1; +http://www.apple.com/go/applebot)"
17.166.151.191 - - [01/Sep/2026:02:46:26 -0400] "GET / HTTP/1.1" 200 358 "-" "Mozilla/5.0 (Macintosh; Intel Mac OS X 10_15_7) AppleWebKit/605.1.15 (KHTML, like Gecko) Version/17.4 Safari/605.1.15 (Applebot/0.1; +http://www.apple.com/go/applebot)"
216.73.216.215 - - [01/Sep/2026:02:46:27 -0400] "GET /well-known/acme-challenge/h/?C=S&O=A HTTP/1.1" 200 424 "-" "Mozilla/5.0 AppleWebKit/537.36 (KHTML, like Gecko; compatible; ClaudeBot/1.0; +claudebot@anthropic.com)"
66.249.65.128 - - [01/Sep/2026:02:46:29 -0400] "GET /?needlewoman/82339559017 HTTP/1.1" 200 358 "-" "Mozilla/5.0 (Linux; Android 6.0.1; Nexus 5X Build/MMB29P) AppleWebKit/537.36 (KHTML, like Gecko) Chrome/151.0.7922.173 Mobile Safari/537.36 (compatible; Googlebot/2.1; +http://www.google.com/bot.html)"
66.249.65.128 - - [01/Sep/2026:02:46:32 -0400] "GET /?u=o8r9d1o4n3n0a7n2c3e6 HTTP/1.1" 200 358 "-" "Mozilla/5.0 (Linux; Android 6.0.1; Nexus 5X Build/MMB29P) AppleWebKit/537.36 (KHTML, like Gecko) Chrome/151.0.7922.173 Mobile Safari/537.36 (compatible; Googlebot/2.1; +http://www.google.com/bot.html)"
66.249.65.128 - - [01/Sep/2026:02:46:35 -0400] "GET /?u=m8e3s7o8p2t2e7r9y4g6i6um HTTP/1.1" 200 358 "-" "Mozilla/5.0 (Linux; Android 6.0.1; Nexus 5X Build/MMB29P) AppleWebKit/537.36 (KHTML, like Gecko) Chrome/151.0.7922.173 Mobile Safari/537.36 (compatible; Googlebot/2.1; +http://www.google.com/bot.html)"
66.249.65.128 - - [01/Sep/2026:02:46:39 -0400] "GET /?coteaux/01245389425 HTTP/1.1" 200 358 "-" "Mozilla/5.0 (Linux; Android 6.0.1; Nexus 5X Build/MMB29P) AppleWebKit/537.36 (KHTML, like Gecko) Chrome/151.0.7922.173 Mobile Safari/537.36 (compatible; Googlebot/2.1; +http://www.google.com/bot.html)"
66.249.65.128 - - [01/Sep/2026:02:46:45 -0400] "GET /?u=r0u2t5t7e9r6k9i5n487 HTTP/1.1" 200 358 "-" "Mozilla/5.0 (Linux; Android 6.0.1; Nexus 5X Build/MMB29P) AppleWebKit/537.36 (KHTML, like Gecko) Chrome/151.0.7922.173 Mobile Safari/537.36 (compatible; Googlebot/2.1; +http://www.google.com/bot.html)"
66.249.65.128 - - [01/Sep/2026:02:46:48 -0400] "GET /?u=d5e1r8i5d8e2r97997 HTTP/1.1" 200 358 "-" "Mozilla/5.0 (Linux; Android 6.0.1; Nexus 5X Build/MMB29P) AppleWebKit/537.36 (KHTML, like Gecko) Chrome/151.0.7922.173 Mobile Safari/537.36 (compatible; Googlebot/2.1; +http://www.google.com/bot.html)"
66.249.65.128 - - [01/Sep/2026:02:46:51 -0400] "GET /?u=a5d1j1u7d6g8m5e4n2t46 HTTP/1.1" 200 358 "-" "Mozilla/5.0 (Linux; Android 6.0.1; Nexus 5X Build/MMB29P) AppleWebKit/537.36 (KHTML, like Gecko) Chrome/151.0.7922.173 Mobile Safari/537.36 (compatible; Googlebot/2.1; +http://www.google.com/bot.html)"
173.252.160.93 - - [01/Sep/2026:02:46:51 -0400] "POST /cpsess0453424392/3rdparty/roundcube/?_task=mail&_action=refresh HTTP/1.1" 200 1951 "https://webmail.savednsingle.org/cpsess0453424392/3rdparty/roundcube/?_task=mail&_mbox=INBOX" "Mozilla/5.0 (Windows NT 10.0; Win64; x64; rv:154.0) Gecko/20100101 Firefox/154.0"
66.249.65.128 - - [01/Sep/2026:02:46:54 -0400] "GET /?u=l5o3v7e6m0o7n7g9e2r66 HTTP/1.1" 200 358 "-" "Mozilla/5.0 (Linux; Android 6.0.1; Nexus 5X Build/MMB29P) AppleWebKit/537.36 (KHTML, like Gecko) Chrome/151.0.7922.173 Mobile Safari/537.36 (compatible; Googlebot/2.1; +http://www.google.com/bot.html)"
66.249.65.128 - - [01/Sep/2026:02:46:57 -0400] "GET /?u=m5u2s9t2a8c8h0i2o7e9d9 HTTP/1.1" 200 358 "-" "Mozilla/5.0 (Linux; Android 6.0.1; Nexus 5X Build/MMB29P) AppleWebKit/537.36 (KHTML, like Gecko) Chrome/151.0.7922.173 Mobile Safari/537.36 (compatible; Googlebot/2.1; +http://www.google.com/bot.html)"
66.249.65.129 - - [01/Sep/2026:02:47:02 -0400] "GET /?u=b2l3u5r5t9212404 HTTP/1.1" 200 358 "-" "Mozilla/5.0 (Linux; Android 6.0.1; Nexus 5X Build/MMB29P) AppleWebKit/537.36 (KHTML, like Gecko) Chrome/151.0.7922.173 Mobile Safari/537.36 (compatible; Googlebot/2.1; +http://www.google.com/bot.html)"
66.249.65.130 - - [01/Sep/2026:02:47:05 -0400] "GET /?u=h2a3r3r6a7g6e68354 HTTP/1.1" 200 358 "-" "Mozilla/5.0 (Linux; Android 6.0.1; Nexus 5X Build/MMB29P) AppleWebKit/537.36 (KHTML, like Gecko) Chrome/151.0.7922.173 Mobile Safari/537.36 (compatible; Googlebot/2.1; +http://www.google.com/bot.html)"
66.249.65.128 - - [01/Sep/2026:02:47:08 -0400] "GET /?u=s2y3n3t3e0r8e1s1i9s52 HTTP/1.1" 200 358 "-" "Mozilla/5.0 (Linux; Android 6.0.1; Nexus 5X Build/MMB29P) AppleWebKit/537.36 (KHTML, like Gecko) Chrome/151.0.7922.173 Mobile Safari/537.36 (compatible; Googlebot/2.1; +http://www.google.com/bot.html)"
66.249.65.128 - - [01/Sep/2026:02:47:11 -0400] "GET /?a=4777672789600 HTTP/1.1" 200 358 "-" "Mozilla/5.0 (Linux; Android 6.0.1; Nexus 5X Build/MMB29P) AppleWebKit/537.36 (KHTML, like Gecko) Chrome/151.0.7922.173 Mobile Safari/537.36 (compatible; Googlebot/2.1; +http://www.google.com/bot.html)"
66.249.65.128 - - [01/Sep/2026:02:47:14 -0400] "GET /?inhospitable/2868093638 HTTP/1.1" 200 358 "-" "Mozilla/5.0 (Linux; Android 6.0.1; Nexus 5X Build/MMB29P) AppleWebKit/537.36 (KHTML, like Gecko) Chrome/151.0.7922.173 Mobile Safari/537.36 (compatible; Googlebot/2.1; +http://www.google.com/bot.html)"
66.249.65.128 - - [01/Sep/2026:02:47:16 -0400] "GET /?u=t2o3b1r7e7s3t27845 HTTP/1.1" 200 358 "-" "Mozilla/5.0 (Linux; Android 6.0.1; Nexus 5X Build/MMB29P) AppleWebKit/537.36 (KHTML, like Gecko) Chrome/151.0.7922.173 Mobile Safari/537.36 (compatible; Googlebot/2.1; +http://www.google.com/bot.html)"
66.249.65.128 - - [01/Sep/2026:02:47:39 -0400] "GET /?u=m2e6e0t7l4y07276 HTTP/1.1" 200 358 "-" "Mozilla/5.0 (Linux; Android 6.0.1; Nexus 5X Build/MMB29P) AppleWebKit/537.36 (KHTML, like Gecko) Chrome/151.0.7922.173 Mobile Safari/537.36 (compatible; Googlebot/2.1; +http://www.google.com/bot.html)"
66.249.65.128 - - [01/Sep/2026:02:47:45 -0400] "GET /?u=i3s4o0n7e7p4h1e4l1i6c1 HTTP/1.1" 200 358 "-" "Mozilla/5.0 (Linux; Android 6.0.1; Nexus 5X Build/MMB29P) AppleWebKit/537.36 (KHTML, like Gecko) Chrome/151.0.7922.173 Mobile Safari/537.36 (compatible; Googlebot/2.1; +http://www.google.com/bot.html)"
66.249.65.128 - - [01/Sep/2026:02:47:50 -0400] "GET /?u=m5u7s7c5a8l9e3s669 HTTP/1.1" 200 358 "-" "Mozilla/5.0 (Linux; Android 6.0.1; Nexus 5X Build/MMB29P) AppleWebKit/537.36 (KHTML, like Gecko) Chrome/151.0.7922.173 Mobile Safari/537.36 (compatible; Googlebot/2.1; +http://www.google.com/bot.html)"
66.249.65.128 - - [01/Sep/2026:02:47:55 -0400] "GET /?u=o5v1e2r0b8i5d61213 HTTP/1.1" 200 358 "-" "Mozilla/5.0 (Linux; Android 6.0.1; Nexus 5X Build/MMB29P) AppleWebKit/537.36 (KHTML, like Gecko) Chrome/151.0.7922.173 Mobile Safari/537.36 (compatible; Googlebot/2.1; +http://www.google.com/bot.html)"
173.252.160.93 - - [01/Sep/2026:02:47:56 -0400] "POST /cpsess0453424392/3rdparty/roundcube/?_task=mail&_action=refresh HTTP/1.1" 200 1426 "https://webmail.savednsingle.org/cpsess0453424392/3rdparty/roundcube/?_task=mail&_mbox=INBOX" "Mozilla/5.0 (Windows NT 10.0; Win64; x64; rv:154.0) Gecko/20100101 Firefox/154.0"
66.249.65.128 - - [01/Sep/2026:02:47:59 -0400] "GET /?u=a5b2d1u1c0t1i9o9n732 HTTP/1.1" 200 358 "-" "Mozilla/5.0 (Linux; Android 6.0.1; Nexus 5X Build/MMB29P) AppleWebKit/537.36 (KHTML, like Gecko) Chrome/151.0.7922.173 Mobile Safari/537.36 (compatible; Googlebot/2.1; +http://www.google.com/bot.html)"
66.249.65.128 - - [01/Sep/2026:02:48:02 -0400] "GET /?u=m5i9s1t5r2o5w9743 HTTP/1.1" 200 358 "-" "Mozilla/5.0 (Linux; Android 6.0.1; Nexus 5X Build/MMB29P) AppleWebKit/537.36 (KHTML, like Gecko) Chrome/151.0.7922.173 Mobile Safari/537.36 (compatible; Googlebot/2.1; +http://www.google.com/bot.html)"
69.171.249.13 - - [01/Sep/2026:02:48:04 -0400] "GET /robots.txt HTTP/1.1" 404 236 "-" "facebookexternalhit/1.1 (+http://www.facebook.com/externalhit_uatext.php)"
66.249.65.128 - - [01/Sep/2026:02:48:05 -0400] "GET /?u=s5u2b1p6o4e6n0a9e3d8 HTTP/1.1" 200 358 "-" "Mozilla/5.0 (Linux; Android 6.0.1; Nexus 5X Build/MMB29P) AppleWebKit/537.36 (KHTML, like Gecko) Chrome/151.0.7922.173 Mobile Safari/537.36 (compatible; Googlebot/2.1; +http://www.google.com/bot.html)"
66.249.65.128 - - [01/Sep/2026:02:48:07 -0400] "GET /?u=b1o1v8a3t3e372598 HTTP/1.1" 200 358 "-" "Mozilla/5.0 (Linux; Android 6.0.1; Nexus 5X Build/MMB29P) AppleWebKit/537.36 (KHTML, like Gecko) Chrome/151.0.7922.173 Mobile Safari/537.36 (compatible; Googlebot/2.1; +http://www.google.com/bot.html)"
66.249.65.128 - - [01/Sep/2026:02:48:09 -0400] "GET /?u=g1r2a5l2l5a6t9o7r3e6s0 HTTP/1.1" 200 358 "-" "Mozilla/5.0 (Linux; Android 6.0.1; Nexus 5X Build/MMB29P) AppleWebKit/537.36 (KHTML, like Gecko) Chrome/151.0.7922.173 Mobile Safari/537.36 (compatible; Googlebot/2.1; +http://www.google.com/bot.html)"
66.249.65.128 - - [01/Sep/2026:02:48:12 -0400] "GET /?moonblind/5380358575 HTTP/1.1" 200 358 "-" "Mozilla/5.0 (Linux; Android 6.0.1; Nexus 5X Build/MMB29P) AppleWebKit/537.36 (KHTML, like Gecko) Chrome/151.0.7922.173 Mobile Safari/537.36 (compatible; Googlebot/2.1; +http://www.google.com/bot.html)"
66.249.65.128 - - [01/Sep/2026:02:48:15 -0400] "GET /?u=m5e4t2a1s6o5m4a9t9i2c2 HTTP/1.1" 200 358 "-" "Mozilla/5.0 (Linux; Android 6.0.1; Nexus 5X Build/MMB29P) AppleWebKit/537.36 (KHTML, like Gecko) Chrome/151.0.7922.173 Mobile Safari/537.36 (compatible; Googlebot/2.1; +http://www.google.com/bot.html)"
66.249.65.128 - - [01/Sep/2026:02:48:18 -0400] "GET /?u=s8e2n4s0i2b2l8y8231 HTTP/1.1" 200 358 "-" "Mozilla/5.0 (Linux; Android 6.0.1; Nexus 5X Build/MMB29P) AppleWebKit/537.36 (KHTML, like Gecko) Chrome/151.0.7922.173 Mobile Safari/537.36 (compatible; Googlebot/2.1; +http://www.google.com/bot.html)"
66.249.65.128 - - [01/Sep/2026:02:48:20 -0400] "GET /?u=p1h1a8n1t4a4s6m0a1l03 HTTP/1.1" 200 358 "-" "Mozilla/5.0 (Linux; Android 6.0.1; Nexus 5X Build/MMB29P) AppleWebKit/537.36 (KHTML, like Gecko) Chrome/151.0.7922.173 Mobile Safari/537.36 (compatible; Googlebot/2.1; +http://www.google.com/bot.html)"
66.249.65.128 - - [01/Sep/2026:02:48:23 -0400] "GET /?u=c9e2l2l4u4a1r64194 HTTP/1.1" 200 358 "-" "Mozilla/5.0 (Linux; Android 6.0.1; Nexus 5X Build/MMB29P) AppleWebKit/537.36 (KHTML, like Gecko) Chrome/151.0.7922.173 Mobile Safari/537.36 (compatible; Googlebot/2.1; +http://www.google.com/bot.html)"
66.249.65.128 - - [01/Sep/2026:02:48:29 -0400] "GET /?u=c5h4a2s8t8i0z6e1564 HTTP/1.1" 200 358 "-" "Mozilla/5.0 (Linux; Android 6.0.1; Nexus 5X Build/MMB29P) AppleWebKit/537.36 (KHTML, like Gecko) Chrome/151.0.7922.173 Mobile Safari/537.36 (compatible; Googlebot/2.1; +http://www.google.com/bot.html)"
66.249.65.128 - - [01/Sep/2026:02:48:31 -0400] "GET /?responsal/02033989105 HTTP/1.1" 200 358 "-" "Mozilla/5.0 (Linux; Android 6.0.1; Nexus 5X Build/MMB29P) AppleWebKit/537.36 (KHTML, like Gecko) Chrome/151.0.7922.173 Mobile Safari/537.36 (compatible; Googlebot/2.1; +http://www.google.com/bot.html)"
66.249.65.128 - - [01/Sep/2026:02:48:34 -0400] "GET /?u=m0i1g0h2t0i1n2e9s0s22 HTTP/1.1" 200 358 "-" "Mozilla/5.0 (Linux; Android 6.0.1; Nexus 5X Build/MMB29P) AppleWebKit/537.36 (KHTML, like Gecko) Chrome/151.0.7922.173 Mobile Safari/537.36 (compatible; Googlebot/2.1; +http://www.google.com/bot.html)"
66.249.65.128 - - [01/Sep/2026:02:48:37 -0400] "GET /?u=a0m2a0r9a9n8t37392 HTTP/1.1" 200 358 "-" "Mozilla/5.0 (Linux; Android 6.0.1; Nexus 5X Build/MMB29P) AppleWebKit/537.36 (KHTML, like Gecko) Chrome/151.0.7922.173 Mobile Safari/537.36 (compatible; Googlebot/2.1; +http://www.google.com/bot.html)"
66.249.65.128 - - [01/Sep/2026:02:48:39 -0400] "GET /?u=d3u1r7i3o2070866 HTTP/1.1" 200 358 "-" "Mozilla/5.0 (Linux; Android 6.0.1; Nexus 5X Build/MMB29P) AppleWebKit/537.36 (KHTML, like Gecko) Chrome/151.0.7922.173 Mobile Safari/537.36 (compatible; Googlebot/2.1; +http://www.google.com/bot.html)"
66.249.65.128 - - [01/Sep/2026:02:48:42 -0400] "GET /?u=j7a2r3v2e6y119051 HTTP/1.1" 200 358 "-" "Mozilla/5.0 (Linux; Android 6.0.1; Nexus 5X Build/MMB29P) AppleWebKit/537.36 (KHTML, like Gecko) Chrome/151.0.7922.173 Mobile Safari/537.36 (compatible; Googlebot/2.1; +http://www.google.com/bot.html)"
66.249.65.128 - - [01/Sep/2026:02:48:44 -0400] "GET /?a=231071860402 HTTP/1.1" 200 358 "-" "Mozilla/5.0 (Linux; Android 6.0.1; Nexus 5X Build/MMB29P) AppleWebKit/537.36 (KHTML, like Gecko) Chrome/151.0.7922.173 Mobile Safari/537.36 (compatible; Googlebot/2.1; +http://www.google.com/bot.html)"
66.249.65.128 - - [01/Sep/2026:02:48:47 -0400] "GET /?u=c7u2p3r8u7m868439 HTTP/1.1" 200 358 "-" "Mozilla/5.0 (Linux; Android 6.0.1; Nexus 5X Build/MMB29P) AppleWebKit/537.36 (KHTML, like Gecko) Chrome/151.0.7922.173 Mobile Safari/537.36 (compatible; Googlebot/2.1; +http://www.google.com/bot.html)"
66.249.65.128 - - [01/Sep/2026:02:48:52 -0400] "GET /?u=n2a2n7d1o5w082586 HTTP/1.1" 200 358 "-" "Mozilla/5.0 (Linux; Android 6.0.1; Nexus 5X Build/MMB29P) AppleWebKit/537.36 (KHTML, like Gecko) Chrome/151.0.7922.173 Mobile Safari/537.36 (compatible; Googlebot/2.1; +http://www.google.com/bot.html)"
66.249.65.128 - - [01/Sep/2026:02:48:54 -0400] "GET /?u=m9i2d9r1i3f6f39638 HTTP/1.1" 200 358 "-" "Mozilla/5.0 (Linux; Android 6.0.1; Nexus 5X Build/MMB29P) AppleWebKit/537.36 (KHTML, like Gecko) Chrome/151.0.7922.173 Mobile Safari/537.36 (compatible; Googlebot/2.1; +http://www.google.com/bot.html)"
197.237.214.197 - - [01/Sep/2026:02:48:56 -0400] "GET /shops/luckless/d4o2s8a5d0o1s79687 HTTP/1.1" 404 236 "https://savednsingle.org/?sitemap857.xml" "Mozilla/5.0 (iPhone; CPU iPhone OS 16_5 like Mac OS X) AppleWebKit/605.1.15 (KHTML, like Gecko) Version/16.5 Mobile/15E148 Safari/604.1"
66.249.65.128 - - [01/Sep/2026:02:48:57 -0400] "GET /?u=m9e3l0o1d4e7o3n9295 HTTP/1.1" 200 358 "-" "Mozilla/5.0 (Linux; Android 6.0.1; Nexus 5X Build/MMB29P) AppleWebKit/537.36 (KHTML, like Gecko) Chrome/151.0.7922.173 Mobile Safari/537.36 (compatible; Googlebot/2.1; +http://www.google.com/bot.html)"
216.73.216.215 - - [01/Sep/2026:02:48:57 -0400] "GET /well-known/acme-challenge/f/e/ HTTP/1.1" 200 424 "-" "Mozilla/5.0 AppleWebKit/537.36 (KHTML, like Gecko; compatible; ClaudeBot/1.0; +claudebot@anthropic.com)"
216.73.216.215 - - [01/Sep/2026:02:48:57 -0400] "GET /well-known/acme-challenge/f/d/ HTTP/1.1" 200 424 "-" "Mozilla/5.0 AppleWebKit/537.36 (KHTML, like Gecko; compatible; ClaudeBot/1.0; +claudebot@anthropic.com)"
216.73.216.215 - - [01/Sep/2026:02:48:58 -0400] "GET /well-known/acme-challenge/a/e/ HTTP/1.1" 200 423 "-" "Mozilla/5.0 AppleWebKit/537.36 (KHTML, like Gecko; compatible; ClaudeBot/1.0; +claudebot@anthropic.com)"
66.249.65.128 - - [01/Sep/2026:02:48:59 -0400] "GET /?u=g8e1o5g3r5a8p1h8y056 HTTP/1.1" 200 358 "-" "Mozilla/5.0 (Linux; Android 6.0.1; Nexus 5X Build/MMB29P) AppleWebKit/537.36 (KHTML, like Gecko) Chrome/151.0.7922.173 Mobile Safari/537.36 (compatible; Googlebot/2.1; +http://www.google.com/bot.html)"
66.249.65.130 - - [01/Sep/2026:02:49:01 -0400] "GET /?u=p3e6p0p3e3r5i6d8g5e5 HTTP/1.1" 200 358 "-" "Mozilla/5.0 (Linux; Android 6.0.1; Nexus 5X Build/MMB29P) AppleWebKit/537.36 (KHTML, like Gecko) Chrome/151.0.7922.173 Mobile Safari/537.36 (compatible; Googlebot/2.1; +http://www.google.com/bot.html)"
66.249.65.128 - - [01/Sep/2026:02:49:04 -0400] "GET /?u=d3i1s1s2y5l8a1b9l5e71 HTTP/1.1" 200 358 "-" "Mozilla/5.0 (Linux; Android 6.0.1; Nexus 5X Build/MMB29P) AppleWebKit/537.36 (KHTML, like Gecko) Chrome/151.0.7922.173 Mobile Safari/537.36 (compatible; Googlebot/2.1; +http://www.google.com/bot.html)"
173.252.160.93 - - [01/Sep/2026:02:49:04 -0400] "POST /cpsess0453424392/3rdparty/roundcube/?_task=mail&_action=refresh HTTP/1.1" 200 1388 "https://webmail.savednsingle.org/cpsess0453424392/3rdparty/roundcube/?_task=mail&_mbox=INBOX" "Mozilla/5.0 (Windows NT 10.0; Win64; x64; rv:154.0) Gecko/20100101 Firefox/154.0"
66.249.65.129 - - [01/Sep/2026:02:49:06 -0400] "GET /?u=t3o2l4e7r2a6t6e1d618 HTTP/1.1" 200 358 "-" "Mozilla/5.0 (Linux; Android 6.0.1; Nexus 5X Build/MMB29P) AppleWebKit/537.36 (KHTML, like Gecko) Chrome/151.0.7922.173 Mobile Safari/537.36 (compatible; Googlebot/2.1; +http://www.google.com/bot.html)"
66.249.65.128 - - [01/Sep/2026:02:49:08 -0400] "GET /?loppering/01123096310 HTTP/1.1" 200 358 "-" "Mozilla/5.0 (Linux; Android 6.0.1; Nexus 5X Build/MMB29P) AppleWebKit/537.36 (KHTML, like Gecko) Chrome/151.0.7922.173 Mobile Safari/537.36 (compatible; Googlebot/2.1; +http://www.google.com/bot.html)"
66.249.65.128 - - [01/Sep/2026:02:49:11 -0400] "GET /?u=m9a4n0g7l6e3r92888 HTTP/1.1" 200 358 "-" "Mozilla/5.0 (Linux; Android 6.0.1; Nexus 5X Build/MMB29P) AppleWebKit/537.36 (KHTML, like Gecko) Chrome/151.0.7922.173 Mobile Safari/537.36 (compatible; Googlebot/2.1; +http://www.google.com/bot.html)"
173.252.69.34 - - [01/Sep/2026:02:49:11 -0400] "GET /robots.txt HTTP/1.1" 404 236 "-" "facebookexternalhit/1.1 (+http://www.facebook.com/externalhit_uatext.php)"
66.249.65.128 - - [01/Sep/2026:02:49:13 -0400] "GET /?u=c9a2d8e6t5s3h3i2p54 HTTP/1.1" 200 358 "-" "Mozilla/5.0 (Linux; Android 6.0.1; Nexus 5X Build/MMB29P) AppleWebKit/537.36 (KHTML, like Gecko) Chrome/151.0.7922.173 Mobile Safari/537.36 (compatible; Googlebot/2.1; +http://www.google.com/bot.html)"
216.73.216.215 - - [01/Sep/2026:02:49:15 -0400] "GET /well-known/acme-challenge/a/d/ HTTP/1.1" 200 423 "-" "Mozilla/5.0 AppleWebKit/537.36 (KHTML, like Gecko; compatible; ClaudeBot/1.0; +claudebot@anthropic.com)"
66.249.65.128 - - [01/Sep/2026:02:49:15 -0400] "GET /?z=020000774 HTTP/1.1" 200 358 "-" "Mozilla/5.0 (Linux; Android 6.0.1; Nexus 5X Build/MMB29P) AppleWebKit/537.36 (KHTML, like Gecko) Chrome/151.0.7922.173 Mobile Safari/537.36 (compatible; Googlebot/2.1; +http://www.google.com/bot.html)"
216.73.216.215 - - [01/Sep/2026:02:49:15 -0400] "GET /well-known/acme-challenge/a/f/ HTTP/1.1" 200 423 "-" "Mozilla/5.0 AppleWebKit/537.36 (KHTML, like Gecko; compatible; ClaudeBot/1.0; +claudebot@anthropic.com)"
216.73.216.215 - - [01/Sep/2026:02:49:16 -0400] "GET /well-known/acme-challenge/f/a/ HTTP/1.1" 200 424 "-" "Mozilla/5.0 AppleWebKit/537.36 (KHTML, like Gecko; compatible; ClaudeBot/1.0; +claudebot@anthropic.com)"
66.249.65.128 - - [01/Sep/2026:02:49:17 -0400] "GET /?u=p7l1e8a4s1u3r6i4n0g82 HTTP/1.1" 200 358 "-" "Mozilla/5.0 (Linux; Android 6.0.1; Nexus 5X Build/MMB29P) AppleWebKit/537.36 (KHTML, like Gecko) Chrome/151.0.7922.173 Mobile Safari/537.36 (compatible; Googlebot/2.1; +http://www.google.com/bot.html)"
66.249.65.128 - - [01/Sep/2026:02:49:20 -0400] "GET /?panhellenism/71082865418 HTTP/1.1" 200 358 "-" "Mozilla/5.0 (Linux; Android 6.0.1; Nexus 5X Build/MMB29P) AppleWebKit/537.36 (KHTML, like Gecko) Chrome/151.0.7922.173 Mobile Safari/537.36 (compatible; Googlebot/2.1; +http://www.google.com/bot.html)"
216.73.216.215 - - [01/Sep/2026:02:49:21 -0400] "GET /well-known/acme-challenge/f/c/ HTTP/1.1" 200 424 "-" "Mozilla/5.0 AppleWebKit/537.36 (KHTML, like Gecko; compatible; ClaudeBot/1.0; +claudebot@anthropic.com)"
216.73.216.215 - - [01/Sep/2026:02:49:21 -0400] "GET /well-known/acme-challenge/a/a/ HTTP/1.1" 200 423 "-" "Mozilla/5.0 AppleWebKit/537.36 (KHTML, like Gecko; compatible; ClaudeBot/1.0; +claudebot@anthropic.com)"
216.73.216.215 - - [01/Sep/2026:02:49:22 -0400] "GET /well-known/acme-challenge/a/c/ HTTP/1.1" 200 423 "-" "Mozilla/5.0 AppleWebKit/537.36 (KHTML, like Gecko; compatible; ClaudeBot/1.0; +claudebot@anthropic.com)"
66.249.65.128 - - [01/Sep/2026:02:49:22 -0400] "GET /?u=d7u3c7t5o8r776207 HTTP/1.1" 200 358 "-" "Mozilla/5.0 (Linux; Android 6.0.1; Nexus 5X Build/MMB29P) AppleWebKit/537.36 (KHTML, like Gecko) Chrome/151.0.7922.173 Mobile Safari/537.36 (compatible; Googlebot/2.1; +http://www.google.com/bot.html)"
66.249.65.128 - - [01/Sep/2026:02:49:24 -0400] "GET /?u=m6o2r7d9a7n5t3901 HTTP/1.1" 200 358 "-" "Mozilla/5.0 (Linux; Android 6.0.1; Nexus 5X Build/MMB29P) AppleWebKit/537.36 (KHTML, like Gecko) Chrome/151.0.7922.173 Mobile Safari/537.36 (compatible; Googlebot/2.1; +http://www.google.com/bot.html)"
66.249.65.128 - - [01/Sep/2026:02:49:26 -0400] "GET /?u=i5n3e2l9a4s9t6i5c5i2t6y HTTP/1.1" 200 358 "-" "Mozilla/5.0 (Linux; Android 6.0.1; Nexus 5X Build/MMB29P) AppleWebKit/537.36 (KHTML, like Gecko) Chrome/151.0.7922.173 Mobile Safari/537.36 (compatible; Googlebot/2.1; +http://www.google.com/bot.html)"
66.249.65.128 - - [01/Sep/2026:02:49:28 -0400] "GET /?u=w6a6k4e5r609118 HTTP/1.1" 200 358 "-" "Mozilla/5.0 (Linux; Android 6.0.1; Nexus 5X Build/MMB29P) AppleWebKit/537.36 (KHTML, like Gecko) Chrome/151.0.7922.173 Mobile Safari/537.36 (compatible; Googlebot/2.1; +http://www.google.com/bot.html)"
66.249.65.128 - - [01/Sep/2026:02:49:30 -0400] "GET /?u=s6k9e6e1d197620 HTTP/1.1" 200 358 "-" "Mozilla/5.0 (Linux; Android 6.0.1; Nexus 5X Build/MMB29P) AppleWebKit/537.36 (KHTML, like Gecko) Chrome/151.0.7922.173 Mobile Safari/537.36 (compatible; Googlebot/2.1; +http://www.google.com/bot.html)"
66.249.65.128 - - [01/Sep/2026:02:49:33 -0400] "GET /?u=a6n3a0c7h4r5o5n4i3z9e0 HTTP/1.1" 200 358 "-" "Mozilla/5.0 (Linux; Android 6.0.1; Nexus 5X Build/MMB29P) AppleWebKit/537.36 (KHTML, like Gecko) Chrome/151.0.7922.173 Mobile Safari/537.36 (compatible; Googlebot/2.1; +http://www.google.com/bot.html)"
66.249.65.128 - - [01/Sep/2026:02:49:35 -0400] "GET /?u=t6r2i4d9e1n4t5e6d853 HTTP/1.1" 200 358 "-" "Mozilla/5.0 (Linux; Android 6.0.1; Nexus 5X Build/MMB29P) AppleWebKit/537.36 (KHTML, like Gecko) Chrome/151.0.7922.173 Mobile Safari/537.36 (compatible; Googlebot/2.1; +http://www.google.com/bot.html)"
66.249.65.128 - - [01/Sep/2026:02:49:37 -0400] "GET /?u=n6i1t4e0n0c4y82115 HTTP/1.1" 200 358 "-" "Mozilla/5.0 (Linux; Android 6.0.1; Nexus 5X Build/MMB29P) AppleWebKit/537.36 (KHTML, like Gecko) Chrome/151.0.7922.173 Mobile Safari/537.36 (compatible; Googlebot/2.1; +http://www.google.com/bot.html)"
66.249.65.128 - - [01/Sep/2026:02:49:39 -0400] "GET /?u=d3e3w5l3a5p5p2e7d326 HTTP/1.1" 200 358 "-" "Mozilla/5.0 (Linux; Android 6.0.1; Nexus 5X Build/MMB29P) AppleWebKit/537.36 (KHTML, like Gecko) Chrome/151.0.7922.173 Mobile Safari/537.36 (compatible; Googlebot/2.1; +http://www.google.com/bot.html)"
66.249.65.128 - - [01/Sep/2026:02:49:41 -0400] "GET /?u=m3e2t6e1m2p7s7y7c1h7o3sing HTTP/1.1" 200 358 "-" "Mozilla/5.0 (Linux; Android 6.0.1; Nexus 5X Build/MMB29P) AppleWebKit/537.36 (KHTML, like Gecko) Chrome/151.0.7922.173 Mobile Safari/537.36 (compatible; Googlebot/2.1; +http://www.google.com/bot.html)"
66.249.65.128 - - [01/Sep/2026:02:49:43 -0400] "GET /?u=p3a3r0d7o4n5e5r4390 HTTP/1.1" 200 358 "-" "Mozilla/5.0 (Linux; Android 6.0.1; Nexus 5X Build/MMB29P) AppleWebKit/537.36 (KHTML, like Gecko) Chrome/151.0.7922.173 Mobile Safari/537.36 (compatible; Googlebot/2.1; +http://www.google.com/bot.html)"
66.249.65.128 - - [01/Sep/2026:02:49:49 -0400] "GET /?u=s3c3a9b0b5i3e1r8758 HTTP/1.1" 200 358 "-" "Mozilla/5.0 (Linux; Android 6.0.1; Nexus 5X Build/MMB29P) AppleWebKit/537.36 (KHTML, like Gecko) Chrome/151.0.7922.173 Mobile Safari/537.36 (compatible; Googlebot/2.1; +http://www.google.com/bot.html)"
216.73.216.215 - - [01/Sep/2026:02:49:49 -0400] "GET /well-known/acme-challenge/f/b/ HTTP/1.1" 200 424 "-" "Mozilla/5.0 AppleWebKit/537.36 (KHTML, like Gecko; compatible; ClaudeBot/1.0; +claudebot@anthropic.com)"
216.73.216.215 - - [01/Sep/2026:02:49:50 -0400] "GET /well-known/acme-challenge/a/b/ HTTP/1.1" 200 423 "-" "Mozilla/5.0 AppleWebKit/537.36 (KHTML, like Gecko; compatible; ClaudeBot/1.0; +claudebot@anthropic.com)"
216.73.216.215 - - [01/Sep/2026:02:49:50 -0400] "GET /well-known/acme-challenge/f/g/ HTTP/1.1" 200 424 "-" "Mozilla/5.0 AppleWebKit/537.36 (KHTML, like Gecko; compatible; ClaudeBot/1.0; +claudebot@anthropic.com)"
66.249.65.128 - - [01/Sep/2026:02:49:52 -0400] "GET /?u=u3n1s2e5g2r7e2g7a4t4e9d HTTP/1.1" 200 358 "-" "Mozilla/5.0 (Linux; Android 6.0.1; Nexus 5X Build/MMB29P) AppleWebKit/537.36 (KHTML, like Gecko) Chrome/151.0.7922.173 Mobile Safari/537.36 (compatible; Googlebot/2.1; +http://www.google.com/bot.html)"
66.249.65.128 - - [01/Sep/2026:02:49:54 -0400] "GET /?u=b3e7h9o2o9v6e6f6u2l8ness HTTP/1.1" 200 358 "-" "Mozilla/5.0 (Linux; Android 6.0.1; Nexus 5X Build/MMB29P) AppleWebKit/537.36 (KHTML, like Gecko) Chrome/151.0.7922.173 Mobile Safari/537.36 (compatible; Googlebot/2.1; +http://www.google.com/bot.html)"
66.249.65.128 - - [01/Sep/2026:02:49:56 -0400] "GET /?u=s3e4v5e1r6i4n2g990 HTTP/1.1" 200 358 "-" "Mozilla/5.0 (Linux; Android 6.0.1; Nexus 5X Build/MMB29P) AppleWebKit/537.36 (KHTML, like Gecko) Chrome/151.0.7922.173 Mobile Safari/537.36 (compatible; Googlebot/2.1; +http://www.google.com/bot.html)"
173.252.160.93 - - [01/Sep/2026:02:50:05 -0400] "POST /cpsess0453424392/3rdparty/roundcube/?_task=mail&_action=refresh HTTP/1.1" 200 1389 "https://webmail.savednsingle.org/cpsess0453424392/3rdparty/roundcube/?_task=mail&_mbox=INBOX" "Mozilla/5.0 (Windows NT 10.0; Win64; x64; rv:154.0) Gecko/20100101 Firefox/154.0"
216.73.216.215 - - [01/Sep/2026:02:50:08 -0400] "GET /well-known/acme-challenge/a/g/ HTTP/1.1" 200 423 "-" "Mozilla/5.0 AppleWebKit/537.36 (KHTML, like Gecko; compatible; ClaudeBot/1.0; +claudebot@anthropic.com)"
216.73.216.215 - - [01/Sep/2026:02:50:08 -0400] "GET /well-known/acme-challenge/f/h/ HTTP/1.1" 200 424 "-" "Mozilla/5.0 AppleWebKit/537.36 (KHTML, like Gecko; compatible; ClaudeBot/1.0; +claudebot@anthropic.com)"
216.73.216.215 - - [01/Sep/2026:02:50:09 -0400] "GET /well-known/acme-challenge/a/h/ HTTP/1.1" 200 423 "-" "Mozilla/5.0 AppleWebKit/537.36 (KHTML, like Gecko; compatible; ClaudeBot/1.0; +claudebot@anthropic.com)"
216.73.216.215 - - [01/Sep/2026:02:50:15 -0400] "GET /well-known/acme-challenge/f/?C=N&O=D HTTP/1.1" 200 422 "-" "Mozilla/5.0 AppleWebKit/537.36 (KHTML, like Gecko; compatible; ClaudeBot/1.0; +claudebot@anthropic.com)"
216.73.216.215 - - [01/Sep/2026:02:50:15 -0400] "GET /well-known/acme-challenge/a/?C=N&O=D HTTP/1.1" 200 422 "-" "Mozilla/5.0 AppleWebKit/537.36 (KHTML, like Gecko; compatible; ClaudeBot/1.0; +claudebot@anthropic.com)"
216.73.216.215 - - [01/Sep/2026:02:50:41 -0400] "GET /well-known/acme-challenge/f/?C=M&O=A HTTP/1.1" 200 424 "-" "Mozilla/5.0 AppleWebKit/537.36 (KHTML, like Gecko; compatible; ClaudeBot/1.0; +claudebot@anthropic.com)"
216.73.216.215 - - [01/Sep/2026:02:50:41 -0400] "GET /well-known/acme-challenge/a/?C=M&O=A HTTP/1.1" 200 424 "-" "Mozilla/5.0 AppleWebKit/537.36 (KHTML, like Gecko; compatible; ClaudeBot/1.0; +claudebot@anthropic.com)"
216.73.216.215 - - [01/Sep/2026:02:50:42 -0400] "GET /well-known/acme-challenge/f/?C=D&O=A HTTP/1.1" 200 424 "-" "Mozilla/5.0 AppleWebKit/537.36 (KHTML, like Gecko; compatible; ClaudeBot/1.0; +claudebot@anthropic.com)"
216.73.216.215 - - [01/Sep/2026:02:50:42 -0400] "GET /well-known/acme-challenge/a/?C=D&O=A HTTP/1.1" 200 424 "-" "Mozilla/5.0 AppleWebKit/537.36 (KHTML, like Gecko; compatible; ClaudeBot/1.0; +claudebot@anthropic.com)"
216.73.216.215 - - [01/Sep/2026:02:50:49 -0400] "GET /well-known/acme-challenge/f/?C=S&O=A HTTP/1.1" 200 424 "-" "Mozilla/5.0 AppleWebKit/537.36 (KHTML, like Gecko; compatible; ClaudeBot/1.0; +claudebot@anthropic.com)"
216.73.216.215 - - [01/Sep/2026:02:50:49 -0400] "GET /well-known/acme-challenge/a/?C=S&O=A HTTP/1.1" 200 424 "-" "Mozilla/5.0 AppleWebKit/537.36 (KHTML, like Gecko; compatible; ClaudeBot/1.0; +claudebot@anthropic.com)"
173.252.160.93 - - [01/Sep/2026:02:51:04 -0400] "POST /cpsess0453424392/3rdparty/roundcube/?_task=mail&_action=refresh HTTP/1.1" 200 1389 "https://webmail.savednsingle.org/cpsess0453424392/3rdparty/roundcube/?_task=mail&_mbox=INBOX" "Mozilla/5.0 (Windows NT 10.0; Win64; x64; rv:154.0) Gecko/20100101 Firefox/154.0"
216.73.216.215 - - [01/Sep/2026:02:51:14 -0400] "GET /well-known/acme-challenge/?C=M&O=D HTTP/1.1" 200 419 "-" "Mozilla/5.0 AppleWebKit/537.36 (KHTML, like Gecko; compatible; ClaudeBot/1.0; +claudebot@anthropic.com)"
216.73.216.215 - - [01/Sep/2026:02:51:15 -0400] "GET /well-known/acme-challenge/?C=D&O=D HTTP/1.1" 200 419 "-" "Mozilla/5.0 AppleWebKit/537.36 (KHTML, like Gecko; compatible; ClaudeBot/1.0; +claudebot@anthropic.com)"
216.73.216.215 - - [01/Sep/2026:02:51:19 -0400] "GET /well-known/acme-challenge/?C=S&O=D HTTP/1.1" 200 419 "-" "Mozilla/5.0 AppleWebKit/537.36 (KHTML, like Gecko; compatible; ClaudeBot/1.0; +claudebot@anthropic.com)"
216.73.216.215 - - [01/Sep/2026:02:51:20 -0400] "GET /well-known/acme-challenge/?C=N&O=A HTTP/1.1" 200 421 "-" "Mozilla/5.0 AppleWebKit/537.36 (KHTML, like Gecko; compatible; ClaudeBot/1.0; +claudebot@anthropic.com)"
216.73.216.215 - - [01/Sep/2026:02:51:33 -0400] "GET /well-known/pki-validation/e/e/ HTTP/1.1" 200 421 "-" "Mozilla/5.0 AppleWebKit/537.36 (KHTML, like Gecko; compatible; ClaudeBot/1.0; +claudebot@anthropic.com)"
216.73.216.215 - - [01/Sep/2026:02:51:33 -0400] "GET /well-known/pki-validation/e/d/ HTTP/1.1" 200 422 "-" "Mozilla/5.0 AppleWebKit/537.36 (KHTML, like Gecko; compatible; ClaudeBot/1.0; +claudebot@anthropic.com)"
216.73.216.215 - - [01/Sep/2026:02:51:34 -0400] "GET /well-known/pki-validation/d/e/ HTTP/1.1" 200 421 "-" "Mozilla/5.0 AppleWebKit/537.36 (KHTML, like Gecko; compatible; ClaudeBot/1.0; +claudebot@anthropic.com)"
216.73.216.215 - - [01/Sep/2026:02:51:34 -0400] "GET /well-known/pki-validation/f/e/ HTTP/1.1" 200 421 "-" "Mozilla/5.0 AppleWebKit/537.36 (KHTML, like Gecko; compatible; ClaudeBot/1.0; +claudebot@anthropic.com)"
216.73.216.215 - - [01/Sep/2026:02:51:35 -0400] "GET /well-known/pki-validation/e/f/ HTTP/1.1" 200 422 "-" "Mozilla/5.0 AppleWebKit/537.36 (KHTML, like Gecko; compatible; ClaudeBot/1.0; +claudebot@anthropic.com)"
216.73.216.215 - - [01/Sep/2026:02:51:35 -0400] "GET /well-known/pki-validation/d/f/ HTTP/1.1" 200 422 "-" "Mozilla/5.0 AppleWebKit/537.36 (KHTML, like Gecko; compatible; ClaudeBot/1.0; +claudebot@anthropic.com)"
216.73.216.215 - - [01/Sep/2026:02:51:36 -0400] "GET /well-known/pki-validation/f/d/ HTTP/1.1" 200 422 "-" "Mozilla/5.0 AppleWebKit/537.36 (KHTML, like Gecko; compatible; ClaudeBot/1.0; +claudebot@anthropic.com)"
216.73.216.215 - - [01/Sep/2026:02:51:55 -0400] "GET /well-known/pki-validation/a/e/ HTTP/1.1" 200 420 "-" "Mozilla/5.0 AppleWebKit/537.36 (KHTML, like Gecko; compatible; ClaudeBot/1.0; +claudebot@anthropic.com)"
216.73.216.215 - - [01/Sep/2026:02:51:55 -0400] "GET /well-known/pki-validation/e/a/ HTTP/1.1" 200 422 "-" "Mozilla/5.0 AppleWebKit/537.36 (KHTML, like Gecko; compatible; ClaudeBot/1.0; +claudebot@anthropic.com)"
216.73.216.215 - - [01/Sep/2026:02:51:55 -0400] "GET /well-known/pki-validation/d/a/ HTTP/1.1" 200 422 "-" "Mozilla/5.0 AppleWebKit/537.36 (KHTML, like Gecko; compatible; ClaudeBot/1.0; +claudebot@anthropic.com)"
216.73.216.215 - - [01/Sep/2026:02:51:56 -0400] "GET /well-known/pki-validation/a/d/ HTTP/1.1" 200 420 "-" "Mozilla/5.0 AppleWebKit/537.36 (KHTML, like Gecko; compatible; ClaudeBot/1.0; +claudebot@anthropic.com)"
216.73.216.215 - - [01/Sep/2026:02:51:56 -0400] "GET /well-known/pki-validation/e/c/ HTTP/1.1" 200 422 "-" "Mozilla/5.0 AppleWebKit/537.36 (KHTML, like Gecko; compatible; ClaudeBot/1.0; +claudebot@anthropic.com)"
216.73.216.215 - - [01/Sep/2026:02:51:57 -0400] "GET /well-known/pki-validation/c/e/ HTTP/1.1" 200 421 "-" "Mozilla/5.0 AppleWebKit/537.36 (KHTML, like Gecko; compatible; ClaudeBot/1.0; +claudebot@anthropic.com)"
216.73.216.215 - - [01/Sep/2026:02:51:57 -0400] "GET /well-known/pki-validation/a/f/ HTTP/1.1" 200 421 "-" "Mozilla/5.0 AppleWebKit/537.36 (KHTML, like Gecko; compatible; ClaudeBot/1.0; +claudebot@anthropic.com)"
66.249.65.130 - - [01/Sep/2026:02:52:01 -0400] "GET /praecordia/phosphoreous/42746393534 HTTP/1.1" 404 236 "-" "Mozilla/5.0 (Linux; Android 6.0.1; Nexus 5X Build/MMB29P) AppleWebKit/537.36 (KHTML, like Gecko) Chrome/151.0.7922.173 Mobile Safari/537.36 (compatible; Googlebot/2.1; +http://www.google.com/bot.html)"
66.249.65.36 - - [01/Sep/2026:02:52:01 -0400] "GET /robots.txt HTTP/1.1" 404 236 "-" "Mozilla/5.0 (compatible; Googlebot/2.1; +http://www.google.com/bot.html)"
216.73.216.215 - - [01/Sep/2026:02:52:10 -0400] "GET /well-known/pki-validation/f/a/ HTTP/1.1" 200 422 "-" "Mozilla/5.0 AppleWebKit/537.36 (KHTML, like Gecko; compatible; ClaudeBot/1.0; +claudebot@anthropic.com)"
216.73.216.215 - - [01/Sep/2026:02:52:10 -0400] "GET /well-known/pki-validation/c/d/ HTTP/1.1" 200 422 "-" "Mozilla/5.0 AppleWebKit/537.36 (KHTML, like Gecko; compatible; ClaudeBot/1.0; +claudebot@anthropic.com)"
216.73.216.215 - - [01/Sep/2026:02:52:10 -0400] "GET /well-known/pki-validation/d/c/ HTTP/1.1" 200 422 "-" "Mozilla/5.0 AppleWebKit/537.36 (KHTML, like Gecko; compatible; ClaudeBot/1.0; +claudebot@anthropic.com)"
216.73.216.215 - - [01/Sep/2026:02:52:11 -0400] "GET /well-known/pki-validation/c/f/ HTTP/1.1" 200 422 "-" "Mozilla/5.0 AppleWebKit/537.36 (KHTML, like Gecko; compatible; ClaudeBot/1.0; +claudebot@anthropic.com)"
173.252.160.93 - - [01/Sep/2026:02:52:11 -0400] "POST /cpsess0453424392/3rdparty/roundcube/?_task=mail&_action=refresh HTTP/1.1" 200 1389 "https://webmail.savednsingle.org/cpsess0453424392/3rdparty/roundcube/?_task=mail&_mbox=INBOX" "Mozilla/5.0 (Windows NT 10.0; Win64; x64; rv:154.0) Gecko/20100101 Firefox/154.0"
216.73.216.215 - - [01/Sep/2026:02:52:11 -0400] "GET /well-known/pki-validation/f/c/ HTTP/1.1" 200 422 "-" "Mozilla/5.0 AppleWebKit/537.36 (KHTML, like Gecko; compatible; ClaudeBot/1.0; +claudebot@anthropic.com)"
216.73.216.215 - - [01/Sep/2026:02:52:12 -0400] "GET /well-known/pki-validation/a/c/ HTTP/1.1" 200 421 "-" "Mozilla/5.0 AppleWebKit/537.36 (KHTML, like Gecko; compatible; ClaudeBot/1.0; +claudebot@anthropic.com)"
216.73.216.215 - - [01/Sep/2026:02:52:12 -0400] "GET /well-known/pki-validation/c/a/ HTTP/1.1" 200 422 "-" "Mozilla/5.0 AppleWebKit/537.36 (KHTML, like Gecko; compatible; ClaudeBot/1.0; +claudebot@anthropic.com)"
216.73.216.215 - - [01/Sep/2026:02:52:23 -0400] "GET /well-known/pki-validation/b/e/ HTTP/1.1" 200 421 "-" "Mozilla/5.0 AppleWebKit/537.36 (KHTML, like Gecko; compatible; ClaudeBot/1.0; +claudebot@anthropic.com)"
216.73.216.215 - - [01/Sep/2026:02:52:23 -0400] "GET /well-known/pki-validation/e/b/ HTTP/1.1" 200 422 "-" "Mozilla/5.0 AppleWebKit/537.36 (KHTML, like Gecko; compatible; ClaudeBot/1.0; +claudebot@anthropic.com)"
216.73.216.215 - - [01/Sep/2026:02:52:23 -0400] "GET /well-known/pki-validation/b/d/ HTTP/1.1" 200 421 "-" "Mozilla/5.0 AppleWebKit/537.36 (KHTML, like Gecko; compatible; ClaudeBot/1.0; +claudebot@anthropic.com)"
216.73.216.215 - - [01/Sep/2026:02:52:24 -0400] "GET /well-known/pki-validation/d/b/ HTTP/1.1" 200 422 "-" "Mozilla/5.0 AppleWebKit/537.36 (KHTML, like Gecko; compatible; ClaudeBot/1.0; +claudebot@anthropic.com)"
216.73.216.215 - - [01/Sep/2026:02:52:24 -0400] "GET /well-known/pki-validation/f/b/ HTTP/1.1" 200 422 "-" "Mozilla/5.0 AppleWebKit/537.36 (KHTML, like Gecko; compatible; ClaudeBot/1.0; +claudebot@anthropic.com)"
216.73.216.215 - - [01/Sep/2026:02:52:25 -0400] "GET /well-known/pki-validation/b/f/ HTTP/1.1" 200 421 "-" "Mozilla/5.0 AppleWebKit/537.36 (KHTML, like Gecko; compatible; ClaudeBot/1.0; +claudebot@anthropic.com)"
216.73.216.215 - - [01/Sep/2026:02:52:25 -0400] "GET /well-known/pki-validation/b/a/ HTTP/1.1" 200 421 "-" "Mozilla/5.0 AppleWebKit/537.36 (KHTML, like Gecko; compatible; ClaudeBot/1.0; +claudebot@anthropic.com)"
66.249.65.129 - - [01/Sep/2026:02:52:38 -0400] "GET /?u=c3a2i6r8n1g4o4r3m478 HTTP/1.1" 200 358 "-" "Mozilla/5.0 (Linux; Android 6.0.1; Nexus 5X Build/MMB29P) AppleWebKit/537.36 (KHTML, like Gecko) Chrome/151.0.7922.173 Mobile Safari/537.36 (compatible; Googlebot/2.1; +http://www.google.com/bot.html)"
216.73.216.215 - - [01/Sep/2026:02:52:43 -0400] "GET /well-known/pki-validation/a/b/ HTTP/1.1" 200 421 "-" "Mozilla/5.0 AppleWebKit/537.36 (KHTML, like Gecko; compatible; ClaudeBot/1.0; +claudebot@anthropic.com)"
216.73.216.215 - - [01/Sep/2026:02:52:43 -0400] "GET /well-known/pki-validation/b/c/ HTTP/1.1" 200 421 "-" "Mozilla/5.0 AppleWebKit/537.36 (KHTML, like Gecko; compatible; ClaudeBot/1.0; +claudebot@anthropic.com)"
216.73.216.215 - - [01/Sep/2026:02:52:43 -0400] "GET /well-known/pki-validation/c/b/ HTTP/1.1" 200 422 "-" "Mozilla/5.0 AppleWebKit/537.36 (KHTML, like Gecko; compatible; ClaudeBot/1.0; +claudebot@anthropic.com)"
216.73.216.215 - - [01/Sep/2026:02:52:44 -0400] "GET /well-known/pki-validation/e/g/ HTTP/1.1" 200 422 "-" "Mozilla/5.0 AppleWebKit/537.36 (KHTML, like Gecko; compatible; ClaudeBot/1.0; +claudebot@anthropic.com)"
216.73.216.215 - - [01/Sep/2026:02:52:44 -0400] "GET /well-known/pki-validation/g/e/ HTTP/1.1" 200 422 "-" "Mozilla/5.0 AppleWebKit/537.36 (KHTML, like Gecko; compatible; ClaudeBot/1.0; +claudebot@anthropic.com)"
216.73.216.215 - - [01/Sep/2026:02:52:45 -0400] "GET /well-known/pki-validation/d/g/ HTTP/1.1" 200 422 "-" "Mozilla/5.0 AppleWebKit/537.36 (KHTML, like Gecko; compatible; ClaudeBot/1.0; +claudebot@anthropic.com)"
216.73.216.215 - - [01/Sep/2026:02:52:57 -0400] "GET /well-known/pki-validation/g/d/ HTTP/1.1" 200 422 "-" "Mozilla/5.0 AppleWebKit/537.36 (KHTML, like Gecko; compatible; ClaudeBot/1.0; +claudebot@anthropic.com)"
216.73.216.215 - - [01/Sep/2026:02:52:58 -0400] "GET /well-known/pki-validation/f/g/ HTTP/1.1" 200 422 "-" "Mozilla/5.0 AppleWebKit/537.36 (KHTML, like Gecko; compatible; ClaudeBot/1.0; +claudebot@anthropic.com)"
216.73.216.215 - - [01/Sep/2026:02:52:58 -0400] "GET /well-known/pki-validation/g/f/ HTTP/1.1" 200 422 "-" "Mozilla/5.0 AppleWebKit/537.36 (KHTML, like Gecko; compatible; ClaudeBot/1.0; +claudebot@anthropic.com)"
216.73.216.215 - - [01/Sep/2026:02:52:59 -0400] "GET /well-known/pki-validation/e/h/ HTTP/1.1" 200 422 "-" "Mozilla/5.0 AppleWebKit/537.36 (KHTML, like Gecko; compatible; ClaudeBot/1.0; +claudebot@anthropic.com)"
216.73.216.215 - - [01/Sep/2026:02:52:59 -0400] "GET /well-known/pki-validation/h/e/ HTTP/1.1" 200 422 "-" "Mozilla/5.0 AppleWebKit/537.36 (KHTML, like Gecko; compatible; ClaudeBot/1.0; +claudebot@anthropic.com)"
216.73.216.215 - - [01/Sep/2026:02:53:00 -0400] "GET /well-known/pki-validation/h/d/ HTTP/1.1" 200 422 "-" "Mozilla/5.0 AppleWebKit/537.36 (KHTML, like Gecko; compatible; ClaudeBot/1.0; +claudebot@anthropic.com)"
66.249.65.130 - - [01/Sep/2026:02:53:10 -0400] "GET /?u=p3y3r4i5f6o4r3m8949 HTTP/1.1" 200 358 "-" "Mozilla/5.0 (Linux; Android 6.0.1; Nexus 5X Build/MMB29P) AppleWebKit/537.36 (KHTML, like Gecko) Chrome/151.0.7922.173 Mobile Safari/537.36 (compatible; Googlebot/2.1; +http://www.google.com/bot.html)"
102.141.37.140 - - [01/Sep/2026:02:53:11 -0400] "GET /shops/literatus/r4a3n7d2o1m118711 HTTP/1.1" 404 236 "https://savednsingle.org/?sitemap857.xml" "Mozilla/5.0 (Linux; Android 15; M2102J29) AppleWebKit/537.36 (KHTML, like Gecko) Chrome/155.0.5808.44 Mobile Safari/537.36 MicroMessenger/8.0.45(0x18001B3F) NetType/WIFI Language/zh_CN"
173.252.160.93 - - [01/Sep/2026:02:53:11 -0400] "POST /cpsess0453424392/3rdparty/roundcube/?_task=mail&_action=refresh HTTP/1.1" 200 1389 "https://webmail.savednsingle.org/cpsess0453424392/3rdparty/roundcube/?_task=mail&_mbox=INBOX" "Mozilla/5.0 (Windows NT 10.0; Win64; x64; rv:154.0) Gecko/20100101 Firefox/154.0"
216.73.216.215 - - [01/Sep/2026:02:53:13 -0400] "GET /well-known/pki-validation/d/h/ HTTP/1.1" 200 422 "-" "Mozilla/5.0 AppleWebKit/537.36 (KHTML, like Gecko; compatible; ClaudeBot/1.0; +claudebot@anthropic.com)"
216.73.216.215 - - [01/Sep/2026:02:53:14 -0400] "GET /well-known/pki-validation/a/g/ HTTP/1.1" 200 421 "-" "Mozilla/5.0 AppleWebKit/537.36 (KHTML, like Gecko; compatible; ClaudeBot/1.0; +claudebot@anthropic.com)"
216.73.216.215 - - [01/Sep/2026:02:53:14 -0400] "GET /well-known/pki-validation/g/a/ HTTP/1.1" 200 422 "-" "Mozilla/5.0 AppleWebKit/537.36 (KHTML, like Gecko; compatible; ClaudeBot/1.0; +claudebot@anthropic.com)"
216.73.216.215 - - [01/Sep/2026:02:53:15 -0400] "GET /well-known/pki-validation/f/h/ HTTP/1.1" 200 422 "-" "Mozilla/5.0 AppleWebKit/537.36 (KHTML, like Gecko; compatible; ClaudeBot/1.0; +claudebot@anthropic.com)"
216.73.216.215 - - [01/Sep/2026:02:53:15 -0400] "GET /well-known/pki-validation/h/f/ HTTP/1.1" 200 422 "-" "Mozilla/5.0 AppleWebKit/537.36 (KHTML, like Gecko; compatible; ClaudeBot/1.0; +claudebot@anthropic.com)"
216.73.216.215 - - [01/Sep/2026:02:53:16 -0400] "GET /well-known/pki-validation/c/g/ HTTP/1.1" 200 422 "-" "Mozilla/5.0 AppleWebKit/537.36 (KHTML, like Gecko; compatible; ClaudeBot/1.0; +claudebot@anthropic.com)"
216.73.216.215 - - [01/Sep/2026:02:53:23 -0400] "GET /well-known/pki-validation/g/c/ HTTP/1.1" 200 422 "-" "Mozilla/5.0 AppleWebKit/537.36 (KHTML, like Gecko; compatible; ClaudeBot/1.0; +claudebot@anthropic.com)"
216.73.216.215 - - [01/Sep/2026:02:53:23 -0400] "GET /well-known/pki-validation/a/h/ HTTP/1.1" 200 420 "-" "Mozilla/5.0 AppleWebKit/537.36 (KHTML, like Gecko; compatible; ClaudeBot/1.0; +claudebot@anthropic.com)"
216.73.216.215 - - [01/Sep/2026:02:53:23 -0400] "GET /well-known/pki-validation/h/a/ HTTP/1.1" 200 422 "-" "Mozilla/5.0 AppleWebKit/537.36 (KHTML, like Gecko; compatible; ClaudeBot/1.0; +claudebot@anthropic.com)"
216.73.216.215 - - [01/Sep/2026:02:53:24 -0400] "GET /well-known/pki-validation/c/h/ HTTP/1.1" 200 422 "-" "Mozilla/5.0 AppleWebKit/537.36 (KHTML, like Gecko; compatible; ClaudeBot/1.0; +claudebot@anthropic.com)"
216.73.216.215 - - [01/Sep/2026:02:53:24 -0400] "GET /well-known/pki-validation/h/c/ HTTP/1.1" 200 422 "-" "Mozilla/5.0 AppleWebKit/537.36 (KHTML, like Gecko; compatible; ClaudeBot/1.0; +claudebot@anthropic.com)"
