| Current Path : /home/flapst5/access-logs/ |
| Current File : /home/flapst5/access-logs/savednsingle.org.flapstart.com-ssl_log |
197.184.86.246 - - [31/Aug/2026:08:14:18 -0400] "POST /cpsess0453424392/3rdparty/roundcube/?_task=mail&_action=refresh HTTP/1.1" 200 1387 "https://webmail.savednsingle.org/cpsess0453424392/3rdparty/roundcube/?_task=mail&_mbox=INBOX" "Mozilla/5.0 (Windows NT 10.0; Win64; x64; rv:154.0) Gecko/20100101 Firefox/154.0"
188.52.211.24 - - [31/Aug/2026:08:15:18 -0400] "GET /shops/thuyin/p0r3o9s9t2a8t2i3c585 HTTP/1.1" 404 236 "https://savednsingle.org/shops/thuyin/p0r3o9s9t2a8t2i3c585" "Mozilla/5.0 (Linux; Android 13; M2102J23) AppleWebKit/537.36 (KHTML, like Gecko) Chrome/154.0.5875.1 Mobile Safari/537.36"
197.184.86.246 - - [31/Aug/2026:08:15:25 -0400] "POST /cpsess0453424392/3rdparty/roundcube/?_task=mail&_action=refresh HTTP/1.1" 200 1387 "https://webmail.savednsingle.org/cpsess0453424392/3rdparty/roundcube/?_task=mail&_mbox=INBOX" "Mozilla/5.0 (Windows NT 10.0; Win64; x64; rv:154.0) Gecko/20100101 Firefox/154.0"
197.184.86.246 - - [31/Aug/2026:08:16:25 -0400] "POST /cpsess0453424392/3rdparty/roundcube/?_task=mail&_action=refresh HTTP/1.1" 200 1387 "https://webmail.savednsingle.org/cpsess0453424392/3rdparty/roundcube/?_task=mail&_mbox=INBOX" "Mozilla/5.0 (Windows NT 10.0; Win64; x64; rv:154.0) Gecko/20100101 Firefox/154.0"
197.184.86.246 - - [31/Aug/2026:08:17:32 -0400] "POST /cpsess0453424392/3rdparty/roundcube/?_task=mail&_action=refresh HTTP/1.1" 200 1387 "https://webmail.savednsingle.org/cpsess0453424392/3rdparty/roundcube/?_task=mail&_mbox=INBOX" "Mozilla/5.0 (Windows NT 10.0; Win64; x64; rv:154.0) Gecko/20100101 Firefox/154.0"
197.184.86.246 - - [31/Aug/2026:08:18:32 -0400] "POST /cpsess0453424392/3rdparty/roundcube/?_task=mail&_action=refresh HTTP/1.1" 200 1387 "https://webmail.savednsingle.org/cpsess0453424392/3rdparty/roundcube/?_task=mail&_mbox=INBOX" "Mozilla/5.0 (Windows NT 10.0; Win64; x64; rv:154.0) Gecko/20100101 Firefox/154.0"
197.184.86.246 - - [31/Aug/2026:08:19:38 -0400] "POST /cpsess0453424392/3rdparty/roundcube/?_task=mail&_action=refresh HTTP/1.1" 200 1387 "https://webmail.savednsingle.org/cpsess0453424392/3rdparty/roundcube/?_task=mail&_mbox=INBOX" "Mozilla/5.0 (Windows NT 10.0; Win64; x64; rv:154.0) Gecko/20100101 Firefox/154.0"
79.150.188.57 - - [31/Aug/2026:08:19:41 -0400] "GET /shops/sylvicolidae/k4n1o2l9l0e5r3231 HTTP/1.1" 404 236 "https://savednsingle.org/?sitemap857.xml" "Mozilla/5.0 (Linux; Android 12; M2102J20) AppleWebKit/537.36 (KHTML, like Gecko) Chrome/146.0.5679.111 Mobile Safari/537.36 MicroMessenger/8.0.35(0x18001B3F) NetType/WIFI Language/zh_CN"
66.249.65.129 - - [31/Aug/2026:08:19:49 -0400] "GET /?a=2106313213203 HTTP/1.1" 200 281 "-" "Mozilla/5.0 (Linux; Android 6.0.1; Nexus 5X Build/MMB29P) AppleWebKit/537.36 (KHTML, like Gecko) Chrome/151.0.7922.173 Mobile Safari/537.36 (compatible; Googlebot/2.1; +http://www.google.com/bot.html)"
197.184.86.246 - - [31/Aug/2026:08:20:38 -0400] "POST /cpsess0453424392/3rdparty/roundcube/?_task=mail&_action=refresh HTTP/1.1" 200 1385 "https://webmail.savednsingle.org/cpsess0453424392/3rdparty/roundcube/?_task=mail&_mbox=INBOX" "Mozilla/5.0 (Windows NT 10.0; Win64; x64; rv:154.0) Gecko/20100101 Firefox/154.0"
197.184.86.246 - - [31/Aug/2026:08:21:45 -0400] "POST /cpsess0453424392/3rdparty/roundcube/?_task=mail&_action=refresh HTTP/1.1" 200 1387 "https://webmail.savednsingle.org/cpsess0453424392/3rdparty/roundcube/?_task=mail&_mbox=INBOX" "Mozilla/5.0 (Windows NT 10.0; Win64; x64; rv:154.0) Gecko/20100101 Firefox/154.0"
66.249.65.128 - - [31/Aug/2026:08:22:27 -0400] "GET /?a=0911831844800 HTTP/1.1" 200 281 "-" "Mozilla/5.0 (Linux; Android 6.0.1; Nexus 5X Build/MMB29P) AppleWebKit/537.36 (KHTML, like Gecko) Chrome/151.0.7922.173 Mobile Safari/537.36 (compatible; Googlebot/2.1; +http://www.google.com/bot.html)"
197.184.86.246 - - [31/Aug/2026:08:22:45 -0400] "POST /cpsess0453424392/3rdparty/roundcube/?_task=mail&_action=refresh HTTP/1.1" 200 1387 "https://webmail.savednsingle.org/cpsess0453424392/3rdparty/roundcube/?_task=mail&_mbox=INBOX" "Mozilla/5.0 (Windows NT 10.0; Win64; x64; rv:154.0) Gecko/20100101 Firefox/154.0"
197.184.86.246 - - [31/Aug/2026:08:23:53 -0400] "POST /cpsess0453424392/3rdparty/roundcube/?_task=mail&_action=refresh HTTP/1.1" 200 1389 "https://webmail.savednsingle.org/cpsess0453424392/3rdparty/roundcube/?_task=mail&_mbox=INBOX" "Mozilla/5.0 (Windows NT 10.0; Win64; x64; rv:154.0) Gecko/20100101 Firefox/154.0"
197.184.86.246 - - [31/Aug/2026:08:24:52 -0400] "POST /cpsess0453424392/3rdparty/roundcube/?_task=mail&_action=refresh HTTP/1.1" 200 1389 "https://webmail.savednsingle.org/cpsess0453424392/3rdparty/roundcube/?_task=mail&_mbox=INBOX" "Mozilla/5.0 (Windows NT 10.0; Win64; x64; rv:154.0) Gecko/20100101 Firefox/154.0"
197.184.86.246 - - [31/Aug/2026:08:25:59 -0400] "POST /cpsess0453424392/3rdparty/roundcube/?_task=mail&_action=refresh HTTP/1.1" 200 1979 "https://webmail.savednsingle.org/cpsess0453424392/3rdparty/roundcube/?_task=mail&_mbox=INBOX" "Mozilla/5.0 (Windows NT 10.0; Win64; x64; rv:154.0) Gecko/20100101 Firefox/154.0"
197.184.86.246 - - [31/Aug/2026:08:27:01 -0400] "POST /cpsess0453424392/3rdparty/roundcube/?_task=mail&_action=refresh HTTP/1.1" 200 1996 "https://webmail.savednsingle.org/cpsess0453424392/3rdparty/roundcube/?_task=mail&_mbox=INBOX" "Mozilla/5.0 (Windows NT 10.0; Win64; x64; rv:154.0) Gecko/20100101 Firefox/154.0"
198.204.240.234 - - [31/Aug/2026:08:27:44 -0400] "GET /wp-content/x7a7275/index.php HTTP/1.1" 404 236 "https://savednsingle.org/wp-content/x7a7275/index.php" "Opera/9.80 (Windows NT 6.1; U; ja) Presto/2.10.229 Version/11.60"
197.184.86.246 - - [31/Aug/2026:08:28:08 -0400] "POST /cpsess0453424392/3rdparty/roundcube/?_task=mail&_action=refresh HTTP/1.1" 200 2013 "https://webmail.savednsingle.org/cpsess0453424392/3rdparty/roundcube/?_task=mail&_mbox=INBOX" "Mozilla/5.0 (Windows NT 10.0; Win64; x64; rv:154.0) Gecko/20100101 Firefox/154.0"
197.184.86.246 - - [31/Aug/2026:08:29:23 -0400] "POST /cpsess0453424392/3rdparty/roundcube/?_task=mail&_action=refresh HTTP/1.1" 200 1417 "https://webmail.savednsingle.org/cpsess0453424392/3rdparty/roundcube/?_task=mail&_mbox=INBOX" "Mozilla/5.0 (Windows NT 10.0; Win64; x64; rv:154.0) Gecko/20100101 Firefox/154.0"
197.184.86.246 - - [31/Aug/2026:08:30:21 -0400] "POST /cpsess0453424392/3rdparty/roundcube/?_task=mail&_action=refresh HTTP/1.1" 200 1389 "https://webmail.savednsingle.org/cpsess0453424392/3rdparty/roundcube/?_task=mail&_mbox=INBOX" "Mozilla/5.0 (Windows NT 10.0; Win64; x64; rv:154.0) Gecko/20100101 Firefox/154.0"
45.227.253.15 - - [31/Aug/2026:08:30:23 -0400] "GET /index.php/jk HTTP/1.1" 404 36 "-" "Mozilla/5.0 (Windows NT 6.2; WOW64) AppleWebKit/535.24 (KHTML, like Gecko) Chrome/80.0.1055.1 Safari/535.24"
197.184.86.246 - - [31/Aug/2026:08:31:27 -0400] "POST /cpsess0453424392/3rdparty/roundcube/?_task=mail&_action=refresh HTTP/1.1" 200 1389 "https://webmail.savednsingle.org/cpsess0453424392/3rdparty/roundcube/?_task=mail&_mbox=INBOX" "Mozilla/5.0 (Windows NT 10.0; Win64; x64; rv:154.0) Gecko/20100101 Firefox/154.0"
102.69.211.223 - - [31/Aug/2026:08:31:33 -0400] "POST /cpsess5003052442/3rdparty/roundcube/?_task=mail&_action=refresh HTTP/1.1" 200 1414 "https://webmail.savednsingle.org/cpsess5003052442/3rdparty/roundcube/?_task=mail&_mbox=INBOX" "Mozilla/5.0 (Windows NT 10.0; Win64; x64) AppleWebKit/537.36 (KHTML, like Gecko) Chrome/151.0.0.0 Safari/537.36"
102.69.211.223 - - [31/Aug/2026:08:31:42 -0400] "GET /cpsess5003052442/3rdparty/roundcube/?_task=mail HTTP/1.1" 308 132 "https://webmail.savednsingle.org/cpsess5003052442/3rdparty/roundcube/?_task=mail&_mbox=INBOX" "Mozilla/5.0 (Windows NT 10.0; Win64; x64) AppleWebKit/537.36 (KHTML, like Gecko) Chrome/151.0.0.0 Safari/537.36"
102.69.211.223 - - [31/Aug/2026:08:31:43 -0400] "GET /cpsess5003052442/3rdparty/roundcube/?_task=mail HTTP/1.1" 200 11812 "https://webmail.savednsingle.org/cpsess5003052442/3rdparty/roundcube/?_task=mail&_mbox=INBOX" "Mozilla/5.0 (Windows NT 10.0; Win64; x64) AppleWebKit/537.36 (KHTML, like Gecko) Chrome/151.0.0.0 Safari/537.36"
102.69.211.223 - - [31/Aug/2026:08:31:44 -0400] "GET /cpsess5003052442/3rdparty/roundcube/skins/elastic/watermark.html HTTP/1.1" 200 494 "https://webmail.savednsingle.org/cpsess5003052442/3rdparty/roundcube/?_task=mail" "Mozilla/5.0 (Windows NT 10.0; Win64; x64) AppleWebKit/537.36 (KHTML, like Gecko) Chrome/151.0.0.0 Safari/537.36"
102.69.211.223 - - [31/Aug/2026:08:31:45 -0400] "GET /cpsess5003052442/3rdparty/roundcube/skins/elastic/watermark.html HTTP/1.1" 200 494 "https://webmail.savednsingle.org/cpsess5003052442/3rdparty/roundcube/?_task=mail" "Mozilla/5.0 (Windows NT 10.0; Win64; x64) AppleWebKit/537.36 (KHTML, like Gecko) Chrome/151.0.0.0 Safari/537.36"
102.69.211.223 - - [31/Aug/2026:08:31:45 -0400] "GET /cpsess5003052442/3rdparty/roundcube/?_task=mail&_action=list&_refresh=1&_layout=widescreen&_mbox=INBOX&_page=&_remote=1&_unlock=loading1788179505304&_=1788179504879 HTTP/1.1" 200 2134 "https://webmail.savednsingle.org/cpsess5003052442/3rdparty/roundcube/?_task=mail" "Mozilla/5.0 (Windows NT 10.0; Win64; x64) AppleWebKit/537.36 (KHTML, like Gecko) Chrome/151.0.0.0 Safari/537.36"
102.69.211.223 - - [31/Aug/2026:08:31:45 -0400] "GET /cpsess5003052442/3rdparty/roundcube/?_task=mail&_action=getunread&_page=1&_remote=1&_unlock=0&_=1788179504880 HTTP/1.1" 200 1395 "https://webmail.savednsingle.org/cpsess5003052442/3rdparty/roundcube/?_task=mail&_mbox=INBOX" "Mozilla/5.0 (Windows NT 10.0; Win64; x64) AppleWebKit/537.36 (KHTML, like Gecko) Chrome/151.0.0.0 Safari/537.36"
197.184.86.246 - - [31/Aug/2026:08:32:34 -0400] "POST /cpsess0453424392/3rdparty/roundcube/?_task=mail&_action=refresh HTTP/1.1" 308 152 "https://webmail.savednsingle.org/cpsess0453424392/3rdparty/roundcube/?_task=mail&_mbox=INBOX" "Mozilla/5.0 (Windows NT 10.0; Win64; x64; rv:154.0) Gecko/20100101 Firefox/154.0"
197.184.86.246 - - [31/Aug/2026:08:32:34 -0400] "POST /cpsess0453424392/3rdparty/roundcube/?_task=mail&_action=refresh HTTP/1.1" 200 1389 "https://webmail.savednsingle.org/cpsess0453424392/3rdparty/roundcube/?_task=mail&_mbox=INBOX" "Mozilla/5.0 (Windows NT 10.0; Win64; x64; rv:154.0) Gecko/20100101 Firefox/154.0"
197.184.86.246 - - [31/Aug/2026:08:33:41 -0400] "POST /cpsess0453424392/3rdparty/roundcube/?_task=mail&_action=refresh HTTP/1.1" 200 1388 "https://webmail.savednsingle.org/cpsess0453424392/3rdparty/roundcube/?_task=mail&_mbox=INBOX" "Mozilla/5.0 (Windows NT 10.0; Win64; x64; rv:154.0) Gecko/20100101 Firefox/154.0"
197.184.86.246 - - [31/Aug/2026:08:34:47 -0400] "POST /cpsess0453424392/3rdparty/roundcube/?_task=mail&_action=refresh HTTP/1.1" 200 1389 "https://webmail.savednsingle.org/cpsess0453424392/3rdparty/roundcube/?_task=mail&_mbox=INBOX" "Mozilla/5.0 (Windows NT 10.0; Win64; x64; rv:154.0) Gecko/20100101 Firefox/154.0"
197.184.86.246 - - [31/Aug/2026:08:35:54 -0400] "POST /cpsess0453424392/3rdparty/roundcube/?_task=mail&_action=refresh HTTP/1.1" 200 1389 "https://webmail.savednsingle.org/cpsess0453424392/3rdparty/roundcube/?_task=mail&_mbox=INBOX" "Mozilla/5.0 (Windows NT 10.0; Win64; x64; rv:154.0) Gecko/20100101 Firefox/154.0"
197.184.86.246 - - [31/Aug/2026:08:37:02 -0400] "POST /cpsess0453424392/3rdparty/roundcube/?_task=mail&_action=refresh HTTP/1.1" 200 1389 "https://webmail.savednsingle.org/cpsess0453424392/3rdparty/roundcube/?_task=mail&_mbox=INBOX" "Mozilla/5.0 (Windows NT 10.0; Win64; x64; rv:154.0) Gecko/20100101 Firefox/154.0"
217.199.144.90 - - [31/Aug/2026:08:37:46 -0400] "GET /shops/syllabifying/m2a2u0n8c6h421773 HTTP/1.1" 404 236 "https://savednsingle.org/shops/syllabifying/m2a2u0n8c6h421773" "Mozilla/5.0 (Linux; Android 13; M2102J29) AppleWebKit/537.36 (KHTML, like Gecko) Chrome/143.0.5407.67 Mobile Safari/537.36"
197.184.86.246 - - [31/Aug/2026:08:38:13 -0400] "POST /cpsess0453424392/3rdparty/roundcube/?_task=mail&_action=refresh HTTP/1.1" 200 1389 "https://webmail.savednsingle.org/cpsess0453424392/3rdparty/roundcube/?_task=mail&_mbox=INBOX" "Mozilla/5.0 (Windows NT 10.0; Win64; x64; rv:154.0) Gecko/20100101 Firefox/154.0"
197.184.86.246 - - [31/Aug/2026:08:39:15 -0400] "POST /cpsess0453424392/3rdparty/roundcube/?_task=mail&_action=refresh HTTP/1.1" 200 1389 "https://webmail.savednsingle.org/cpsess0453424392/3rdparty/roundcube/?_task=mail&_mbox=INBOX" "Mozilla/5.0 (Windows NT 10.0; Win64; x64; rv:154.0) Gecko/20100101 Firefox/154.0"
66.249.65.128 - - [31/Aug/2026:08:39:17 -0400] "GET /granilla/selden/8358113678 HTTP/1.1" 404 236 "-" "Mozilla/5.0 (Linux; Android 6.0.1; Nexus 5X Build/MMB29P) AppleWebKit/537.36 (KHTML, like Gecko) Chrome/151.0.7922.173 Mobile Safari/537.36 (compatible; Googlebot/2.1; +http://www.google.com/bot.html)"
197.184.86.246 - - [31/Aug/2026:08:40:22 -0400] "POST /cpsess0453424392/3rdparty/roundcube/?_task=mail&_action=refresh HTTP/1.1" 200 1388 "https://webmail.savednsingle.org/cpsess0453424392/3rdparty/roundcube/?_task=mail&_mbox=INBOX" "Mozilla/5.0 (Windows NT 10.0; Win64; x64; rv:154.0) Gecko/20100101 Firefox/154.0"
45.184.244.86 - - [31/Aug/2026:08:40:32 -0400] "GET /shops/switched/t4r1a1n4s5e3l9e7m2e3n9t HTTP/1.1" 404 236 "https://savednsingle.org/?sitemap857.xml" "Mozilla/5.0 (Linux; Android 14; M2102J23) AppleWebKit/537.36 (KHTML, like Gecko) Chrome/152.0.5179.135 Mobile Safari/537.36"
197.184.86.246 - - [31/Aug/2026:08:41:29 -0400] "POST /cpsess0453424392/3rdparty/roundcube/?_task=mail&_action=refresh HTTP/1.1" 200 1388 "https://webmail.savednsingle.org/cpsess0453424392/3rdparty/roundcube/?_task=mail&_mbox=INBOX" "Mozilla/5.0 (Windows NT 10.0; Win64; x64; rv:154.0) Gecko/20100101 Firefox/154.0"
102.129.82.21 - - [31/Aug/2026:08:41:58 -0400] "GET /shops/sware/u4n3l2o6o8k331795 HTTP/1.1" 404 236 "https://savednsingle.org/?sitemap857.xml" "Mozilla/5.0 (Linux; Android 14; M2102J27) AppleWebKit/537.36 (KHTML, like Gecko) Chrome/140.0.5413.84 Mobile Safari/537.36 MicroMessenger/8.0.44(0x18001B3F) NetType/WIFI Language/zh_CN"
197.184.86.246 - - [31/Aug/2026:08:42:37 -0400] "POST /cpsess0453424392/3rdparty/roundcube/?_task=mail&_action=refresh HTTP/1.1" 200 1389 "https://webmail.savednsingle.org/cpsess0453424392/3rdparty/roundcube/?_task=mail&_mbox=INBOX" "Mozilla/5.0 (Windows NT 10.0; Win64; x64; rv:154.0) Gecko/20100101 Firefox/154.0"
47.128.125.205 - - [31/Aug/2026:08:43:17 -0400] "GET /robots.txt HTTP/1.1" 404 236 "-" "Mozilla/5.0 (iPhone; CPU iPhone OS 7_1_2 like Mac OS X) AppleWebKit/537.36 (KHTML, like Gecko) Version/7.0 Mobile Safari/537.36 (compatible; Bytespider; https://bytedance.sg.larkoffice.com/docx/K5bxdypulop3IIxrJb0lOjLVgFe)"
197.184.86.246 - - [31/Aug/2026:08:43:43 -0400] "POST /cpsess0453424392/3rdparty/roundcube/?_task=mail&_action=refresh HTTP/1.1" 200 1388 "https://webmail.savednsingle.org/cpsess0453424392/3rdparty/roundcube/?_task=mail&_mbox=INBOX" "Mozilla/5.0 (Windows NT 10.0; Win64; x64; rv:154.0) Gecko/20100101 Firefox/154.0"
197.184.86.246 - - [31/Aug/2026:08:44:52 -0400] "POST /cpsess0453424392/3rdparty/roundcube/?_task=mail&_action=refresh HTTP/1.1" 200 1389 "https://webmail.savednsingle.org/cpsess0453424392/3rdparty/roundcube/?_task=mail&_mbox=INBOX" "Mozilla/5.0 (Windows NT 10.0; Win64; x64; rv:154.0) Gecko/20100101 Firefox/154.0"
197.184.86.246 - - [31/Aug/2026:08:45:56 -0400] "POST /cpsess0453424392/3rdparty/roundcube/?_task=mail&_action=refresh HTTP/1.1" 200 1388 "https://webmail.savednsingle.org/cpsess0453424392/3rdparty/roundcube/?_task=mail&_mbox=INBOX" "Mozilla/5.0 (Windows NT 10.0; Win64; x64; rv:154.0) Gecko/20100101 Firefox/154.0"
186.82.99.10 - - [31/Aug/2026:08:46:16 -0400] "GET /shops/succinuric/c4a4e0s4a2r350152 HTTP/1.1" 404 236 "https://savednsingle.org/?sitemap857.xml" "Mozilla/5.0 (Linux; Android 12; V2185) AppleWebKit/537.36 (KHTML, like Gecko) Chrome/154.0.5669.16 Mobile Safari/537.36"
197.184.86.246 - - [31/Aug/2026:08:47:03 -0400] "POST /cpsess0453424392/3rdparty/roundcube/?_task=mail&_action=refresh HTTP/1.1" 200 1389 "https://webmail.savednsingle.org/cpsess0453424392/3rdparty/roundcube/?_task=mail&_mbox=INBOX" "Mozilla/5.0 (Windows NT 10.0; Win64; x64; rv:154.0) Gecko/20100101 Firefox/154.0"
66.249.65.128 - - [31/Aug/2026:08:47:39 -0400] "GET /?a=0982434015000 HTTP/1.1" 200 281 "-" "Mozilla/5.0 (Linux; Android 6.0.1; Nexus 5X Build/MMB29P) AppleWebKit/537.36 (KHTML, like Gecko) Chrome/151.0.7922.173 Mobile Safari/537.36 (compatible; Googlebot/2.1; +http://www.google.com/bot.html)"
189.203.88.102 - - [31/Aug/2026:08:47:41 -0400] "GET /shops/subtreasury/s0m8o3l2d0e4r7843 HTTP/1.1" 404 236 "https://savednsingle.org/shops/subtreasury/s0m8o3l2d0e4r7843" "Mozilla/5.0 (Linux; Android 12; V2186) AppleWebKit/537.36 (KHTML, like Gecko) Chrome/155.0.5975.37 Mobile Safari/537.36"
197.184.86.246 - - [31/Aug/2026:08:48:10 -0400] "POST /cpsess0453424392/3rdparty/roundcube/?_task=mail&_action=refresh HTTP/1.1" 200 1389 "https://webmail.savednsingle.org/cpsess0453424392/3rdparty/roundcube/?_task=mail&_mbox=INBOX" "Mozilla/5.0 (Windows NT 10.0; Win64; x64; rv:154.0) Gecko/20100101 Firefox/154.0"
197.184.86.246 - - [31/Aug/2026:08:49:17 -0400] "POST /cpsess0453424392/3rdparty/roundcube/?_task=mail&_action=refresh HTTP/1.1" 200 1389 "https://webmail.savednsingle.org/cpsess0453424392/3rdparty/roundcube/?_task=mail&_mbox=INBOX" "Mozilla/5.0 (Windows NT 10.0; Win64; x64; rv:154.0) Gecko/20100101 Firefox/154.0"
197.184.86.246 - - [31/Aug/2026:08:50:24 -0400] "POST /cpsess0453424392/3rdparty/roundcube/?_task=mail&_action=refresh HTTP/1.1" 200 1388 "https://webmail.savednsingle.org/cpsess0453424392/3rdparty/roundcube/?_task=mail&_mbox=INBOX" "Mozilla/5.0 (Windows NT 10.0; Win64; x64; rv:154.0) Gecko/20100101 Firefox/154.0"
197.184.86.246 - - [31/Aug/2026:08:51:32 -0400] "POST /cpsess0453424392/3rdparty/roundcube/?_task=mail&_action=refresh HTTP/1.1" 200 2027 "https://webmail.savednsingle.org/cpsess0453424392/3rdparty/roundcube/?_task=mail&_mbox=INBOX" "Mozilla/5.0 (Windows NT 10.0; Win64; x64; rv:154.0) Gecko/20100101 Firefox/154.0"
217.164.237.65 - - [31/Aug/2026:08:51:46 -0400] "GET /shops/subapical/t4o1a6d8h7e4a7d4916 HTTP/1.1" 404 236 "https://savednsingle.org/?sitemap857.xml" "Mozilla/5.0 (iPhone; CPU iPhone OS 17_1 like Mac OS X) AppleWebKit/605.1.15 (KHTML, like Gecko) Version/17.1 Mobile/15E148 Safari/604.1"
197.184.86.246 - - [31/Aug/2026:08:52:37 -0400] "POST /cpsess0453424392/3rdparty/roundcube/?_task=mail&_action=refresh HTTP/1.1" 200 2040 "https://webmail.savednsingle.org/cpsess0453424392/3rdparty/roundcube/?_task=mail&_mbox=INBOX" "Mozilla/5.0 (Windows NT 10.0; Win64; x64; rv:154.0) Gecko/20100101 Firefox/154.0"
102.69.211.223 - - [31/Aug/2026:08:53:20 -0400] "GET /cpsess5003052442/3rdparty/roundcube/?_task=mail&_mbox=INBOX HTTP/1.1" 302 - "https://webmail.savednsingle.org/cpsess5003052442/3rdparty/roundcube/?_task=mail&_mbox=INBOX" "Mozilla/5.0 (Windows NT 10.0; Win64; x64) AppleWebKit/537.36 (KHTML, like Gecko) Chrome/151.0.0.0 Safari/537.36"
102.69.211.223 - - [31/Aug/2026:08:53:29 -0400] "GET /cpsess5003052442/3rdparty/roundcube/?_task=mail&_token=kYODUhUDEtdZsO9BZioqZN8ZxOoUEseL HTTP/1.1" 200 11812 "https://webmail.savednsingle.org/cpsess5003052442/3rdparty/roundcube/?_task=mail&_mbox=INBOX" "Mozilla/5.0 (Windows NT 10.0; Win64; x64) AppleWebKit/537.36 (KHTML, like Gecko) Chrome/151.0.0.0 Safari/537.36"
102.69.211.223 - - [31/Aug/2026:08:53:33 -0400] "GET /cpsess5003052442/3rdparty/roundcube/skins/elastic/watermark.html HTTP/1.1" 200 494 "https://webmail.savednsingle.org/cpsess5003052442/3rdparty/roundcube/?_task=mail&_token=kYODUhUDEtdZsO9BZioqZN8ZxOoUEseL" "Mozilla/5.0 (Windows NT 10.0; Win64; x64) AppleWebKit/537.36 (KHTML, like Gecko) Chrome/151.0.0.0 Safari/537.36"
102.69.211.223 - - [31/Aug/2026:08:53:33 -0400] "GET /cpsess5003052442/3rdparty/roundcube/?_task=mail&_action=list&_refresh=1&_layout=widescreen&_mbox=INBOX&_page=&_remote=1&_unlock=loading1788180813949&_=1788180813810 HTTP/1.1" 308 281 "https://webmail.savednsingle.org/cpsess5003052442/3rdparty/roundcube/?_task=mail&_token=kYODUhUDEtdZsO9BZioqZN8ZxOoUEseL" "Mozilla/5.0 (Windows NT 10.0; Win64; x64) AppleWebKit/537.36 (KHTML, like Gecko) Chrome/151.0.0.0 Safari/537.36"
102.69.211.223 - - [31/Aug/2026:08:53:34 -0400] "GET /cpsess5003052442/3rdparty/roundcube/skins/elastic/watermark.html HTTP/1.1" 200 494 "https://webmail.savednsingle.org/cpsess5003052442/3rdparty/roundcube/?_task=mail&_token=kYODUhUDEtdZsO9BZioqZN8ZxOoUEseL" "Mozilla/5.0 (Windows NT 10.0; Win64; x64) AppleWebKit/537.36 (KHTML, like Gecko) Chrome/151.0.0.0 Safari/537.36"
102.69.211.223 - - [31/Aug/2026:08:53:34 -0400] "GET /cpsess5003052442/3rdparty/roundcube/?_task=mail&_action=getunread&_page=1&_remote=1&_unlock=0&_=1788180813811 HTTP/1.1" 200 1395 "https://webmail.savednsingle.org/cpsess5003052442/3rdparty/roundcube/?_task=mail&_mbox=INBOX" "Mozilla/5.0 (Windows NT 10.0; Win64; x64) AppleWebKit/537.36 (KHTML, like Gecko) Chrome/151.0.0.0 Safari/537.36"
102.69.211.223 - - [31/Aug/2026:08:53:34 -0400] "GET /cpsess5003052442/3rdparty/roundcube/?_task=mail&_action=list&_refresh=1&_layout=widescreen&_mbox=INBOX&_page=&_remote=1&_unlock=loading1788180813949&_=1788180813810 HTTP/1.1" 200 2185 "https://webmail.savednsingle.org/cpsess5003052442/3rdparty/roundcube/?_task=mail&_token=kYODUhUDEtdZsO9BZioqZN8ZxOoUEseL" "Mozilla/5.0 (Windows NT 10.0; Win64; x64) AppleWebKit/537.36 (KHTML, like Gecko) Chrome/151.0.0.0 Safari/537.36"
197.184.86.246 - - [31/Aug/2026:08:53:42 -0400] "POST /cpsess0453424392/3rdparty/roundcube/?_task=mail&_action=refresh HTTP/1.1" 308 152 "https://webmail.savednsingle.org/cpsess0453424392/3rdparty/roundcube/?_task=mail&_mbox=INBOX" "Mozilla/5.0 (Windows NT 10.0; Win64; x64; rv:154.0) Gecko/20100101 Firefox/154.0"
197.184.86.246 - - [31/Aug/2026:08:53:43 -0400] "POST /cpsess0453424392/3rdparty/roundcube/?_task=mail&_action=refresh HTTP/1.1" 200 2038 "https://webmail.savednsingle.org/cpsess0453424392/3rdparty/roundcube/?_task=mail&_mbox=INBOX" "Mozilla/5.0 (Windows NT 10.0; Win64; x64; rv:154.0) Gecko/20100101 Firefox/154.0"
102.69.211.223 - - [31/Aug/2026:08:56:34 -0400] "POST /cpsess5003052442/3rdparty/roundcube/?_task=mail&_action=refresh HTTP/1.1" 200 1389 "https://webmail.savednsingle.org/cpsess5003052442/3rdparty/roundcube/?_task=mail&_mbox=INBOX" "Mozilla/5.0 (Windows NT 10.0; Win64; x64) AppleWebKit/537.36 (KHTML, like Gecko) Chrome/151.0.0.0 Safari/537.36"
198.204.240.234 - - [31/Aug/2026:08:56:50 -0400] "GET /wp-content/x7a7275/index.php HTTP/1.1" 404 236 "https://savednsingle.org/wp-content/x7a7275/index.php" "Mozilla/4.0 (compatible; MSIE 7.0; Windows NT 5.1; .NET CLR 1.1.4322; .NET CLR 2.0.50727)"
197.184.86.246 - - [31/Aug/2026:08:56:53 -0400] "POST /cpsess0453424392/3rdparty/roundcube/?_task=mail&_action=refresh HTTP/1.1" 200 1416 "https://webmail.savednsingle.org/cpsess0453424392/3rdparty/roundcube/?_task=mail&_mbox=INBOX" "Mozilla/5.0 (Windows NT 10.0; Win64; x64; rv:154.0) Gecko/20100101 Firefox/154.0"
45.70.196.104 - - [31/Aug/2026:08:57:21 -0400] "GET /shops/thussock/c4r2e7c3h9e904685 HTTP/1.1" 404 236 "https://savednsingle.org/?sitemap857.xml" "Mozilla/5.0 (Linux; Android 15; V2185) AppleWebKit/537.36 (KHTML, like Gecko) Chrome/144.0.5256.139 Mobile Safari/537.36"
102.69.211.223 - - [31/Aug/2026:08:57:34 -0400] "POST /cpsess5003052442/3rdparty/roundcube/?_task=mail&_action=refresh HTTP/1.1" 308 152 "https://webmail.savednsingle.org/cpsess5003052442/3rdparty/roundcube/?_task=mail&_mbox=INBOX" "Mozilla/5.0 (Windows NT 10.0; Win64; x64) AppleWebKit/537.36 (KHTML, like Gecko) Chrome/151.0.0.0 Safari/537.36"
102.69.211.223 - - [31/Aug/2026:08:57:34 -0400] "POST /cpsess5003052442/3rdparty/roundcube/?_task=mail&_action=refresh HTTP/1.1" 200 1388 "https://webmail.savednsingle.org/cpsess5003052442/3rdparty/roundcube/?_task=mail&_mbox=INBOX" "Mozilla/5.0 (Windows NT 10.0; Win64; x64) AppleWebKit/537.36 (KHTML, like Gecko) Chrome/151.0.0.0 Safari/537.36"
197.184.86.246 - - [31/Aug/2026:08:58:00 -0400] "POST /cpsess0453424392/3rdparty/roundcube/?_task=mail&_action=refresh HTTP/1.1" 200 1389 "https://webmail.savednsingle.org/cpsess0453424392/3rdparty/roundcube/?_task=mail&_mbox=INBOX" "Mozilla/5.0 (Windows NT 10.0; Win64; x64; rv:154.0) Gecko/20100101 Firefox/154.0"
102.69.211.223 - - [31/Aug/2026:08:58:34 -0400] "POST /cpsess5003052442/3rdparty/roundcube/?_task=mail&_action=refresh HTTP/1.1" 200 1388 "https://webmail.savednsingle.org/cpsess5003052442/3rdparty/roundcube/?_task=mail&_mbox=INBOX" "Mozilla/5.0 (Windows NT 10.0; Win64; x64) AppleWebKit/537.36 (KHTML, like Gecko) Chrome/151.0.0.0 Safari/537.36"
197.184.86.246 - - [31/Aug/2026:08:59:06 -0400] "POST /cpsess0453424392/3rdparty/roundcube/?_task=mail&_action=refresh HTTP/1.1" 200 1388 "https://webmail.savednsingle.org/cpsess0453424392/3rdparty/roundcube/?_task=mail&_mbox=INBOX" "Mozilla/5.0 (Windows NT 10.0; Win64; x64; rv:154.0) Gecko/20100101 Firefox/154.0"
102.69.211.223 - - [31/Aug/2026:08:59:34 -0400] "POST /cpsess5003052442/3rdparty/roundcube/?_task=mail&_action=refresh HTTP/1.1" 200 1388 "https://webmail.savednsingle.org/cpsess5003052442/3rdparty/roundcube/?_task=mail&_mbox=INBOX" "Mozilla/5.0 (Windows NT 10.0; Win64; x64) AppleWebKit/537.36 (KHTML, like Gecko) Chrome/151.0.0.0 Safari/537.36"
103.3.222.246 - - [31/Aug/2026:09:00:11 -0400] "GET /shops/swagbellied/a2g1a7i6n7411142 HTTP/1.1" 404 236 "https://savednsingle.org/shops/swagbellied/a2g1a7i6n7411142" "Mozilla/5.0 (iPhone; CPU iPhone OS 17_3 like Mac OS X) AppleWebKit/605.1.15 (KHTML, like Gecko) Version/17.3 Mobile/15E148 Safari/604.1"
197.184.86.246 - - [31/Aug/2026:09:00:12 -0400] "POST /cpsess0453424392/3rdparty/roundcube/?_task=mail&_action=refresh HTTP/1.1" 200 1388 "https://webmail.savednsingle.org/cpsess0453424392/3rdparty/roundcube/?_task=mail&_mbox=INBOX" "Mozilla/5.0 (Windows NT 10.0; Win64; x64; rv:154.0) Gecko/20100101 Firefox/154.0"
102.69.211.223 - - [31/Aug/2026:09:00:35 -0400] "POST /cpsess5003052442/3rdparty/roundcube/?_task=mail&_action=refresh HTTP/1.1" 200 1389 "https://webmail.savednsingle.org/cpsess5003052442/3rdparty/roundcube/?_task=mail&_mbox=INBOX" "Mozilla/5.0 (Windows NT 10.0; Win64; x64) AppleWebKit/537.36 (KHTML, like Gecko) Chrome/151.0.0.0 Safari/537.36"
197.184.86.246 - - [31/Aug/2026:09:01:19 -0400] "POST /cpsess0453424392/3rdparty/roundcube/?_task=mail&_action=refresh HTTP/1.1" 308 152 "https://webmail.savednsingle.org/cpsess0453424392/3rdparty/roundcube/?_task=mail&_mbox=INBOX" "Mozilla/5.0 (Windows NT 10.0; Win64; x64; rv:154.0) Gecko/20100101 Firefox/154.0"
197.184.86.246 - - [31/Aug/2026:09:01:20 -0400] "POST /cpsess0453424392/3rdparty/roundcube/?_task=mail&_action=refresh HTTP/1.1" 200 1389 "https://webmail.savednsingle.org/cpsess0453424392/3rdparty/roundcube/?_task=mail&_mbox=INBOX" "Mozilla/5.0 (Windows NT 10.0; Win64; x64; rv:154.0) Gecko/20100101 Firefox/154.0"
102.69.211.223 - - [31/Aug/2026:09:01:37 -0400] "POST /cpsess5003052442/3rdparty/roundcube/?_task=mail&_action=refresh HTTP/1.1" 200 1389 "https://webmail.savednsingle.org/cpsess5003052442/3rdparty/roundcube/?_task=mail&_mbox=INBOX" "Mozilla/5.0 (Windows NT 10.0; Win64; x64) AppleWebKit/537.36 (KHTML, like Gecko) Chrome/151.0.0.0 Safari/537.36"
66.249.65.128 - - [31/Aug/2026:09:02:22 -0400] "GET /?semilor/169290934 HTTP/1.1" 200 281 "-" "Mozilla/5.0 (Linux; Android 6.0.1; Nexus 5X Build/MMB29P) AppleWebKit/537.36 (KHTML, like Gecko) Chrome/151.0.7922.173 Mobile Safari/537.36 (compatible; Googlebot/2.1; +http://www.google.com/bot.html)"
197.184.86.246 - - [31/Aug/2026:09:02:26 -0400] "POST /cpsess0453424392/3rdparty/roundcube/?_task=mail&_action=refresh HTTP/1.1" 308 152 "https://webmail.savednsingle.org/cpsess0453424392/3rdparty/roundcube/?_task=mail&_mbox=INBOX" "Mozilla/5.0 (Windows NT 10.0; Win64; x64; rv:154.0) Gecko/20100101 Firefox/154.0"
197.184.86.246 - - [31/Aug/2026:09:02:26 -0400] "POST /cpsess0453424392/3rdparty/roundcube/?_task=mail&_action=refresh HTTP/1.1" 200 1389 "https://webmail.savednsingle.org/cpsess0453424392/3rdparty/roundcube/?_task=mail&_mbox=INBOX" "Mozilla/5.0 (Windows NT 10.0; Win64; x64; rv:154.0) Gecko/20100101 Firefox/154.0"
102.69.211.223 - - [31/Aug/2026:09:02:34 -0400] "POST /cpsess5003052442/3rdparty/roundcube/?_task=mail&_action=refresh HTTP/1.1" 308 152 "https://webmail.savednsingle.org/cpsess5003052442/3rdparty/roundcube/?_task=mail&_mbox=INBOX" "Mozilla/5.0 (Windows NT 10.0; Win64; x64) AppleWebKit/537.36 (KHTML, like Gecko) Chrome/151.0.0.0 Safari/537.36"
138.229.96.224 - - [31/Aug/2026:09:02:34 -0400] "GET /yytest/ HTTP/1.1" 404 236 "-" "Mozilla/5.0 (compatible; Googlebot/2.1; +http://www.google.com/bot.html)"
102.69.211.223 - - [31/Aug/2026:09:02:34 -0400] "POST /cpsess5003052442/3rdparty/roundcube/?_task=mail&_action=refresh HTTP/1.1" 200 1388 "https://webmail.savednsingle.org/cpsess5003052442/3rdparty/roundcube/?_task=mail&_mbox=INBOX" "Mozilla/5.0 (Windows NT 10.0; Win64; x64) AppleWebKit/537.36 (KHTML, like Gecko) Chrome/151.0.0.0 Safari/537.36"
168.91.42.232 - - [31/Aug/2026:09:02:35 -0400] "GET /yytest/ HTTP/1.1" 404 236 "-" "Mozilla/5.0 (compatible; Googlebot/2.1; +http://www.google.com/bot.html)"
69.58.88.206 - - [31/Aug/2026:09:02:35 -0400] "GET /yytest/ HTTP/1.1" 404 236 "-" "Mozilla/5.0 (compatible; Googlebot/2.1; +http://www.google.com/bot.html)"
63.141.239.146 - - [31/Aug/2026:09:02:35 -0400] "GET /yytest/ HTTP/1.1" 404 236 "-" "Mozilla/5.0 (compatible; Googlebot/2.1; +http://www.google.com/bot.html)"
130.254.112.187 - - [31/Aug/2026:09:02:36 -0400] "POST / HTTP/1.1" 404 236 "-" "Mozilla/5.0 (Windows NT 10.0; Win64; x64; rv:130.0) Gecko/20100101 Firefox/130.0"
141.164.89.160 - - [31/Aug/2026:09:02:36 -0400] "POST / HTTP/1.1" 404 236 "-" "Mozilla/5.0 (Windows NT 10.0; Win64; x64; rv:130.0) Gecko/20100101 Firefox/130.0"
158.62.222.197 - - [31/Aug/2026:09:02:36 -0400] "POST / HTTP/1.1" 404 236 "-" "Mozilla/5.0 (Windows NT 10.0; Win64; x64; rv:130.0) Gecko/20100101 Firefox/130.0"
197.184.86.246 - - [31/Aug/2026:09:03:27 -0400] "POST /cpsess0453424392/3rdparty/roundcube/?_task=mail&_action=refresh HTTP/1.1" 200 1388 "https://webmail.savednsingle.org/cpsess0453424392/3rdparty/roundcube/?_task=mail&_mbox=INBOX" "Mozilla/5.0 (Windows NT 10.0; Win64; x64; rv:154.0) Gecko/20100101 Firefox/154.0"
188.166.116.171 - - [31/Aug/2026:09:03:29 -0400] "GET / HTTP/1.1" 200 281 "-" "Mozilla/5.0 (compatible; ForestEngine/1.0; +https://forestengine.net/)"
54.39.203.129 - - [31/Aug/2026:09:03:35 -0400] "GET /robots.txt HTTP/1.1" 404 236 "-" "Mozilla/5.0 (compatible; AhrefsBot/7.0; +http://ahrefs.com/robot/)"
102.69.211.223 - - [31/Aug/2026:09:03:36 -0400] "POST /cpsess5003052442/3rdparty/roundcube/?_task=mail&_action=refresh HTTP/1.1" 200 1388 "https://webmail.savednsingle.org/cpsess5003052442/3rdparty/roundcube/?_task=mail&_mbox=INBOX" "Mozilla/5.0 (Windows NT 10.0; Win64; x64) AppleWebKit/537.36 (KHTML, like Gecko) Chrome/151.0.0.0 Safari/537.36"
51.81.111.5 - - [31/Aug/2026:09:03:36 -0400] "GET /?sitemap818.xml HTTP/1.1" 200 281 "-" "Mozilla/5.0 (compatible; AhrefsBot/7.0; +http://ahrefs.com/robot/)"
34.24.118.121 - - [31/Aug/2026:09:04:08 -0400] "GET / HTTP/1.1" 200 12439 "-" "Mozilla/5.0 (Linux; Android 10; K) AppleWebKit/537.36 (KHTML, like Gecko) Chrome/149.0.0.0 Mobile Safari/537.36"
34.24.118.121 - - [31/Aug/2026:09:04:08 -0400] "GET /z9x8c7v6b5-debug-trigger-whm.savednsingle.org HTTP/1.1" 404 3424 "-" "Mozilla/5.0 (Linux; Android 10; K) AppleWebKit/537.36 (KHTML, like Gecko) Chrome/149.0.0.0 Mobile Safari/537.36"
34.24.118.121 - - [31/Aug/2026:09:04:08 -0400] "GET /config/.env.php HTTP/1.1" 406 300 "-" "Mozilla/5.0 (Linux; Android 10; K) AppleWebKit/537.36 (KHTML, like Gecko) Chrome/149.0.0.0 Mobile Safari/537.36"
34.24.118.121 - - [31/Aug/2026:09:04:08 -0400] "GET /laravel/.env HTTP/1.1" 406 300 "-" "Mozilla/5.0 (Linux; Android 10; K) AppleWebKit/537.36 (KHTML, like Gecko) Chrome/149.0.0.0 Mobile Safari/537.36"
34.24.118.121 - - [31/Aug/2026:09:04:08 -0400] "GET /.env.php.bak HTTP/1.1" 406 300 "-" "Mozilla/5.0 (Linux; Android 10; K) AppleWebKit/537.36 (KHTML, like Gecko) Chrome/149.0.0.0 Mobile Safari/537.36"
34.24.118.121 - - [31/Aug/2026:09:04:08 -0400] "GET /storage/logs/laravel.log HTTP/1.1" 404 3424 "-" "Mozilla/5.0 (Linux; Android 10; K) AppleWebKit/537.36 (KHTML, like Gecko) Chrome/149.0.0.0 Mobile Safari/537.36"
34.24.118.121 - - [31/Aug/2026:09:04:08 -0400] "GET /rclone.conf HTTP/1.1" 404 3424 "-" "Mozilla/5.0 (Linux; Android 10; K) AppleWebKit/537.36 (KHTML, like Gecko) Chrome/149.0.0.0 Mobile Safari/537.36"
34.24.118.121 - - [31/Aug/2026:09:04:08 -0400] "POST /graphql HTTP/1.1" 404 3424 "https://whm.savednsingle.org" "Mozilla/5.0 (Linux; Android 10; K) AppleWebKit/537.36 (KHTML, like Gecko) Chrome/149.0.0.0 Mobile Safari/537.36"
34.24.118.121 - - [31/Aug/2026:09:04:08 -0400] "GET /wp-json HTTP/1.1" 404 3424 "-" "Mozilla/5.0 (Linux; Android 10; K) AppleWebKit/537.36 (KHTML, like Gecko) Chrome/149.0.0.0 Mobile Safari/537.36"
34.24.118.121 - - [31/Aug/2026:09:04:08 -0400] "GET /webpack-stats.json HTTP/1.1" 200 791 "-" "Mozilla/5.0 (Linux; Android 10; K) AppleWebKit/537.36 (KHTML, like Gecko) Chrome/149.0.0.0 Mobile Safari/537.36"
34.24.118.121 - - [31/Aug/2026:09:04:08 -0400] "GET /manifest.json HTTP/1.1" 404 3424 "-" "Mozilla/5.0 (Linux; Android 10; K) AppleWebKit/537.36 (KHTML, like Gecko) Chrome/149.0.0.0 Mobile Safari/537.36"
34.24.118.121 - - [31/Aug/2026:09:04:08 -0400] "GET /core/.env HTTP/1.1" 406 300 "-" "Mozilla/5.0 (Linux; Android 10; K) AppleWebKit/537.36 (KHTML, like Gecko) Chrome/149.0.0.0 Mobile Safari/537.36"
34.24.118.121 - - [31/Aug/2026:09:04:08 -0400] "GET /static/manifest.json HTTP/1.1" 200 791 "-" "Mozilla/5.0 (Linux; Android 10; K) AppleWebKit/537.36 (KHTML, like Gecko) Chrome/149.0.0.0 Mobile Safari/537.36"
34.24.118.121 - - [31/Aug/2026:09:04:08 -0400] "GET /asset-manifest.json HTTP/1.1" 404 3424 "-" "Mozilla/5.0 (Linux; Android 10; K) AppleWebKit/537.36 (KHTML, like Gecko) Chrome/149.0.0.0 Mobile Safari/537.36"
34.24.118.121 - - [31/Aug/2026:09:04:08 -0400] "GET /?locale=ar HTTP/1.1" 200 791 "-" "Mozilla/5.0 (Linux; Android 10; K) AppleWebKit/537.36 (KHTML, like Gecko) Chrome/149.0.0.0 Mobile Safari/537.36"
34.24.118.121 - - [31/Aug/2026:09:04:08 -0400] "GET /assets/manifest.json HTTP/1.1" 404 3424 "-" "Mozilla/5.0 (Linux; Android 10; K) AppleWebKit/537.36 (KHTML, like Gecko) Chrome/149.0.0.0 Mobile Safari/537.36"
34.24.118.121 - - [31/Aug/2026:09:04:08 -0400] "GET /dist/manifest.json HTTP/1.1" 404 3424 "-" "Mozilla/5.0 (Linux; Android 10; K) AppleWebKit/537.36 (KHTML, like Gecko) Chrome/149.0.0.0 Mobile Safari/537.36"
34.24.118.121 - - [31/Aug/2026:09:04:08 -0400] "POST /api/graphql HTTP/1.1" 404 3424 "https://whm.savednsingle.org" "Mozilla/5.0 (Linux; Android 10; K) AppleWebKit/537.36 (KHTML, like Gecko) Chrome/149.0.0.0 Mobile Safari/537.36"
34.24.118.121 - - [31/Aug/2026:09:04:08 -0400] "GET /.env.dev HTTP/1.1" 406 300 "-" "Mozilla/5.0 (Linux; Android 10; K) AppleWebKit/537.36 (KHTML, like Gecko) Chrome/149.0.0.0 Mobile Safari/537.36"
34.24.118.121 - - [31/Aug/2026:09:04:08 -0400] "GET /.env.swp HTTP/1.1" 406 300 "-" "Mozilla/5.0 (Linux; Android 10; K) AppleWebKit/537.36 (KHTML, like Gecko) Chrome/149.0.0.0 Mobile Safari/537.36"
34.24.118.121 - - [31/Aug/2026:09:04:08 -0400] "GET /config.php.bak HTTP/1.1" 404 3424 "-" "Mozilla/5.0 (Linux; Android 10; K) AppleWebKit/537.36 (KHTML, like Gecko) Chrome/149.0.0.0 Mobile Safari/537.36"
34.24.118.121 - - [31/Aug/2026:09:04:08 -0400] "GET /auth.json HTTP/1.1" 404 3424 "-" "Mozilla/5.0 (Linux; Android 10; K) AppleWebKit/537.36 (KHTML, like Gecko) Chrome/149.0.0.0 Mobile Safari/537.36"
34.24.118.121 - - [31/Aug/2026:09:04:09 -0400] "GET /public/.env HTTP/1.1" 406 300 "-" "Mozilla/5.0 (Linux; Android 10; K) AppleWebKit/537.36 (KHTML, like Gecko) Chrome/149.0.0.0 Mobile Safari/537.36"
34.24.118.121 - - [31/Aug/2026:09:04:08 -0400] "GET /configuration.php.bak HTTP/1.1" 404 3424 "-" "Mozilla/5.0 (Linux; Android 10; K) AppleWebKit/537.36 (KHTML, like Gecko) Chrome/149.0.0.0 Mobile Safari/537.36"
34.24.118.121 - - [31/Aug/2026:09:04:09 -0400] "POST /v1/graphql HTTP/1.1" 404 3424 "https://whm.savednsingle.org" "Mozilla/5.0 (Linux; Android 10; K) AppleWebKit/537.36 (KHTML, like Gecko) Chrome/149.0.0.0 Mobile Safari/537.36"
34.24.118.121 - - [31/Aug/2026:09:04:09 -0400] "GET /storage/.env HTTP/1.1" 406 300 "-" "Mozilla/5.0 (Linux; Android 10; K) AppleWebKit/537.36 (KHTML, like Gecko) Chrome/149.0.0.0 Mobile Safari/537.36"
34.24.118.121 - - [31/Aug/2026:09:04:09 -0400] "GET /web/.env HTTP/1.1" 406 300 "-" "Mozilla/5.0 (Linux; Android 10; K) AppleWebKit/537.36 (KHTML, like Gecko) Chrome/149.0.0.0 Mobile Safari/537.36"
34.24.118.121 - - [31/Aug/2026:09:04:09 -0400] "GET /wp/.env HTTP/1.1" 406 300 "-" "Mozilla/5.0 (Linux; Android 10; K) AppleWebKit/537.36 (KHTML, like Gecko) Chrome/149.0.0.0 Mobile Safari/537.36"
34.24.118.121 - - [31/Aug/2026:09:04:09 -0400] "GET /?locale=cs HTTP/1.1" 200 12678 "-" "Mozilla/5.0 (Linux; Android 10; K) AppleWebKit/537.36 (KHTML, like Gecko) Chrome/149.0.0.0 Mobile Safari/537.36"
34.24.118.121 - - [31/Aug/2026:09:04:09 -0400] "GET /wp-config.old HTTP/1.1" 401 12468 "-" "Mozilla/5.0 (Linux; Android 10; K) AppleWebKit/537.36 (KHTML, like Gecko) Chrome/149.0.0.0 Mobile Safari/537.36"
34.24.118.121 - - [31/Aug/2026:09:04:09 -0400] "GET /wp-config.php.swp HTTP/1.1" 401 12467 "-" "Mozilla/5.0 (Linux; Android 10; K) AppleWebKit/537.36 (KHTML, like Gecko) Chrome/149.0.0.0 Mobile Safari/537.36"
34.24.118.121 - - [31/Aug/2026:09:04:09 -0400] "GET /wp-config.php~ HTTP/1.1" 401 12459 "-" "Mozilla/5.0 (Linux; Android 10; K) AppleWebKit/537.36 (KHTML, like Gecko) Chrome/149.0.0.0 Mobile Safari/537.36"
34.24.118.121 - - [31/Aug/2026:09:04:09 -0400] "GET /application.properties HTTP/1.1" 401 12468 "-" "Mozilla/5.0 (Linux; Android 10; K) AppleWebKit/537.36 (KHTML, like Gecko) Chrome/149.0.0.0 Mobile Safari/537.36"
34.24.118.121 - - [31/Aug/2026:09:04:09 -0400] "GET /bootstrap.yml HTTP/1.1" 404 3532 "-" "Mozilla/5.0 (Linux; Android 10; K) AppleWebKit/537.36 (KHTML, like Gecko) Chrome/149.0.0.0 Mobile Safari/537.36"
34.24.118.121 - - [31/Aug/2026:09:04:09 -0400] "GET /config/secrets.yml HTTP/1.1" 404 3532 "-" "Mozilla/5.0 (Linux; Android 10; K) AppleWebKit/537.36 (KHTML, like Gecko) Chrome/149.0.0.0 Mobile Safari/537.36"
34.24.118.121 - - [31/Aug/2026:09:04:09 -0400] "GET /config/application.properties HTTP/1.1" 401 12459 "-" "Mozilla/5.0 (Linux; Android 10; K) AppleWebKit/537.36 (KHTML, like Gecko) Chrome/149.0.0.0 Mobile Safari/537.36"
34.24.118.121 - - [31/Aug/2026:09:04:09 -0400] "GET /application.yml HTTP/1.1" 404 3532 "-" "Mozilla/5.0 (Linux; Android 10; K) AppleWebKit/537.36 (KHTML, like Gecko) Chrome/149.0.0.0 Mobile Safari/537.36"
34.24.118.121 - - [31/Aug/2026:09:04:09 -0400] "GET /.gradle/gradle.properties HTTP/1.1" 404 3532 "-" "Mozilla/5.0 (Linux; Android 10; K) AppleWebKit/537.36 (KHTML, like Gecko) Chrome/149.0.0.0 Mobile Safari/537.36"
34.24.118.121 - - [31/Aug/2026:09:04:09 -0400] "GET /?locale=da HTTP/1.1" 200 12534 "-" "Mozilla/5.0 (Linux; Android 10; K) AppleWebKit/537.36 (KHTML, like Gecko) Chrome/149.0.0.0 Mobile Safari/537.36"
34.24.118.121 - - [31/Aug/2026:09:04:09 -0400] "GET /gradle.properties HTTP/1.1" 404 3532 "-" "Mozilla/5.0 (Linux; Android 10; K) AppleWebKit/537.36 (KHTML, like Gecko) Chrome/149.0.0.0 Mobile Safari/537.36"
34.24.118.121 - - [31/Aug/2026:09:04:09 -0400] "GET /bootstrap.properties HTTP/1.1" 401 12709 "-" "Mozilla/5.0 (Linux; Android 10; K) AppleWebKit/537.36 (KHTML, like Gecko) Chrome/149.0.0.0 Mobile Safari/537.36"
34.24.118.121 - - [31/Aug/2026:09:04:09 -0400] "GET /static/%2e%2e%2f%2e%2e%2f%2e%2e%2f%2e%2e%2fproc/self/environ HTTP/1.1" 404 236 "-" "Mozilla/5.0 (Linux; Android 10; K) AppleWebKit/537.36 (KHTML, like Gecko) Chrome/149.0.0.0 Mobile Safari/537.36"
34.24.118.121 - - [31/Aug/2026:09:04:09 -0400] "GET /actuator/env HTTP/1.1" 401 12707 "-" "Mozilla/5.0 (Linux; Android 10; K) AppleWebKit/537.36 (KHTML, like Gecko) Chrome/149.0.0.0 Mobile Safari/537.36"
34.24.118.121 - - [31/Aug/2026:09:04:09 -0400] "GET /actuator/configprops HTTP/1.1" 401 12708 "-" "Mozilla/5.0 (Linux; Android 10; K) AppleWebKit/537.36 (KHTML, like Gecko) Chrome/149.0.0.0 Mobile Safari/537.36"
34.24.118.121 - - [31/Aug/2026:09:04:09 -0400] "GET /static/%2e%2e%2f%2e%2e%2f%2e%2e%2f%2e%2e%2f.env HTTP/1.1" 404 236 "-" "Mozilla/5.0 (Linux; Android 10; K) AppleWebKit/537.36 (KHTML, like Gecko) Chrome/149.0.0.0 Mobile Safari/537.36"
34.24.118.121 - - [31/Aug/2026:09:04:09 -0400] "GET /appsettings.json HTTP/1.1" 404 3498 "-" "Mozilla/5.0 (Linux; Android 10; K) AppleWebKit/537.36 (KHTML, like Gecko) Chrome/149.0.0.0 Mobile Safari/537.36"
34.24.118.121 - - [31/Aug/2026:09:04:09 -0400] "GET /account/login HTTP/1.1" 404 3498 "-" "Mozilla/5.0 (Linux; Android 10; K) AppleWebKit/537.36 (KHTML, like Gecko) Chrome/149.0.0.0 Mobile Safari/537.36"
34.24.118.121 - - [31/Aug/2026:09:04:09 -0400] "GET /actuator/threaddump HTTP/1.1" 401 12703 "-" "Mozilla/5.0 (Linux; Android 10; K) AppleWebKit/537.36 (KHTML, like Gecko) Chrome/149.0.0.0 Mobile Safari/537.36"
34.24.118.121 - - [31/Aug/2026:09:04:09 -0400] "GET /auth HTTP/1.1" 404 3498 "-" "Mozilla/5.0 (Linux; Android 10; K) AppleWebKit/537.36 (KHTML, like Gecko) Chrome/149.0.0.0 Mobile Safari/537.36"
34.24.118.121 - - [31/Aug/2026:09:04:09 -0400] "GET /appsettings.Production.json HTTP/1.1" 200 791 "-" "Mozilla/5.0 (Linux; Android 10; K) AppleWebKit/537.36 (KHTML, like Gecko) Chrome/149.0.0.0 Mobile Safari/537.36"
34.24.118.121 - - [31/Aug/2026:09:04:09 -0400] "GET /resources/%2e%2e%2f%2e%2e%2f%2e%2e%2f%2e%2e%2f.env HTTP/1.1" 404 236 "-" "Mozilla/5.0 (Linux; Android 10; K) AppleWebKit/537.36 (KHTML, like Gecko) Chrome/149.0.0.0 Mobile Safari/537.36"
34.24.118.121 - - [31/Aug/2026:09:04:09 -0400] "GET /login HTTP/1.1" 401 12538 "-" "Mozilla/5.0 (Linux; Android 10; K) AppleWebKit/537.36 (KHTML, like Gecko) Chrome/149.0.0.0 Mobile Safari/537.36"
34.24.118.121 - - [31/Aug/2026:09:04:09 -0400] "GET /appsettings.Development.json HTTP/1.1" 401 12569 "-" "Mozilla/5.0 (Linux; Android 10; K) AppleWebKit/537.36 (KHTML, like Gecko) Chrome/149.0.0.0 Mobile Safari/537.36"
34.24.118.121 - - [31/Aug/2026:09:04:09 -0400] "GET /sign-in HTTP/1.1" 401 12563 "-" "Mozilla/5.0 (Linux; Android 10; K) AppleWebKit/537.36 (KHTML, like Gecko) Chrome/149.0.0.0 Mobile Safari/537.36"
34.24.118.121 - - [31/Aug/2026:09:04:09 -0400] "GET /signin HTTP/1.1" 401 12569 "-" "Mozilla/5.0 (Linux; Android 10; K) AppleWebKit/537.36 (KHTML, like Gecko) Chrome/149.0.0.0 Mobile Safari/537.36"
34.24.118.121 - - [31/Aug/2026:09:04:09 -0400] "GET /signup HTTP/1.1" 404 3498 "-" "Mozilla/5.0 (Linux; Android 10; K) AppleWebKit/537.36 (KHTML, like Gecko) Chrome/149.0.0.0 Mobile Safari/537.36"
34.24.118.121 - - [31/Aug/2026:09:04:09 -0400] "GET /users/login HTTP/1.1" 200 791 "-" "Mozilla/5.0 (Linux; Android 10; K) AppleWebKit/537.36 (KHTML, like Gecko) Chrome/149.0.0.0 Mobile Safari/537.36"
34.24.118.121 - - [31/Aug/2026:09:04:09 -0400] "GET /reset-password HTTP/1.1" 404 3498 "-" "Mozilla/5.0 (Linux; Android 10; K) AppleWebKit/537.36 (KHTML, like Gecko) Chrome/149.0.0.0 Mobile Safari/537.36"
34.24.118.121 - - [31/Aug/2026:09:04:09 -0400] "GET /register HTTP/1.1" 404 3498 "-" "Mozilla/5.0 (Linux; Android 10; K) AppleWebKit/537.36 (KHTML, like Gecko) Chrome/149.0.0.0 Mobile Safari/537.36"
34.24.118.121 - - [31/Aug/2026:09:04:09 -0400] "GET /forgot-password HTTP/1.1" 404 3498 "-" "Mozilla/5.0 (Linux; Android 10; K) AppleWebKit/537.36 (KHTML, like Gecko) Chrome/149.0.0.0 Mobile Safari/537.36"
34.24.118.121 - - [31/Aug/2026:09:04:09 -0400] "GET /auth/login HTTP/1.1" 401 12559 "-" "Mozilla/5.0 (Linux; Android 10; K) AppleWebKit/537.36 (KHTML, like Gecko) Chrome/149.0.0.0 Mobile Safari/537.36"
34.24.118.121 - - [31/Aug/2026:09:04:09 -0400] "GET /user/login HTTP/1.1" 404 3498 "-" "Mozilla/5.0 (Linux; Android 10; K) AppleWebKit/537.36 (KHTML, like Gecko) Chrome/149.0.0.0 Mobile Safari/537.36"
34.24.118.121 - - [31/Aug/2026:09:04:09 -0400] "GET /admin HTTP/1.1" 404 3498 "-" "Mozilla/5.0 (Linux; Android 10; K) AppleWebKit/537.36 (KHTML, like Gecko) Chrome/149.0.0.0 Mobile Safari/537.36"
34.24.118.121 - - [31/Aug/2026:09:04:09 -0400] "GET /console HTTP/1.1" 404 3498 "-" "Mozilla/5.0 (Linux; Android 10; K) AppleWebKit/537.36 (KHTML, like Gecko) Chrome/149.0.0.0 Mobile Safari/537.36"
34.24.118.121 - - [31/Aug/2026:09:04:09 -0400] "GET /backoffice HTTP/1.1" 200 791 "-" "Mozilla/5.0 (Linux; Android 10; K) AppleWebKit/537.36 (KHTML, like Gecko) Chrome/149.0.0.0 Mobile Safari/537.36"
34.24.118.121 - - [31/Aug/2026:09:04:09 -0400] "GET /dashboard HTTP/1.1" 404 3498 "-" "Mozilla/5.0 (Linux; Android 10; K) AppleWebKit/537.36 (KHTML, like Gecko) Chrome/149.0.0.0 Mobile Safari/537.36"
34.24.118.121 - - [31/Aug/2026:09:04:09 -0400] "GET /portal HTTP/1.1" 200 791 "-" "Mozilla/5.0 (Linux; Android 10; K) AppleWebKit/537.36 (KHTML, like Gecko) Chrome/149.0.0.0 Mobile Safari/537.36"
34.24.118.121 - - [31/Aug/2026:09:04:09 -0400] "GET /local.settings.json HTTP/1.1" 404 3498 "-" "Mozilla/5.0 (Linux; Android 10; K) AppleWebKit/537.36 (KHTML, like Gecko) Chrome/149.0.0.0 Mobile Safari/537.36"
34.24.118.121 - - [31/Aug/2026:09:04:09 -0400] "GET /account HTTP/1.1" 404 3498 "-" "Mozilla/5.0 (Linux; Android 10; K) AppleWebKit/537.36 (KHTML, like Gecko) Chrome/149.0.0.0 Mobile Safari/537.36"
34.24.118.121 - - [31/Aug/2026:09:04:09 -0400] "GET /web.config HTTP/1.1" 200 791 "-" "Mozilla/5.0 (Linux; Android 10; K) AppleWebKit/537.36 (KHTML, like Gecko) Chrome/149.0.0.0 Mobile Safari/537.36"
34.24.118.121 - - [31/Aug/2026:09:04:09 -0400] "GET /config/database.yml HTTP/1.1" 404 3498 "-" "Mozilla/5.0 (Linux; Android 10; K) AppleWebKit/537.36 (KHTML, like Gecko) Chrome/149.0.0.0 Mobile Safari/537.36"
34.24.118.121 - - [31/Aug/2026:09:04:09 -0400] "GET /admin/login HTTP/1.1" 404 3498 "-" "Mozilla/5.0 (Linux; Android 10; K) AppleWebKit/537.36 (KHTML, like Gecko) Chrome/149.0.0.0 Mobile Safari/537.36"
34.24.118.121 - - [31/Aug/2026:09:04:09 -0400] "GET /app HTTP/1.1" 200 791 "-" "Mozilla/5.0 (Linux; Android 10; K) AppleWebKit/537.36 (KHTML, like Gecko) Chrome/149.0.0.0 Mobile Safari/537.36"
34.24.118.121 - - [31/Aug/2026:09:04:09 -0400] "GET /panel HTTP/1.1" 200 791 "-" "Mozilla/5.0 (Linux; Android 10; K) AppleWebKit/537.36 (KHTML, like Gecko) Chrome/149.0.0.0 Mobile Safari/537.36"
34.24.118.121 - - [31/Aug/2026:09:04:09 -0400] "GET /secure HTTP/1.1" 404 3498 "-" "Mozilla/5.0 (Linux; Android 10; K) AppleWebKit/537.36 (KHTML, like Gecko) Chrome/149.0.0.0 Mobile Safari/537.36"
34.24.118.121 - - [31/Aug/2026:09:04:09 -0400] "GET /config/master.key HTTP/1.1" 404 3498 "-" "Mozilla/5.0 (Linux; Android 10; K) AppleWebKit/537.36 (KHTML, like Gecko) Chrome/149.0.0.0 Mobile Safari/537.36"
34.24.118.121 - - [31/Aug/2026:09:04:09 -0400] "GET /config/storage.yml HTTP/1.1" 200 791 "-" "Mozilla/5.0 (Linux; Android 10; K) AppleWebKit/537.36 (KHTML, like Gecko) Chrome/149.0.0.0 Mobile Safari/537.36"
34.24.118.121 - - [31/Aug/2026:09:04:09 -0400] "GET /settings.py HTTP/1.1" 404 3498 "-" "Mozilla/5.0 (Linux; Android 10; K) AppleWebKit/537.36 (KHTML, like Gecko) Chrome/149.0.0.0 Mobile Safari/537.36"
34.24.118.121 - - [31/Aug/2026:09:04:09 -0400] "GET /.pypirc HTTP/1.1" 404 3498 "-" "Mozilla/5.0 (Linux; Android 10; K) AppleWebKit/537.36 (KHTML, like Gecko) Chrome/149.0.0.0 Mobile Safari/537.36"
34.24.118.121 - - [31/Aug/2026:09:04:09 -0400] "GET /core/settings.py HTTP/1.1" 404 3498 "-" "Mozilla/5.0 (Linux; Android 10; K) AppleWebKit/537.36 (KHTML, like Gecko) Chrome/149.0.0.0 Mobile Safari/537.36"
34.24.118.121 - - [31/Aug/2026:09:04:09 -0400] "GET /config/settings.py HTTP/1.1" 404 3498 "-" "Mozilla/5.0 (Linux; Android 10; K) AppleWebKit/537.36 (KHTML, like Gecko) Chrome/149.0.0.0 Mobile Safari/537.36"
34.24.118.121 - - [31/Aug/2026:09:04:09 -0400] "GET /app/settings.py HTTP/1.1" 404 3498 "-" "Mozilla/5.0 (Linux; Android 10; K) AppleWebKit/537.36 (KHTML, like Gecko) Chrome/149.0.0.0 Mobile Safari/537.36"
34.24.118.121 - - [31/Aug/2026:09:04:09 -0400] "GET /backend/settings.py HTTP/1.1" 404 3498 "-" "Mozilla/5.0 (Linux; Android 10; K) AppleWebKit/537.36 (KHTML, like Gecko) Chrome/149.0.0.0 Mobile Safari/537.36"
34.24.118.121 - - [31/Aug/2026:09:04:10 -0400] "GET /.streamlit/secrets.toml HTTP/1.1" 404 3498 "-" "Mozilla/5.0 (Linux; Android 10; K) AppleWebKit/537.36 (KHTML, like Gecko) Chrome/149.0.0.0 Mobile Safari/537.36"
34.24.118.121 - - [31/Aug/2026:09:04:10 -0400] "GET /config.py HTTP/1.1" 404 3498 "-" "Mozilla/5.0 (Linux; Android 10; K) AppleWebKit/537.36 (KHTML, like Gecko) Chrome/149.0.0.0 Mobile Safari/537.36"
34.24.118.121 - - [31/Aug/2026:09:04:10 -0400] "GET /.env.development HTTP/1.1" 406 300 "-" "Mozilla/5.0 (Linux; Android 10; K) AppleWebKit/537.36 (KHTML, like Gecko) Chrome/149.0.0.0 Mobile Safari/537.36"
34.24.118.121 - - [31/Aug/2026:09:04:10 -0400] "GET /instance/config.py HTTP/1.1" 404 3498 "-" "Mozilla/5.0 (Linux; Android 10; K) AppleWebKit/537.36 (KHTML, like Gecko) Chrome/149.0.0.0 Mobile Safari/537.36"
34.24.118.121 - - [31/Aug/2026:09:04:10 -0400] "GET /.env.staging HTTP/1.1" 406 300 "-" "Mozilla/5.0 (Linux; Android 10; K) AppleWebKit/537.36 (KHTML, like Gecko) Chrome/149.0.0.0 Mobile Safari/537.36"
34.24.118.121 - - [31/Aug/2026:09:04:10 -0400] "GET /.env.test HTTP/1.1" 406 300 "-" "Mozilla/5.0 (Linux; Android 10; K) AppleWebKit/537.36 (KHTML, like Gecko) Chrome/149.0.0.0 Mobile Safari/537.36"
34.24.118.121 - - [31/Aug/2026:09:04:10 -0400] "GET /ses.env HTTP/1.1" 404 3498 "-" "Mozilla/5.0 (Linux; Android 10; K) AppleWebKit/537.36 (KHTML, like Gecko) Chrome/149.0.0.0 Mobile Safari/537.36"
34.24.118.121 - - [31/Aug/2026:09:04:10 -0400] "GET /sendgrid.env HTTP/1.1" 404 3498 "-" "Mozilla/5.0 (Linux; Android 10; K) AppleWebKit/537.36 (KHTML, like Gecko) Chrome/149.0.0.0 Mobile Safari/537.36"
