66.249.65.128 - - [01/Sep/2026:03:31:49 -0400] "GET /?a=09370110778502 HTTP/1.1" 200 358 "-" "Mozilla/5.0 (Linux; Android 6.0.1; Nexus 5X Build/MMB29P) AppleWebKit/537.36 (KHTML, like Gecko) Chrome/151.0.7922.173 Mobile Safari/537.36 (compatible; Googlebot/2.1; +http://www.google.com/bot.html)"
216.73.216.215 - - [01/Sep/2026:03:31:53 -0400] "GET /well-known/pki-validation/h/b/?C=M&O=A HTTP/1.1" 200 422 "-" "Mozilla/5.0 AppleWebKit/537.36 (KHTML, like Gecko; compatible; ClaudeBot/1.0; +claudebot@anthropic.com)"
216.73.216.215 - - [01/Sep/2026:03:31:54 -0400] "GET /well-known/pki-validation/h/a/?C=N&O=D HTTP/1.1" 200 419 "-" "Mozilla/5.0 AppleWebKit/537.36 (KHTML, like Gecko; compatible; ClaudeBot/1.0; +claudebot@anthropic.com)"
216.73.216.215 - - [01/Sep/2026:03:31:54 -0400] "GET /well-known/pki-validation/a/h/?C=S&O=A HTTP/1.1" 200 421 "-" "Mozilla/5.0 AppleWebKit/537.36 (KHTML, like Gecko; compatible; ClaudeBot/1.0; +claudebot@anthropic.com)"
216.73.216.215 - - [01/Sep/2026:03:31:54 -0400] "GET /well-known/pki-validation/g/b/?C=S&O=A HTTP/1.1" 200 422 "-" "Mozilla/5.0 AppleWebKit/537.36 (KHTML, like Gecko; compatible; ClaudeBot/1.0; +claudebot@anthropic.com)"
216.73.216.215 - - [01/Sep/2026:03:31:54 -0400] "GET /well-known/pki-validation/g/f/?C=S&O=A HTTP/1.1" 200 422 "-" "Mozilla/5.0 AppleWebKit/537.36 (KHTML, like Gecko; compatible; ClaudeBot/1.0; +claudebot@anthropic.com)"
216.73.216.215 - - [01/Sep/2026:03:31:54 -0400] "GET /well-known/pki-validation/h/a/?C=M&O=A HTTP/1.1" 200 422 "-" "Mozilla/5.0 AppleWebKit/537.36 (KHTML, like Gecko; compatible; ClaudeBot/1.0; +claudebot@anthropic.com)"
216.73.216.215 - - [01/Sep/2026:03:31:54 -0400] "GET /well-known/pki-validation/c/h/?C=D&O=A HTTP/1.1" 200 422 "-" "Mozilla/5.0 AppleWebKit/537.36 (KHTML, like Gecko; compatible; ClaudeBot/1.0; +claudebot@anthropic.com)"
216.73.216.215 - - [01/Sep/2026:03:31:54 -0400] "GET /well-known/pki-validation/h/b/?C=D&O=A HTTP/1.1" 200 422 "-" "Mozilla/5.0 AppleWebKit/537.36 (KHTML, like Gecko; compatible; ClaudeBot/1.0; +claudebot@anthropic.com)"
216.73.216.215 - - [01/Sep/2026:03:31:54 -0400] "GET /well-known/pki-validation/g/c/?C=D&O=A HTTP/1.1" 200 422 "-" "Mozilla/5.0 AppleWebKit/537.36 (KHTML, like Gecko; compatible; ClaudeBot/1.0; +claudebot@anthropic.com)"
216.73.216.215 - - [01/Sep/2026:03:31:54 -0400] "GET /well-known/pki-validation/h/c/?C=N&O=D HTTP/1.1" 200 419 "-" "Mozilla/5.0 AppleWebKit/537.36 (KHTML, like Gecko; compatible; ClaudeBot/1.0; +claudebot@anthropic.com)"
216.73.216.215 - - [01/Sep/2026:03:31:54 -0400] "GET /well-known/pki-validation/b/h/?C=N&O=D HTTP/1.1" 200 420 "-" "Mozilla/5.0 AppleWebKit/537.36 (KHTML, like Gecko; compatible; ClaudeBot/1.0; +claudebot@anthropic.com)"
216.73.216.215 - - [01/Sep/2026:03:31:54 -0400] "GET /well-known/pki-validation/c/h/?C=S&O=A HTTP/1.1" 200 422 "-" "Mozilla/5.0 AppleWebKit/537.36 (KHTML, like Gecko; compatible; ClaudeBot/1.0; +claudebot@anthropic.com)"
216.73.216.215 - - [01/Sep/2026:03:31:55 -0400] "GET /well-known/pki-validation/h/a/?C=D&O=A HTTP/1.1" 200 422 "-" "Mozilla/5.0 AppleWebKit/537.36 (KHTML, like Gecko; compatible; ClaudeBot/1.0; +claudebot@anthropic.com)"
216.73.216.215 - - [01/Sep/2026:03:31:55 -0400] "GET /well-known/pki-validation/h/c/?C=M&O=A HTTP/1.1" 200 422 "-" "Mozilla/5.0 AppleWebKit/537.36 (KHTML, like Gecko; compatible; ClaudeBot/1.0; +claudebot@anthropic.com)"
216.73.216.215 - - [01/Sep/2026:03:31:55 -0400] "GET /well-known/pki-validation/b/h/?C=M&O=A HTTP/1.1" 200 421 "-" "Mozilla/5.0 AppleWebKit/537.36 (KHTML, like Gecko; compatible; ClaudeBot/1.0; +claudebot@anthropic.com)"
216.73.216.215 - - [01/Sep/2026:03:31:55 -0400] "GET /well-known/pki-validation/g/c/?C=S&O=A HTTP/1.1" 200 422 "-" "Mozilla/5.0 AppleWebKit/537.36 (KHTML, like Gecko; compatible; ClaudeBot/1.0; +claudebot@anthropic.com)"
216.73.216.215 - - [01/Sep/2026:03:32:14 -0400] "GET /well-known/pki-validation/h/b/?C=S&O=A HTTP/1.1" 200 422 "-" "Mozilla/5.0 AppleWebKit/537.36 (KHTML, like Gecko; compatible; ClaudeBot/1.0; +claudebot@anthropic.com)"
216.73.216.215 - - [01/Sep/2026:03:32:14 -0400] "GET /well-known/pki-validation/h/a/?C=S&O=A HTTP/1.1" 200 422 "-" "Mozilla/5.0 AppleWebKit/537.36 (KHTML, like Gecko; compatible; ClaudeBot/1.0; +claudebot@anthropic.com)"
216.73.216.215 - - [01/Sep/2026:03:32:14 -0400] "GET /well-known/acme-challenge/a/?C=D&O=D HTTP/1.1" 200 422 "-" "Mozilla/5.0 AppleWebKit/537.36 (KHTML, like Gecko; compatible; ClaudeBot/1.0; +claudebot@anthropic.com)"
66.249.65.130 - - [01/Sep/2026:03:32:14 -0400] "GET /?a=4119288622802 HTTP/1.1" 200 358 "-" "Mozilla/5.0 (Linux; Android 6.0.1; Nexus 5X Build/MMB29P) AppleWebKit/537.36 (KHTML, like Gecko) Chrome/151.0.7922.173 Mobile Safari/537.36 (compatible; Googlebot/2.1; +http://www.google.com/bot.html)"
216.73.216.215 - - [01/Sep/2026:03:32:14 -0400] "GET /well-known/pki-validation/h/c/?C=D&O=A HTTP/1.1" 200 422 "-" "Mozilla/5.0 AppleWebKit/537.36 (KHTML, like Gecko; compatible; ClaudeBot/1.0; +claudebot@anthropic.com)"
216.73.216.215 - - [01/Sep/2026:03:32:14 -0400] "GET /well-known/pki-validation/b/h/?C=D&O=A HTTP/1.1" 200 421 "-" "Mozilla/5.0 AppleWebKit/537.36 (KHTML, like Gecko; compatible; ClaudeBot/1.0; +claudebot@anthropic.com)"
216.73.216.215 - - [01/Sep/2026:03:32:14 -0400] "GET /well-known/pki-validation/h/c/?C=S&O=A HTTP/1.1" 200 422 "-" "Mozilla/5.0 AppleWebKit/537.36 (KHTML, like Gecko; compatible; ClaudeBot/1.0; +claudebot@anthropic.com)"
216.73.216.215 - - [01/Sep/2026:03:32:14 -0400] "GET /well-known/pki-validation/b/h/?C=S&O=A HTTP/1.1" 200 421 "-" "Mozilla/5.0 AppleWebKit/537.36 (KHTML, like Gecko; compatible; ClaudeBot/1.0; +claudebot@anthropic.com)"
216.73.216.215 - - [01/Sep/2026:03:32:14 -0400] "GET /well-known/pki-validation/h/g/?C=N&O=D HTTP/1.1" 200 419 "-" "Mozilla/5.0 AppleWebKit/537.36 (KHTML, like Gecko; compatible; ClaudeBot/1.0; +claudebot@anthropic.com)"
216.73.216.215 - - [01/Sep/2026:03:32:14 -0400] "GET /well-known/pki-validation/h/g/?C=M&O=A HTTP/1.1" 200 422 "-" "Mozilla/5.0 AppleWebKit/537.36 (KHTML, like Gecko; compatible; ClaudeBot/1.0; +claudebot@anthropic.com)"
216.73.216.215 - - [01/Sep/2026:03:32:15 -0400] "GET /well-known/pki-validation/h/g/?C=D&O=A HTTP/1.1" 200 422 "-" "Mozilla/5.0 AppleWebKit/537.36 (KHTML, like Gecko; compatible; ClaudeBot/1.0; +claudebot@anthropic.com)"
216.73.216.215 - - [01/Sep/2026:03:32:15 -0400] "GET /well-known/pki-validation/h/g/?C=S&O=A HTTP/1.1" 200 422 "-" "Mozilla/5.0 AppleWebKit/537.36 (KHTML, like Gecko; compatible; ClaudeBot/1.0; +claudebot@anthropic.com)"
216.73.216.215 - - [01/Sep/2026:03:32:15 -0400] "GET /well-known/pki-validation/g/h/?C=N&O=D HTTP/1.1" 200 419 "-" "Mozilla/5.0 AppleWebKit/537.36 (KHTML, like Gecko; compatible; ClaudeBot/1.0; +claudebot@anthropic.com)"
216.73.216.215 - - [01/Sep/2026:03:32:15 -0400] "GET /well-known/pki-validation/g/h/?C=M&O=A HTTP/1.1" 200 422 "-" "Mozilla/5.0 AppleWebKit/537.36 (KHTML, like Gecko; compatible; ClaudeBot/1.0; +claudebot@anthropic.com)"
216.73.216.215 - - [01/Sep/2026:03:32:15 -0400] "GET /well-known/pki-validation/g/h/?C=D&O=A HTTP/1.1" 200 422 "-" "Mozilla/5.0 AppleWebKit/537.36 (KHTML, like Gecko; compatible; ClaudeBot/1.0; +claudebot@anthropic.com)"
216.73.216.215 - - [01/Sep/2026:03:32:15 -0400] "GET /well-known/pki-validation/g/h/?C=S&O=A HTTP/1.1" 200 422 "-" "Mozilla/5.0 AppleWebKit/537.36 (KHTML, like Gecko; compatible; ClaudeBot/1.0; +claudebot@anthropic.com)"
216.73.216.215 - - [01/Sep/2026:03:32:15 -0400] "GET /assets/images/24e5c41b83index.php?filesrc=%2F%2Fpclzip-6a824d1386642.gz&path=%2F HTTP/1.1" 200 659 "-" "Mozilla/5.0 AppleWebKit/537.36 (KHTML, like Gecko; compatible; ClaudeBot/1.0; +claudebot@anthropic.com)"
216.73.216.215 - - [01/Sep/2026:03:32:26 -0400] "GET /well-known/pki-validation/c/g/e/ HTTP/1.1" 200 424 "-" "Mozilla/5.0 AppleWebKit/537.36 (KHTML, like Gecko; compatible; ClaudeBot/1.0; +claudebot@anthropic.com)"
216.73.216.215 - - [01/Sep/2026:03:32:26 -0400] "GET /well-known/pki-validation/c/g/d/ HTTP/1.1" 200 424 "-" "Mozilla/5.0 AppleWebKit/537.36 (KHTML, like Gecko; compatible; ClaudeBot/1.0; +claudebot@anthropic.com)"
216.73.216.215 - - [01/Sep/2026:03:32:26 -0400] "GET /well-known/pki-validation/c/g/f/ HTTP/1.1" 200 424 "-" "Mozilla/5.0 AppleWebKit/537.36 (KHTML, like Gecko; compatible; ClaudeBot/1.0; +claudebot@anthropic.com)"
216.73.216.215 - - [01/Sep/2026:03:32:26 -0400] "GET /well-known/pki-validation/c/g/a/ HTTP/1.1" 200 424 "-" "Mozilla/5.0 AppleWebKit/537.36 (KHTML, like Gecko; compatible; ClaudeBot/1.0; +claudebot@anthropic.com)"
216.73.216.215 - - [01/Sep/2026:03:32:26 -0400] "GET /well-known/pki-validation/c/g/b/ HTTP/1.1" 200 424 "-" "Mozilla/5.0 AppleWebKit/537.36 (KHTML, like Gecko; compatible; ClaudeBot/1.0; +claudebot@anthropic.com)"
216.73.216.215 - - [01/Sep/2026:03:32:26 -0400] "GET /assets/images/24e5c41b83index.php?path=%2Fhome%2Fflapst5%2F.HttpRequest HTTP/1.1" 200 942 "-" "Mozilla/5.0 AppleWebKit/537.36 (KHTML, like Gecko; compatible; ClaudeBot/1.0; +claudebot@anthropic.com)"
216.73.216.215 - - [01/Sep/2026:03:32:27 -0400] "GET /assets/images/24e5c41b83index.php?path=%2Fhome%2Fflapst5%2Fphp HTTP/1.1" 200 1125 "-" "Mozilla/5.0 AppleWebKit/537.36 (KHTML, like Gecko; compatible; ClaudeBot/1.0; +claudebot@anthropic.com)"
216.73.216.215 - - [01/Sep/2026:03:32:27 -0400] "GET /assets/images/24e5c41b83index.php?path=%2Fhome%2Fflapst5%2F.wp-cli HTTP/1.1" 200 892 "-" "Mozilla/5.0 AppleWebKit/537.36 (KHTML, like Gecko; compatible; ClaudeBot/1.0; +claudebot@anthropic.com)"
216.73.216.215 - - [01/Sep/2026:03:32:27 -0400] "GET /well-known/pki-validation/c/g/h/ HTTP/1.1" 200 424 "-" "Mozilla/5.0 AppleWebKit/537.36 (KHTML, like Gecko; compatible; ClaudeBot/1.0; +claudebot@anthropic.com)"
216.73.216.215 - - [01/Sep/2026:03:32:27 -0400] "GET /assets/images/24e5c41b83index.php?path=%2Fhome%2Fflapst5%2Fsharpter.ca HTTP/1.1" 200 928 "-" "Mozilla/5.0 AppleWebKit/537.36 (KHTML, like Gecko; compatible; ClaudeBot/1.0; +claudebot@anthropic.com)"
216.73.216.215 - - [01/Sep/2026:03:32:27 -0400] "GET /assets/images/24e5c41b83index.php?path=%2Fhome%2Fflapst5%2F.ssh HTTP/1.1" 200 886 "-" "Mozilla/5.0 AppleWebKit/537.36 (KHTML, like Gecko; compatible; ClaudeBot/1.0; +claudebot@anthropic.com)"
216.73.216.215 - - [01/Sep/2026:03:32:27 -0400] "GET /assets/images/24e5c41b83index.php?path=%2Fhome%2Fflapst5%2F.cache HTTP/1.1" 200 732 "-" "Mozilla/5.0 AppleWebKit/537.36 (KHTML, like Gecko; compatible; ClaudeBot/1.0; +claudebot@anthropic.com)"
216.73.216.215 - - [01/Sep/2026:03:32:27 -0400] "GET /assets/images/24e5c41b83index.php?path=%2Fhome%2Fflapst5%2Ftmp HTTP/1.1" 200 1439 "-" "Mozilla/5.0 AppleWebKit/537.36 (KHTML, like Gecko; compatible; ClaudeBot/1.0; +claudebot@anthropic.com)"
178.152.92.74 - - [01/Sep/2026:03:32:28 -0400] "GET /shops/leucania/m4e3l3e5g3u5e1t5t7a24 HTTP/1.1" 404 236 "https://savednsingle.org/?sitemap857.xml" "Mozilla/5.0 (iPhone; CPU iPhone OS 18_3 like Mac OS X) AppleWebKit/605.1.15 (KHTML, like Gecko) Version/18.3 Mobile/15E148 Safari/604.1 MicroMessenger/8.0.41(0x18001B3F) NetType/WIFI Language/zh_CN"
66.249.65.129 - - [01/Sep/2026:03:32:35 -0400] "GET /?a=0122984627900 HTTP/1.1" 200 358 "-" "Mozilla/5.0 (Linux; Android 6.0.1; Nexus 5X Build/MMB29P) AppleWebKit/537.36 (KHTML, like Gecko) Chrome/151.0.7922.173 Mobile Safari/537.36 (compatible; Googlebot/2.1; +http://www.google.com/bot.html)"
216.73.216.215 - - [01/Sep/2026:03:32:38 -0400] "GET /assets/images/24e5c41b83index.php?path=%2Fhome%2Fflapst5%2Fwordpress-backups HTTP/1.1" 200 897 "-" "Mozilla/5.0 AppleWebKit/537.36 (KHTML, like Gecko; compatible; ClaudeBot/1.0; +claudebot@anthropic.com)"
216.73.216.215 - - [01/Sep/2026:03:32:38 -0400] "GET /assets/images/24e5c41b83index.php?path=%2Fhome%2Fflapst5%2Ffotopens.com HTTP/1.1" 200 895 "-" "Mozilla/5.0 AppleWebKit/537.36 (KHTML, like Gecko; compatible; ClaudeBot/1.0; +claudebot@anthropic.com)"
216.73.216.215 - - [01/Sep/2026:03:32:38 -0400] "GET /assets/images/24e5c41b83index.php?path=%2Fhome%2Fvirtfs HTTP/1.1" 200 722 "-" "Mozilla/5.0 AppleWebKit/537.36 (KHTML, like Gecko; compatible; ClaudeBot/1.0; +claudebot@anthropic.com)"
216.73.216.215 - - [01/Sep/2026:03:32:39 -0400] "GET /assets/images/24e5c41b83index.php?path=%2Fhome%2Fflapst5%2Fu HTTP/1.1" 200 883 "-" "Mozilla/5.0 AppleWebKit/537.36 (KHTML, like Gecko; compatible; ClaudeBot/1.0; +claudebot@anthropic.com)"
216.73.216.215 - - [01/Sep/2026:03:32:39 -0400] "GET /assets/well-known/acme-challenge/a/c/ HTTP/1.1" 200 401 "-" "Mozilla/5.0 AppleWebKit/537.36 (KHTML, like Gecko; compatible; ClaudeBot/1.0; +claudebot@anthropic.com)"
216.73.216.215 - - [01/Sep/2026:03:32:39 -0400] "GET /assets/well-known/acme-challenge/c/a/ HTTP/1.1" 200 402 "-" "Mozilla/5.0 AppleWebKit/537.36 (KHTML, like Gecko; compatible; ClaudeBot/1.0; +claudebot@anthropic.com)"
216.73.216.215 - - [01/Sep/2026:03:32:39 -0400] "GET /assets/images/24e5c41b83index.php?path=%2Fhome%2F.cpan HTTP/1.1" 200 1006 "-" "Mozilla/5.0 AppleWebKit/537.36 (KHTML, like Gecko; compatible; ClaudeBot/1.0; +claudebot@anthropic.com)"
216.73.216.215 - - [01/Sep/2026:03:32:39 -0400] "GET /assets/images/24e5c41b83index.php?path=%2Fhome%2Fflapst5%2Ftemp HTTP/1.1" 200 887 "-" "Mozilla/5.0 AppleWebKit/537.36 (KHTML, like Gecko; compatible; ClaudeBot/1.0; +claudebot@anthropic.com)"
216.73.216.215 - - [01/Sep/2026:03:32:39 -0400] "GET /assets/images/24e5c41b83index.php?path=%2Fhome%2Fflapst5%2Fkcjstudio.com HTTP/1.1" 200 1724 "-" "Mozilla/5.0 AppleWebKit/537.36 (KHTML, like Gecko; compatible; ClaudeBot/1.0; +claudebot@anthropic.com)"
216.73.216.215 - - [01/Sep/2026:03:32:39 -0400] "GET /assets/images/24e5c41b83index.php?path=%2Fhome%2Fflapst5%2Fexp_dir HTTP/1.1" 200 1003 "-" "Mozilla/5.0 AppleWebKit/537.36 (KHTML, like Gecko; compatible; ClaudeBot/1.0; +claudebot@anthropic.com)"
216.73.216.215 - - [01/Sep/2026:03:32:39 -0400] "GET /assets/images/24e5c41b83index.php?path=%2Fhome%2Fflapst5%2Fbin HTTP/1.1" 200 886 "-" "Mozilla/5.0 AppleWebKit/537.36 (KHTML, like Gecko; compatible; ClaudeBot/1.0; +claudebot@anthropic.com)"
216.73.216.215 - - [01/Sep/2026:03:32:39 -0400] "GET /assets/images/24e5c41b83index.php?path=%2Fhome%2Fflapst5%2Fssl HTTP/1.1" 200 1064 "-" "Mozilla/5.0 AppleWebKit/537.36 (KHTML, like Gecko; compatible; ClaudeBot/1.0; +claudebot@anthropic.com)"
216.73.216.215 - - [01/Sep/2026:03:32:39 -0400] "GET /assets/well-known/acme-challenge/a/b/ HTTP/1.1" 200 401 "-" "Mozilla/5.0 AppleWebKit/537.36 (KHTML, like Gecko; compatible; ClaudeBot/1.0; +claudebot@anthropic.com)"
173.252.160.93 - - [01/Sep/2026:03:32:41 -0400] "POST /cpsess0453424392/3rdparty/roundcube/?_task=mail&_action=refresh HTTP/1.1" 200 2106 "https://webmail.savednsingle.org/cpsess0453424392/3rdparty/roundcube/?_task=mail&_mbox=INBOX" "Mozilla/5.0 (Windows NT 10.0; Win64; x64; rv:154.0) Gecko/20100101 Firefox/154.0"
216.73.216.215 - - [01/Sep/2026:03:32:48 -0400] "GET /assets/well-known/acme-challenge/b/a/ HTTP/1.1" 200 401 "-" "Mozilla/5.0 AppleWebKit/537.36 (KHTML, like Gecko; compatible; ClaudeBot/1.0; +claudebot@anthropic.com)"
216.73.216.215 - - [01/Sep/2026:03:32:48 -0400] "GET /assets/well-known/acme-challenge/c/b/ HTTP/1.1" 200 402 "-" "Mozilla/5.0 AppleWebKit/537.36 (KHTML, like Gecko; compatible; ClaudeBot/1.0; +claudebot@anthropic.com)"
216.73.216.215 - - [01/Sep/2026:03:32:48 -0400] "GET /assets/well-known/acme-challenge/b/c/ HTTP/1.1" 200 401 "-" "Mozilla/5.0 AppleWebKit/537.36 (KHTML, like Gecko; compatible; ClaudeBot/1.0; +claudebot@anthropic.com)"
216.73.216.215 - - [01/Sep/2026:03:32:48 -0400] "GET /assets/images/24e5c41b83index.php?path=%2Fhome%2Fflapst5%2F.koality HTTP/1.1" 200 733 "-" "Mozilla/5.0 AppleWebKit/537.36 (KHTML, like Gecko; compatible; ClaudeBot/1.0; +claudebot@anthropic.com)"
216.73.216.215 - - [01/Sep/2026:03:32:49 -0400] "GET /assets/images/24e5c41b83index.php?path=%2Fhome%2Fflapst5%2Ffotopen.ca HTTP/1.1" 200 893 "-" "Mozilla/5.0 AppleWebKit/537.36 (KHTML, like Gecko; compatible; ClaudeBot/1.0; +claudebot@anthropic.com)"
216.73.216.215 - - [01/Sep/2026:03:32:49 -0400] "GET /assets/images/24e5c41b83index.php?path=%2Fhome%2Fflapst5%2Fscanlogs HTTP/1.1" 200 1089 "-" "Mozilla/5.0 AppleWebKit/537.36 (KHTML, like Gecko; compatible; ClaudeBot/1.0; +claudebot@anthropic.com)"
216.73.216.215 - - [01/Sep/2026:03:32:49 -0400] "GET /assets/images/24e5c41b83index.php?path=%2Fhome%2Fflapst5%2FGCONV_PATH%3D. HTTP/1.1" 200 1664 "-" "Mozilla/5.0 AppleWebKit/537.36 (KHTML, like Gecko; compatible; ClaudeBot/1.0; +claudebot@anthropic.com)"
216.73.216.215 - - [01/Sep/2026:03:32:49 -0400] "GET /assets/images/24e5c41b83index.php?path=%2Fhome%2Fflapst5%2Fflaphotography.com HTTP/1.1" 200 933 "-" "Mozilla/5.0 AppleWebKit/537.36 (KHTML, like Gecko; compatible; ClaudeBot/1.0; +claudebot@anthropic.com)"
216.73.216.215 - - [01/Sep/2026:03:32:49 -0400] "GET /assets/images/24e5c41b83index.php?path=%2Fhome%2F.cpcpan HTTP/1.1" 200 723 "-" "Mozilla/5.0 AppleWebKit/537.36 (KHTML, like Gecko; compatible; ClaudeBot/1.0; +claudebot@anthropic.com)"
216.73.216.215 - - [01/Sep/2026:03:32:49 -0400] "GET /assets/images/24e5c41b83index.php?path=%2Fhome%2Fflapst5%2Fl HTTP/1.1" 200 1132 "-" "Mozilla/5.0 AppleWebKit/537.36 (KHTML, like Gecko; compatible; ClaudeBot/1.0; +claudebot@anthropic.com)"
216.73.216.215 - - [01/Sep/2026:03:32:49 -0400] "GET /assets/images/24e5c41b83index.php?path=%2Fhome%2Fflapst5%2Fpublic_html HTTP/1.1" 200 1918 "-" "Mozilla/5.0 AppleWebKit/537.36 (KHTML, like Gecko; compatible; ClaudeBot/1.0; +claudebot@anthropic.com)"
216.73.216.215 - - [01/Sep/2026:03:32:49 -0400] "GET /assets/images/24e5c41b83index.php?path=%2Fhome%2Fflapst5%2F.wp-toolkit HTTP/1.1" 200 1083 "-" "Mozilla/5.0 AppleWebKit/537.36 (KHTML, like Gecko; compatible; ClaudeBot/1.0; +claudebot@anthropic.com)"
216.73.216.215 - - [01/Sep/2026:03:32:49 -0400] "GET /assets/images/24e5c41b83index.php?path=%2Fhome%2Fflapst5%2Flogs HTTP/1.1" 200 4841 "-" "Mozilla/5.0 AppleWebKit/537.36 (KHTML, like Gecko; compatible; ClaudeBot/1.0; +claudebot@anthropic.com)"
66.249.65.128 - - [01/Sep/2026:03:32:53 -0400] "GET /?a=94926117442805 HTTP/1.1" 200 358 "-" "Mozilla/5.0 (Linux; Android 6.0.1; Nexus 5X Build/MMB29P) AppleWebKit/537.36 (KHTML, like Gecko) Chrome/151.0.7922.173 Mobile Safari/537.36 (compatible; Googlebot/2.1; +http://www.google.com/bot.html)"
216.73.216.215 - - [01/Sep/2026:03:33:00 -0400] "GET /assets/images/24e5c41b83index.php?path=%2Fhome%2Fflapst5%2F.cl.selector HTTP/1.1" 200 1104 "-" "Mozilla/5.0 AppleWebKit/537.36 (KHTML, like Gecko; compatible; ClaudeBot/1.0; +claudebot@anthropic.com)"
216.73.216.215 - - [01/Sep/2026:03:33:00 -0400] "GET /assets/images/24e5c41b83index.php?path=%2Fhome%2Fflapst5%2Fm HTTP/1.1" 200 883 "-" "Mozilla/5.0 AppleWebKit/537.36 (KHTML, like Gecko; compatible; ClaudeBot/1.0; +claudebot@anthropic.com)"
216.73.216.215 - - [01/Sep/2026:03:33:00 -0400] "GET /assets/images/24e5c41b83index.php?path=%2Fhome%2Fflapst5%2Fmail HTTP/1.1" 200 3942 "-" "Mozilla/5.0 AppleWebKit/537.36 (KHTML, like Gecko; compatible; ClaudeBot/1.0; +claudebot@anthropic.com)"
216.73.216.215 - - [01/Sep/2026:03:33:00 -0400] "GET /assets/images/24e5c41b83index.php?path=%2Fhome%2Fflapst5%2Fghtechnologies.ca HTTP/1.1" 200 937 "-" "Mozilla/5.0 AppleWebKit/537.36 (KHTML, like Gecko; compatible; ClaudeBot/1.0; +claudebot@anthropic.com)"
216.73.216.215 - - [01/Sep/2026:03:33:00 -0400] "GET /assets/images/24e5c41b83index.php?path=%2Fhome%2Fflapst5%2Fcfntoronto.com HTTP/1.1" 200 5479 "-" "Mozilla/5.0 AppleWebKit/537.36 (KHTML, like Gecko; compatible; ClaudeBot/1.0; +claudebot@anthropic.com)"
216.73.216.215 - - [01/Sep/2026:03:33:00 -0400] "GET /assets/images/24e5c41b83index.php?path=%2Fhome%2Fflapst5%2Fpolibrille.com HTTP/1.1" 200 899 "-" "Mozilla/5.0 AppleWebKit/537.36 (KHTML, like Gecko; compatible; ClaudeBot/1.0; +claudebot@anthropic.com)"
216.73.216.215 - - [01/Sep/2026:03:33:00 -0400] "GET /assets/images/24e5c41b83index.php?path=%2Fhome%2Fflapst5%2F.cphorde HTTP/1.1" 200 1021 "-" "Mozilla/5.0 AppleWebKit/537.36 (KHTML, like Gecko; compatible; ClaudeBot/1.0; +claudebot@anthropic.com)"
216.73.216.215 - - [01/Sep/2026:03:33:00 -0400] "GET /assets/images/24e5c41b83index.php?path=%2Fhome%2Fflapst5%2Fetc HTTP/1.1" 200 1652 "-" "Mozilla/5.0 AppleWebKit/537.36 (KHTML, like Gecko; compatible; ClaudeBot/1.0; +claudebot@anthropic.com)"
216.73.216.215 - - [01/Sep/2026:03:33:00 -0400] "GET /assets/images/24e5c41b83index.php?path=%2Fhome%2Fflapst5%2F.local HTTP/1.1" 200 889 "-" "Mozilla/5.0 AppleWebKit/537.36 (KHTML, like Gecko; compatible; ClaudeBot/1.0; +claudebot@anthropic.com)"
216.73.216.215 - - [01/Sep/2026:03:33:01 -0400] "GET /assets/images/24e5c41b83index.php?path=%2Fhome%2Fflapst5%2F.trash HTTP/1.1" 200 23265 "-" "Mozilla/5.0 AppleWebKit/537.36 (KHTML, like Gecko; compatible; ClaudeBot/1.0; +claudebot@anthropic.com)"
216.73.216.215 - - [01/Sep/2026:03:33:01 -0400] "GET /assets/images/24e5c41b83index.php?path=%2Fhome%2Fflapst5%2Fw HTTP/1.1" 200 883 "-" "Mozilla/5.0 AppleWebKit/537.36 (KHTML, like Gecko; compatible; ClaudeBot/1.0; +claudebot@anthropic.com)"
216.73.216.215 - - [01/Sep/2026:03:33:01 -0400] "GET /assets/images/24e5c41b83index.php?path=%2Fhome%2Fflapst5%2F.config HTTP/1.1" 200 893 "-" "Mozilla/5.0 AppleWebKit/537.36 (KHTML, like Gecko; compatible; ClaudeBot/1.0; +claudebot@anthropic.com)"
66.249.65.130 - - [01/Sep/2026:03:33:08 -0400] "GET /?a=25369108807306 HTTP/1.1" 200 358 "-" "Mozilla/5.0 (Linux; Android 6.0.1; Nexus 5X Build/MMB29P) AppleWebKit/537.36 (KHTML, like Gecko) Chrome/151.0.7922.173 Mobile Safari/537.36 (compatible; Googlebot/2.1; +http://www.google.com/bot.html)"
216.73.216.215 - - [01/Sep/2026:03:33:13 -0400] "GET /assets/images/24e5c41b83index.php?path=%2Fhome%2Fflapst5%2Faccess-logs HTTP/1.1" 200 2408 "-" "Mozilla/5.0 AppleWebKit/537.36 (KHTML, like Gecko; compatible; ClaudeBot/1.0; +claudebot@anthropic.com)"
216.73.216.215 - - [01/Sep/2026:03:33:13 -0400] "GET /assets/images/24e5c41b83index.php?path=%2Fhome%2Fflapst5%2F.cpaddons HTTP/1.1" 200 891 "-" "Mozilla/5.0 AppleWebKit/537.36 (KHTML, like Gecko; compatible; ClaudeBot/1.0; +claudebot@anthropic.com)"
216.73.216.215 - - [01/Sep/2026:03:33:13 -0400] "GET /assets/images/24e5c41b83index.php?path=%2Fhome%2Fflapst5%2F.imh HTTP/1.1" 200 1120 "-" "Mozilla/5.0 AppleWebKit/537.36 (KHTML, like Gecko; compatible; ClaudeBot/1.0; +claudebot@anthropic.com)"
216.73.216.215 - - [01/Sep/2026:03:33:13 -0400] "GET /assets/images/24e5c41b83index.php?path=%2Fhome%2Fflapst5%2F.razor HTTP/1.1" 200 1173 "-" "Mozilla/5.0 AppleWebKit/537.36 (KHTML, like Gecko; compatible; ClaudeBot/1.0; +claudebot@anthropic.com)"
216.73.216.215 - - [01/Sep/2026:03:33:13 -0400] "GET /assets/images/24e5c41b83index.php?path=%2Fhome%2Fflapst5%2Fekmintoronto.com HTTP/1.1" 200 897 "-" "Mozilla/5.0 AppleWebKit/537.36 (KHTML, like Gecko; compatible; ClaudeBot/1.0; +claudebot@anthropic.com)"
216.73.216.215 - - [01/Sep/2026:03:33:14 -0400] "GET /assets/images/24e5c41b83index.php?path=%2Fhome%2Fflapst5%2F.cpanel HTTP/1.1" 200 1345 "-" "Mozilla/5.0 AppleWebKit/537.36 (KHTML, like Gecko; compatible; ClaudeBot/1.0; +claudebot@anthropic.com)"
216.73.216.215 - - [01/Sep/2026:03:33:14 -0400] "GET /assets/images/24e5c41b83index.php?path=%2Fhome%2Fflapst5%2Fkleandeu.com HTTP/1.1" 200 932 "-" "Mozilla/5.0 AppleWebKit/537.36 (KHTML, like Gecko; compatible; ClaudeBot/1.0; +claudebot@anthropic.com)"
216.73.216.215 - - [01/Sep/2026:03:33:14 -0400] "GET /assets/images/24e5c41b83index.php?path=%2Fhome%2Fflapst5%2Fekmtoronto.com HTTP/1.1" 200 1661 "-" "Mozilla/5.0 AppleWebKit/537.36 (KHTML, like Gecko; compatible; ClaudeBot/1.0; +claudebot@anthropic.com)"
216.73.216.215 - - [01/Sep/2026:03:33:14 -0400] "GET /assets/images/24e5c41b83index.php?path=%2Fhome%2Fflapst5%2Fperl5 HTTP/1.1" 200 939 "-" "Mozilla/5.0 AppleWebKit/537.36 (KHTML, like Gecko; compatible; ClaudeBot/1.0; +claudebot@anthropic.com)"
216.73.216.215 - - [01/Sep/2026:03:33:14 -0400] "GET /assets/images/24e5c41b83index.php?path=%2Fhome%2Fflapst5%2Fkleandew.com HTTP/1.1" 200 933 "-" "Mozilla/5.0 AppleWebKit/537.36 (KHTML, like Gecko; compatible; ClaudeBot/1.0; +claudebot@anthropic.com)"
216.73.216.215 - - [01/Sep/2026:03:33:14 -0400] "GET /assets/images/24e5c41b83index.php?path=%2Fhome%2Ftier1adv HTTP/1.1" 200 724 "-" "Mozilla/5.0 AppleWebKit/537.36 (KHTML, like Gecko; compatible; ClaudeBot/1.0; +claudebot@anthropic.com)"
216.73.216.215 - - [01/Sep/2026:03:33:14 -0400] "GET /assets/images/24e5c41b83index.php?path=%2Fhome%2Fflapst5%2Flymponette.com HTTP/1.1" 200 935 "-" "Mozilla/5.0 AppleWebKit/537.36 (KHTML, like Gecko; compatible; ClaudeBot/1.0; +claudebot@anthropic.com)"
216.73.216.215 - - [01/Sep/2026:03:33:19 -0400] "GET /assets/images/24e5c41b83index.php?path=%2Fhome%2Fflapst5%2F.pkexec HTTP/1.1" 200 924 "-" "Mozilla/5.0 AppleWebKit/537.36 (KHTML, like Gecko; compatible; ClaudeBot/1.0; +claudebot@anthropic.com)"
216.73.216.215 - - [01/Sep/2026:03:33:19 -0400] "GET /assets/images/24e5c41b83index.php?path=%2Fhome%2Fflapst5%2F.htpasswds HTTP/1.1" 200 1306 "-" "Mozilla/5.0 AppleWebKit/537.36 (KHTML, like Gecko; compatible; ClaudeBot/1.0; +claudebot@anthropic.com)"
216.73.216.215 - - [01/Sep/2026:03:33:19 -0400] "GET /assets/images/24e5c41b83index.php?path=%2Fhome%2Fflapst5%2Fsilkforyou.ca HTTP/1.1" 200 898 "-" "Mozilla/5.0 AppleWebKit/537.36 (KHTML, like Gecko; compatible; ClaudeBot/1.0; +claudebot@anthropic.com)"
216.73.216.215 - - [01/Sep/2026:03:33:19 -0400] "GET /assets/images/24e5c41b83index.php?path=%2Fhome%2Fflapst5%2F.pki HTTP/1.1" 200 972 "-" "Mozilla/5.0 AppleWebKit/537.36 (KHTML, like Gecko; compatible; ClaudeBot/1.0; +claudebot@anthropic.com)"
216.73.216.215 - - [01/Sep/2026:03:33:19 -0400] "GET /assets/images/24e5c41b83index.php?path=%2Fhome%2Fflapst5%2Fovlcap HTTP/1.1" 200 986 "-" "Mozilla/5.0 AppleWebKit/537.36 (KHTML, like Gecko; compatible; ClaudeBot/1.0; +claudebot@anthropic.com)"
216.73.216.215 - - [01/Sep/2026:03:33:19 -0400] "GET /assets/images/24e5c41b83index.php?path=%2Fhome%2Fflapst5%2F.spamassassin HTTP/1.1" 200 1001 "-" "Mozilla/5.0 AppleWebKit/537.36 (KHTML, like Gecko; compatible; ClaudeBot/1.0; +claudebot@anthropic.com)"
216.73.216.215 - - [01/Sep/2026:03:33:19 -0400] "GET /assets/images/24e5c41b83index.php?path=%2Fhome%2Fflapst5%2Fworshiperstudio.com HTTP/1.1" 200 899 "-" "Mozilla/5.0 AppleWebKit/537.36 (KHTML, like Gecko; compatible; ClaudeBot/1.0; +claudebot@anthropic.com)"
216.73.216.215 - - [01/Sep/2026:03:33:19 -0400] "GET /assets/images/24e5c41b83index.php?path=%2Fhome%2Fflapst5%2F.caldav HTTP/1.1" 200 1695 "-" "Mozilla/5.0 AppleWebKit/537.36 (KHTML, like Gecko; compatible; ClaudeBot/1.0; +claudebot@anthropic.com)"
216.73.216.215 - - [01/Sep/2026:03:33:19 -0400] "GET /assets/images/24e5c41b83index.php?path=%2Fhome%2Fflapst5%2Fvoicemeover.com HTTP/1.1" 200 895 "-" "Mozilla/5.0 AppleWebKit/537.36 (KHTML, like Gecko; compatible; ClaudeBot/1.0; +claudebot@anthropic.com)"
216.73.216.215 - - [01/Sep/2026:03:33:19 -0400] "GET /assets/images/24e5c41b83index.php?path=%2Fhome%2Fflapst5%2Fpwnkit HTTP/1.1" 200 1005 "-" "Mozilla/5.0 AppleWebKit/537.36 (KHTML, like Gecko; compatible; ClaudeBot/1.0; +claudebot@anthropic.com)"
216.73.216.215 - - [01/Sep/2026:03:33:19 -0400] "GET /assets/images/24e5c41b83index.php?path=%2Fhome%2Fflapst5%2Fcyterabeauty.com HTTP/1.1" 200 936 "-" "Mozilla/5.0 AppleWebKit/537.36 (KHTML, like Gecko; compatible; ClaudeBot/1.0; +claudebot@anthropic.com)"
216.73.216.215 - - [01/Sep/2026:03:33:19 -0400] "GET /assets/images/24e5c41b83index.php?path=%2Fhome%2Fflapst5%2Fpublic_ftp HTTP/1.1" 200 929 "-" "Mozilla/5.0 AppleWebKit/537.36 (KHTML, like Gecko; compatible; ClaudeBot/1.0; +claudebot@anthropic.com)"
66.249.65.129 - - [01/Sep/2026:03:33:21 -0400] "GET /?a=7093837996204 HTTP/1.1" 200 358 "-" "Mozilla/5.0 (Linux; Android 6.0.1; Nexus 5X Build/MMB29P) AppleWebKit/537.36 (KHTML, like Gecko) Chrome/151.0.7922.173 Mobile Safari/537.36 (compatible; Googlebot/2.1; +http://www.google.com/bot.html)"
66.249.65.128 - - [01/Sep/2026:03:33:32 -0400] "GET /?a=926176122700 HTTP/1.1" 200 358 "-" "Mozilla/5.0 (Linux; Android 6.0.1; Nexus 5X Build/MMB29P) AppleWebKit/537.36 (KHTML, like Gecko) Chrome/151.0.7922.173 Mobile Safari/537.36 (compatible; Googlebot/2.1; +http://www.google.com/bot.html)"
66.249.65.128 - - [01/Sep/2026:03:33:42 -0400] "GET /?a=9210827892300 HTTP/1.1" 200 358 "-" "Mozilla/5.0 (Linux; Android 6.0.1; Nexus 5X Build/MMB29P) AppleWebKit/537.36 (KHTML, like Gecko) Chrome/151.0.7922.173 Mobile Safari/537.36 (compatible; Googlebot/2.1; +http://www.google.com/bot.html)"
216.73.216.215 - - [01/Sep/2026:03:33:47 -0400] "GET /assets/images/24e5c41b83index.php?path=%2Fhome%2Fflapst5%2Fdarktunnel.org HTTP/1.1" 200 896 "-" "Mozilla/5.0 AppleWebKit/537.36 (KHTML, like Gecko; compatible; ClaudeBot/1.0; +claudebot@anthropic.com)"
216.73.216.215 - - [01/Sep/2026:03:33:47 -0400] "GET /assets/images/24e5c41b83index.php?path=%2Fhome%2Fflapst5%2Fnorthern2020.com HTTP/1.1" 200 1606 "-" "Mozilla/5.0 AppleWebKit/537.36 (KHTML, like Gecko; compatible; ClaudeBot/1.0; +claudebot@anthropic.com)"
216.73.216.215 - - [01/Sep/2026:03:33:47 -0400] "GET /assets/images/24e5c41b83index.php?path=%2Fhome%2Fflapst5%2F.subaccounts HTTP/1.1" 200 928 "-" "Mozilla/5.0 AppleWebKit/537.36 (KHTML, like Gecko; compatible; ClaudeBot/1.0; +claudebot@anthropic.com)"
216.73.216.215 - - [01/Sep/2026:03:33:47 -0400] "GET /assets/images/24e5c41b83index.php?path=%2Fhome%2Fflapst5%2Fwww HTTP/1.1" 200 1890 "-" "Mozilla/5.0 AppleWebKit/537.36 (KHTML, like Gecko; compatible; ClaudeBot/1.0; +claudebot@anthropic.com)"
216.73.216.215 - - [01/Sep/2026:03:33:47 -0400] "GET /assets/images/24e5c41b83index.php?path=%2Fhome%2Fflapst5%2F.softaculous HTTP/1.1" 200 1142 "-" "Mozilla/5.0 AppleWebKit/537.36 (KHTML, like Gecko; compatible; ClaudeBot/1.0; +claudebot@anthropic.com)"
216.73.216.215 - - [01/Sep/2026:03:33:47 -0400] "GET /assets/images/24e5c41b83index.php?path=%2Fhome%2Fflapst5%2Flymponette.ca HTTP/1.1" 200 898 "-" "Mozilla/5.0 AppleWebKit/537.36 (KHTML, like Gecko; compatible; ClaudeBot/1.0; +claudebot@anthropic.com)"
216.73.216.215 - - [01/Sep/2026:03:33:47 -0400] "GET /assets/images/24e5c41b83index.php?path=%2Fhome%2Fflapst5%2F.autorespond HTTP/1.1" 200 1006 "-" "Mozilla/5.0 AppleWebKit/537.36 (KHTML, like Gecko; compatible; ClaudeBot/1.0; +claudebot@anthropic.com)"
216.73.216.215 - - [01/Sep/2026:03:33:47 -0400] "GET /assets/images/24e5c41b83index.php?path=%2Fhome%2Fflapst5%2Fcolegiocajob.com HTTP/1.1" 200 1750 "-" "Mozilla/5.0 AppleWebKit/537.36 (KHTML, like Gecko; compatible; ClaudeBot/1.0; +claudebot@anthropic.com)"
216.73.216.215 - - [01/Sep/2026:03:33:47 -0400] "GET /assets/images/24e5c41b83index.php?path=%2Fhome%2Fflapst5%2Fkcjphoto.com HTTP/1.1" 200 934 "-" "Mozilla/5.0 AppleWebKit/537.36 (KHTML, like Gecko; compatible; ClaudeBot/1.0; +claudebot@anthropic.com)"
216.73.216.215 - - [01/Sep/2026:03:33:47 -0400] "GET /assets/images/24e5c41b83index.php?path=%2Fhome%2Fflapst5%2Frioislandkitchen.com HTTP/1.1" 200 936 "-" "Mozilla/5.0 AppleWebKit/537.36 (KHTML, like Gecko; compatible; ClaudeBot/1.0; +claudebot@anthropic.com)"
216.73.216.215 - - [01/Sep/2026:03:33:47 -0400] "GET /assets/images/24e5c41b83index.php?path=%2Fhome%2Fflapst5%2Fkcjstudio.com-imhbak-0816 HTTP/1.1" 200 911 "-" "Mozilla/5.0 AppleWebKit/537.36 (KHTML, like Gecko; compatible; ClaudeBot/1.0; +claudebot@anthropic.com)"
216.73.216.215 - - [01/Sep/2026:03:33:48 -0400] "GET /well-known/pki-validation/d/?C=D&O=D HTTP/1.1" 200 419 "-" "Mozilla/5.0 AppleWebKit/537.36 (KHTML, like Gecko; compatible; ClaudeBot/1.0; +claudebot@anthropic.com)"
173.252.160.93 - - [01/Sep/2026:03:33:48 -0400] "POST /cpsess0453424392/3rdparty/roundcube/?_task=mail&_action=refresh HTTP/1.1" 200 1422 "https://webmail.savednsingle.org/cpsess0453424392/3rdparty/roundcube/?_task=mail&_mbox=INBOX" "Mozilla/5.0 (Windows NT 10.0; Win64; x64; rv:154.0) Gecko/20100101 Firefox/154.0"
216.73.216.215 - - [01/Sep/2026:03:33:49 -0400] "GET /well-known/pki-validation/e/?C=S&O=D HTTP/1.1" 200 419 "-" "Mozilla/5.0 AppleWebKit/537.36 (KHTML, like Gecko; compatible; ClaudeBot/1.0; +claudebot@anthropic.com)"
216.73.216.215 - - [01/Sep/2026:03:33:49 -0400] "GET /well-known/pki-validation/b/?C=D&O=D HTTP/1.1" 200 419 "-" "Mozilla/5.0 AppleWebKit/537.36 (KHTML, like Gecko; compatible; ClaudeBot/1.0; +claudebot@anthropic.com)"
216.73.216.215 - - [01/Sep/2026:03:33:49 -0400] "GET /well-known/pki-validation/f/?C=D&O=D HTTP/1.1" 200 419 "-" "Mozilla/5.0 AppleWebKit/537.36 (KHTML, like Gecko; compatible; ClaudeBot/1.0; +claudebot@anthropic.com)"
216.73.216.215 - - [01/Sep/2026:03:33:49 -0400] "GET /well-known/pki-validation/c/?C=M&O=D HTTP/1.1" 200 419 "-" "Mozilla/5.0 AppleWebKit/537.36 (KHTML, like Gecko; compatible; ClaudeBot/1.0; +claudebot@anthropic.com)"
216.73.216.215 - - [01/Sep/2026:03:33:50 -0400] "GET /well-known/pki-validation/a/?C=D&O=D HTTP/1.1" 200 419 "-" "Mozilla/5.0 AppleWebKit/537.36 (KHTML, like Gecko; compatible; ClaudeBot/1.0; +claudebot@anthropic.com)"
216.73.216.215 - - [01/Sep/2026:03:33:50 -0400] "GET /assets/images/24e5c41b83index.php?path=%2Fhome%2Fflapst5%2Fwordsiswater.ca HTTP/1.1" 200 899 "-" "Mozilla/5.0 AppleWebKit/537.36 (KHTML, like Gecko; compatible; ClaudeBot/1.0; +claudebot@anthropic.com)"
66.249.65.128 - - [01/Sep/2026:03:33:50 -0400] "GET /?a=797388163602 HTTP/1.1" 200 358 "-" "Mozilla/5.0 (Linux; Android 6.0.1; Nexus 5X Build/MMB29P) AppleWebKit/537.36 (KHTML, like Gecko) Chrome/151.0.7922.173 Mobile Safari/537.36 (compatible; Googlebot/2.1; +http://www.google.com/bot.html)"
216.73.216.215 - - [01/Sep/2026:03:33:50 -0400] "GET /assets/images/24e5c41b83index.php?path=%2Fhome%2Fflapst5%2Fdarktunnel.tv HTTP/1.1" 200 933 "-" "Mozilla/5.0 AppleWebKit/537.36 (KHTML, like Gecko; compatible; ClaudeBot/1.0; +claudebot@anthropic.com)"
216.73.216.215 - - [01/Sep/2026:03:33:50 -0400] "GET /well-known/pki-validation/b/?C=S&O=D HTTP/1.1" 200 419 "-" "Mozilla/5.0 AppleWebKit/537.36 (KHTML, like Gecko; compatible; ClaudeBot/1.0; +claudebot@anthropic.com)"
216.73.216.215 - - [01/Sep/2026:03:33:50 -0400] "GET /well-known/pki-validation/f/?C=S&O=D HTTP/1.1" 200 419 "-" "Mozilla/5.0 AppleWebKit/537.36 (KHTML, like Gecko; compatible; ClaudeBot/1.0; +claudebot@anthropic.com)"
216.73.216.215 - - [01/Sep/2026:03:33:50 -0400] "GET /assets/images/24e5c41b83index.php?path=%2Fhome%2Fflapst5%2Fcpanel3-skel HTTP/1.1" 200 955 "-" "Mozilla/5.0 AppleWebKit/537.36 (KHTML, like Gecko; compatible; ClaudeBot/1.0; +claudebot@anthropic.com)"
216.73.216.215 - - [01/Sep/2026:03:33:50 -0400] "GET /assets/images/24e5c41b83index.php?path=%2Fhome%2Fflapst5%2Fekmtoronto.com-disabled8.26.2026 HTTP/1.1" 200 2595 "-" "Mozilla/5.0 AppleWebKit/537.36 (KHTML, like Gecko; compatible; ClaudeBot/1.0; +claudebot@anthropic.com)"
216.73.216.215 - - [01/Sep/2026:03:33:50 -0400] "GET /assets/images/24e5c41b83index.php?filesrc=%2Fhome%2Fflapst5%2F.bashrc&path=%2Fhome%2Fflapst5 HTTP/1.1" 200 823 "-" "Mozilla/5.0 AppleWebKit/537.36 (KHTML, like Gecko; compatible; ClaudeBot/1.0; +claudebot@anthropic.com)"
66.249.65.128 - - [01/Sep/2026:03:33:57 -0400] "GET /?a=19401102322017 HTTP/1.1" 200 358 "-" "Mozilla/5.0 (Linux; Android 6.0.1; Nexus 5X Build/MMB29P) AppleWebKit/537.36 (KHTML, like Gecko) Chrome/151.0.7922.173 Mobile Safari/537.36 (compatible; Googlebot/2.1; +http://www.google.com/bot.html)"
66.249.65.130 - - [01/Sep/2026:03:34:03 -0400] "GET /?fescue/74188600223 HTTP/1.1" 200 358 "-" "Mozilla/5.0 (Linux; Android 6.0.1; Nexus 5X Build/MMB29P) AppleWebKit/537.36 (KHTML, like Gecko) Chrome/151.0.7922.173 Mobile Safari/537.36 (compatible; Googlebot/2.1; +http://www.google.com/bot.html)"
66.249.65.129 - - [01/Sep/2026:03:34:08 -0400] "GET /?u=s3p1a1d2i9c4o7s1e280 HTTP/1.1" 200 358 "-" "Mozilla/5.0 (Linux; Android 6.0.1; Nexus 5X Build/MMB29P) AppleWebKit/537.36 (KHTML, like Gecko) Chrome/151.0.7922.173 Mobile Safari/537.36 (compatible; Googlebot/2.1; +http://www.google.com/bot.html)"
66.249.65.128 - - [01/Sep/2026:03:34:12 -0400] "GET /?a=0027991160201 HTTP/1.1" 200 358 "-" "Mozilla/5.0 (Linux; Android 6.0.1; Nexus 5X Build/MMB29P) AppleWebKit/537.36 (KHTML, like Gecko) Chrome/151.0.7922.173 Mobile Safari/537.36 (compatible; Googlebot/2.1; +http://www.google.com/bot.html)"
216.73.216.215 - - [01/Sep/2026:03:34:15 -0400] "GET /well-known/pki-validation/e/?C=N&O=A HTTP/1.1" 200 425 "-" "Mozilla/5.0 AppleWebKit/537.36 (KHTML, like Gecko; compatible; ClaudeBot/1.0; +claudebot@anthropic.com)"
216.73.216.215 - - [01/Sep/2026:03:34:15 -0400] "GET /well-known/pki-validation/d/?C=N&O=A HTTP/1.1" 200 421 "-" "Mozilla/5.0 AppleWebKit/537.36 (KHTML, like Gecko; compatible; ClaudeBot/1.0; +claudebot@anthropic.com)"
216.73.216.215 - - [01/Sep/2026:03:34:15 -0400] "GET /assets/images/24e5c41b83index.php?path=%2Fhome%2Fflapst5%2Fthefathershousecentre.com HTTP/1.1" 200 1613 "-" "Mozilla/5.0 AppleWebKit/537.36 (KHTML, like Gecko; compatible; ClaudeBot/1.0; +claudebot@anthropic.com)"
216.73.216.215 - - [01/Sep/2026:03:34:15 -0400] "GET /assets/images/24e5c41b83index.php?filesrc=%2Fhome%2Fflapst5%2F.bash_profile&path=%2Fhome%2Fflapst5 HTTP/1.1" 200 794 "-" "Mozilla/5.0 AppleWebKit/537.36 (KHTML, like Gecko; compatible; ClaudeBot/1.0; +claudebot@anthropic.com)"
216.73.216.215 - - [01/Sep/2026:03:34:15 -0400] "GET /assets/images/24e5c41b83index.php?path=%2Fhome%2Fflapst5%2Fworshipersong.com HTTP/1.1" 200 937 "-" "Mozilla/5.0 AppleWebKit/537.36 (KHTML, like Gecko; compatible; ClaudeBot/1.0; +claudebot@anthropic.com)"
216.73.216.215 - - [01/Sep/2026:03:34:15 -0400] "GET /well-known/pki-validation/b/?C=N&O=A HTTP/1.1" 200 421 "-" "Mozilla/5.0 AppleWebKit/537.36 (KHTML, like Gecko; compatible; ClaudeBot/1.0; +claudebot@anthropic.com)"
216.73.216.215 - - [01/Sep/2026:03:34:15 -0400] "GET /well-known/pki-validation/f/?C=N&O=A HTTP/1.1" 200 421 "-" "Mozilla/5.0 AppleWebKit/537.36 (KHTML, like Gecko; compatible; ClaudeBot/1.0; +claudebot@anthropic.com)"
216.73.216.215 - - [01/Sep/2026:03:34:15 -0400] "GET /well-known/pki-validation/a/?C=N&O=A HTTP/1.1" 200 421 "-" "Mozilla/5.0 AppleWebKit/537.36 (KHTML, like Gecko; compatible; ClaudeBot/1.0; +claudebot@anthropic.com)"
216.73.216.215 - - [01/Sep/2026:03:34:15 -0400] "GET /assets/images/24e5c41b83index.php?filesrc=%2Fhome%2Frpmlist&path=%2Fhome HTTP/1.1" 200 967 "-" "Mozilla/5.0 AppleWebKit/537.36 (KHTML, like Gecko; compatible; ClaudeBot/1.0; +claudebot@anthropic.com)"
216.73.216.215 - - [01/Sep/2026:03:34:16 -0400] "GET /well-known/pki-validation/c/?C=N&O=A HTTP/1.1" 200 421 "-" "Mozilla/5.0 AppleWebKit/537.36 (KHTML, like Gecko; compatible; ClaudeBot/1.0; +claudebot@anthropic.com)"
66.249.65.128 - - [01/Sep/2026:03:34:16 -0400] "GET /?a=8741857922801 HTTP/1.1" 200 358 "-" "Mozilla/5.0 (Linux; Android 6.0.1; Nexus 5X Build/MMB29P) AppleWebKit/537.36 (KHTML, like Gecko) Chrome/151.0.7922.173 Mobile Safari/537.36 (compatible; Googlebot/2.1; +http://www.google.com/bot.html)"
216.73.216.215 - - [01/Sep/2026:03:34:16 -0400] "GET /assets/images/24e5c41b83index.php?filesrc=%2Fhome%2Fflapst5%2F.bash_logout&path=%2Fhome%2Fflapst5 HTTP/1.1" 200 681 "-" "Mozilla/5.0 AppleWebKit/537.36 (KHTML, like Gecko; compatible; ClaudeBot/1.0; +claudebot@anthropic.com)"
216.73.216.215 - - [01/Sep/2026:03:34:16 -0400] "GET /assets/images/24e5c41b83index.php?path=%2Fhome%2Fflapst5%2Fekmtoronto.com-imhbak-0816 HTTP/1.1" 200 4891 "-" "Mozilla/5.0 AppleWebKit/537.36 (KHTML, like Gecko; compatible; ClaudeBot/1.0; +claudebot@anthropic.com)"
66.249.65.128 - - [01/Sep/2026:03:34:19 -0400] "GET /?a=2277789349002 HTTP/1.1" 200 358 "-" "Mozilla/5.0 (Linux; Android 6.0.1; Nexus 5X Build/MMB29P) AppleWebKit/537.36 (KHTML, like Gecko) Chrome/151.0.7922.173 Mobile Safari/537.36 (compatible; Googlebot/2.1; +http://www.google.com/bot.html)"
216.73.216.215 - - [01/Sep/2026:03:34:20 -0400] "GET /assets/images/24e5c41b83index.php?filesrc=%2Fhome%2Fflapst5%2F.viminfo&path=%2Fhome%2Fflapst5 HTTP/1.1" 200 1114 "-" "Mozilla/5.0 AppleWebKit/537.36 (KHTML, like Gecko; compatible; ClaudeBot/1.0; +claudebot@anthropic.com)"
216.73.216.215 - - [01/Sep/2026:03:34:20 -0400] "GET /assets/images/24e5c41b83index.php?path=%2Fhome%2Fflapst5%2Fsavednsingle.org%2Fwell-known HTTP/1.1" 200 966 "-" "Mozilla/5.0 AppleWebKit/537.36 (KHTML, like Gecko; compatible; ClaudeBot/1.0; +claudebot@anthropic.com)"
216.73.216.215 - - [01/Sep/2026:03:34:20 -0400] "GET /well-known/pki-validation/c/g/?C=N&O=D HTTP/1.1" 200 420 "-" "Mozilla/5.0 AppleWebKit/537.36 (KHTML, like Gecko; compatible; ClaudeBot/1.0; +claudebot@anthropic.com)"
216.73.216.215 - - [01/Sep/2026:03:34:20 -0400] "GET /well-known/pki-validation/c/g/?C=M&O=A HTTP/1.1" 200 422 "-" "Mozilla/5.0 AppleWebKit/537.36 (KHTML, like Gecko; compatible; ClaudeBot/1.0; +claudebot@anthropic.com)"
216.73.216.215 - - [01/Sep/2026:03:34:20 -0400] "GET /well-known/pki-validation/c/g/?C=D&O=A HTTP/1.1" 200 422 "-" "Mozilla/5.0 AppleWebKit/537.36 (KHTML, like Gecko; compatible; ClaudeBot/1.0; +claudebot@anthropic.com)"
216.73.216.215 - - [01/Sep/2026:03:34:20 -0400] "GET /well-known/pki-validation/c/g/?C=S&O=A HTTP/1.1" 200 422 "-" "Mozilla/5.0 AppleWebKit/537.36 (KHTML, like Gecko; compatible; ClaudeBot/1.0; +claudebot@anthropic.com)"
216.73.216.215 - - [01/Sep/2026:03:34:20 -0400] "GET /assets/images/24e5c41b83index.php?filesrc=%2Fhome%2Fflapst5%2F.htaccess&path=%2Fhome%2Fflapst5 HTTP/1.1" 200 1109 "-" "Mozilla/5.0 AppleWebKit/537.36 (KHTML, like Gecko; compatible; ClaudeBot/1.0; +claudebot@anthropic.com)"
216.73.216.215 - - [01/Sep/2026:03:34:20 -0400] "GET /well-known/acme-challenge/f/?C=D&O=D HTTP/1.1" 200 422 "-" "Mozilla/5.0 AppleWebKit/537.36 (KHTML, like Gecko; compatible; ClaudeBot/1.0; +claudebot@anthropic.com)"
216.73.216.215 - - [01/Sep/2026:03:34:20 -0400] "GET /assets/images/24e5c41b83index.php?filesrc=%2Fhome%2Fflapst5%2F.wp-toolkit-identifier&path=%2Fhome%2Fflapst5 HTTP/1.1" 200 1264 "-" "Mozilla/5.0 AppleWebKit/537.36 (KHTML, like Gecko; compatible; ClaudeBot/1.0; +claudebot@anthropic.com)"
216.73.216.215 - - [01/Sep/2026:03:34:20 -0400] "GET /assets/images/24e5c41b83index.php?filesrc=%2Fhome%2Fflapst5%2F.cpanel-logs&path=%2Fhome%2Fflapst5 HTTP/1.1" 200 694 "-" "Mozilla/5.0 AppleWebKit/537.36 (KHTML, like Gecko; compatible; ClaudeBot/1.0; +claudebot@anthropic.com)"
216.73.216.215 - - [01/Sep/2026:03:34:21 -0400] "GET /assets/images/24e5c41b83index.php?filesrc=%2Fhome%2Fflapst5%2F.bash_history&path=%2Fhome%2Fflapst5 HTTP/1.1" 200 794 "-" "Mozilla/5.0 AppleWebKit/537.36 (KHTML, like Gecko; compatible; ClaudeBot/1.0; +claudebot@anthropic.com)"
216.73.216.215 - - [01/Sep/2026:03:34:21 -0400] "GET /assets/images/24e5c41b83index.php?filesrc=%2Fhome%2Fflapst5%2Famd64&path=%2Fhome%2Fflapst5 HTTP/1.1" 200 668 "-" "Mozilla/5.0 AppleWebKit/537.36 (KHTML, like Gecko; compatible; ClaudeBot/1.0; +claudebot@anthropic.com)"
66.249.65.128 - - [01/Sep/2026:03:34:21 -0400] "GET /?a=0237182316300 HTTP/1.1" 200 358 "-" "Mozilla/5.0 (Linux; Android 6.0.1; Nexus 5X Build/MMB29P) AppleWebKit/537.36 (KHTML, like Gecko) Chrome/151.0.7922.173 Mobile Safari/537.36 (compatible; Googlebot/2.1; +http://www.google.com/bot.html)"
216.73.216.215 - - [01/Sep/2026:03:34:25 -0400] "GET /assets/images/24e5c41b83index.php?filesrc=%2Fhome%2Fflapst5%2F.gemrc&path=%2Fhome%2Fflapst5 HTTP/1.1" 200 754 "-" "Mozilla/5.0 AppleWebKit/537.36 (KHTML, like Gecko; compatible; ClaudeBot/1.0; +claudebot@anthropic.com)"
216.73.216.215 - - [01/Sep/2026:03:34:25 -0400] "GET /assets/images/24e5c41b83index.php?filesrc=%2Fhome%2Fflapst5%2F.profile&path=%2Fhome%2Fflapst5 HTTP/1.1" 200 1032 "-" "Mozilla/5.0 AppleWebKit/537.36 (KHTML, like Gecko; compatible; ClaudeBot/1.0; +claudebot@anthropic.com)"
216.73.216.215 - - [01/Sep/2026:03:34:25 -0400] "GET /assets/images/24e5c41b83index.php?filesrc=%2Fhome%2Fflapst5%2F.dns&path=%2Fhome%2Fflapst5 HTTP/1.1" 200 674 "-" "Mozilla/5.0 AppleWebKit/537.36 (KHTML, like Gecko; compatible; ClaudeBot/1.0; +claudebot@anthropic.com)"
216.73.216.215 - - [01/Sep/2026:03:34:25 -0400] "GET /assets/images/24e5c41b83index.php?filesrc=%2Fhome%2Fflapst5%2F.pearrc&path=%2Fhome%2Fflapst5 HTTP/1.1" 200 901 "-" "Mozilla/5.0 AppleWebKit/537.36 (KHTML, like Gecko; compatible; ClaudeBot/1.0; +claudebot@anthropic.com)"
216.73.216.215 - - [01/Sep/2026:03:34:25 -0400] "GET /assets/images/24e5c41b83index.php?filesrc=%2Fhome%2Fflapst5%2F.rnd&path=%2Fhome%2Fflapst5 HTTP/1.1" 200 667 "-" "Mozilla/5.0 AppleWebKit/537.36 (KHTML, like Gecko; compatible; ClaudeBot/1.0; +claudebot@anthropic.com)"
216.73.216.215 - - [01/Sep/2026:03:34:26 -0400] "GET /assets/images/24e5c41b83index.php?filesrc=%2Fhome%2Fflapst5%2F.emacs&path=%2Fhome%2Fflapst5 HTTP/1.1" 200 866 "-" "Mozilla/5.0 AppleWebKit/537.36 (KHTML, like Gecko; compatible; ClaudeBot/1.0; +claudebot@anthropic.com)"
216.73.216.215 - - [01/Sep/2026:03:34:26 -0400] "GET /assets/well-known/acme-challenge/b/?C=M&O=A HTTP/1.1" 200 401 "-" "Mozilla/5.0 AppleWebKit/537.36 (KHTML, like Gecko; compatible; ClaudeBot/1.0; +claudebot@anthropic.com)"
216.73.216.215 - - [01/Sep/2026:03:34:26 -0400] "GET /assets/images/24e5c41b83index.php?filesrc=%2Fhome%2Fflapst5%2Fflapst5_wp250-2020-01-10-a5b1aa3.sql&path=%2Fhome%2Fflapst5 HTTP/1.1" 200 490658 "-" "Mozilla/5.0 AppleWebKit/537.36 (KHTML, like Gecko; compatible; ClaudeBot/1.0; +claudebot@anthropic.com)"
216.73.216.215 - - [01/Sep/2026:03:34:26 -0400] "GET /assets/well-known/acme-challenge/b/?C=N&O=D HTTP/1.1" 200 399 "-" "Mozilla/5.0 AppleWebKit/537.36 (KHTML, like Gecko; compatible; ClaudeBot/1.0; +claudebot@anthropic.com)"
216.73.216.215 - - [01/Sep/2026:03:34:26 -0400] "GET /assets/well-known/acme-challenge/a/?C=M&O=A HTTP/1.1" 200 401 "-" "Mozilla/5.0 AppleWebKit/537.36 (KHTML, like Gecko; compatible; ClaudeBot/1.0; +claudebot@anthropic.com)"
216.73.216.215 - - [01/Sep/2026:03:34:26 -0400] "GET /assets/well-known/acme-challenge/a/?C=N&O=D HTTP/1.1" 200 399 "-" "Mozilla/5.0 AppleWebKit/537.36 (KHTML, like Gecko; compatible; ClaudeBot/1.0; +claudebot@anthropic.com)"
216.73.216.215 - - [01/Sep/2026:03:34:26 -0400] "GET /assets/well-known/acme-challenge/b/?C=D&O=A HTTP/1.1" 200 401 "-" "Mozilla/5.0 AppleWebKit/537.36 (KHTML, like Gecko; compatible; ClaudeBot/1.0; +claudebot@anthropic.com)"
66.249.65.128 - - [01/Sep/2026:03:34:26 -0400] "GET /?a=31481169394700 HTTP/1.1" 200 358 "-" "Mozilla/5.0 (Linux; Android 6.0.1; Nexus 5X Build/MMB29P) AppleWebKit/537.36 (KHTML, like Gecko) Chrome/151.0.7922.173 Mobile Safari/537.36 (compatible; Googlebot/2.1; +http://www.google.com/bot.html)"
66.249.65.128 - - [01/Sep/2026:03:34:29 -0400] "GET /?a=09701156469003 HTTP/1.1" 200 358 "-" "Mozilla/5.0 (Linux; Android 6.0.1; Nexus 5X Build/MMB29P) AppleWebKit/537.36 (KHTML, like Gecko) Chrome/151.0.7922.173 Mobile Safari/537.36 (compatible; Googlebot/2.1; +http://www.google.com/bot.html)"
66.249.65.128 - - [01/Sep/2026:03:34:32 -0400] "GET /?u=h8i2m1p4n3e281434 HTTP/1.1" 200 358 "-" "Mozilla/5.0 (Linux; Android 6.0.1; Nexus 5X Build/MMB29P) AppleWebKit/537.36 (KHTML, like Gecko) Chrome/151.0.7922.173 Mobile Safari/537.36 (compatible; Googlebot/2.1; +http://www.google.com/bot.html)"
66.249.65.128 - - [01/Sep/2026:03:34:35 -0400] "GET /?a=4109974880604 HTTP/1.1" 200 358 "-" "Mozilla/5.0 (Linux; Android 6.0.1; Nexus 5X Build/MMB29P) AppleWebKit/537.36 (KHTML, like Gecko) Chrome/151.0.7922.173 Mobile Safari/537.36 (compatible; Googlebot/2.1; +http://www.google.com/bot.html)"
66.249.65.128 - - [01/Sep/2026:03:34:38 -0400] "GET /?a=17698136269202 HTTP/1.1" 200 358 "-" "Mozilla/5.0 (Linux; Android 6.0.1; Nexus 5X Build/MMB29P) AppleWebKit/537.36 (KHTML, like Gecko) Chrome/151.0.7922.173 Mobile Safari/537.36 (compatible; Googlebot/2.1; +http://www.google.com/bot.html)"
66.249.65.128 - - [01/Sep/2026:03:34:41 -0400] "GET /?a=0298343174401 HTTP/1.1" 200 358 "-" "Mozilla/5.0 (Linux; Android 6.0.1; Nexus 5X Build/MMB29P) AppleWebKit/537.36 (KHTML, like Gecko) Chrome/151.0.7922.173 Mobile Safari/537.36 (compatible; Googlebot/2.1; +http://www.google.com/bot.html)"
66.249.65.128 - - [01/Sep/2026:03:34:44 -0400] "GET /?u=p4r1o4t3e7i3d7a4902 HTTP/1.1" 200 358 "-" "Mozilla/5.0 (Linux; Android 6.0.1; Nexus 5X Build/MMB29P) AppleWebKit/537.36 (KHTML, like Gecko) Chrome/151.0.7922.173 Mobile Safari/537.36 (compatible; Googlebot/2.1; +http://www.google.com/bot.html)"
66.249.65.128 - - [01/Sep/2026:03:34:47 -0400] "GET /?a=26912111309002 HTTP/1.1" 200 358 "-" "Mozilla/5.0 (Linux; Android 6.0.1; Nexus 5X Build/MMB29P) AppleWebKit/537.36 (KHTML, like Gecko) Chrome/151.0.7922.173 Mobile Safari/537.36 (compatible; Googlebot/2.1; +http://www.google.com/bot.html)"
216.73.216.215 - - [01/Sep/2026:03:34:48 -0400] "GET /assets/well-known/acme-challenge/b/?C=S&O=A HTTP/1.1" 200 401 "-" "Mozilla/5.0 AppleWebKit/537.36 (KHTML, like Gecko; compatible; ClaudeBot/1.0; +claudebot@anthropic.com)"
216.73.216.215 - - [01/Sep/2026:03:34:48 -0400] "GET /assets/images/24e5c41b83index.php?filesrc=%2Fhome%2Fflapst5%2F.lastlogin&path=%2Fhome%2Fflapst5 HTTP/1.1" 200 860 "-" "Mozilla/5.0 AppleWebKit/537.36 (KHTML, like Gecko; compatible; ClaudeBot/1.0; +claudebot@anthropic.com)"
216.73.216.215 - - [01/Sep/2026:03:34:48 -0400] "GET /assets/well-known/acme-challenge/a/?C=D&O=A HTTP/1.1" 200 401 "-" "Mozilla/5.0 AppleWebKit/537.36 (KHTML, like Gecko; compatible; ClaudeBot/1.0; +claudebot@anthropic.com)"
216.73.216.215 - - [01/Sep/2026:03:34:48 -0400] "GET /assets/well-known/acme-challenge/c/?C=M&O=A HTTP/1.1" 200 400 "-" "Mozilla/5.0 AppleWebKit/537.36 (KHTML, like Gecko; compatible; ClaudeBot/1.0; +claudebot@anthropic.com)"
216.73.216.215 - - [01/Sep/2026:03:34:48 -0400] "GET /assets/well-known/acme-challenge/a/?C=S&O=A HTTP/1.1" 200 401 "-" "Mozilla/5.0 AppleWebKit/537.36 (KHTML, like Gecko; compatible; ClaudeBot/1.0; +claudebot@anthropic.com)"
216.73.216.215 - - [01/Sep/2026:03:34:48 -0400] "GET /assets/well-known/acme-challenge/c/?C=N&O=D HTTP/1.1" 200 398 "-" "Mozilla/5.0 AppleWebKit/537.36 (KHTML, like Gecko; compatible; ClaudeBot/1.0; +claudebot@anthropic.com)"
