197.184.86.246 - - [31/Aug/2026:12:23:51 -0400] "POST /cpsess0453424392/3rdparty/roundcube/?_task=mail&_action=refresh HTTP/1.1" 200 1491 "https://webmail.savednsingle.org/cpsess0453424392/3rdparty/roundcube/?_task=mail&_mbox=INBOX" "Mozilla/5.0 (Windows NT 10.0; Win64; x64; rv:154.0) Gecko/20100101 Firefox/154.0"
66.249.65.128 - - [31/Aug/2026:12:24:01 -0400] "GET /shops/allignment/l5i9t6h5o1l5o8g9i8s7t HTTP/1.1" 404 236 "-" "Mozilla/5.0 (Linux; Android 6.0.1; Nexus 5X Build/MMB29P) AppleWebKit/537.36 (KHTML, like Gecko) Chrome/151.0.7922.173 Mobile Safari/537.36 (compatible; Googlebot/2.1; +http://www.google.com/bot.html)"
66.249.65.37 - - [31/Aug/2026:12:24:13 -0400] "GET /?u=c5o6m1e9d8o4w8n296 HTTP/1.1" 200 281 "-" "Mozilla/5.0 (Linux; Android 6.0.1; Nexus 5X Build/MMB29P) AppleWebKit/537.36 (KHTML, like Gecko) Chrome/151.0.7922.173 Mobile Safari/537.36 (compatible; Googlebot/2.1; +http://www.google.com/bot.html)"
66.249.65.128 - - [31/Aug/2026:12:24:24 -0400] "GET /shops/allignment/l5i9t6h5o1l5o8g9i8s7t HTTP/1.1" 404 236 "-" "Mozilla/5.0 (compatible; Googlebot/2.1; +http://www.google.com/bot.html)"
84.90.53.84 - - [31/Aug/2026:12:24:34 -0400] "GET /shops/saintsimonism/p4l7u6m3a5g1e2680 HTTP/1.1" 404 236 "https://savednsingle.org/?sitemap857.xml" "Mozilla/5.0 (Linux; Android 15; OPPO PCLM4) AppleWebKit/537.36 (KHTML, like Gecko) Chrome/147.0.5910.85 Mobile Safari/537.36 MicroMessenger/8.0.41(0x18001B3F) NetType/WIFI Language/zh_CN"
102.69.211.223 - - [31/Aug/2026:12:24:43 -0400] "POST /cpsess5003052442/3rdparty/roundcube/?_task=mail&_action=refresh HTTP/1.1" 200 1786 "https://webmail.savednsingle.org/cpsess5003052442/3rdparty/roundcube/?_task=mail&_mbox=INBOX" "Mozilla/5.0 (Windows NT 10.0; Win64; x64) AppleWebKit/537.36 (KHTML, like Gecko) Chrome/151.0.0.0 Safari/537.36"
197.184.86.246 - - [31/Aug/2026:12:24:58 -0400] "POST /cpsess0453424392/3rdparty/roundcube/?_task=mail&_action=refresh HTTP/1.1" 200 1780 "https://webmail.savednsingle.org/cpsess0453424392/3rdparty/roundcube/?_task=mail&_mbox=INBOX" "Mozilla/5.0 (Windows NT 10.0; Win64; x64; rv:154.0) Gecko/20100101 Firefox/154.0"
66.249.65.38 - - [31/Aug/2026:12:25:09 -0400] "GET /shops/bdellometer/c8h8u5c7k9l1i7n1g32 HTTP/1.1" 404 236 "-" "Mozilla/5.0 (compatible; Googlebot/2.1; +http://www.google.com/bot.html)"
102.69.211.223 - - [31/Aug/2026:12:25:44 -0400] "POST /cpsess5003052442/3rdparty/roundcube/?_task=mail&_action=refresh HTTP/1.1" 200 1806 "https://webmail.savednsingle.org/cpsess5003052442/3rdparty/roundcube/?_task=mail&_mbox=INBOX" "Mozilla/5.0 (Windows NT 10.0; Win64; x64) AppleWebKit/537.36 (KHTML, like Gecko) Chrome/151.0.0.0 Safari/537.36"
66.249.65.130 - - [31/Aug/2026:12:26:04 -0400] "GET /shops/rhamphotheca/a1r2t3i4c9u5l7a1t8i5o6 HTTP/1.1" 404 236 "-" "Mozilla/5.0 (compatible; Googlebot/2.1; +http://www.google.com/bot.html)"
197.184.86.246 - - [31/Aug/2026:12:26:04 -0400] "POST /cpsess0453424392/3rdparty/roundcube/?_task=mail&_action=refresh HTTP/1.1" 200 1796 "https://webmail.savednsingle.org/cpsess0453424392/3rdparty/roundcube/?_task=mail&_mbox=INBOX" "Mozilla/5.0 (Windows NT 10.0; Win64; x64; rv:154.0) Gecko/20100101 Firefox/154.0"
102.69.211.223 - - [31/Aug/2026:12:26:45 -0400] "POST /cpsess5003052442/3rdparty/roundcube/?_task=mail&_action=refresh HTTP/1.1" 200 1825 "https://webmail.savednsingle.org/cpsess5003052442/3rdparty/roundcube/?_task=mail&_mbox=INBOX" "Mozilla/5.0 (Windows NT 10.0; Win64; x64) AppleWebKit/537.36 (KHTML, like Gecko) Chrome/151.0.0.0 Safari/537.36"
197.184.86.246 - - [31/Aug/2026:12:27:11 -0400] "POST /cpsess0453424392/3rdparty/roundcube/?_task=mail&_action=refresh HTTP/1.1" 308 152 "https://webmail.savednsingle.org/cpsess0453424392/3rdparty/roundcube/?_task=mail&_mbox=INBOX" "Mozilla/5.0 (Windows NT 10.0; Win64; x64; rv:154.0) Gecko/20100101 Firefox/154.0"
197.184.86.246 - - [31/Aug/2026:12:27:12 -0400] "POST /cpsess0453424392/3rdparty/roundcube/?_task=mail&_action=refresh HTTP/1.1" 200 1814 "https://webmail.savednsingle.org/cpsess0453424392/3rdparty/roundcube/?_task=mail&_mbox=INBOX" "Mozilla/5.0 (Windows NT 10.0; Win64; x64; rv:154.0) Gecko/20100101 Firefox/154.0"
66.249.65.38 - - [31/Aug/2026:12:27:27 -0400] "GET /becalming/intermediaries/p5i3r2a7r3u3c7u4568 HTTP/1.1" 404 236 "-" "Mozilla/5.0 (Linux; Android 6.0.1; Nexus 5X Build/MMB29P) AppleWebKit/537.36 (KHTML, like Gecko) Chrome/151.0.7922.173 Mobile Safari/537.36 (compatible; Googlebot/2.1; +http://www.google.com/bot.html)"
102.69.211.223 - - [31/Aug/2026:12:27:46 -0400] "POST /cpsess5003052442/3rdparty/roundcube/?_task=mail&_action=refresh HTTP/1.1" 200 1831 "https://webmail.savednsingle.org/cpsess5003052442/3rdparty/roundcube/?_task=mail&_mbox=INBOX" "Mozilla/5.0 (Windows NT 10.0; Win64; x64) AppleWebKit/537.36 (KHTML, like Gecko) Chrome/151.0.0.0 Safari/537.36"
66.249.65.130 - - [31/Aug/2026:12:28:17 -0400] "GET /shops/talookdar/m3a2x6i2l6l3o3p0a2l2a4tine HTTP/1.1" 404 236 "-" "Mozilla/5.0 (compatible; Googlebot/2.1; +http://www.google.com/bot.html)"
197.184.86.246 - - [31/Aug/2026:12:28:18 -0400] "POST /cpsess0453424392/3rdparty/roundcube/?_task=mail&_action=refresh HTTP/1.1" 200 1821 "https://webmail.savednsingle.org/cpsess0453424392/3rdparty/roundcube/?_task=mail&_mbox=INBOX" "Mozilla/5.0 (Windows NT 10.0; Win64; x64; rv:154.0) Gecko/20100101 Firefox/154.0"
102.69.211.223 - - [31/Aug/2026:12:28:41 -0400] "POST /cpsess5003052442/3rdparty/roundcube/?_task=mail&_action=refresh HTTP/1.1" 200 1424 "https://webmail.savednsingle.org/cpsess5003052442/3rdparty/roundcube/?_task=mail&_mbox=INBOX" "Mozilla/5.0 (Windows NT 10.0; Win64; x64) AppleWebKit/537.36 (KHTML, like Gecko) Chrome/151.0.0.0 Safari/537.36"
197.184.86.246 - - [31/Aug/2026:12:29:25 -0400] "POST /cpsess0453424392/3rdparty/roundcube/?_task=mail&_action=refresh HTTP/1.1" 200 1424 "https://webmail.savednsingle.org/cpsess0453424392/3rdparty/roundcube/?_task=mail&_mbox=INBOX" "Mozilla/5.0 (Windows NT 10.0; Win64; x64; rv:154.0) Gecko/20100101 Firefox/154.0"
102.69.211.223 - - [31/Aug/2026:12:29:46 -0400] "POST /cpsess5003052442/3rdparty/roundcube/?_task=mail&_action=refresh HTTP/1.1" 200 1387 "https://webmail.savednsingle.org/cpsess5003052442/3rdparty/roundcube/?_task=mail&_mbox=INBOX" "Mozilla/5.0 (Windows NT 10.0; Win64; x64) AppleWebKit/537.36 (KHTML, like Gecko) Chrome/151.0.0.0 Safari/537.36"
66.249.65.129 - - [31/Aug/2026:12:29:50 -0400] "GET /?u=d5e3i9f8i5e0d96932 HTTP/1.1" 200 281 "-" "Mozilla/5.0 (Linux; Android 6.0.1; Nexus 5X Build/MMB29P) AppleWebKit/537.36 (KHTML, like Gecko) Chrome/151.0.7922.173 Mobile Safari/537.36 (compatible; Googlebot/2.1; +http://www.google.com/bot.html)"
66.249.65.128 - - [31/Aug/2026:12:30:17 -0400] "GET /shops/recrementitious/s0h2a8l5l8o0w0l1y HTTP/1.1" 404 236 "-" "Mozilla/5.0 (Linux; Android 6.0.1; Nexus 5X Build/MMB29P) AppleWebKit/537.36 (KHTML, like Gecko) Chrome/151.0.7922.173 Mobile Safari/537.36 (compatible; Googlebot/2.1; +http://www.google.com/bot.html)"
197.184.86.246 - - [31/Aug/2026:12:30:32 -0400] "POST /cpsess0453424392/3rdparty/roundcube/?_task=mail&_action=refresh HTTP/1.1" 200 1388 "https://webmail.savednsingle.org/cpsess0453424392/3rdparty/roundcube/?_task=mail&_mbox=INBOX" "Mozilla/5.0 (Windows NT 10.0; Win64; x64; rv:154.0) Gecko/20100101 Firefox/154.0"
102.69.211.223 - - [31/Aug/2026:12:30:48 -0400] "POST /cpsess5003052442/3rdparty/roundcube/?_task=mail&_action=refresh HTTP/1.1" 200 1388 "https://webmail.savednsingle.org/cpsess5003052442/3rdparty/roundcube/?_task=mail&_mbox=INBOX" "Mozilla/5.0 (Windows NT 10.0; Win64; x64) AppleWebKit/537.36 (KHTML, like Gecko) Chrome/151.0.0.0 Safari/537.36"
66.249.65.129 - - [31/Aug/2026:12:30:53 -0400] "GET /shops/aphorismatic/d8r2o4w3s6i8e5s7t983 HTTP/1.1" 404 236 "-" "Mozilla/5.0 (compatible; Googlebot/2.1; +http://www.google.com/bot.html)"
197.184.86.246 - - [31/Aug/2026:12:31:39 -0400] "POST /cpsess0453424392/3rdparty/roundcube/?_task=mail&_action=refresh HTTP/1.1" 200 1388 "https://webmail.savednsingle.org/cpsess0453424392/3rdparty/roundcube/?_task=mail&_mbox=INBOX" "Mozilla/5.0 (Windows NT 10.0; Win64; x64; rv:154.0) Gecko/20100101 Firefox/154.0"
102.69.211.223 - - [31/Aug/2026:12:31:48 -0400] "POST /cpsess5003052442/3rdparty/roundcube/?_task=mail&_action=refresh HTTP/1.1" 200 1388 "https://webmail.savednsingle.org/cpsess5003052442/3rdparty/roundcube/?_task=mail&_mbox=INBOX" "Mozilla/5.0 (Windows NT 10.0; Win64; x64) AppleWebKit/537.36 (KHTML, like Gecko) Chrome/151.0.0.0 Safari/537.36"
66.249.65.128 - - [31/Aug/2026:12:32:00 -0400] "GET /?a=7580238530 HTTP/1.1" 200 281 "-" "Mozilla/5.0 (Linux; Android 6.0.1; Nexus 5X Build/MMB29P) AppleWebKit/537.36 (KHTML, like Gecko) Chrome/151.0.7922.173 Mobile Safari/537.36 (compatible; Googlebot/2.1; +http://www.google.com/bot.html)"
66.249.65.128 - - [31/Aug/2026:12:32:33 -0400] "GET /shops/losengerie/c1o3m5m2o6n1l8y6211 HTTP/1.1" 404 236 "-" "Mozilla/5.0 (compatible; Googlebot/2.1; +http://www.google.com/bot.html)"
66.249.65.128 - - [31/Aug/2026:12:32:41 -0400] "GET /shops/condyle/d5e2r0o4g6a1t4o8r2y22 HTTP/1.1" 404 236 "-" "Mozilla/5.0 (compatible; Googlebot/2.1; +http://www.google.com/bot.html)"
197.184.86.246 - - [31/Aug/2026:12:32:46 -0400] "POST /cpsess0453424392/3rdparty/roundcube/?_task=mail&_action=refresh HTTP/1.1" 200 1387 "https://webmail.savednsingle.org/cpsess0453424392/3rdparty/roundcube/?_task=mail&_mbox=INBOX" "Mozilla/5.0 (Windows NT 10.0; Win64; x64; rv:154.0) Gecko/20100101 Firefox/154.0"
102.69.211.223 - - [31/Aug/2026:12:32:50 -0400] "POST /cpsess5003052442/3rdparty/roundcube/?_task=mail&_action=refresh HTTP/1.1" 200 1388 "https://webmail.savednsingle.org/cpsess5003052442/3rdparty/roundcube/?_task=mail&_mbox=INBOX" "Mozilla/5.0 (Windows NT 10.0; Win64; x64) AppleWebKit/537.36 (KHTML, like Gecko) Chrome/151.0.0.0 Safari/537.36"
197.184.86.246 - - [31/Aug/2026:12:33:46 -0400] "POST /cpsess0453424392/3rdparty/roundcube/?_task=mail&_action=refresh HTTP/1.1" 200 1388 "https://webmail.savednsingle.org/cpsess0453424392/3rdparty/roundcube/?_task=mail&_mbox=INBOX" "Mozilla/5.0 (Windows NT 10.0; Win64; x64; rv:154.0) Gecko/20100101 Firefox/154.0"
66.249.65.39 - - [31/Aug/2026:12:34:19 -0400] "GET /?u=p6s1a5l5m3s87273 HTTP/1.1" 200 281 "-" "Mozilla/5.0 (Linux; Android 6.0.1; Nexus 5X Build/MMB29P) AppleWebKit/537.36 (KHTML, like Gecko) Chrome/151.0.7922.173 Mobile Safari/537.36 (compatible; Googlebot/2.1; +http://www.google.com/bot.html)"
197.184.86.246 - - [31/Aug/2026:12:34:53 -0400] "POST /cpsess0453424392/3rdparty/roundcube/?_task=mail&_action=refresh HTTP/1.1" 200 1388 "https://webmail.savednsingle.org/cpsess0453424392/3rdparty/roundcube/?_task=mail&_mbox=INBOX" "Mozilla/5.0 (Windows NT 10.0; Win64; x64; rv:154.0) Gecko/20100101 Firefox/154.0"
66.249.65.39 - - [31/Aug/2026:12:35:24 -0400] "GET /affectedly/bescratch/n1a3t7u3r0i3s0m8861 HTTP/1.1" 404 236 "-" "Mozilla/5.0 (Linux; Android 6.0.1; Nexus 5X Build/MMB29P) AppleWebKit/537.36 (KHTML, like Gecko) Chrome/151.0.7922.173 Mobile Safari/537.36 (compatible; Googlebot/2.1; +http://www.google.com/bot.html)"
66.249.65.37 - - [31/Aug/2026:12:35:52 -0400] "GET /shopping/048000003 HTTP/1.1" 404 236 "-" "Mozilla/5.0 (Linux; Android 6.0.1; Nexus 5X Build/MMB29P) AppleWebKit/537.36 (KHTML, like Gecko) Chrome/151.0.7922.173 Mobile Safari/537.36 (compatible; Googlebot/2.1; +http://www.google.com/bot.html)"
66.249.65.130 - - [31/Aug/2026:12:35:59 -0400] "GET /?a=2720947520 HTTP/1.1" 200 281 "-" "Mozilla/5.0 (compatible; Googlebot/2.1; +http://www.google.com/bot.html)"
197.184.86.246 - - [31/Aug/2026:12:36:00 -0400] "POST /cpsess0453424392/3rdparty/roundcube/?_task=mail&_action=refresh HTTP/1.1" 200 1855 "https://webmail.savednsingle.org/cpsess0453424392/3rdparty/roundcube/?_task=mail&_mbox=INBOX" "Mozilla/5.0 (Windows NT 10.0; Win64; x64; rv:154.0) Gecko/20100101 Firefox/154.0"
66.249.65.130 - - [31/Aug/2026:12:36:59 -0400] "GET /reconvention/b9r6o1w1n8e5d8516 HTTP/1.1" 404 236 "-" "Mozilla/5.0 (compatible; Googlebot/2.1; +http://www.google.com/bot.html)"
197.184.86.246 - - [31/Aug/2026:12:37:07 -0400] "POST /cpsess0453424392/3rdparty/roundcube/?_task=mail&_action=refresh HTTP/1.1" 200 1877 "https://webmail.savednsingle.org/cpsess0453424392/3rdparty/roundcube/?_task=mail&_mbox=INBOX" "Mozilla/5.0 (Windows NT 10.0; Win64; x64; rv:154.0) Gecko/20100101 Firefox/154.0"
66.249.65.130 - - [31/Aug/2026:12:37:11 -0400] "GET /shops/makingiron/c3a2t3h2a9r4p2i6n974 HTTP/1.1" 404 236 "-" "Mozilla/5.0 (compatible; Googlebot/2.1; +http://www.google.com/bot.html)"
66.249.65.37 - - [31/Aug/2026:12:37:18 -0400] "GET /boxhauled/s8t1u9r2n9e6l5l1a162 HTTP/1.1" 404 236 "-" "Mozilla/5.0 (compatible; Googlebot/2.1; +http://www.google.com/bot.html)"
66.249.65.129 - - [31/Aug/2026:12:37:24 -0400] "GET /shops/rehearsing/d9e2t8u4r2p0a5t9e246 HTTP/1.1" 404 236 "-" "Mozilla/5.0 (Linux; Android 6.0.1; Nexus 5X Build/MMB29P) AppleWebKit/537.36 (KHTML, like Gecko) Chrome/151.0.7922.173 Mobile Safari/537.36 (compatible; Googlebot/2.1; +http://www.google.com/bot.html)"
66.249.65.38 - - [31/Aug/2026:12:37:55 -0400] "GET /?u=e5n1t0h5r9o9n1i9z6i2n3g HTTP/1.1" 200 281 "-" "Mozilla/5.0 (compatible; Googlebot/2.1; +http://www.google.com/bot.html)"
197.184.86.246 - - [31/Aug/2026:12:38:14 -0400] "POST /cpsess0453424392/3rdparty/roundcube/?_task=mail&_action=refresh HTTP/1.1" 200 1889 "https://webmail.savednsingle.org/cpsess0453424392/3rdparty/roundcube/?_task=mail&_mbox=INBOX" "Mozilla/5.0 (Windows NT 10.0; Win64; x64; rv:154.0) Gecko/20100101 Firefox/154.0"
66.249.65.129 - - [31/Aug/2026:12:38:20 -0400] "GET /?a=9050642710 HTTP/1.1" 200 281 "-" "Mozilla/5.0 (compatible; Googlebot/2.1; +http://www.google.com/bot.html)"
66.249.65.129 - - [31/Aug/2026:12:38:37 -0400] "GET /shops/sillabub/w9e6e5p7f9u9l216 HTTP/1.1" 404 236 "-" "Mozilla/5.0 (Linux; Android 6.0.1; Nexus 5X Build/MMB29P) AppleWebKit/537.36 (KHTML, like Gecko) Chrome/151.0.7922.173 Mobile Safari/537.36 (compatible; Googlebot/2.1; +http://www.google.com/bot.html)"
66.249.65.128 - - [31/Aug/2026:12:38:43 -0400] "GET /gully/pilosus/72277639700 HTTP/1.1" 404 236 "-" "Mozilla/5.0 (Linux; Android 6.0.1; Nexus 5X Build/MMB29P) AppleWebKit/537.36 (KHTML, like Gecko) Chrome/151.0.7922.173 Mobile Safari/537.36 (compatible; Googlebot/2.1; +http://www.google.com/bot.html)"
66.249.65.37 - - [31/Aug/2026:12:38:49 -0400] "GET /deerlet/boistously/43228909253 HTTP/1.1" 404 236 "-" "Mozilla/5.0 (Linux; Android 6.0.1; Nexus 5X Build/MMB29P) AppleWebKit/537.36 (KHTML, like Gecko) Chrome/151.0.7922.173 Mobile Safari/537.36 (compatible; Googlebot/2.1; +http://www.google.com/bot.html)"
66.249.65.128 - - [31/Aug/2026:12:38:55 -0400] "GET /about/ HTTP/1.1" 404 236 "-" "Mozilla/5.0 (Linux; Android 6.0.1; Nexus 5X Build/MMB29P) AppleWebKit/537.36 (KHTML, like Gecko) Chrome/151.0.7922.173 Mobile Safari/537.36 (compatible; Googlebot/2.1; +http://www.google.com/bot.html)"
66.249.65.130 - - [31/Aug/2026:12:39:00 -0400] "GET /shops/japhetic/d9i1g6i5t5a9l0i1z6a5t4ion HTTP/1.1" 404 236 "-" "Mozilla/5.0 (Linux; Android 6.0.1; Nexus 5X Build/MMB29P) AppleWebKit/537.36 (KHTML, like Gecko) Chrome/151.0.7922.173 Mobile Safari/537.36 (compatible; Googlebot/2.1; +http://www.google.com/bot.html)"
66.249.65.128 - - [31/Aug/2026:12:39:06 -0400] "GET /?u=g6n2a9r6r2933948 HTTP/1.1" 200 281 "-" "Mozilla/5.0 (Linux; Android 6.0.1; Nexus 5X Build/MMB29P) AppleWebKit/537.36 (KHTML, like Gecko) Chrome/151.0.7922.173 Mobile Safari/537.36 (compatible; GoogleOther)"
66.249.65.128 - - [31/Aug/2026:12:39:17 -0400] "GET /shops/handystroke/l8o2p5h1o3t3h5u2r2i1a7 HTTP/1.1" 404 236 "-" "Mozilla/5.0 (Linux; Android 6.0.1; Nexus 5X Build/MMB29P) AppleWebKit/537.36 (KHTML, like Gecko) Chrome/151.0.7922.173 Mobile Safari/537.36 (compatible; Googlebot/2.1; +http://www.google.com/bot.html)"
197.184.86.246 - - [31/Aug/2026:12:39:21 -0400] "POST /cpsess0453424392/3rdparty/roundcube/?_task=mail&_action=refresh HTTP/1.1" 200 1893 "https://webmail.savednsingle.org/cpsess0453424392/3rdparty/roundcube/?_task=mail&_mbox=INBOX" "Mozilla/5.0 (Windows NT 10.0; Win64; x64; rv:154.0) Gecko/20100101 Firefox/154.0"
197.184.86.246 - - [31/Aug/2026:12:40:27 -0400] "POST /cpsess0453424392/3rdparty/roundcube/?_task=mail&_action=refresh HTTP/1.1" 200 1425 "https://webmail.savednsingle.org/cpsess0453424392/3rdparty/roundcube/?_task=mail&_mbox=INBOX" "Mozilla/5.0 (Windows NT 10.0; Win64; x64; rv:154.0) Gecko/20100101 Firefox/154.0"
66.249.65.129 - - [31/Aug/2026:12:40:49 -0400] "GET /?a=8129937060 HTTP/1.1" 200 281 "-" "Mozilla/5.0 (Linux; Android 6.0.1; Nexus 5X Build/MMB29P) AppleWebKit/537.36 (KHTML, like Gecko) Chrome/151.0.7922.173 Mobile Safari/537.36 (compatible; Googlebot/2.1; +http://www.google.com/bot.html)"
66.249.65.129 - - [31/Aug/2026:12:40:54 -0400] "GET /shops/mundungus/s8t3a3g7g2e6r5s0962 HTTP/1.1" 404 236 "-" "Mozilla/5.0 (Linux; Android 6.0.1; Nexus 5X Build/MMB29P) AppleWebKit/537.36 (KHTML, like Gecko) Chrome/151.0.7922.173 Mobile Safari/537.36 (compatible; Googlebot/2.1; +http://www.google.com/bot.html)"
197.184.86.246 - - [31/Aug/2026:12:41:34 -0400] "POST /cpsess0453424392/3rdparty/roundcube/?_task=mail&_action=refresh HTTP/1.1" 200 1389 "https://webmail.savednsingle.org/cpsess0453424392/3rdparty/roundcube/?_task=mail&_mbox=INBOX" "Mozilla/5.0 (Windows NT 10.0; Win64; x64; rv:154.0) Gecko/20100101 Firefox/154.0"
66.249.65.130 - - [31/Aug/2026:12:42:16 -0400] "GET /?undeterminate/81046197722 HTTP/1.1" 200 281 "-" "Mozilla/5.0 (Linux; Android 6.0.1; Nexus 5X Build/MMB29P) AppleWebKit/537.36 (KHTML, like Gecko) Chrome/151.0.7922.173 Mobile Safari/537.36 (compatible; Googlebot/2.1; +http://www.google.com/bot.html)"
66.249.65.38 - - [31/Aug/2026:12:42:27 -0400] "GET /shops/perching/s6a2l5v2o7s776024 HTTP/1.1" 404 236 "-" "Mozilla/5.0 (Linux; Android 6.0.1; Nexus 5X Build/MMB29P) AppleWebKit/537.36 (KHTML, like Gecko) Chrome/151.0.7922.173 Mobile Safari/537.36 (compatible; Googlebot/2.1; +http://www.google.com/bot.html)"
197.184.86.246 - - [31/Aug/2026:12:42:41 -0400] "POST /cpsess0453424392/3rdparty/roundcube/?_task=mail&_action=refresh HTTP/1.1" 200 1389 "https://webmail.savednsingle.org/cpsess0453424392/3rdparty/roundcube/?_task=mail&_mbox=INBOX" "Mozilla/5.0 (Windows NT 10.0; Win64; x64; rv:154.0) Gecko/20100101 Firefox/154.0"
144.76.68.124 - - [31/Aug/2026:12:43:21 -0400] "GET /you-are-you/ HTTP/1.1" 404 236 "-" "serpstatbot/2.1 (advanced backlink tracking bot; https://serpstatbot.com/; abuse@serpstatbot.com)"
197.184.86.246 - - [31/Aug/2026:12:43:48 -0400] "POST /cpsess0453424392/3rdparty/roundcube/?_task=mail&_action=refresh HTTP/1.1" 200 1389 "https://webmail.savednsingle.org/cpsess0453424392/3rdparty/roundcube/?_task=mail&_mbox=INBOX" "Mozilla/5.0 (Windows NT 10.0; Win64; x64; rv:154.0) Gecko/20100101 Firefox/154.0"
66.249.65.39 - - [31/Aug/2026:12:43:59 -0400] "GET /?u=v4e3r2a7t2r8i1a5897 HTTP/1.1" 200 281 "-" "Mozilla/5.0 (Linux; Android 6.0.1; Nexus 5X Build/MMB29P) AppleWebKit/537.36 (KHTML, like Gecko) Chrome/151.0.7922.173 Mobile Safari/537.36 (compatible; Googlebot/2.1; +http://www.google.com/bot.html)"
66.249.65.128 - - [31/Aug/2026:12:44:20 -0400] "GET /?u=d7o2c4k1e4t5e1d6130 HTTP/1.1" 200 281 "-" "Mozilla/5.0 (compatible; Googlebot/2.1; +http://www.google.com/bot.html)"
144.76.68.124 - - [31/Aug/2026:12:44:31 -0400] "GET /to-forgive/ HTTP/1.1" 404 236 "-" "serpstatbot/2.1 (advanced backlink tracking bot; https://serpstatbot.com/; abuse@serpstatbot.com)"
66.249.65.129 - - [31/Aug/2026:12:44:41 -0400] "GET /shops/magian/a8n3g5i6o7c8a3r1p3o2u5s HTTP/1.1" 404 236 "-" "Mozilla/5.0 (compatible; Googlebot/2.1; +http://www.google.com/bot.html)"
144.76.68.124 - - [31/Aug/2026:12:44:48 -0400] "GET /self-love/ HTTP/1.1" 404 236 "-" "serpstatbot/2.1 (advanced backlink tracking bot; https://serpstatbot.com/; abuse@serpstatbot.com)"
197.184.86.246 - - [31/Aug/2026:12:44:55 -0400] "POST /cpsess0453424392/3rdparty/roundcube/?_task=mail&_action=refresh HTTP/1.1" 200 1389 "https://webmail.savednsingle.org/cpsess0453424392/3rdparty/roundcube/?_task=mail&_mbox=INBOX" "Mozilla/5.0 (Windows NT 10.0; Win64; x64; rv:154.0) Gecko/20100101 Firefox/154.0"
198.204.240.234 - - [31/Aug/2026:12:45:20 -0400] "GET /wp-content/x7a7275/index.php HTTP/1.1" 404 236 "https://savednsingle.org/wp-content/x7a7275/index.php" "Opera/9.80 (Macintosh; Intel Mac OS X 10.6.8; U; ja) Presto/2.10.289 Version/12.00"
102.129.75.175 - - [31/Aug/2026:12:45:32 -0400] "GET /shops/rubeola/a0r3r0h2y2t6m4y7735 HTTP/1.1" 404 236 "https://savednsingle.org/shops/rubeola/a0r3r0h2y2t6m4y7735" "Mozilla/5.0 (iPhone; CPU iPhone OS 17_0 like Mac OS X) AppleWebKit/605.1.15 (KHTML, like Gecko) Version/17.0 Mobile/15E148 Safari/604.1"
197.184.86.246 - - [31/Aug/2026:12:46:02 -0400] "POST /cpsess0453424392/3rdparty/roundcube/?_task=mail&_action=refresh HTTP/1.1" 200 1389 "https://webmail.savednsingle.org/cpsess0453424392/3rdparty/roundcube/?_task=mail&_mbox=INBOX" "Mozilla/5.0 (Windows NT 10.0; Win64; x64; rv:154.0) Gecko/20100101 Firefox/154.0"
66.249.65.128 - - [31/Aug/2026:12:46:06 -0400] "GET /interrogate/octomaculata/11823010258 HTTP/1.1" 404 236 "-" "Mozilla/5.0 (Linux; Android 6.0.1; Nexus 5X Build/MMB29P) AppleWebKit/537.36 (KHTML, like Gecko) Chrome/151.0.7922.173 Mobile Safari/537.36 (compatible; Googlebot/2.1; +http://www.google.com/bot.html)"
66.249.65.39 - - [31/Aug/2026:12:46:24 -0400] "GET /?u=e2r4e2t7h4i9s7m2267 HTTP/1.1" 200 281 "-" "Mozilla/5.0 (Linux; Android 6.0.1; Nexus 5X Build/MMB29P) AppleWebKit/537.36 (KHTML, like Gecko) Chrome/151.0.7922.173 Mobile Safari/537.36 (compatible; Googlebot/2.1; +http://www.google.com/bot.html)"
144.76.68.124 - - [31/Aug/2026:12:46:34 -0400] "GET /?C=S&O=A HTTP/1.1" 200 281 "-" "serpstatbot/2.1 (advanced backlink tracking bot; https://serpstatbot.com/; abuse@serpstatbot.com)"
144.76.68.124 - - [31/Aug/2026:12:46:51 -0400] "GET /?C=N&O=D HTTP/1.1" 200 279 "-" "serpstatbot/2.1 (advanced backlink tracking bot; https://serpstatbot.com/; abuse@serpstatbot.com)"
144.76.68.124 - - [31/Aug/2026:12:47:03 -0400] "GET /?C=M&O=A HTTP/1.1" 200 281 "-" "serpstatbot/2.1 (advanced backlink tracking bot; https://serpstatbot.com/; abuse@serpstatbot.com)"
197.184.86.246 - - [31/Aug/2026:12:47:09 -0400] "POST /cpsess0453424392/3rdparty/roundcube/?_task=mail&_action=refresh HTTP/1.1" 200 1913 "https://webmail.savednsingle.org/cpsess0453424392/3rdparty/roundcube/?_task=mail&_mbox=INBOX" "Mozilla/5.0 (Windows NT 10.0; Win64; x64; rv:154.0) Gecko/20100101 Firefox/154.0"
66.249.65.39 - - [31/Aug/2026:12:47:14 -0400] "GET /?u=g6a1s8t5r4o0l0o9b0i5u8m HTTP/1.1" 200 281 "-" "Mozilla/5.0 (Linux; Android 6.0.1; Nexus 5X Build/MMB29P) AppleWebKit/537.36 (KHTML, like Gecko) Chrome/151.0.7922.173 Mobile Safari/537.36 (compatible; Googlebot/2.1; +http://www.google.com/bot.html)"
144.76.68.124 - - [31/Aug/2026:12:47:14 -0400] "GET /?C=D&O=A HTTP/1.1" 200 281 "-" "serpstatbot/2.1 (advanced backlink tracking bot; https://serpstatbot.com/; abuse@serpstatbot.com)"
66.249.65.39 - - [31/Aug/2026:12:48:05 -0400] "GET /?u=s0p2i8n2i7g2e8r5o8u5s9 HTTP/1.1" 200 281 "-" "Mozilla/5.0 (Linux; Android 6.0.1; Nexus 5X Build/MMB29P) AppleWebKit/537.36 (KHTML, like Gecko) Chrome/151.0.7922.173 Mobile Safari/537.36 (compatible; Googlebot/2.1; +http://www.google.com/bot.html)"
197.184.86.246 - - [31/Aug/2026:12:48:16 -0400] "POST /cpsess0453424392/3rdparty/roundcube/?_task=mail&_action=refresh HTTP/1.1" 200 1934 "https://webmail.savednsingle.org/cpsess0453424392/3rdparty/roundcube/?_task=mail&_mbox=INBOX" "Mozilla/5.0 (Windows NT 10.0; Win64; x64; rv:154.0) Gecko/20100101 Firefox/154.0"
45.200.124.23 - - [31/Aug/2026:12:48:16 -0400] "GET /shops/roughing/a2c1t6i2n4o2g4r5a2p8h0 HTTP/1.1" 404 236 "https://savednsingle.org/shops/roughing/a2c1t6i2n4o2g4r5a2p8h0" "Mozilla/5.0 (Linux; Android 13; V2180) AppleWebKit/537.36 (KHTML, like Gecko) Chrome/150.0.5990.107 Mobile Safari/537.36"
66.249.65.37 - - [31/Aug/2026:12:48:57 -0400] "GET /?u=h0e1a3d0s3m0a4n2304 HTTP/1.1" 200 281 "-" "Mozilla/5.0 (Linux; Android 6.0.1; Nexus 5X Build/MMB29P) AppleWebKit/537.36 (KHTML, like Gecko) Chrome/151.0.7922.173 Mobile Safari/537.36 (compatible; Googlebot/2.1; +http://www.google.com/bot.html)"
197.184.86.246 - - [31/Aug/2026:12:49:22 -0400] "POST /cpsess0453424392/3rdparty/roundcube/?_task=mail&_action=refresh HTTP/1.1" 200 1953 "https://webmail.savednsingle.org/cpsess0453424392/3rdparty/roundcube/?_task=mail&_mbox=INBOX" "Mozilla/5.0 (Windows NT 10.0; Win64; x64; rv:154.0) Gecko/20100101 Firefox/154.0"
66.249.65.38 - - [31/Aug/2026:12:49:48 -0400] "GET /?u=p6a2v2a8n9e995105 HTTP/1.1" 200 281 "-" "Mozilla/5.0 (Linux; Android 6.0.1; Nexus 5X Build/MMB29P) AppleWebKit/537.36 (KHTML, like Gecko) Chrome/151.0.7922.173 Mobile Safari/537.36 (compatible; Googlebot/2.1; +http://www.google.com/bot.html)"
197.184.86.246 - - [31/Aug/2026:12:50:29 -0400] "POST /cpsess0453424392/3rdparty/roundcube/?_task=mail&_action=refresh HTTP/1.1" 200 1428 "https://webmail.savednsingle.org/cpsess0453424392/3rdparty/roundcube/?_task=mail&_mbox=INBOX" "Mozilla/5.0 (Windows NT 10.0; Win64; x64; rv:154.0) Gecko/20100101 Firefox/154.0"
66.249.65.39 - - [31/Aug/2026:12:50:38 -0400] "GET /?u=r0o1u9g3h0l9y14113 HTTP/1.1" 200 281 "-" "Mozilla/5.0 (Linux; Android 6.0.1; Nexus 5X Build/MMB29P) AppleWebKit/537.36 (KHTML, like Gecko) Chrome/151.0.7922.173 Mobile Safari/537.36 (compatible; Googlebot/2.1; +http://www.google.com/bot.html)"
66.249.65.38 - - [31/Aug/2026:12:51:29 -0400] "GET /?u=p0o2e9n3a1m7u67722 HTTP/1.1" 200 281 "-" "Mozilla/5.0 (Linux; Android 6.0.1; Nexus 5X Build/MMB29P) AppleWebKit/537.36 (KHTML, like Gecko) Chrome/151.0.7922.173 Mobile Safari/537.36 (compatible; Googlebot/2.1; +http://www.google.com/bot.html)"
197.184.86.246 - - [31/Aug/2026:12:51:36 -0400] "POST /cpsess0453424392/3rdparty/roundcube/?_task=mail&_action=refresh HTTP/1.1" 200 1389 "https://webmail.savednsingle.org/cpsess0453424392/3rdparty/roundcube/?_task=mail&_mbox=INBOX" "Mozilla/5.0 (Windows NT 10.0; Win64; x64; rv:154.0) Gecko/20100101 Firefox/154.0"
86.97.179.121 - - [31/Aug/2026:12:52:29 -0400] "GET /shops/rivets/s2p2i3r2o1c3h2a2e3t3a7 HTTP/1.1" 404 236 "https://savednsingle.org/shops/rivets/s2p2i3r2o1c3h2a2e3t3a7" "Mozilla/5.0 (iPhone; CPU iPhone OS 16_2 like Mac OS X) AppleWebKit/605.1.15 (KHTML, like Gecko) Version/16.2 Mobile/15E148 Safari/604.1"
197.184.86.246 - - [31/Aug/2026:12:52:43 -0400] "POST /cpsess0453424392/3rdparty/roundcube/?_task=mail&_action=refresh HTTP/1.1" 200 1389 "https://webmail.savednsingle.org/cpsess0453424392/3rdparty/roundcube/?_task=mail&_mbox=INBOX" "Mozilla/5.0 (Windows NT 10.0; Win64; x64; rv:154.0) Gecko/20100101 Firefox/154.0"
66.249.65.39 - - [31/Aug/2026:12:53:09 -0400] "GET /?u=c6y3p1e1r9a1c9e3a5e06 HTTP/1.1" 200 281 "-" "Mozilla/5.0 (Linux; Android 6.0.1; Nexus 5X Build/MMB29P) AppleWebKit/537.36 (KHTML, like Gecko) Chrome/151.0.7922.173 Mobile Safari/537.36 (compatible; Googlebot/2.1; +http://www.google.com/bot.html)"
102.69.211.223 - - [31/Aug/2026:12:53:30 -0400] "GET /cpsess5003052442/3rdparty/roundcube/?_task=mail&_mbox=INBOX HTTP/1.1" 308 148 "https://webmail.savednsingle.org/cpsess5003052442/3rdparty/roundcube/?_task=mail&_mbox=INBOX" "Mozilla/5.0 (Windows NT 10.0; Win64; x64) AppleWebKit/537.36 (KHTML, like Gecko) Chrome/151.0.0.0 Safari/537.36"
102.69.211.223 - - [31/Aug/2026:12:53:30 -0400] "GET /cpsess5003052442/3rdparty/roundcube/?_task=mail&_mbox=INBOX HTTP/1.1" 302 - "https://webmail.savednsingle.org/cpsess5003052442/3rdparty/roundcube/?_task=mail&_mbox=INBOX" "Mozilla/5.0 (Windows NT 10.0; Win64; x64) AppleWebKit/537.36 (KHTML, like Gecko) Chrome/151.0.0.0 Safari/537.36"
102.69.211.223 - - [31/Aug/2026:12:53:31 -0400] "GET /cpsess5003052442/3rdparty/roundcube/?_task=mail&_token=NczS77MZoubsZm3PI4ipNFBBTYGRqstw HTTP/1.1" 200 11812 "https://webmail.savednsingle.org/cpsess5003052442/3rdparty/roundcube/?_task=mail&_mbox=INBOX" "Mozilla/5.0 (Windows NT 10.0; Win64; x64) AppleWebKit/537.36 (KHTML, like Gecko) Chrome/151.0.0.0 Safari/537.36"
102.69.211.223 - - [31/Aug/2026:12:53:32 -0400] "GET /cpsess5003052442/3rdparty/roundcube/skins/elastic/watermark.html HTTP/1.1" 200 494 "https://webmail.savednsingle.org/cpsess5003052442/3rdparty/roundcube/?_task=mail&_token=NczS77MZoubsZm3PI4ipNFBBTYGRqstw" "Mozilla/5.0 (Windows NT 10.0; Win64; x64) AppleWebKit/537.36 (KHTML, like Gecko) Chrome/151.0.0.0 Safari/537.36"
102.69.211.223 - - [31/Aug/2026:12:53:32 -0400] "GET /cpsess5003052442/3rdparty/roundcube/?_task=mail&_action=getunread&_page=1&_remote=1&_unlock=0&_=1788195212104 HTTP/1.1" 200 1395 "https://webmail.savednsingle.org/cpsess5003052442/3rdparty/roundcube/?_task=mail&_mbox=INBOX" "Mozilla/5.0 (Windows NT 10.0; Win64; x64) AppleWebKit/537.36 (KHTML, like Gecko) Chrome/151.0.0.0 Safari/537.36"
102.69.211.223 - - [31/Aug/2026:12:53:32 -0400] "GET /cpsess5003052442/3rdparty/roundcube/?_task=mail&_action=list&_refresh=1&_layout=widescreen&_mbox=INBOX&_page=&_remote=1&_unlock=loading1788195212357&_=1788195212103 HTTP/1.1" 200 2075 "https://webmail.savednsingle.org/cpsess5003052442/3rdparty/roundcube/?_task=mail&_token=NczS77MZoubsZm3PI4ipNFBBTYGRqstw" "Mozilla/5.0 (Windows NT 10.0; Win64; x64) AppleWebKit/537.36 (KHTML, like Gecko) Chrome/151.0.0.0 Safari/537.36"
102.69.211.223 - - [31/Aug/2026:12:53:32 -0400] "GET /cpsess5003052442/3rdparty/roundcube/skins/elastic/watermark.html HTTP/1.1" 200 494 "https://webmail.savednsingle.org/cpsess5003052442/3rdparty/roundcube/?_task=mail&_token=NczS77MZoubsZm3PI4ipNFBBTYGRqstw" "Mozilla/5.0 (Windows NT 10.0; Win64; x64) AppleWebKit/537.36 (KHTML, like Gecko) Chrome/151.0.0.0 Safari/537.36"
102.69.211.223 - - [31/Aug/2026:12:53:32 -0400] "GET /cpsess5003052442/3rdparty/roundcube/skins/elastic/watermark.html HTTP/1.1" 200 494 "https://webmail.savednsingle.org/cpsess5003052442/3rdparty/roundcube/?_task=mail&_mbox=INBOX" "Mozilla/5.0 (Windows NT 10.0; Win64; x64) AppleWebKit/537.36 (KHTML, like Gecko) Chrome/151.0.0.0 Safari/537.36"
34.64.44.213 - - [31/Aug/2026:12:53:45 -0400] "GET / HTTP/1.1" 200 281 "-" "Mozilla/5.0 (X11; Linux x86_64) AppleWebKit/537.36 (KHTML, like Gecko) Chrome/131.0.0.0 Safari/537.36"
34.64.44.213 - - [31/Aug/2026:12:53:45 -0400] "POST / HTTP/1.1" 404 236 "-" "Mozilla/5.0 (X11; Linux x86_64) AppleWebKit/537.36 (KHTML, like Gecko) Chrome/131.0.0.0 Safari/537.36"
34.64.44.213 - - [31/Aug/2026:12:53:45 -0400] "GET / HTTP/1.1" 200 281 "-" "Mozilla/5.0 (Windows NT 10.0; Win64; x64) AppleWebKit/537.36 (KHTML, like Gecko) Chrome/131.0.0.0 Safari/537.36"
34.64.44.213 - - [31/Aug/2026:12:53:45 -0400] "POST / HTTP/1.1" 404 236 "-" "Mozilla/5.0 (X11; Linux x86_64) AppleWebKit/537.36 (KHTML, like Gecko) Chrome/131.0.0.0 Safari/537.36"
34.64.44.213 - - [31/Aug/2026:12:53:46 -0400] "POST / HTTP/1.1" 404 236 "-" "Mozilla/5.0 (Windows NT 10.0; Win64; x64) AppleWebKit/537.36 (KHTML, like Gecko) Chrome/131.0.0.0 Safari/537.36"
34.64.44.213 - - [31/Aug/2026:12:53:46 -0400] "POST / HTTP/1.1" 404 236 "-" "Mozilla/5.0 (X11; Linux x86_64) AppleWebKit/537.36 (KHTML, like Gecko) Chrome/131.0.0.0 Safari/537.36"
34.64.44.213 - - [31/Aug/2026:12:53:46 -0400] "GET /.git/config HTTP/1.1" 406 300 "-" "Mozilla/5.0 (X11; Linux x86_64) AppleWebKit/537.36 (KHTML, like Gecko) Chrome/131.0.0.0 Safari/537.36"
34.64.44.213 - - [31/Aug/2026:12:53:46 -0400] "POST / HTTP/1.1" 404 236 "-" "Mozilla/5.0 (Windows NT 10.0; Win64; x64) AppleWebKit/537.36 (KHTML, like Gecko) Chrome/131.0.0.0 Safari/537.36"
34.64.44.213 - - [31/Aug/2026:12:53:46 -0400] "POST / HTTP/1.1" 404 236 "-" "Mozilla/5.0 (Windows NT 10.0; Win64; x64) AppleWebKit/537.36 (KHTML, like Gecko) Chrome/131.0.0.0 Safari/537.36"
34.64.44.213 - - [31/Aug/2026:12:53:47 -0400] "GET /.git/config HTTP/1.1" 406 300 "-" "Mozilla/5.0 (Windows NT 10.0; Win64; x64) AppleWebKit/537.36 (KHTML, like Gecko) Chrome/131.0.0.0 Safari/537.36"
34.64.44.213 - - [31/Aug/2026:12:53:47 -0400] "POST / HTTP/1.1" 404 236 "-" "Mozilla/5.0 (X11; Linux x86_64) AppleWebKit/537.36 (KHTML, like Gecko) Chrome/131.0.0.0 Safari/537.36"
34.64.44.213 - - [31/Aug/2026:12:53:47 -0400] "GET /.env HTTP/1.1" 406 300 "-" "Mozilla/5.0 (X11; Linux x86_64) AppleWebKit/537.36 (KHTML, like Gecko) Chrome/131.0.0.0 Safari/537.36"
34.64.44.213 - - [31/Aug/2026:12:53:48 -0400] "POST / HTTP/1.1" 404 236 "-" "Mozilla/5.0 (Windows NT 10.0; Win64; x64) AppleWebKit/537.36 (KHTML, like Gecko) Chrome/131.0.0.0 Safari/537.36"
34.64.44.213 - - [31/Aug/2026:12:53:48 -0400] "GET /.env HTTP/1.1" 406 300 "-" "Mozilla/5.0 (Windows NT 10.0; Win64; x64) AppleWebKit/537.36 (KHTML, like Gecko) Chrome/131.0.0.0 Safari/537.36"
34.64.44.213 - - [31/Aug/2026:12:53:48 -0400] "GET /.env.local HTTP/1.1" 406 300 "-" "Mozilla/5.0 (X11; Linux x86_64) AppleWebKit/537.36 (KHTML, like Gecko) Chrome/131.0.0.0 Safari/537.36"
34.64.44.213 - - [31/Aug/2026:12:53:49 -0400] "GET /.env.local HTTP/1.1" 406 300 "-" "Mozilla/5.0 (Windows NT 10.0; Win64; x64) AppleWebKit/537.36 (KHTML, like Gecko) Chrome/131.0.0.0 Safari/537.36"
34.64.44.213 - - [31/Aug/2026:12:53:49 -0400] "GET /.env.production HTTP/1.1" 406 300 "-" "Mozilla/5.0 (X11; Linux x86_64) AppleWebKit/537.36 (KHTML, like Gecko) Chrome/131.0.0.0 Safari/537.36"
197.184.86.246 - - [31/Aug/2026:12:53:50 -0400] "POST /cpsess0453424392/3rdparty/roundcube/?_task=mail&_action=refresh HTTP/1.1" 308 152 "https://webmail.savednsingle.org/cpsess0453424392/3rdparty/roundcube/?_task=mail&_mbox=INBOX" "Mozilla/5.0 (Windows NT 10.0; Win64; x64; rv:154.0) Gecko/20100101 Firefox/154.0"
34.64.44.213 - - [31/Aug/2026:12:53:50 -0400] "GET /.env.production HTTP/1.1" 406 300 "-" "Mozilla/5.0 (Windows NT 10.0; Win64; x64) AppleWebKit/537.36 (KHTML, like Gecko) Chrome/131.0.0.0 Safari/537.36"
34.64.44.213 - - [31/Aug/2026:12:53:50 -0400] "GET /.env.staging HTTP/1.1" 406 300 "-" "Mozilla/5.0 (X11; Linux x86_64) AppleWebKit/537.36 (KHTML, like Gecko) Chrome/131.0.0.0 Safari/537.36"
197.184.86.246 - - [31/Aug/2026:12:53:50 -0400] "POST /cpsess0453424392/3rdparty/roundcube/?_task=mail&_action=refresh HTTP/1.1" 200 1389 "https://webmail.savednsingle.org/cpsess0453424392/3rdparty/roundcube/?_task=mail&_mbox=INBOX" "Mozilla/5.0 (Windows NT 10.0; Win64; x64; rv:154.0) Gecko/20100101 Firefox/154.0"
34.64.44.213 - - [31/Aug/2026:12:53:51 -0400] "GET /.env.development HTTP/1.1" 406 300 "-" "Mozilla/5.0 (X11; Linux x86_64) AppleWebKit/537.36 (KHTML, like Gecko) Chrome/131.0.0.0 Safari/537.36"
34.64.44.213 - - [31/Aug/2026:12:53:51 -0400] "GET /.env.staging HTTP/1.1" 406 300 "-" "Mozilla/5.0 (Windows NT 10.0; Win64; x64) AppleWebKit/537.36 (KHTML, like Gecko) Chrome/131.0.0.0 Safari/537.36"
34.64.44.213 - - [31/Aug/2026:12:53:52 -0400] "GET /.env.test HTTP/1.1" 406 300 "-" "Mozilla/5.0 (X11; Linux x86_64) AppleWebKit/537.36 (KHTML, like Gecko) Chrome/131.0.0.0 Safari/537.36"
34.64.44.213 - - [31/Aug/2026:12:53:52 -0400] "GET /.env.development HTTP/1.1" 406 300 "-" "Mozilla/5.0 (Windows NT 10.0; Win64; x64) AppleWebKit/537.36 (KHTML, like Gecko) Chrome/131.0.0.0 Safari/537.36"
34.64.44.213 - - [31/Aug/2026:12:53:53 -0400] "GET /.env.remote HTTP/1.1" 406 300 "-" "Mozilla/5.0 (X11; Linux x86_64) AppleWebKit/537.36 (KHTML, like Gecko) Chrome/131.0.0.0 Safari/537.36"
34.64.44.213 - - [31/Aug/2026:12:53:53 -0400] "GET /.env.test HTTP/1.1" 406 300 "-" "Mozilla/5.0 (Windows NT 10.0; Win64; x64) AppleWebKit/537.36 (KHTML, like Gecko) Chrome/131.0.0.0 Safari/537.36"
34.64.44.213 - - [31/Aug/2026:12:53:54 -0400] "GET /.env.bak HTTP/1.1" 406 300 "-" "Mozilla/5.0 (X11; Linux x86_64) AppleWebKit/537.36 (KHTML, like Gecko) Chrome/131.0.0.0 Safari/537.36"
34.64.44.213 - - [31/Aug/2026:12:53:54 -0400] "GET /.env.remote HTTP/1.1" 406 300 "-" "Mozilla/5.0 (Windows NT 10.0; Win64; x64) AppleWebKit/537.36 (KHTML, like Gecko) Chrome/131.0.0.0 Safari/537.36"
34.64.44.213 - - [31/Aug/2026:12:53:55 -0400] "GET /.env.backup HTTP/1.1" 406 300 "-" "Mozilla/5.0 (X11; Linux x86_64) AppleWebKit/537.36 (KHTML, like Gecko) Chrome/131.0.0.0 Safari/537.36"
34.64.44.213 - - [31/Aug/2026:12:53:55 -0400] "GET /.env.bak HTTP/1.1" 406 300 "-" "Mozilla/5.0 (Windows NT 10.0; Win64; x64) AppleWebKit/537.36 (KHTML, like Gecko) Chrome/131.0.0.0 Safari/537.36"
34.64.44.213 - - [31/Aug/2026:12:53:56 -0400] "GET /.env.save HTTP/1.1" 406 300 "-" "Mozilla/5.0 (X11; Linux x86_64) AppleWebKit/537.36 (KHTML, like Gecko) Chrome/131.0.0.0 Safari/537.36"
34.64.44.213 - - [31/Aug/2026:12:53:56 -0400] "GET /.env.backup HTTP/1.1" 406 300 "-" "Mozilla/5.0 (Windows NT 10.0; Win64; x64) AppleWebKit/537.36 (KHTML, like Gecko) Chrome/131.0.0.0 Safari/537.36"
34.64.44.213 - - [31/Aug/2026:12:53:57 -0400] "GET /.env.old HTTP/1.1" 406 300 "-" "Mozilla/5.0 (X11; Linux x86_64) AppleWebKit/537.36 (KHTML, like Gecko) Chrome/131.0.0.0 Safari/537.36"
34.64.44.213 - - [31/Aug/2026:12:53:57 -0400] "GET /.env.save HTTP/1.1" 406 300 "-" "Mozilla/5.0 (Windows NT 10.0; Win64; x64) AppleWebKit/537.36 (KHTML, like Gecko) Chrome/131.0.0.0 Safari/537.36"
34.64.44.213 - - [31/Aug/2026:12:53:58 -0400] "GET /.env.sample HTTP/1.1" 406 300 "-" "Mozilla/5.0 (X11; Linux x86_64) AppleWebKit/537.36 (KHTML, like Gecko) Chrome/131.0.0.0 Safari/537.36"
34.64.44.213 - - [31/Aug/2026:12:53:58 -0400] "GET /.env.old HTTP/1.1" 406 300 "-" "Mozilla/5.0 (Windows NT 10.0; Win64; x64) AppleWebKit/537.36 (KHTML, like Gecko) Chrome/131.0.0.0 Safari/537.36"
34.64.44.213 - - [31/Aug/2026:12:53:59 -0400] "GET /.env.example HTTP/1.1" 406 300 "-" "Mozilla/5.0 (X11; Linux x86_64) AppleWebKit/537.36 (KHTML, like Gecko) Chrome/131.0.0.0 Safari/537.36"
34.64.44.213 - - [31/Aug/2026:12:53:59 -0400] "GET /.env.sample HTTP/1.1" 406 300 "-" "Mozilla/5.0 (Windows NT 10.0; Win64; x64) AppleWebKit/537.36 (KHTML, like Gecko) Chrome/131.0.0.0 Safari/537.36"
34.64.44.213 - - [31/Aug/2026:12:54:00 -0400] "GET /.env.dev HTTP/1.1" 406 300 "-" "Mozilla/5.0 (X11; Linux x86_64) AppleWebKit/537.36 (KHTML, like Gecko) Chrome/131.0.0.0 Safari/537.36"
34.64.44.213 - - [31/Aug/2026:12:54:00 -0400] "GET /.env.example HTTP/1.1" 406 300 "-" "Mozilla/5.0 (Windows NT 10.0; Win64; x64) AppleWebKit/537.36 (KHTML, like Gecko) Chrome/131.0.0.0 Safari/537.36"
34.64.44.213 - - [31/Aug/2026:12:54:01 -0400] "GET /.env.prod HTTP/1.1" 406 300 "-" "Mozilla/5.0 (X11; Linux x86_64) AppleWebKit/537.36 (KHTML, like Gecko) Chrome/131.0.0.0 Safari/537.36"
34.64.44.213 - - [31/Aug/2026:12:54:01 -0400] "GET /.env.dev HTTP/1.1" 406 300 "-" "Mozilla/5.0 (Windows NT 10.0; Win64; x64) AppleWebKit/537.36 (KHTML, like Gecko) Chrome/131.0.0.0 Safari/537.36"
34.64.44.213 - - [31/Aug/2026:12:54:02 -0400] "GET /.env.stage HTTP/1.1" 406 300 "-" "Mozilla/5.0 (X11; Linux x86_64) AppleWebKit/537.36 (KHTML, like Gecko) Chrome/131.0.0.0 Safari/537.36"
34.64.44.213 - - [31/Aug/2026:12:54:02 -0400] "GET /.env.prod HTTP/1.1" 406 300 "-" "Mozilla/5.0 (Windows NT 10.0; Win64; x64) AppleWebKit/537.36 (KHTML, like Gecko) Chrome/131.0.0.0 Safari/537.36"
34.64.44.213 - - [31/Aug/2026:12:54:03 -0400] "GET /.env.ci HTTP/1.1" 406 300 "-" "Mozilla/5.0 (X11; Linux x86_64) AppleWebKit/537.36 (KHTML, like Gecko) Chrome/131.0.0.0 Safari/537.36"
34.64.44.213 - - [31/Aug/2026:12:54:03 -0400] "GET /.env.stage HTTP/1.1" 406 300 "-" "Mozilla/5.0 (Windows NT 10.0; Win64; x64) AppleWebKit/537.36 (KHTML, like Gecko) Chrome/131.0.0.0 Safari/537.36"
34.64.44.213 - - [31/Aug/2026:12:54:04 -0400] "GET /.env.docker HTTP/1.1" 406 300 "-" "Mozilla/5.0 (X11; Linux x86_64) AppleWebKit/537.36 (KHTML, like Gecko) Chrome/131.0.0.0 Safari/537.36"
34.64.44.213 - - [31/Aug/2026:12:54:04 -0400] "GET /.env.ci HTTP/1.1" 406 300 "-" "Mozilla/5.0 (Windows NT 10.0; Win64; x64) AppleWebKit/537.36 (KHTML, like Gecko) Chrome/131.0.0.0 Safari/537.36"
34.64.44.213 - - [31/Aug/2026:12:54:05 -0400] "GET /.env.live HTTP/1.1" 406 300 "-" "Mozilla/5.0 (X11; Linux x86_64) AppleWebKit/537.36 (KHTML, like Gecko) Chrome/131.0.0.0 Safari/537.36"
34.64.44.213 - - [31/Aug/2026:12:54:05 -0400] "GET /.env.docker HTTP/1.1" 406 300 "-" "Mozilla/5.0 (Windows NT 10.0; Win64; x64) AppleWebKit/537.36 (KHTML, like Gecko) Chrome/131.0.0.0 Safari/537.36"
34.64.44.213 - - [31/Aug/2026:12:54:06 -0400] "GET /.env.preprod HTTP/1.1" 406 300 "-" "Mozilla/5.0 (X11; Linux x86_64) AppleWebKit/537.36 (KHTML, like Gecko) Chrome/131.0.0.0 Safari/537.36"
34.64.44.213 - - [31/Aug/2026:12:54:06 -0400] "GET /.env.live HTTP/1.1" 406 300 "-" "Mozilla/5.0 (Windows NT 10.0; Win64; x64) AppleWebKit/537.36 (KHTML, like Gecko) Chrome/131.0.0.0 Safari/537.36"
34.64.44.213 - - [31/Aug/2026:12:54:07 -0400] "GET /.env.uat HTTP/1.1" 406 300 "-" "Mozilla/5.0 (X11; Linux x86_64) AppleWebKit/537.36 (KHTML, like Gecko) Chrome/131.0.0.0 Safari/537.36"
34.64.44.213 - - [31/Aug/2026:12:54:07 -0400] "GET /.env.preprod HTTP/1.1" 406 300 "-" "Mozilla/5.0 (Windows NT 10.0; Win64; x64) AppleWebKit/537.36 (KHTML, like Gecko) Chrome/131.0.0.0 Safari/537.36"
34.64.44.213 - - [31/Aug/2026:12:54:08 -0400] "GET /.env.dist HTTP/1.1" 406 300 "-" "Mozilla/5.0 (X11; Linux x86_64) AppleWebKit/537.36 (KHTML, like Gecko) Chrome/131.0.0.0 Safari/537.36"
34.64.44.213 - - [31/Aug/2026:12:54:08 -0400] "GET /.env.uat HTTP/1.1" 406 300 "-" "Mozilla/5.0 (Windows NT 10.0; Win64; x64) AppleWebKit/537.36 (KHTML, like Gecko) Chrome/131.0.0.0 Safari/537.36"
34.64.44.213 - - [31/Aug/2026:12:54:09 -0400] "GET /.env.swp HTTP/1.1" 406 300 "-" "Mozilla/5.0 (X11; Linux x86_64) AppleWebKit/537.36 (KHTML, like Gecko) Chrome/131.0.0.0 Safari/537.36"
34.64.44.213 - - [31/Aug/2026:12:54:09 -0400] "GET /.env.dist HTTP/1.1" 406 300 "-" "Mozilla/5.0 (Windows NT 10.0; Win64; x64) AppleWebKit/537.36 (KHTML, like Gecko) Chrome/131.0.0.0 Safari/537.36"
34.64.44.213 - - [31/Aug/2026:12:54:10 -0400] "GET /.env~ HTTP/1.1" 406 300 "-" "Mozilla/5.0 (X11; Linux x86_64) AppleWebKit/537.36 (KHTML, like Gecko) Chrome/131.0.0.0 Safari/537.36"
34.64.44.213 - - [31/Aug/2026:12:54:10 -0400] "GET /.env.swp HTTP/1.1" 406 300 "-" "Mozilla/5.0 (Windows NT 10.0; Win64; x64) AppleWebKit/537.36 (KHTML, like Gecko) Chrome/131.0.0.0 Safari/537.36"
34.64.44.213 - - [31/Aug/2026:12:54:10 -0400] "GET /.env1 HTTP/1.1" 406 300 "-" "Mozilla/5.0 (X11; Linux x86_64) AppleWebKit/537.36 (KHTML, like Gecko) Chrome/131.0.0.0 Safari/537.36"
34.64.44.213 - - [31/Aug/2026:12:54:11 -0400] "GET /.env~ HTTP/1.1" 406 300 "-" "Mozilla/5.0 (Windows NT 10.0; Win64; x64) AppleWebKit/537.36 (KHTML, like Gecko) Chrome/131.0.0.0 Safari/537.36"
34.64.44.213 - - [31/Aug/2026:12:54:11 -0400] "GET /.env2 HTTP/1.1" 406 300 "-" "Mozilla/5.0 (X11; Linux x86_64) AppleWebKit/537.36 (KHTML, like Gecko) Chrome/131.0.0.0 Safari/537.36"
34.64.44.213 - - [31/Aug/2026:12:54:12 -0400] "GET /.env1 HTTP/1.1" 406 300 "-" "Mozilla/5.0 (Windows NT 10.0; Win64; x64) AppleWebKit/537.36 (KHTML, like Gecko) Chrome/131.0.0.0 Safari/537.36"
34.64.44.213 - - [31/Aug/2026:12:54:12 -0400] "GET /.env_copy HTTP/1.1" 406 300 "-" "Mozilla/5.0 (X11; Linux x86_64) AppleWebKit/537.36 (KHTML, like Gecko) Chrome/131.0.0.0 Safari/537.36"
34.64.44.213 - - [31/Aug/2026:12:54:12 -0400] "GET /.env2 HTTP/1.1" 406 300 "-" "Mozilla/5.0 (Windows NT 10.0; Win64; x64) AppleWebKit/537.36 (KHTML, like Gecko) Chrome/131.0.0.0 Safari/537.36"
34.64.44.213 - - [31/Aug/2026:12:54:13 -0400] "GET /.env.txt HTTP/1.1" 406 300 "-" "Mozilla/5.0 (X11; Linux x86_64) AppleWebKit/537.36 (KHTML, like Gecko) Chrome/131.0.0.0 Safari/537.36"
34.64.44.213 - - [31/Aug/2026:12:54:13 -0400] "GET /.env_copy HTTP/1.1" 406 300 "-" "Mozilla/5.0 (Windows NT 10.0; Win64; x64) AppleWebKit/537.36 (KHTML, like Gecko) Chrome/131.0.0.0 Safari/537.36"
34.64.44.213 - - [31/Aug/2026:12:54:14 -0400] "GET /.env.json HTTP/1.1" 406 300 "-" "Mozilla/5.0 (X11; Linux x86_64) AppleWebKit/537.36 (KHTML, like Gecko) Chrome/131.0.0.0 Safari/537.36"
66.249.65.38 - - [31/Aug/2026:12:54:15 -0400] "GET /shops/classicistic/h7o4r2m4o8g6o0n4i4u7m2 HTTP/1.1" 404 236 "-" "Mozilla/5.0 (compatible; Googlebot/2.1; +http://www.google.com/bot.html)"
34.64.44.213 - - [31/Aug/2026:12:54:15 -0400] "GET /.env.txt HTTP/1.1" 406 300 "-" "Mozilla/5.0 (Windows NT 10.0; Win64; x64) AppleWebKit/537.36 (KHTML, like Gecko) Chrome/131.0.0.0 Safari/537.36"
34.64.44.213 - - [31/Aug/2026:12:54:15 -0400] "GET /.env.yaml HTTP/1.1" 406 300 "-" "Mozilla/5.0 (X11; Linux x86_64) AppleWebKit/537.36 (KHTML, like Gecko) Chrome/131.0.0.0 Safari/537.36"
34.64.44.213 - - [31/Aug/2026:12:54:16 -0400] "GET /.env.json HTTP/1.1" 406 300 "-" "Mozilla/5.0 (Windows NT 10.0; Win64; x64) AppleWebKit/537.36 (KHTML, like Gecko) Chrome/131.0.0.0 Safari/537.36"
34.64.44.213 - - [31/Aug/2026:12:54:16 -0400] "GET /.env.yml HTTP/1.1" 406 300 "-" "Mozilla/5.0 (X11; Linux x86_64) AppleWebKit/537.36 (KHTML, like Gecko) Chrome/131.0.0.0 Safari/537.36"
34.64.44.213 - - [31/Aug/2026:12:54:17 -0400] "GET /app/.env HTTP/1.1" 406 300 "-" "Mozilla/5.0 (X11; Linux x86_64) AppleWebKit/537.36 (KHTML, like Gecko) Chrome/131.0.0.0 Safari/537.36"
34.64.44.213 - - [31/Aug/2026:12:54:17 -0400] "GET /.env.yaml HTTP/1.1" 406 300 "-" "Mozilla/5.0 (Windows NT 10.0; Win64; x64) AppleWebKit/537.36 (KHTML, like Gecko) Chrome/131.0.0.0 Safari/537.36"
34.64.44.213 - - [31/Aug/2026:12:54:18 -0400] "GET /apps/.env HTTP/1.1" 406 300 "-" "Mozilla/5.0 (X11; Linux x86_64) AppleWebKit/537.36 (KHTML, like Gecko) Chrome/131.0.0.0 Safari/537.36"
34.64.44.213 - - [31/Aug/2026:12:54:18 -0400] "GET /.env.yml HTTP/1.1" 406 300 "-" "Mozilla/5.0 (Windows NT 10.0; Win64; x64) AppleWebKit/537.36 (KHTML, like Gecko) Chrome/131.0.0.0 Safari/537.36"
34.64.44.213 - - [31/Aug/2026:12:54:18 -0400] "GET /api/.env HTTP/1.1" 406 300 "-" "Mozilla/5.0 (X11; Linux x86_64) AppleWebKit/537.36 (KHTML, like Gecko) Chrome/131.0.0.0 Safari/537.36"
34.64.44.213 - - [31/Aug/2026:12:54:19 -0400] "GET /app/.env HTTP/1.1" 406 300 "-" "Mozilla/5.0 (Windows NT 10.0; Win64; x64) AppleWebKit/537.36 (KHTML, like Gecko) Chrome/131.0.0.0 Safari/537.36"
34.64.44.213 - - [31/Aug/2026:12:54:20 -0400] "GET /web/.env HTTP/1.1" 406 300 "-" "Mozilla/5.0 (X11; Linux x86_64) AppleWebKit/537.36 (KHTML, like Gecko) Chrome/131.0.0.0 Safari/537.36"
34.64.44.213 - - [31/Aug/2026:12:54:20 -0400] "GET /apps/.env HTTP/1.1" 406 300 "-" "Mozilla/5.0 (Windows NT 10.0; Win64; x64) AppleWebKit/537.36 (KHTML, like Gecko) Chrome/131.0.0.0 Safari/537.36"
34.64.44.213 - - [31/Aug/2026:12:54:20 -0400] "GET /site/.env HTTP/1.1" 406 300 "-" "Mozilla/5.0 (X11; Linux x86_64) AppleWebKit/537.36 (KHTML, like Gecko) Chrome/131.0.0.0 Safari/537.36"
34.64.44.213 - - [31/Aug/2026:12:54:21 -0400] "GET /api/.env HTTP/1.1" 406 300 "-" "Mozilla/5.0 (Windows NT 10.0; Win64; x64) AppleWebKit/537.36 (KHTML, like Gecko) Chrome/131.0.0.0 Safari/537.36"
34.64.44.213 - - [31/Aug/2026:12:54:21 -0400] "GET /public/.env HTTP/1.1" 406 300 "-" "Mozilla/5.0 (X11; Linux x86_64) AppleWebKit/537.36 (KHTML, like Gecko) Chrome/131.0.0.0 Safari/537.36"
34.64.44.213 - - [31/Aug/2026:12:54:22 -0400] "GET /web/.env HTTP/1.1" 406 300 "-" "Mozilla/5.0 (Windows NT 10.0; Win64; x64) AppleWebKit/537.36 (KHTML, like Gecko) Chrome/131.0.0.0 Safari/537.36"
34.64.44.213 - - [31/Aug/2026:12:54:22 -0400] "GET /admin/.env HTTP/1.1" 406 300 "-" "Mozilla/5.0 (X11; Linux x86_64) AppleWebKit/537.36 (KHTML, like Gecko) Chrome/131.0.0.0 Safari/537.36"
34.64.44.213 - - [31/Aug/2026:12:54:22 -0400] "GET /site/.env HTTP/1.1" 406 300 "-" "Mozilla/5.0 (Windows NT 10.0; Win64; x64) AppleWebKit/537.36 (KHTML, like Gecko) Chrome/131.0.0.0 Safari/537.36"
34.64.44.213 - - [31/Aug/2026:12:54:23 -0400] "GET /backend/.env HTTP/1.1" 406 300 "-" "Mozilla/5.0 (X11; Linux x86_64) AppleWebKit/537.36 (KHTML, like Gecko) Chrome/131.0.0.0 Safari/537.36"
34.64.44.213 - - [31/Aug/2026:12:54:23 -0400] "GET /public/.env HTTP/1.1" 406 300 "-" "Mozilla/5.0 (Windows NT 10.0; Win64; x64) AppleWebKit/537.36 (KHTML, like Gecko) Chrome/131.0.0.0 Safari/537.36"
34.64.44.213 - - [31/Aug/2026:12:54:24 -0400] "GET /server/.env HTTP/1.1" 406 300 "-" "Mozilla/5.0 (X11; Linux x86_64) AppleWebKit/537.36 (KHTML, like Gecko) Chrome/131.0.0.0 Safari/537.36"
34.64.44.213 - - [31/Aug/2026:12:54:24 -0400] "GET /admin/.env HTTP/1.1" 406 300 "-" "Mozilla/5.0 (Windows NT 10.0; Win64; x64) AppleWebKit/537.36 (KHTML, like Gecko) Chrome/131.0.0.0 Safari/537.36"
34.64.44.213 - - [31/Aug/2026:12:54:25 -0400] "GET /frontend/.env HTTP/1.1" 406 300 "-" "Mozilla/5.0 (X11; Linux x86_64) AppleWebKit/537.36 (KHTML, like Gecko) Chrome/131.0.0.0 Safari/537.36"
34.64.44.213 - - [31/Aug/2026:12:54:25 -0400] "GET /backend/.env HTTP/1.1" 406 300 "-" "Mozilla/5.0 (Windows NT 10.0; Win64; x64) AppleWebKit/537.36 (KHTML, like Gecko) Chrome/131.0.0.0 Safari/537.36"
34.64.44.213 - - [31/Aug/2026:12:54:26 -0400] "GET /src/.env HTTP/1.1" 406 300 "-" "Mozilla/5.0 (X11; Linux x86_64) AppleWebKit/537.36 (KHTML, like Gecko) Chrome/131.0.0.0 Safari/537.36"
34.64.44.213 - - [31/Aug/2026:12:54:26 -0400] "GET /server/.env HTTP/1.1" 406 300 "-" "Mozilla/5.0 (Windows NT 10.0; Win64; x64) AppleWebKit/537.36 (KHTML, like Gecko) Chrome/131.0.0.0 Safari/537.36"
34.64.44.213 - - [31/Aug/2026:12:54:27 -0400] "GET /core/.env HTTP/1.1" 406 300 "-" "Mozilla/5.0 (X11; Linux x86_64) AppleWebKit/537.36 (KHTML, like Gecko) Chrome/131.0.0.0 Safari/537.36"
34.64.44.213 - - [31/Aug/2026:12:54:27 -0400] "GET /frontend/.env HTTP/1.1" 406 300 "-" "Mozilla/5.0 (Windows NT 10.0; Win64; x64) AppleWebKit/537.36 (KHTML, like Gecko) Chrome/131.0.0.0 Safari/537.36"
34.64.44.213 - - [31/Aug/2026:12:54:28 -0400] "GET /core/app/.env HTTP/1.1" 406 300 "-" "Mozilla/5.0 (X11; Linux x86_64) AppleWebKit/537.36 (KHTML, like Gecko) Chrome/131.0.0.0 Safari/537.36"
34.64.44.213 - - [31/Aug/2026:12:54:28 -0400] "GET /src/.env HTTP/1.1" 406 300 "-" "Mozilla/5.0 (Windows NT 10.0; Win64; x64) AppleWebKit/537.36 (KHTML, like Gecko) Chrome/131.0.0.0 Safari/537.36"
34.64.44.213 - - [31/Aug/2026:12:54:29 -0400] "GET /config/.env HTTP/1.1" 406 300 "-" "Mozilla/5.0 (X11; Linux x86_64) AppleWebKit/537.36 (KHTML, like Gecko) Chrome/131.0.0.0 Safari/537.36"
34.64.44.213 - - [31/Aug/2026:12:54:29 -0400] "GET /core/.env HTTP/1.1" 406 300 "-" "Mozilla/5.0 (Windows NT 10.0; Win64; x64) AppleWebKit/537.36 (KHTML, like Gecko) Chrome/131.0.0.0 Safari/537.36"
