66.249.65.129 - - [31/Aug/2026:18:17:28 -0400] "GET /?meekly/33423453332 HTTP/1.1" 200 281 "-" "Mozilla/5.0 (Linux; Android 6.0.1; Nexus 5X Build/MMB29P) AppleWebKit/537.36 (KHTML, like Gecko) Chrome/151.0.7922.173 Mobile Safari/537.36 (compatible; Googlebot/2.1; +http://www.google.com/bot.html)"
197.184.86.246 - - [31/Aug/2026:18:17:32 -0400] "POST /cpsess0453424392/3rdparty/roundcube/?_task=mail&_action=refresh HTTP/1.1" 200 1390 "https://webmail.savednsingle.org/cpsess0453424392/3rdparty/roundcube/?_task=mail&_mbox=INBOX" "Mozilla/5.0 (Windows NT 10.0; Win64; x64; rv:154.0) Gecko/20100101 Firefox/154.0"
66.249.65.39 - - [31/Aug/2026:18:17:57 -0400] "GET /shops/imbordering/p2l8a2s2t4e3r8e5d35 HTTP/1.1" 404 236 "-" "Mozilla/5.0 (Linux; Android 6.0.1; Nexus 5X Build/MMB29P) AppleWebKit/537.36 (KHTML, like Gecko) Chrome/151.0.7922.173 Mobile Safari/537.36 (compatible; Googlebot/2.1; +http://www.google.com/bot.html)"
197.184.86.246 - - [31/Aug/2026:18:18:32 -0400] "POST /cpsess0453424392/3rdparty/roundcube/?_task=mail&_action=refresh HTTP/1.1" 200 1390 "https://webmail.savednsingle.org/cpsess0453424392/3rdparty/roundcube/?_task=mail&_mbox=INBOX" "Mozilla/5.0 (Windows NT 10.0; Win64; x64; rv:154.0) Gecko/20100101 Firefox/154.0"
197.234.8.171 - - [31/Aug/2026:18:18:56 -0400] "GET /shops/perseverance/v4o2l7c5a6n7i6z7a6t1i9on HTTP/1.1" 404 236 "https://savednsingle.org/?sitemap857.xml" "Mozilla/5.0 (Linux; Android 14; V2185) AppleWebKit/537.36 (KHTML, like Gecko) Chrome/155.0.5831.21 Mobile Safari/537.36 MicroMessenger/8.0.41(0x18001B3F) NetType/WIFI Language/zh_CN"
197.184.86.246 - - [31/Aug/2026:18:19:32 -0400] "POST /cpsess0453424392/3rdparty/roundcube/?_task=mail&_action=refresh HTTP/1.1" 200 2114 "https://webmail.savednsingle.org/cpsess0453424392/3rdparty/roundcube/?_task=mail&_mbox=INBOX" "Mozilla/5.0 (Windows NT 10.0; Win64; x64; rv:154.0) Gecko/20100101 Firefox/154.0"
197.184.86.246 - - [31/Aug/2026:18:20:39 -0400] "POST /cpsess0453424392/3rdparty/roundcube/?_task=mail&_action=refresh HTTP/1.1" 200 2115 "https://webmail.savednsingle.org/cpsess0453424392/3rdparty/roundcube/?_task=mail&_mbox=INBOX" "Mozilla/5.0 (Windows NT 10.0; Win64; x64; rv:154.0) Gecko/20100101 Firefox/154.0"
66.249.65.128 - - [31/Aug/2026:18:21:29 -0400] "GET /?u=w2h2a7l8l2701659 HTTP/1.1" 200 281 "-" "Mozilla/5.0 (Linux; Android 6.0.1; Nexus 5X Build/MMB29P) AppleWebKit/537.36 (KHTML, like Gecko) Chrome/151.0.7922.173 Mobile Safari/537.36 (compatible; Googlebot/2.1; +http://www.google.com/bot.html)"
197.184.86.246 - - [31/Aug/2026:18:21:39 -0400] "POST /cpsess0453424392/3rdparty/roundcube/?_task=mail&_action=refresh HTTP/1.1" 200 2114 "https://webmail.savednsingle.org/cpsess0453424392/3rdparty/roundcube/?_task=mail&_mbox=INBOX" "Mozilla/5.0 (Windows NT 10.0; Win64; x64; rv:154.0) Gecko/20100101 Firefox/154.0"
102.129.75.20 - - [31/Aug/2026:18:21:43 -0400] "GET /shops/paronychia/p2r8o4s8e8q0u8i382 HTTP/1.1" 404 236 "https://savednsingle.org/shops/paronychia/p2r8o4s8e8q0u8i382" "Mozilla/5.0 (Linux; Android 13; M2102J21) AppleWebKit/537.36 (KHTML, like Gecko) Chrome/148.0.5128.60 Mobile Safari/537.36 MicroMessenger/8.0.48(0x18001B3F) NetType/WIFI Language/zh_CN"
66.249.65.128 - - [31/Aug/2026:18:22:17 -0400] "GET /about HTTP/1.1" 404 236 "-" "Mozilla/5.0 (Linux; Android 6.0.1; Nexus 5X Build/MMB29P) AppleWebKit/537.36 (KHTML, like Gecko) Chrome/151.0.7922.173 Mobile Safari/537.36 (compatible; Googlebot/2.1; +http://www.google.com/bot.html)"
66.249.65.129 - - [31/Aug/2026:18:22:35 -0400] "GET /differentia/headboard/83359092148 HTTP/1.1" 404 236 "-" "Mozilla/5.0 (Linux; Android 6.0.1; Nexus 5X Build/MMB29P) AppleWebKit/537.36 (KHTML, like Gecko) Chrome/151.0.7922.173 Mobile Safari/537.36 (compatible; Googlebot/2.1; +http://www.google.com/bot.html)"
66.249.65.128 - - [31/Aug/2026:18:22:39 -0400] "GET /shops/anthypnotic/f8o1r8y3e2l9d1e0028 HTTP/1.1" 404 236 "-" "Mozilla/5.0 (Linux; Android 6.0.1; Nexus 5X Build/MMB29P) AppleWebKit/537.36 (KHTML, like Gecko) Chrome/151.0.7922.173 Mobile Safari/537.36 (compatible; Googlebot/2.1; +http://www.google.com/bot.html)"
197.184.86.246 - - [31/Aug/2026:18:22:46 -0400] "POST /cpsess0453424392/3rdparty/roundcube/?_task=mail&_action=refresh HTTP/1.1" 200 2113 "https://webmail.savednsingle.org/cpsess0453424392/3rdparty/roundcube/?_task=mail&_mbox=INBOX" "Mozilla/5.0 (Windows NT 10.0; Win64; x64; rv:154.0) Gecko/20100101 Firefox/154.0"
66.249.65.128 - - [31/Aug/2026:18:23:27 -0400] "GET /?trucking/3571303457 HTTP/1.1" 200 281 "-" "Mozilla/5.0 (Linux; Android 6.0.1; Nexus 5X Build/MMB29P) AppleWebKit/537.36 (KHTML, like Gecko) Chrome/151.0.7922.173 Mobile Safari/537.36 (compatible; Googlebot/2.1; +http://www.google.com/bot.html)"
66.249.65.128 - - [31/Aug/2026:18:23:32 -0400] "GET /?u=a7r1g0o3n1266882 HTTP/1.1" 200 281 "-" "Mozilla/5.0 (Linux; Android 6.0.1; Nexus 5X Build/MMB29P) AppleWebKit/537.36 (KHTML, like Gecko) Chrome/151.0.7922.173 Mobile Safari/537.36 (compatible; Googlebot/2.1; +http://www.google.com/bot.html)"
54.149.142.143 - - [31/Aug/2026:18:23:33 -0400] "GET /robots.txt HTTP/1.1" 404 236 "-" "SeltzSitemapFetcher/1.0"
54.149.142.143 - - [31/Aug/2026:18:23:34 -0400] "GET /robots.txt HTTP/1.1" 404 236 "-" "SeltzSitemapFetcher/1.0"
54.149.142.143 - - [31/Aug/2026:18:23:35 -0400] "GET /robots.txt HTTP/1.1" 404 236 "-" "SeltzSitemapFetcher/1.0"
54.149.142.143 - - [31/Aug/2026:18:23:35 -0400] "GET /sitemap.xml HTTP/1.1" 404 236 "-" "SeltzSitemapFetcher/1.0"
54.149.142.143 - - [31/Aug/2026:18:23:35 -0400] "GET /robots.txt HTTP/1.1" 404 236 "-" "SeltzSitemapFetcher/1.0"
54.149.142.143 - - [31/Aug/2026:18:23:35 -0400] "GET /sitemap.xml HTTP/1.1" 404 236 "-" "SeltzSitemapFetcher/1.0"
54.149.142.143 - - [31/Aug/2026:18:23:36 -0400] "GET /sitemap.xml.gz HTTP/1.1" 404 236 "-" "SeltzSitemapFetcher/1.0"
54.149.142.143 - - [31/Aug/2026:18:23:36 -0400] "GET /sitemap.xml.gz HTTP/1.1" 404 236 "-" "SeltzSitemapFetcher/1.0"
54.149.142.143 - - [31/Aug/2026:18:23:36 -0400] "GET /sitemap_index.xml HTTP/1.1" 404 236 "-" "SeltzSitemapFetcher/1.0"
54.149.142.143 - - [31/Aug/2026:18:23:36 -0400] "GET /sitemap_index.xml HTTP/1.1" 404 236 "-" "SeltzSitemapFetcher/1.0"
54.149.142.143 - - [31/Aug/2026:18:23:37 -0400] "GET /sitemap_index.xml.gz HTTP/1.1" 404 236 "-" "SeltzSitemapFetcher/1.0"
54.149.142.143 - - [31/Aug/2026:18:23:37 -0400] "GET /sitemap_index.xml.gz HTTP/1.1" 404 236 "-" "SeltzSitemapFetcher/1.0"
54.149.142.143 - - [31/Aug/2026:18:23:37 -0400] "GET /wp-sitemap.xml HTTP/1.1" 404 236 "-" "SeltzSitemapFetcher/1.0"
54.149.142.143 - - [31/Aug/2026:18:23:37 -0400] "GET /wp-sitemap.xml HTTP/1.1" 404 236 "-" "SeltzSitemapFetcher/1.0"
54.149.142.143 - - [31/Aug/2026:18:23:38 -0400] "GET /wp-sitemap.xml.gz HTTP/1.1" 404 236 "-" "SeltzSitemapFetcher/1.0"
54.149.142.143 - - [31/Aug/2026:18:23:38 -0400] "GET /wp-sitemap.xml.gz HTTP/1.1" 404 236 "-" "SeltzSitemapFetcher/1.0"
54.149.142.143 - - [31/Aug/2026:18:23:38 -0400] "GET /sitemap-index.xml HTTP/1.1" 404 236 "-" "SeltzSitemapFetcher/1.0"
54.149.142.143 - - [31/Aug/2026:18:23:38 -0400] "GET /sitemap-index.xml HTTP/1.1" 404 236 "-" "SeltzSitemapFetcher/1.0"
54.149.142.143 - - [31/Aug/2026:18:23:39 -0400] "GET /sitemap-index.xml.gz HTTP/1.1" 404 236 "-" "SeltzSitemapFetcher/1.0"
54.149.142.143 - - [31/Aug/2026:18:23:39 -0400] "GET /sitemap-index.xml.gz HTTP/1.1" 404 236 "-" "SeltzSitemapFetcher/1.0"
54.149.142.143 - - [31/Aug/2026:18:23:39 -0400] "GET /news-sitemap.xml HTTP/1.1" 404 236 "-" "SeltzSitemapFetcher/1.0"
54.149.142.143 - - [31/Aug/2026:18:23:39 -0400] "GET /news-sitemap.xml HTTP/1.1" 404 236 "-" "SeltzSitemapFetcher/1.0"
54.149.142.143 - - [31/Aug/2026:18:23:40 -0400] "GET /news-sitemap.xml.gz HTTP/1.1" 404 236 "-" "SeltzSitemapFetcher/1.0"
54.149.142.143 - - [31/Aug/2026:18:23:40 -0400] "GET /news-sitemap.xml.gz HTTP/1.1" 404 236 "-" "SeltzSitemapFetcher/1.0"
54.149.142.143 - - [31/Aug/2026:18:23:40 -0400] "GET /google-news-sitemap.xml HTTP/1.1" 404 236 "-" "SeltzSitemapFetcher/1.0"
54.149.142.143 - - [31/Aug/2026:18:23:40 -0400] "GET /google-news-sitemap.xml HTTP/1.1" 404 236 "-" "SeltzSitemapFetcher/1.0"
54.149.142.143 - - [31/Aug/2026:18:23:41 -0400] "GET /google-news-sitemap.xml.gz HTTP/1.1" 404 236 "-" "SeltzSitemapFetcher/1.0"
54.149.142.143 - - [31/Aug/2026:18:23:41 -0400] "GET /google-news-sitemap.xml.gz HTTP/1.1" 404 236 "-" "SeltzSitemapFetcher/1.0"
54.149.142.143 - - [31/Aug/2026:18:23:41 -0400] "GET /sitemap-news.xml HTTP/1.1" 404 236 "-" "SeltzSitemapFetcher/1.0"
54.149.142.143 - - [31/Aug/2026:18:23:41 -0400] "GET /sitemap-news.xml HTTP/1.1" 404 236 "-" "SeltzSitemapFetcher/1.0"
54.149.142.143 - - [31/Aug/2026:18:23:41 -0400] "GET /sitemap-news.xml.gz HTTP/1.1" 404 236 "-" "SeltzSitemapFetcher/1.0"
54.149.142.143 - - [31/Aug/2026:18:23:42 -0400] "GET /sitemap-news.xml.gz HTTP/1.1" 404 236 "-" "SeltzSitemapFetcher/1.0"
54.149.142.143 - - [31/Aug/2026:18:23:42 -0400] "GET /news.xml HTTP/1.1" 404 236 "-" "SeltzSitemapFetcher/1.0"
54.149.142.143 - - [31/Aug/2026:18:23:42 -0400] "GET /news.xml HTTP/1.1" 404 236 "-" "SeltzSitemapFetcher/1.0"
54.149.142.143 - - [31/Aug/2026:18:23:42 -0400] "GET /news.xml.gz HTTP/1.1" 404 236 "-" "SeltzSitemapFetcher/1.0"
54.149.142.143 - - [31/Aug/2026:18:23:43 -0400] "GET /news.xml.gz HTTP/1.1" 404 236 "-" "SeltzSitemapFetcher/1.0"
54.149.142.143 - - [31/Aug/2026:18:23:43 -0400] "GET /post-sitemap.xml HTTP/1.1" 404 236 "-" "SeltzSitemapFetcher/1.0"
54.149.142.143 - - [31/Aug/2026:18:23:43 -0400] "GET /post-sitemap.xml HTTP/1.1" 404 236 "-" "SeltzSitemapFetcher/1.0"
54.149.142.143 - - [31/Aug/2026:18:23:44 -0400] "GET /post-sitemap.xml.gz HTTP/1.1" 404 236 "-" "SeltzSitemapFetcher/1.0"
54.149.142.143 - - [31/Aug/2026:18:23:44 -0400] "GET /post-sitemap.xml.gz HTTP/1.1" 404 236 "-" "SeltzSitemapFetcher/1.0"
54.149.142.143 - - [31/Aug/2026:18:23:44 -0400] "GET /sitemapindex.xml HTTP/1.1" 404 236 "-" "SeltzSitemapFetcher/1.0"
54.149.142.143 - - [31/Aug/2026:18:23:44 -0400] "GET /sitemapindex.xml HTTP/1.1" 404 236 "-" "SeltzSitemapFetcher/1.0"
54.149.142.143 - - [31/Aug/2026:18:23:45 -0400] "GET /sitemapindex.xml.gz HTTP/1.1" 404 236 "-" "SeltzSitemapFetcher/1.0"
54.149.142.143 - - [31/Aug/2026:18:23:45 -0400] "GET /sitemapindex.xml.gz HTTP/1.1" 404 236 "-" "SeltzSitemapFetcher/1.0"
197.184.86.246 - - [31/Aug/2026:18:23:46 -0400] "POST /cpsess0453424392/3rdparty/roundcube/?_task=mail&_action=refresh HTTP/1.1" 200 1423 "https://webmail.savednsingle.org/cpsess0453424392/3rdparty/roundcube/?_task=mail&_mbox=INBOX" "Mozilla/5.0 (Windows NT 10.0; Win64; x64; rv:154.0) Gecko/20100101 Firefox/154.0"
110.249.202.16 - - [31/Aug/2026:18:24:31 -0400] "GET /robots.txt HTTP/1.1" 404 236 "-" "Mozilla/5.0 (Linux; Android 5.0) AppleWebKit/537.36 (KHTML, like Gecko) Mobile Safari/537.36 (compatible; Bytespider; https://zhanzhang.toutiao.com/)"
66.249.65.129 - - [31/Aug/2026:18:24:36 -0400] "GET /?u=c8l3a8u5s1u9l9a4r363 HTTP/1.1" 200 337 "-" "Mozilla/5.0 (Linux; Android 6.0.1; Nexus 5X Build/MMB29P) AppleWebKit/537.36 (KHTML, like Gecko) Chrome/151.0.7922.173 Mobile Safari/537.36 (compatible; Googlebot/2.1; +http://www.google.com/bot.html)"
197.184.86.246 - - [31/Aug/2026:18:24:46 -0400] "POST /cpsess0453424392/3rdparty/roundcube/?_task=mail&_action=refresh HTTP/1.1" 200 1389 "https://webmail.savednsingle.org/cpsess0453424392/3rdparty/roundcube/?_task=mail&_mbox=INBOX" "Mozilla/5.0 (Windows NT 10.0; Win64; x64; rv:154.0) Gecko/20100101 Firefox/154.0"
111.225.148.142 - - [31/Aug/2026:18:24:57 -0400] "GET /robots.txt HTTP/1.1" 404 236 "-" "Mozilla/5.0 (X11; Linux x86_64) AppleWebKit/537.36 (KHTML, like Gecko) Chrome/120.0.0.0 Safari/537.36 Bytespider;https://zhanzhang.toutiao.com/"
197.184.86.246 - - [31/Aug/2026:18:25:52 -0400] "POST /cpsess0453424392/3rdparty/roundcube/?_task=mail&_action=refresh HTTP/1.1" 200 1390 "https://webmail.savednsingle.org/cpsess0453424392/3rdparty/roundcube/?_task=mail&_mbox=INBOX" "Mozilla/5.0 (Windows NT 10.0; Win64; x64; rv:154.0) Gecko/20100101 Firefox/154.0"
198.204.240.234 - - [31/Aug/2026:18:26:34 -0400] "GET /wp-content/x7a7275/index.php HTTP/1.1" 404 236 "https://savednsingle.org/wp-content/x7a7275/index.php" "Mozilla/5.0 (compatible; MSIE 9.0; Windows NT 6.0; Trident/5.0)"
197.184.86.246 - - [31/Aug/2026:18:26:52 -0400] "POST /cpsess0453424392/3rdparty/roundcube/?_task=mail&_action=refresh HTTP/1.1" 200 1390 "https://webmail.savednsingle.org/cpsess0453424392/3rdparty/roundcube/?_task=mail&_mbox=INBOX" "Mozilla/5.0 (Windows NT 10.0; Win64; x64; rv:154.0) Gecko/20100101 Firefox/154.0"
66.249.65.130 - - [31/Aug/2026:18:26:54 -0400] "GET /?a=48172140205802 HTTP/1.1" 200 337 "-" "Mozilla/5.0 (Linux; Android 6.0.1; Nexus 5X Build/MMB29P) AppleWebKit/537.36 (KHTML, like Gecko) Chrome/151.0.7922.173 Mobile Safari/537.36 (compatible; Googlebot/2.1; +http://www.google.com/bot.html)"
52.167.144.63 - - [31/Aug/2026:18:27:27 -0400] "GET /robots.txt HTTP/1.1" 404 236 "-" "Mozilla/5.0 AppleWebKit/537.36 (KHTML, like Gecko; compatible; bingbot/2.0; +http://www.bing.com/bingbot.htm) Chrome/116.0.1938.76 Safari/537.36"
52.167.144.195 - - [31/Aug/2026:18:27:33 -0400] "GET /sitemaps.xml HTTP/1.1" 404 236 "-" "Mozilla/5.0 AppleWebKit/537.36 (KHTML, like Gecko; compatible; bingbot/2.0; +http://www.bing.com/bingbot.htm) Chrome/116.0.1938.76 Safari/537.36"
197.184.86.246 - - [31/Aug/2026:18:27:52 -0400] "POST /cpsess0453424392/3rdparty/roundcube/?_task=mail&_action=refresh HTTP/1.1" 200 1390 "https://webmail.savednsingle.org/cpsess0453424392/3rdparty/roundcube/?_task=mail&_mbox=INBOX" "Mozilla/5.0 (Windows NT 10.0; Win64; x64; rv:154.0) Gecko/20100101 Firefox/154.0"
66.249.65.129 - - [31/Aug/2026:18:28:07 -0400] "GET /?u=b5l3u1r0r6e2d37358 HTTP/1.1" 200 337 "-" "Mozilla/5.0 (Linux; Android 6.0.1; Nexus 5X Build/MMB29P) AppleWebKit/537.36 (KHTML, like Gecko) Chrome/151.0.7922.173 Mobile Safari/537.36 (compatible; Googlebot/2.1; +http://www.google.com/bot.html)"
62.4.42.213 - - [31/Aug/2026:18:28:46 -0400] "GET /shops/panax/t4o4b2i6n1e031798 HTTP/1.1" 404 236 "https://savednsingle.org/?sitemap857.xml" "Mozilla/5.0 (Linux; Android 15; OPPO PCLM6) AppleWebKit/537.36 (KHTML, like Gecko) Chrome/141.0.5919.35 Mobile Safari/537.36 MicroMessenger/8.0.33(0x18001B3F) NetType/WIFI Language/zh_CN"
197.184.86.246 - - [31/Aug/2026:18:28:59 -0400] "POST /cpsess0453424392/3rdparty/roundcube/?_task=mail&_action=refresh HTTP/1.1" 200 1390 "https://webmail.savednsingle.org/cpsess0453424392/3rdparty/roundcube/?_task=mail&_mbox=INBOX" "Mozilla/5.0 (Windows NT 10.0; Win64; x64; rv:154.0) Gecko/20100101 Firefox/154.0"
66.249.65.130 - - [31/Aug/2026:18:29:50 -0400] "GET /?u=i8n2e0s7c5a8t4i2o6n40 HTTP/1.1" 200 337 "-" "Mozilla/5.0 (Linux; Android 6.0.1; Nexus 5X Build/MMB29P) AppleWebKit/537.36 (KHTML, like Gecko) Chrome/151.0.7922.173 Mobile Safari/537.36 (compatible; Googlebot/2.1; +http://www.google.com/bot.html)"
197.184.86.246 - - [31/Aug/2026:18:29:59 -0400] "POST /cpsess0453424392/3rdparty/roundcube/?_task=mail&_action=refresh HTTP/1.1" 200 1390 "https://webmail.savednsingle.org/cpsess0453424392/3rdparty/roundcube/?_task=mail&_mbox=INBOX" "Mozilla/5.0 (Windows NT 10.0; Win64; x64; rv:154.0) Gecko/20100101 Firefox/154.0"
167.60.43.37 - - [31/Aug/2026:18:30:03 -0400] "GET /shops/oysterling/a0c3c0e2n4t8s12325 HTTP/1.1" 404 236 "https://savednsingle.org/shops/oysterling/a0c3c0e2n4t8s12325" "Mozilla/5.0 (iPhone; CPU iPhone OS 17_1 like Mac OS X) AppleWebKit/605.1.15 (KHTML, like Gecko) Version/17.1 Mobile/15E148 Safari/604.1"
197.184.86.246 - - [31/Aug/2026:18:30:59 -0400] "POST /cpsess0453424392/3rdparty/roundcube/?_task=mail&_action=refresh HTTP/1.1" 200 2118 "https://webmail.savednsingle.org/cpsess0453424392/3rdparty/roundcube/?_task=mail&_mbox=INBOX" "Mozilla/5.0 (Windows NT 10.0; Win64; x64; rv:154.0) Gecko/20100101 Firefox/154.0"
66.249.65.128 - - [31/Aug/2026:18:31:38 -0400] "GET /?a=63821150378806 HTTP/1.1" 200 337 "-" "Mozilla/5.0 (Linux; Android 6.0.1; Nexus 5X Build/MMB29P) AppleWebKit/537.36 (KHTML, like Gecko) Chrome/151.0.7922.173 Mobile Safari/537.36 (compatible; Googlebot/2.1; +http://www.google.com/bot.html)"
66.249.65.130 - - [31/Aug/2026:18:31:39 -0400] "GET /shops/sheeling/p3e2p9t5o7g7e6n0o4u9s8 HTTP/1.1" 404 236 "-" "Mozilla/5.0 (Linux; Android 6.0.1; Nexus 5X Build/MMB29P) AppleWebKit/537.36 (KHTML, like Gecko) Chrome/151.0.7922.173 Mobile Safari/537.36 (compatible; Googlebot/2.1; +http://www.google.com/bot.html)"
197.184.86.246 - - [31/Aug/2026:18:32:06 -0400] "POST /cpsess0453424392/3rdparty/roundcube/?_task=mail&_action=refresh HTTP/1.1" 200 2117 "https://webmail.savednsingle.org/cpsess0453424392/3rdparty/roundcube/?_task=mail&_mbox=INBOX" "Mozilla/5.0 (Windows NT 10.0; Win64; x64; rv:154.0) Gecko/20100101 Firefox/154.0"
66.249.65.39 - - [31/Aug/2026:18:32:20 -0400] "GET /?u=m3i1n5o3r0i8t3i5e4s48 HTTP/1.1" 200 337 "-" "Mozilla/5.0 (Linux; Android 6.0.1; Nexus 5X Build/MMB29P) AppleWebKit/537.36 (KHTML, like Gecko) Chrome/151.0.7922.173 Mobile Safari/537.36 (compatible; Googlebot/2.1; +http://www.google.com/bot.html)"
66.249.65.129 - - [31/Aug/2026:18:32:39 -0400] "GET /?u=n8i1n1e5t4i6e7s8115 HTTP/1.1" 200 337 "-" "Mozilla/5.0 (Linux; Android 6.0.1; Nexus 5X Build/MMB29P) AppleWebKit/537.36 (KHTML, like Gecko) Chrome/151.0.7922.173 Mobile Safari/537.36 (compatible; Googlebot/2.1; +http://www.google.com/bot.html)"
102.38.18.174 - - [31/Aug/2026:18:32:50 -0400] "GET /shops/overslaugh/f4l3o9t1e4r7y20096 HTTP/1.1" 404 236 "https://savednsingle.org/?sitemap857.xml" "Mozilla/5.0 (Linux; Android 14; M2102J24) AppleWebKit/537.36 (KHTML, like Gecko) Chrome/144.0.5533.81 Mobile Safari/537.36"
197.184.86.246 - - [31/Aug/2026:18:33:06 -0400] "POST /cpsess0453424392/3rdparty/roundcube/?_task=mail&_action=refresh HTTP/1.1" 200 2113 "https://webmail.savednsingle.org/cpsess0453424392/3rdparty/roundcube/?_task=mail&_mbox=INBOX" "Mozilla/5.0 (Windows NT 10.0; Win64; x64; rv:154.0) Gecko/20100101 Firefox/154.0"
197.184.86.246 - - [31/Aug/2026:18:34:06 -0400] "POST /cpsess0453424392/3rdparty/roundcube/?_task=mail&_action=refresh HTTP/1.1" 200 1429 "https://webmail.savednsingle.org/cpsess0453424392/3rdparty/roundcube/?_task=mail&_mbox=INBOX" "Mozilla/5.0 (Windows NT 10.0; Win64; x64; rv:154.0) Gecko/20100101 Firefox/154.0"
197.184.86.246 - - [31/Aug/2026:18:35:13 -0400] "POST /cpsess0453424392/3rdparty/roundcube/?_task=mail&_action=refresh HTTP/1.1" 200 1390 "https://webmail.savednsingle.org/cpsess0453424392/3rdparty/roundcube/?_task=mail&_mbox=INBOX" "Mozilla/5.0 (Windows NT 10.0; Win64; x64; rv:154.0) Gecko/20100101 Firefox/154.0"
66.249.65.128 - - [31/Aug/2026:18:35:39 -0400] "GET /?a=02711131887813 HTTP/1.1" 200 337 "-" "Mozilla/5.0 (Linux; Android 6.0.1; Nexus 5X Build/MMB29P) AppleWebKit/537.36 (KHTML, like Gecko) Chrome/151.0.7922.173 Mobile Safari/537.36 (compatible; Googlebot/2.1; +http://www.google.com/bot.html)"
197.184.86.246 - - [31/Aug/2026:18:36:13 -0400] "POST /cpsess0453424392/3rdparty/roundcube/?_task=mail&_action=refresh HTTP/1.1" 200 1390 "https://webmail.savednsingle.org/cpsess0453424392/3rdparty/roundcube/?_task=mail&_mbox=INBOX" "Mozilla/5.0 (Windows NT 10.0; Win64; x64; rv:154.0) Gecko/20100101 Firefox/154.0"
66.249.65.129 - - [31/Aug/2026:18:36:40 -0400] "GET /?aggrandized/24294025958 HTTP/1.1" 200 337 "-" "Mozilla/5.0 (Linux; Android 6.0.1; Nexus 5X Build/MMB29P) AppleWebKit/537.36 (KHTML, like Gecko) Chrome/151.0.7922.173 Mobile Safari/537.36 (compatible; Googlebot/2.1; +http://www.google.com/bot.html)"
197.184.86.246 - - [31/Aug/2026:18:37:13 -0400] "POST /cpsess0453424392/3rdparty/roundcube/?_task=mail&_action=refresh HTTP/1.1" 200 1390 "https://webmail.savednsingle.org/cpsess0453424392/3rdparty/roundcube/?_task=mail&_mbox=INBOX" "Mozilla/5.0 (Windows NT 10.0; Win64; x64; rv:154.0) Gecko/20100101 Firefox/154.0"
197.184.86.246 - - [31/Aug/2026:18:38:19 -0400] "POST /cpsess0453424392/3rdparty/roundcube/?_task=mail&_action=refresh HTTP/1.1" 200 1390 "https://webmail.savednsingle.org/cpsess0453424392/3rdparty/roundcube/?_task=mail&_mbox=INBOX" "Mozilla/5.0 (Windows NT 10.0; Win64; x64; rv:154.0) Gecko/20100101 Firefox/154.0"
14.48.125.206 - - [31/Aug/2026:18:38:24 -0400] "GET /shops/planish/r2h8y7n7c5o0t3a403 HTTP/1.1" 404 236 "https://savednsingle.org/shops/planish/r2h8y7n7c5o0t3a403" "Mozilla/5.0 (Linux; Android 14; OPPO PCLM0) AppleWebKit/537.36 (KHTML, like Gecko) Chrome/148.0.5661.35 Mobile Safari/537.36 MicroMessenger/8.0.39(0x18001B3F) NetType/WIFI Language/zh_CN"
197.184.86.246 - - [31/Aug/2026:18:39:19 -0400] "POST /cpsess0453424392/3rdparty/roundcube/?_task=mail&_action=refresh HTTP/1.1" 200 1390 "https://webmail.savednsingle.org/cpsess0453424392/3rdparty/roundcube/?_task=mail&_mbox=INBOX" "Mozilla/5.0 (Windows NT 10.0; Win64; x64; rv:154.0) Gecko/20100101 Firefox/154.0"
197.184.86.246 - - [31/Aug/2026:18:40:19 -0400] "POST /cpsess0453424392/3rdparty/roundcube/?_task=mail&_action=refresh HTTP/1.1" 200 1390 "https://webmail.savednsingle.org/cpsess0453424392/3rdparty/roundcube/?_task=mail&_mbox=INBOX" "Mozilla/5.0 (Windows NT 10.0; Win64; x64; rv:154.0) Gecko/20100101 Firefox/154.0"
197.184.86.246 - - [31/Aug/2026:18:41:26 -0400] "POST /cpsess0453424392/3rdparty/roundcube/?_task=mail&_action=refresh HTTP/1.1" 200 1390 "https://webmail.savednsingle.org/cpsess0453424392/3rdparty/roundcube/?_task=mail&_mbox=INBOX" "Mozilla/5.0 (Windows NT 10.0; Win64; x64; rv:154.0) Gecko/20100101 Firefox/154.0"
66.249.65.38 - - [31/Aug/2026:18:42:09 -0400] "GET /?u=p6u8l9p2i1t3e1r121 HTTP/1.1" 200 337 "-" "Mozilla/5.0 (Linux; Android 6.0.1; Nexus 5X Build/MMB29P) AppleWebKit/537.36 (KHTML, like Gecko) Chrome/151.0.7922.173 Mobile Safari/537.36 (compatible; Googlebot/2.1; +http://www.google.com/bot.html)"
197.184.86.246 - - [31/Aug/2026:18:42:26 -0400] "POST /cpsess0453424392/3rdparty/roundcube/?_task=mail&_action=refresh HTTP/1.1" 200 2115 "https://webmail.savednsingle.org/cpsess0453424392/3rdparty/roundcube/?_task=mail&_mbox=INBOX" "Mozilla/5.0 (Windows NT 10.0; Win64; x64; rv:154.0) Gecko/20100101 Firefox/154.0"
66.249.65.128 - - [31/Aug/2026:18:43:10 -0400] "GET /?a=4211891616000 HTTP/1.1" 200 337 "-" "Mozilla/5.0 (Linux; Android 6.0.1; Nexus 5X Build/MMB29P) AppleWebKit/537.36 (KHTML, like Gecko) Chrome/151.0.7922.173 Mobile Safari/537.36 (compatible; Googlebot/2.1; +http://www.google.com/bot.html)"
197.184.86.246 - - [31/Aug/2026:18:43:26 -0400] "POST /cpsess0453424392/3rdparty/roundcube/?_task=mail&_action=refresh HTTP/1.1" 200 2115 "https://webmail.savednsingle.org/cpsess0453424392/3rdparty/roundcube/?_task=mail&_mbox=INBOX" "Mozilla/5.0 (Windows NT 10.0; Win64; x64; rv:154.0) Gecko/20100101 Firefox/154.0"
102.129.75.112 - - [31/Aug/2026:18:44:00 -0400] "GET /shops/panted/s4c9h3e4l5l8y6810 HTTP/1.1" 404 236 "https://savednsingle.org/?sitemap857.xml" "Mozilla/5.0 (Linux; Android 13; V2188) AppleWebKit/537.36 (KHTML, like Gecko) Chrome/150.0.5473.152 Mobile Safari/537.36"
197.184.86.246 - - [31/Aug/2026:18:44:33 -0400] "POST /cpsess0453424392/3rdparty/roundcube/?_task=mail&_action=refresh HTTP/1.1" 200 2116 "https://webmail.savednsingle.org/cpsess0453424392/3rdparty/roundcube/?_task=mail&_mbox=INBOX" "Mozilla/5.0 (Windows NT 10.0; Win64; x64; rv:154.0) Gecko/20100101 Firefox/154.0"
109.242.139.72 - - [31/Aug/2026:18:45:28 -0400] "GET /shops/pangothic/d2o3l7m9a0d1e3s1790 HTTP/1.1" 404 236 "https://savednsingle.org/shops/pangothic/d2o3l7m9a0d1e3s1790" "Mozilla/5.0 (Linux; Android 15; M2102J22) AppleWebKit/537.36 (KHTML, like Gecko) Chrome/155.0.5126.106 Mobile Safari/537.36"
197.184.86.246 - - [31/Aug/2026:18:45:33 -0400] "POST /cpsess0453424392/3rdparty/roundcube/?_task=mail&_action=refresh HTTP/1.1" 200 2112 "https://webmail.savednsingle.org/cpsess0453424392/3rdparty/roundcube/?_task=mail&_mbox=INBOX" "Mozilla/5.0 (Windows NT 10.0; Win64; x64; rv:154.0) Gecko/20100101 Firefox/154.0"
197.184.86.246 - - [31/Aug/2026:18:46:33 -0400] "POST /cpsess0453424392/3rdparty/roundcube/?_task=mail&_action=refresh HTTP/1.1" 200 1422 "https://webmail.savednsingle.org/cpsess0453424392/3rdparty/roundcube/?_task=mail&_mbox=INBOX" "Mozilla/5.0 (Windows NT 10.0; Win64; x64; rv:154.0) Gecko/20100101 Firefox/154.0"
57.128.31.90 - - [31/Aug/2026:18:46:56 -0400] "GET / HTTP/1.1" 206 657 "-" "get_titles/1.0"
197.184.86.246 - - [31/Aug/2026:18:47:39 -0400] "POST /cpsess0453424392/3rdparty/roundcube/?_task=mail&_action=refresh HTTP/1.1" 200 1390 "https://webmail.savednsingle.org/cpsess0453424392/3rdparty/roundcube/?_task=mail&_mbox=INBOX" "Mozilla/5.0 (Windows NT 10.0; Win64; x64; rv:154.0) Gecko/20100101 Firefox/154.0"
181.175.34.106 - - [31/Aug/2026:18:48:08 -0400] "GET /shops/ostryopsis/c0a1n7n3a5b6i7n1a285 HTTP/1.1" 404 236 "https://savednsingle.org/shops/ostryopsis/c0a1n7n3a5b6i7n1a285" "Mozilla/5.0 (Linux; Android 14; OPPO PCLM1) AppleWebKit/537.36 (KHTML, like Gecko) Chrome/140.0.5596.73 Mobile Safari/537.36 MicroMessenger/8.0.32(0x18001B3F) NetType/WIFI Language/zh_CN"
197.184.86.246 - - [31/Aug/2026:18:48:39 -0400] "POST /cpsess0453424392/3rdparty/roundcube/?_task=mail&_action=refresh HTTP/1.1" 200 1390 "https://webmail.savednsingle.org/cpsess0453424392/3rdparty/roundcube/?_task=mail&_mbox=INBOX" "Mozilla/5.0 (Windows NT 10.0; Win64; x64; rv:154.0) Gecko/20100101 Firefox/154.0"
197.184.86.246 - - [31/Aug/2026:18:49:39 -0400] "POST /cpsess0453424392/3rdparty/roundcube/?_task=mail&_action=refresh HTTP/1.1" 200 1390 "https://webmail.savednsingle.org/cpsess0453424392/3rdparty/roundcube/?_task=mail&_mbox=INBOX" "Mozilla/5.0 (Windows NT 10.0; Win64; x64; rv:154.0) Gecko/20100101 Firefox/154.0"
66.249.65.129 - - [31/Aug/2026:18:49:51 -0400] "GET /whala/therewhile/r5e5u2m1a521394 HTTP/1.1" 404 236 "-" "Mozilla/5.0 (compatible; Googlebot/2.1; +http://www.google.com/bot.html)"
66.249.65.128 - - [31/Aug/2026:18:49:52 -0400] "GET /whala/therewhile/r5e5u2m1a521394 HTTP/1.1" 404 236 "-" "Mozilla/5.0 (Linux; Android 6.0.1; Nexus 5X Build/MMB29P) AppleWebKit/537.36 (KHTML, like Gecko) Chrome/151.0.7922.173 Mobile Safari/537.36 (compatible; Googlebot/2.1; +http://www.google.com/bot.html)"
66.249.65.129 - - [31/Aug/2026:18:50:38 -0400] "GET /shops/illiberalized/c9r5y4p8t8o9g7a0m13 HTTP/1.1" 404 236 "-" "Mozilla/5.0 (compatible; Googlebot/2.1; +http://www.google.com/bot.html)"
197.184.86.246 - - [31/Aug/2026:18:50:46 -0400] "POST /cpsess0453424392/3rdparty/roundcube/?_task=mail&_action=refresh HTTP/1.1" 200 1390 "https://webmail.savednsingle.org/cpsess0453424392/3rdparty/roundcube/?_task=mail&_mbox=INBOX" "Mozilla/5.0 (Windows NT 10.0; Win64; x64; rv:154.0) Gecko/20100101 Firefox/154.0"
5.255.231.193 - - [31/Aug/2026:18:51:01 -0400] "GET /robots.txt HTTP/1.1" 404 236 "-" "Mozilla/5.0 (compatible; YandexBot/3.0; +http://yandex.com/bots)"
95.108.213.203 - - [31/Aug/2026:18:51:02 -0400] "GET /wp-content/uploads/2023/06/people-interact.jpg HTTP/1.1" 404 236 "-" "Mozilla/5.0 (compatible; YandexImages/3.0; +http://yandex.com/bots)"
87.250.224.249 - - [31/Aug/2026:18:51:20 -0400] "GET /?sitemap715.xml HTTP/1.1" 200 337 "-" "Mozilla/5.0 (compatible; YandexBot/3.0; +http://yandex.com/bots)"
213.180.203.113 - - [31/Aug/2026:18:51:22 -0400] "GET /?sitemap818.xml HTTP/1.1" 200 337 "-" "Mozilla/5.0 (compatible; YandexBot/3.0; +http://yandex.com/bots)"
95.108.213.113 - - [31/Aug/2026:18:51:24 -0400] "GET /?sitemap604.xml HTTP/1.1" 200 337 "-" "Mozilla/5.0 (compatible; YandexBot/3.0; +http://yandex.com/bots)"
197.184.86.246 - - [31/Aug/2026:18:51:46 -0400] "POST /cpsess0453424392/3rdparty/roundcube/?_task=mail&_action=refresh HTTP/1.1" 200 1390 "https://webmail.savednsingle.org/cpsess0453424392/3rdparty/roundcube/?_task=mail&_mbox=INBOX" "Mozilla/5.0 (Windows NT 10.0; Win64; x64; rv:154.0) Gecko/20100101 Firefox/154.0"
197.184.86.246 - - [31/Aug/2026:18:52:46 -0400] "POST /cpsess0453424392/3rdparty/roundcube/?_task=mail&_action=refresh HTTP/1.1" 200 1390 "https://webmail.savednsingle.org/cpsess0453424392/3rdparty/roundcube/?_task=mail&_mbox=INBOX" "Mozilla/5.0 (Windows NT 10.0; Win64; x64; rv:154.0) Gecko/20100101 Firefox/154.0"
66.249.65.130 - - [31/Aug/2026:18:53:10 -0400] "GET /?u=b2r3y3a2l2e1s0684 HTTP/1.1" 200 337 "-" "Mozilla/5.0 (Linux; Android 6.0.1; Nexus 5X Build/MMB29P) AppleWebKit/537.36 (KHTML, like Gecko) Chrome/151.0.7922.173 Mobile Safari/537.36 (compatible; Googlebot/2.1; +http://www.google.com/bot.html)"
197.184.86.246 - - [31/Aug/2026:18:53:53 -0400] "POST /cpsess0453424392/3rdparty/roundcube/?_task=mail&_action=refresh HTTP/1.1" 200 2115 "https://webmail.savednsingle.org/cpsess0453424392/3rdparty/roundcube/?_task=mail&_mbox=INBOX" "Mozilla/5.0 (Windows NT 10.0; Win64; x64; rv:154.0) Gecko/20100101 Firefox/154.0"
197.184.86.246 - - [31/Aug/2026:18:54:53 -0400] "POST /cpsess0453424392/3rdparty/roundcube/?_task=mail&_action=refresh HTTP/1.1" 200 2114 "https://webmail.savednsingle.org/cpsess0453424392/3rdparty/roundcube/?_task=mail&_mbox=INBOX" "Mozilla/5.0 (Windows NT 10.0; Win64; x64; rv:154.0) Gecko/20100101 Firefox/154.0"
198.204.240.234 - - [31/Aug/2026:18:55:04 -0400] "GET /wp-content/x7a7275/index.php HTTP/1.1" 404 236 "https://savednsingle.org/wp-content/x7a7275/index.php" "Mozilla/5.0 (Macintosh; Intel Mac OS X 10.7; rv:9.0.1) Gecko/20100101 Firefox/9.0.1"
186.44.250.122 - - [31/Aug/2026:18:55:21 -0400] "GET /shops/obsidional/c2u2r2t2i7l3a0g3e120 HTTP/1.1" 404 236 "https://savednsingle.org/shops/obsidional/c2u2r2t2i7l3a0g3e120" "Mozilla/5.0 (Linux; Android 13; M2102J22) AppleWebKit/537.36 (KHTML, like Gecko) Chrome/148.0.5672.85 Mobile Safari/537.36 MicroMessenger/8.0.31(0x18001B3F) NetType/WIFI Language/zh_CN"
66.249.65.128 - - [31/Aug/2026:18:55:47 -0400] "GET /wallaba/homoiousian/8738161444 HTTP/1.1" 404 236 "-" "Mozilla/5.0 (Linux; Android 6.0.1; Nexus 5X Build/MMB29P) AppleWebKit/537.36 (KHTML, like Gecko) Chrome/151.0.7922.173 Mobile Safari/537.36 (compatible; Googlebot/2.1; +http://www.google.com/bot.html)"
197.184.86.246 - - [31/Aug/2026:18:55:53 -0400] "POST /cpsess0453424392/3rdparty/roundcube/?_task=mail&_action=refresh HTTP/1.1" 200 2116 "https://webmail.savednsingle.org/cpsess0453424392/3rdparty/roundcube/?_task=mail&_mbox=INBOX" "Mozilla/5.0 (Windows NT 10.0; Win64; x64; rv:154.0) Gecko/20100101 Firefox/154.0"
185.80.32.56 - - [31/Aug/2026:18:56:32 -0400] "GET /shops/observant/w4o1m3a4n6l1i5n1e2s7s8 HTTP/1.1" 404 236 "https://savednsingle.org/?sitemap857.xml" "Mozilla/5.0 (Linux; Android 12; V2186) AppleWebKit/537.36 (KHTML, like Gecko) Chrome/155.0.5925.49 Mobile Safari/537.36 MicroMessenger/8.0.42(0x18001B3F) NetType/WIFI Language/zh_CN"
197.184.86.246 - - [31/Aug/2026:18:57:00 -0400] "POST /cpsess0453424392/3rdparty/roundcube/?_task=mail&_action=refresh HTTP/1.1" 200 2116 "https://webmail.savednsingle.org/cpsess0453424392/3rdparty/roundcube/?_task=mail&_mbox=INBOX" "Mozilla/5.0 (Windows NT 10.0; Win64; x64; rv:154.0) Gecko/20100101 Firefox/154.0"
197.184.86.246 - - [31/Aug/2026:18:58:00 -0400] "POST /cpsess0453424392/3rdparty/roundcube/?_task=mail&_action=refresh HTTP/1.1" 200 1427 "https://webmail.savednsingle.org/cpsess0453424392/3rdparty/roundcube/?_task=mail&_mbox=INBOX" "Mozilla/5.0 (Windows NT 10.0; Win64; x64; rv:154.0) Gecko/20100101 Firefox/154.0"
66.249.65.38 - - [31/Aug/2026:18:58:21 -0400] "GET /?u=p7i1s0t0o9l6i9n7g11 HTTP/1.1" 200 337 "-" "Mozilla/5.0 (compatible; Googlebot/2.1; +http://www.google.com/bot.html)"
197.184.86.246 - - [31/Aug/2026:18:59:00 -0400] "POST /cpsess0453424392/3rdparty/roundcube/?_task=mail&_action=refresh HTTP/1.1" 200 1390 "https://webmail.savednsingle.org/cpsess0453424392/3rdparty/roundcube/?_task=mail&_mbox=INBOX" "Mozilla/5.0 (Windows NT 10.0; Win64; x64; rv:154.0) Gecko/20100101 Firefox/154.0"
66.249.65.130 - - [31/Aug/2026:18:59:15 -0400] "GET /?u=b7e2n2e2d2i4c3i3t6e81 HTTP/1.1" 200 337 "-" "Mozilla/5.0 (Linux; Android 6.0.1; Nexus 5X Build/MMB29P) AppleWebKit/537.36 (KHTML, like Gecko) Chrome/151.0.7922.173 Mobile Safari/537.36 (compatible; Googlebot/2.1; +http://www.google.com/bot.html)"
66.249.65.39 - - [31/Aug/2026:18:59:51 -0400] "GET /?u=p2h2o8n0o2g6r6a6p7h29 HTTP/1.1" 200 337 "-" "Mozilla/5.0 (Linux; Android 6.0.1; Nexus 5X Build/MMB29P) AppleWebKit/537.36 (KHTML, like Gecko) Chrome/151.0.7922.173 Mobile Safari/537.36 (compatible; Googlebot/2.1; +http://www.google.com/bot.html)"
66.249.65.37 - - [31/Aug/2026:19:00:02 -0400] "GET /?u=d8i3s5a7s7s8i6m6i0l9a3te HTTP/1.1" 200 337 "-" "Mozilla/5.0 (compatible; Googlebot/2.1; +http://www.google.com/bot.html)"
197.184.86.246 - - [31/Aug/2026:19:00:06 -0400] "POST /cpsess0453424392/3rdparty/roundcube/?_task=mail&_action=refresh HTTP/1.1" 200 1390 "https://webmail.savednsingle.org/cpsess0453424392/3rdparty/roundcube/?_task=mail&_mbox=INBOX" "Mozilla/5.0 (Windows NT 10.0; Win64; x64; rv:154.0) Gecko/20100101 Firefox/154.0"
197.184.86.246 - - [31/Aug/2026:19:01:06 -0400] "POST /cpsess0453424392/3rdparty/roundcube/?_task=mail&_action=refresh HTTP/1.1" 200 1390 "https://webmail.savednsingle.org/cpsess0453424392/3rdparty/roundcube/?_task=mail&_mbox=INBOX" "Mozilla/5.0 (Windows NT 10.0; Win64; x64; rv:154.0) Gecko/20100101 Firefox/154.0"
66.249.65.130 - - [31/Aug/2026:19:01:15 -0400] "GET /?a=00188120638407 HTTP/1.1" 200 337 "-" "Mozilla/5.0 (Linux; Android 6.0.1; Nexus 5X Build/MMB29P) AppleWebKit/537.36 (KHTML, like Gecko) Chrome/151.0.7922.173 Mobile Safari/537.36 (compatible; Googlebot/2.1; +http://www.google.com/bot.html)"
66.249.65.129 - - [31/Aug/2026:19:01:16 -0400] "GET /?a=5250331899007 HTTP/1.1" 200 337 "-" "Mozilla/5.0 (Linux; Android 6.0.1; Nexus 5X Build/MMB29P) AppleWebKit/537.36 (KHTML, like Gecko) Chrome/151.0.7922.173 Mobile Safari/537.36 (compatible; Googlebot/2.1; +http://www.google.com/bot.html)"
66.249.65.129 - - [31/Aug/2026:19:01:35 -0400] "GET /shops/crystal/r7h1o8n8c1h1i2s9o7n5a5nt HTTP/1.1" 404 236 "-" "Mozilla/5.0 (compatible; Googlebot/2.1; +http://www.google.com/bot.html)"
197.184.86.246 - - [31/Aug/2026:19:02:06 -0400] "POST /cpsess0453424392/3rdparty/roundcube/?_task=mail&_action=refresh HTTP/1.1" 200 1390 "https://webmail.savednsingle.org/cpsess0453424392/3rdparty/roundcube/?_task=mail&_mbox=INBOX" "Mozilla/5.0 (Windows NT 10.0; Win64; x64; rv:154.0) Gecko/20100101 Firefox/154.0"
197.184.86.246 - - [31/Aug/2026:19:03:13 -0400] "POST /cpsess0453424392/3rdparty/roundcube/?_task=mail&_action=refresh HTTP/1.1" 200 1390 "https://webmail.savednsingle.org/cpsess0453424392/3rdparty/roundcube/?_task=mail&_mbox=INBOX" "Mozilla/5.0 (Windows NT 10.0; Win64; x64; rv:154.0) Gecko/20100101 Firefox/154.0"
66.249.65.130 - - [31/Aug/2026:19:03:20 -0400] "GET /?u=a2m4b2r4o5s8i2a9n589 HTTP/1.1" 200 337 "-" "Mozilla/5.0 (Linux; Android 6.0.1; Nexus 5X Build/MMB29P) AppleWebKit/537.36 (KHTML, like Gecko) Chrome/151.0.7922.173 Mobile Safari/537.36 (compatible; Googlebot/2.1; +http://www.google.com/bot.html)"
79.117.241.55 - - [31/Aug/2026:19:03:34 -0400] "GET /shops/oxgoad/m0a2s4c7l7e8d00518 HTTP/1.1" 404 236 "https://savednsingle.org/shops/oxgoad/m0a2s4c7l7e8d00518" "Mozilla/5.0 (iPhone; CPU iPhone OS 18_3 like Mac OS X) AppleWebKit/605.1.15 (KHTML, like Gecko) Version/18.3 Mobile/15E148 Safari/604.1"
197.184.86.246 - - [31/Aug/2026:19:04:13 -0400] "POST /cpsess0453424392/3rdparty/roundcube/?_task=mail&_action=refresh HTTP/1.1" 200 1390 "https://webmail.savednsingle.org/cpsess0453424392/3rdparty/roundcube/?_task=mail&_mbox=INBOX" "Mozilla/5.0 (Windows NT 10.0; Win64; x64; rv:154.0) Gecko/20100101 Firefox/154.0"
197.184.86.246 - - [31/Aug/2026:19:05:13 -0400] "POST /cpsess0453424392/3rdparty/roundcube/?_task=mail&_action=refresh HTTP/1.1" 200 2126 "https://webmail.savednsingle.org/cpsess0453424392/3rdparty/roundcube/?_task=mail&_mbox=INBOX" "Mozilla/5.0 (Windows NT 10.0; Win64; x64; rv:154.0) Gecko/20100101 Firefox/154.0"
66.249.65.130 - - [31/Aug/2026:19:05:21 -0400] "GET /?u=p2a1h5l3a3v6i53466 HTTP/1.1" 200 337 "-" "Mozilla/5.0 (Linux; Android 6.0.1; Nexus 5X Build/MMB29P) AppleWebKit/537.36 (KHTML, like Gecko) Chrome/151.0.7922.173 Mobile Safari/537.36 (compatible; Googlebot/2.1; +http://www.google.com/bot.html)"
197.184.86.246 - - [31/Aug/2026:19:06:20 -0400] "POST /cpsess0453424392/3rdparty/roundcube/?_task=mail&_action=refresh HTTP/1.1" 200 2127 "https://webmail.savednsingle.org/cpsess0453424392/3rdparty/roundcube/?_task=mail&_mbox=INBOX" "Mozilla/5.0 (Windows NT 10.0; Win64; x64; rv:154.0) Gecko/20100101 Firefox/154.0"
66.249.65.128 - - [31/Aug/2026:19:06:22 -0400] "GET /?tituled/23249964043 HTTP/1.1" 200 337 "-" "Mozilla/5.0 (Linux; Android 6.0.1; Nexus 5X Build/MMB29P) AppleWebKit/537.36 (KHTML, like Gecko) Chrome/151.0.7922.173 Mobile Safari/537.36 (compatible; Googlebot/2.1; +http://www.google.com/bot.html)"
197.184.86.246 - - [31/Aug/2026:19:07:20 -0400] "POST /cpsess0453424392/3rdparty/roundcube/?_task=mail&_action=refresh HTTP/1.1" 200 2130 "https://webmail.savednsingle.org/cpsess0453424392/3rdparty/roundcube/?_task=mail&_mbox=INBOX" "Mozilla/5.0 (Windows NT 10.0; Win64; x64; rv:154.0) Gecko/20100101 Firefox/154.0"
66.249.65.128 - - [31/Aug/2026:19:07:23 -0400] "GET /?u=w2r1a8c1k0f1u0l547 HTTP/1.1" 200 337 "-" "Mozilla/5.0 (Linux; Android 6.0.1; Nexus 5X Build/MMB29P) AppleWebKit/537.36 (KHTML, like Gecko) Chrome/151.0.7922.173 Mobile Safari/537.36 (compatible; Googlebot/2.1; +http://www.google.com/bot.html)"
45.186.202.212 - - [31/Aug/2026:19:07:42 -0400] "GET /shops/omentum/f4r2e3s2c6o8s32702 HTTP/1.1" 404 236 "https://savednsingle.org/?sitemap857.xml" "Mozilla/5.0 (Linux; Android 15; M2102J21) AppleWebKit/537.36 (KHTML, like Gecko) Chrome/144.0.5713.38 Mobile Safari/537.36"
66.249.65.129 - - [31/Aug/2026:19:07:46 -0400] "GET /?u=t1a1r5p5a9u6l9i3n992 HTTP/1.1" 200 337 "-" "Mozilla/5.0 (Linux; Android 6.0.1; Nexus 5X Build/MMB29P) AppleWebKit/537.36 (KHTML, like Gecko) Chrome/151.0.7922.173 Mobile Safari/537.36 (compatible; Googlebot/2.1; +http://www.google.com/bot.html)"
197.184.86.246 - - [31/Aug/2026:19:08:20 -0400] "POST /cpsess0453424392/3rdparty/roundcube/?_task=mail&_action=refresh HTTP/1.1" 200 2125 "https://webmail.savednsingle.org/cpsess0453424392/3rdparty/roundcube/?_task=mail&_mbox=INBOX" "Mozilla/5.0 (Windows NT 10.0; Win64; x64; rv:154.0) Gecko/20100101 Firefox/154.0"
66.249.65.128 - - [31/Aug/2026:19:08:25 -0400] "GET /?a=0862751100 HTTP/1.1" 200 337 "-" "Mozilla/5.0 (Linux; Android 6.0.1; Nexus 5X Build/MMB29P) AppleWebKit/537.36 (KHTML, like Gecko) Chrome/151.0.7922.173 Mobile Safari/537.36 (compatible; Googlebot/2.1; +http://www.google.com/bot.html)"
197.184.86.246 - - [31/Aug/2026:19:09:27 -0400] "POST /cpsess0453424392/3rdparty/roundcube/?_task=mail&_action=refresh HTTP/1.1" 200 1423 "https://webmail.savednsingle.org/cpsess0453424392/3rdparty/roundcube/?_task=mail&_mbox=INBOX" "Mozilla/5.0 (Windows NT 10.0; Win64; x64; rv:154.0) Gecko/20100101 Firefox/154.0"
66.249.65.128 - - [31/Aug/2026:19:09:35 -0400] "GET /?u=b0a3r3o2m6e2t2z3164 HTTP/1.1" 200 337 "-" "Mozilla/5.0 (Linux; Android 6.0.1; Nexus 5X Build/MMB29P) AppleWebKit/537.36 (KHTML, like Gecko) Chrome/151.0.7922.173 Mobile Safari/537.36 (compatible; Googlebot/2.1; +http://www.google.com/bot.html)"
66.249.65.129 - - [31/Aug/2026:19:10:26 -0400] "GET /?u=p2o1s3e8u7s1e7s9681 HTTP/1.1" 200 337 "-" "Mozilla/5.0 (Linux; Android 6.0.1; Nexus 5X Build/MMB29P) AppleWebKit/537.36 (KHTML, like Gecko) Chrome/151.0.7922.173 Mobile Safari/537.36 (compatible; Googlebot/2.1; +http://www.google.com/bot.html)"
197.184.86.246 - - [31/Aug/2026:19:10:27 -0400] "POST /cpsess0453424392/3rdparty/roundcube/?_task=mail&_action=refresh HTTP/1.1" 200 1388 "https://webmail.savednsingle.org/cpsess0453424392/3rdparty/roundcube/?_task=mail&_mbox=INBOX" "Mozilla/5.0 (Windows NT 10.0; Win64; x64; rv:154.0) Gecko/20100101 Firefox/154.0"
103.93.141.112 - - [31/Aug/2026:19:10:32 -0400] "GET /shops/nycteribia/d0u1m6f0o3u5n9d2109 HTTP/1.1" 404 236 "https://savednsingle.org/shops/nycteribia/d0u1m6f0o3u5n9d2109" "Mozilla/5.0 (Linux; Android 15; M2102J20) AppleWebKit/537.36 (KHTML, like Gecko) Chrome/148.0.5858.148 Mobile Safari/537.36 MicroMessenger/8.0.30(0x18001B3F) NetType/WIFI Language/zh_CN"
197.184.86.246 - - [31/Aug/2026:19:11:27 -0400] "POST /cpsess0453424392/3rdparty/roundcube/?_task=mail&_action=refresh HTTP/1.1" 200 1387 "https://webmail.savednsingle.org/cpsess0453424392/3rdparty/roundcube/?_task=mail&_mbox=INBOX" "Mozilla/5.0 (Windows NT 10.0; Win64; x64; rv:154.0) Gecko/20100101 Firefox/154.0"
66.249.65.38 - - [31/Aug/2026:19:11:45 -0400] "GET /mirrorlike/knolled/t4r7a0c6h8o5m4a5t4i3s HTTP/1.1" 404 236 "-" "Mozilla/5.0 (compatible; Googlebot/2.1; +http://www.google.com/bot.html)"
181.220.0.60 - - [31/Aug/2026:19:11:50 -0400] "GET /shops/nonarboreal/p4r1e4g1n7a2b4l1e765 HTTP/1.1" 404 236 "https://savednsingle.org/?sitemap857.xml" "Mozilla/5.0 (Linux; Android 15; V2189) AppleWebKit/537.36 (KHTML, like Gecko) Chrome/152.0.5746.77 Mobile Safari/537.36 MicroMessenger/8.0.30(0x18001B3F) NetType/WIFI Language/zh_CN"
107.189.14.87 - - [31/Aug/2026:19:11:52 -0400] "GET /wp-login.php HTTP/1.1" 404 16 "-" "Mozilla/5.0"
107.189.14.87 - - [31/Aug/2026:19:11:53 -0400] "GET /wp-login.php HTTP/1.1" 404 16 "-" "Mozilla/5.0"
66.249.65.128 - - [31/Aug/2026:19:12:27 -0400] "GET /?hoarhound/03394689545 HTTP/1.1" 200 337 "-" "Mozilla/5.0 (Linux; Android 6.0.1; Nexus 5X Build/MMB29P) AppleWebKit/537.36 (KHTML, like Gecko) Chrome/151.0.7922.173 Mobile Safari/537.36 (compatible; Googlebot/2.1; +http://www.google.com/bot.html)"
197.184.86.246 - - [31/Aug/2026:19:12:33 -0400] "POST /cpsess0453424392/3rdparty/roundcube/?_task=mail&_action=refresh HTTP/1.1" 200 1390 "https://webmail.savednsingle.org/cpsess0453424392/3rdparty/roundcube/?_task=mail&_mbox=INBOX" "Mozilla/5.0 (Windows NT 10.0; Win64; x64; rv:154.0) Gecko/20100101 Firefox/154.0"
197.184.86.246 - - [31/Aug/2026:19:13:33 -0400] "POST /cpsess0453424392/3rdparty/roundcube/?_task=mail&_action=refresh HTTP/1.1" 200 1390 "https://webmail.savednsingle.org/cpsess0453424392/3rdparty/roundcube/?_task=mail&_mbox=INBOX" "Mozilla/5.0 (Windows NT 10.0; Win64; x64; rv:154.0) Gecko/20100101 Firefox/154.0"
197.184.86.246 - - [31/Aug/2026:19:14:33 -0400] "POST /cpsess0453424392/3rdparty/roundcube/?_task=mail&_action=refresh HTTP/1.1" 200 1390 "https://webmail.savednsingle.org/cpsess0453424392/3rdparty/roundcube/?_task=mail&_mbox=INBOX" "Mozilla/5.0 (Windows NT 10.0; Win64; x64; rv:154.0) Gecko/20100101 Firefox/154.0"
51.253.240.6 - - [31/Aug/2026:19:14:41 -0400] "GET /shops/nitrocarbol/u2n2s7t3i9c3k10138 HTTP/1.1" 404 236 "https://savednsingle.org/shops/nitrocarbol/u2n2s7t3i9c3k10138" "Mozilla/5.0 (Linux; Android 14; M2102J23) AppleWebKit/537.36 (KHTML, like Gecko) Chrome/154.0.5339.3 Mobile Safari/537.36"
66.249.65.129 - - [31/Aug/2026:19:15:02 -0400] "GET /?stereometer/93393967351 HTTP/1.1" 200 337 "-" "Mozilla/5.0 (Linux; Android 6.0.1; Nexus 5X Build/MMB29P) AppleWebKit/537.36 (KHTML, like Gecko) Chrome/151.0.7922.173 Mobile Safari/537.36 (compatible; Googlebot/2.1; +http://www.google.com/bot.html)"
66.249.65.128 - - [31/Aug/2026:19:15:14 -0400] "GET /?u=l6i1c0i5t2n6e5s2s037 HTTP/1.1" 200 337 "-" "Mozilla/5.0 (Linux; Android 6.0.1; Nexus 5X Build/MMB29P) AppleWebKit/537.36 (KHTML, like Gecko) Chrome/151.0.7922.173 Mobile Safari/537.36 (compatible; Googlebot/2.1; +http://www.google.com/bot.html)"
66.249.65.128 - - [31/Aug/2026:19:15:38 -0400] "GET /?u=c1a1n4d5e2n9t59202 HTTP/1.1" 200 337 "-" "Mozilla/5.0 (Linux; Android 6.0.1; Nexus 5X Build/MMB29P) AppleWebKit/537.36 (KHTML, like Gecko) Chrome/151.0.7922.173 Mobile Safari/537.36 (compatible; Googlebot/2.1; +http://www.google.com/bot.html)"
197.184.86.246 - - [31/Aug/2026:19:15:40 -0400] "POST /cpsess0453424392/3rdparty/roundcube/?_task=mail&_action=refresh HTTP/1.1" 200 1390 "https://webmail.savednsingle.org/cpsess0453424392/3rdparty/roundcube/?_task=mail&_mbox=INBOX" "Mozilla/5.0 (Windows NT 10.0; Win64; x64; rv:154.0) Gecko/20100101 Firefox/154.0"
66.249.65.128 - - [31/Aug/2026:19:16:30 -0400] "GET /?a=40873108634401 HTTP/1.1" 200 337 "-" "Mozilla/5.0 (Linux; Android 6.0.1; Nexus 5X Build/MMB29P) AppleWebKit/537.36 (KHTML, like Gecko) Chrome/151.0.7922.173 Mobile Safari/537.36 (compatible; Googlebot/2.1; +http://www.google.com/bot.html)"
197.184.86.246 - - [31/Aug/2026:19:16:40 -0400] "POST /cpsess0453424392/3rdparty/roundcube/?_task=mail&_action=refresh HTTP/1.1" 200 2128 "https://webmail.savednsingle.org/cpsess0453424392/3rdparty/roundcube/?_task=mail&_mbox=INBOX" "Mozilla/5.0 (Windows NT 10.0; Win64; x64; rv:154.0) Gecko/20100101 Firefox/154.0"
66.249.65.129 - - [31/Aug/2026:19:16:41 -0400] "GET /?a=2086436644401 HTTP/1.1" 200 337 "-" "Mozilla/5.0 (Linux; Android 6.0.1; Nexus 5X Build/MMB29P) AppleWebKit/537.36 (KHTML, like Gecko) Chrome/151.0.7922.173 Mobile Safari/537.36 (compatible; Googlebot/2.1; +http://www.google.com/bot.html)"
66.249.65.128 - - [31/Aug/2026:19:16:46 -0400] "GET /?farmerette/22482561388 HTTP/1.1" 200 337 "-" "Mozilla/5.0 (Linux; Android 6.0.1; Nexus 5X Build/MMB29P) AppleWebKit/537.36 (KHTML, like Gecko) Chrome/151.0.7922.173 Mobile Safari/537.36 (compatible; Googlebot/2.1; +http://www.google.com/bot.html)"
66.249.65.128 - - [31/Aug/2026:19:16:48 -0400] "GET /?a=7889121571202 HTTP/1.1" 200 337 "-" "Mozilla/5.0 (Linux; Android 6.0.1; Nexus 5X Build/MMB29P) AppleWebKit/537.36 (KHTML, like Gecko) Chrome/151.0.7922.173 Mobile Safari/537.36 (compatible; Googlebot/2.1; +http://www.google.com/bot.html)"
66.249.65.129 - - [31/Aug/2026:19:17:04 -0400] "GET /shops/vincibility/t1e4t0r7a0d5e5c5a9n9e HTTP/1.1" 404 236 "-" "Mozilla/5.0 (compatible; Googlebot/2.1; +http://www.google.com/bot.html)"
147.189.190.72 - - [31/Aug/2026:19:17:22 -0400] "GET /shops/nerine/a4u1r8i2f4e6r7o6u4s00 HTTP/1.1" 404 236 "https://savednsingle.org/?sitemap857.xml" "Mozilla/5.0 (Linux; Android 12; M2102J25) AppleWebKit/537.36 (KHTML, like Gecko) Chrome/152.0.5489.149 Mobile Safari/537.36 MicroMessenger/8.0.35(0x18001B3F) NetType/WIFI Language/zh_CN"
197.184.86.246 - - [31/Aug/2026:19:17:40 -0400] "POST /cpsess0453424392/3rdparty/roundcube/?_task=mail&_action=refresh HTTP/1.1" 200 2119 "https://webmail.savednsingle.org/cpsess0453424392/3rdparty/roundcube/?_task=mail&_mbox=INBOX" "Mozilla/5.0 (Windows NT 10.0; Win64; x64; rv:154.0) Gecko/20100101 Firefox/154.0"
197.184.86.246 - - [31/Aug/2026:19:18:47 -0400] "POST /cpsess0453424392/3rdparty/roundcube/?_task=mail&_action=refresh HTTP/1.1" 200 2118 "https://webmail.savednsingle.org/cpsess0453424392/3rdparty/roundcube/?_task=mail&_mbox=INBOX" "Mozilla/5.0 (Windows NT 10.0; Win64; x64; rv:154.0) Gecko/20100101 Firefox/154.0"
66.249.65.130 - - [31/Aug/2026:19:18:51 -0400] "GET /?a=6186760749500 HTTP/1.1" 200 337 "-" "Mozilla/5.0 (Linux; Android 6.0.1; Nexus 5X Build/MMB29P) AppleWebKit/537.36 (KHTML, like Gecko) Chrome/151.0.7922.173 Mobile Safari/537.36 (compatible; Googlebot/2.1; +http://www.google.com/bot.html)"
186.158.238.139 - - [31/Aug/2026:19:18:52 -0400] "GET /shops/psychal/b0e6s6p1a7n8g9l8i0n9g HTTP/1.1" 404 236 "https://savednsingle.org/shops/psychal/b0e6s6p1a7n8g9l8i0n9g" "Mozilla/5.0 (Linux; Android 15; OPPO PCLM2) AppleWebKit/537.36 (KHTML, like Gecko) Chrome/141.0.5433.151 Mobile Safari/537.36"
66.249.65.129 - - [31/Aug/2026:19:18:52 -0400] "GET /?u=t8o3n3s8i9l7i5t4i4s55 HTTP/1.1" 200 337 "-" "Mozilla/5.0 (Linux; Android 6.0.1; Nexus 5X Build/MMB29P) AppleWebKit/537.36 (KHTML, like Gecko) Chrome/151.0.7922.173 Mobile Safari/537.36 (compatible; Googlebot/2.1; +http://www.google.com/bot.html)"
66.249.65.39 - - [31/Aug/2026:19:19:16 -0400] "GET /contents/reform/ HTTP/1.1" 404 236 "-" "Mozilla/5.0 (compatible; Googlebot/2.1; +http://www.google.com/bot.html)"
197.184.86.246 - - [31/Aug/2026:19:19:47 -0400] "POST /cpsess0453424392/3rdparty/roundcube/?_task=mail&_action=refresh HTTP/1.1" 200 2114 "https://webmail.savednsingle.org/cpsess0453424392/3rdparty/roundcube/?_task=mail&_mbox=INBOX" "Mozilla/5.0 (Windows NT 10.0; Win64; x64; rv:154.0) Gecko/20100101 Firefox/154.0"
187.63.121.246 - - [31/Aug/2026:19:20:04 -0400] "GET /shops/pedimental/t4o1f6f3e6e509023 HTTP/1.1" 404 236 "https://savednsingle.org/?sitemap857.xml" "Mozilla/5.0 (iPhone; CPU iPhone OS 16_5 like Mac OS X) AppleWebKit/605.1.15 (KHTML, like Gecko) Version/16.5 Mobile/15E148 Safari/604.1"
66.249.65.130 - - [31/Aug/2026:19:20:22 -0400] "GET /?a=0989544560 HTTP/1.1" 200 337 "-" "Mozilla/5.0 (Linux; Android 6.0.1; Nexus 5X Build/MMB29P) AppleWebKit/537.36 (KHTML, like Gecko) Chrome/151.0.7922.173 Mobile Safari/537.36 (compatible; Googlebot/2.1; +http://www.google.com/bot.html)"
197.184.86.246 - - [31/Aug/2026:19:20:47 -0400] "POST /cpsess0453424392/3rdparty/roundcube/?_task=mail&_action=refresh HTTP/1.1" 200 1426 "https://webmail.savednsingle.org/cpsess0453424392/3rdparty/roundcube/?_task=mail&_mbox=INBOX" "Mozilla/5.0 (Windows NT 10.0; Win64; x64; rv:154.0) Gecko/20100101 Firefox/154.0"
66.249.65.128 - - [31/Aug/2026:19:21:09 -0400] "GET /?a=88873168034100 HTTP/1.1" 200 337 "-" "Mozilla/5.0 (Linux; Android 6.0.1; Nexus 5X Build/MMB29P) AppleWebKit/537.36 (KHTML, like Gecko) Chrome/151.0.7922.173 Mobile Safari/537.36 (compatible; Googlebot/2.1; +http://www.google.com/bot.html)"
197.184.86.246 - - [31/Aug/2026:19:21:54 -0400] "POST /cpsess0453424392/3rdparty/roundcube/?_task=mail&_action=refresh HTTP/1.1" 200 1390 "https://webmail.savednsingle.org/cpsess0453424392/3rdparty/roundcube/?_task=mail&_mbox=INBOX" "Mozilla/5.0 (Windows NT 10.0; Win64; x64; rv:154.0) Gecko/20100101 Firefox/154.0"
197.184.86.246 - - [31/Aug/2026:19:22:53 -0400] "POST /cpsess0453424392/3rdparty/roundcube/?_task=mail&_action=refresh HTTP/1.1" 200 1389 "https://webmail.savednsingle.org/cpsess0453424392/3rdparty/roundcube/?_task=mail&_mbox=INBOX" "Mozilla/5.0 (Windows NT 10.0; Win64; x64; rv:154.0) Gecko/20100101 Firefox/154.0"
141.148.197.49 - - [31/Aug/2026:19:23:12 -0400] "GET /wp-json/ HTTP/1.1" 404 236 "-" "Python/3.10 aiohttp/3.13.5"
141.148.197.49 - - [31/Aug/2026:19:23:13 -0400] "GET / HTTP/1.1" 200 337 "-" "Python/3.10 aiohttp/3.13.5"
141.148.197.49 - - [31/Aug/2026:19:23:13 -0400] "GET /readme.html HTTP/1.1" 404 236 "-" "Python/3.10 aiohttp/3.13.5"
