197.184.86.246 - - [31/Aug/2026:09:05:34 -0400] "POST /cpsess0453424392/3rdparty/roundcube/?_task=mail&_action=refresh HTTP/1.1" 200 1388 "https://webmail.savednsingle.org/cpsess0453424392/3rdparty/roundcube/?_task=mail&_mbox=INBOX" "Mozilla/5.0 (Windows NT 10.0; Win64; x64; rv:154.0) Gecko/20100101 Firefox/154.0"
102.69.211.223 - - [31/Aug/2026:09:05:34 -0400] "POST /cpsess5003052442/3rdparty/roundcube/?_task=mail&_action=refresh HTTP/1.1" 200 1388 "https://webmail.savednsingle.org/cpsess5003052442/3rdparty/roundcube/?_task=mail&_mbox=INBOX" "Mozilla/5.0 (Windows NT 10.0; Win64; x64) AppleWebKit/537.36 (KHTML, like Gecko) Chrome/151.0.0.0 Safari/537.36"
102.69.211.223 - - [31/Aug/2026:09:06:36 -0400] "POST /cpsess5003052442/3rdparty/roundcube/?_task=mail&_action=refresh HTTP/1.1" 200 1389 "https://webmail.savednsingle.org/cpsess5003052442/3rdparty/roundcube/?_task=mail&_mbox=INBOX" "Mozilla/5.0 (Windows NT 10.0; Win64; x64) AppleWebKit/537.36 (KHTML, like Gecko) Chrome/151.0.0.0 Safari/537.36"
197.184.86.246 - - [31/Aug/2026:09:06:41 -0400] "POST /cpsess0453424392/3rdparty/roundcube/?_task=mail&_action=refresh HTTP/1.1" 200 1388 "https://webmail.savednsingle.org/cpsess0453424392/3rdparty/roundcube/?_task=mail&_mbox=INBOX" "Mozilla/5.0 (Windows NT 10.0; Win64; x64; rv:154.0) Gecko/20100101 Firefox/154.0"
66.249.65.128 - - [31/Aug/2026:09:07:27 -0400] "GET /?a=8897723903809 HTTP/1.1" 200 281 "-" "Mozilla/5.0 (Linux; Android 6.0.1; Nexus 5X Build/MMB29P) AppleWebKit/537.36 (KHTML, like Gecko) Chrome/151.0.7922.173 Mobile Safari/537.36 (compatible; Googlebot/2.1; +http://www.google.com/bot.html)"
102.69.211.223 - - [31/Aug/2026:09:07:37 -0400] "POST /cpsess5003052442/3rdparty/roundcube/?_task=mail&_action=refresh HTTP/1.1" 200 1388 "https://webmail.savednsingle.org/cpsess5003052442/3rdparty/roundcube/?_task=mail&_mbox=INBOX" "Mozilla/5.0 (Windows NT 10.0; Win64; x64) AppleWebKit/537.36 (KHTML, like Gecko) Chrome/151.0.0.0 Safari/537.36"
197.184.86.246 - - [31/Aug/2026:09:07:43 -0400] "POST /cpsess0453424392/3rdparty/roundcube/?_task=mail&_action=refresh HTTP/1.1" 200 1388 "https://webmail.savednsingle.org/cpsess0453424392/3rdparty/roundcube/?_task=mail&_mbox=INBOX" "Mozilla/5.0 (Windows NT 10.0; Win64; x64; rv:154.0) Gecko/20100101 Firefox/154.0"
66.249.65.129 - - [31/Aug/2026:09:08:19 -0400] "GET /?a=29641109956000 HTTP/1.1" 200 281 "-" "Mozilla/5.0 (Linux; Android 6.0.1; Nexus 5X Build/MMB29P) AppleWebKit/537.36 (KHTML, like Gecko) Chrome/151.0.7922.173 Mobile Safari/537.36 (compatible; Googlebot/2.1; +http://www.google.com/bot.html)"
201.182.126.208 - - [31/Aug/2026:09:08:34 -0400] "GET /shops/stupidity/c4i3r7c7i4n1a4t1e923 HTTP/1.1" 404 236 "https://savednsingle.org/?sitemap857.xml" "Mozilla/5.0 (Linux; Android 14; M2102J23) AppleWebKit/537.36 (KHTML, like Gecko) Chrome/143.0.5437.11 Mobile Safari/537.36"
102.69.211.223 - - [31/Aug/2026:09:08:38 -0400] "POST /cpsess5003052442/3rdparty/roundcube/?_task=mail&_action=refresh HTTP/1.1" 200 1388 "https://webmail.savednsingle.org/cpsess5003052442/3rdparty/roundcube/?_task=mail&_mbox=INBOX" "Mozilla/5.0 (Windows NT 10.0; Win64; x64) AppleWebKit/537.36 (KHTML, like Gecko) Chrome/151.0.0.0 Safari/537.36"
197.184.86.246 - - [31/Aug/2026:09:08:48 -0400] "POST /cpsess0453424392/3rdparty/roundcube/?_task=mail&_action=refresh HTTP/1.1" 200 1388 "https://webmail.savednsingle.org/cpsess0453424392/3rdparty/roundcube/?_task=mail&_mbox=INBOX" "Mozilla/5.0 (Windows NT 10.0; Win64; x64; rv:154.0) Gecko/20100101 Firefox/154.0"
66.249.65.130 - - [31/Aug/2026:09:09:11 -0400] "GET /?l=29794607670 HTTP/1.1" 200 281 "-" "Mozilla/5.0 (Linux; Android 6.0.1; Nexus 5X Build/MMB29P) AppleWebKit/537.36 (KHTML, like Gecko) Chrome/151.0.7922.173 Mobile Safari/537.36 (compatible; Googlebot/2.1; +http://www.google.com/bot.html)"
102.69.211.223 - - [31/Aug/2026:09:09:39 -0400] "POST /cpsess5003052442/3rdparty/roundcube/?_task=mail&_action=refresh HTTP/1.1" 200 1389 "https://webmail.savednsingle.org/cpsess5003052442/3rdparty/roundcube/?_task=mail&_mbox=INBOX" "Mozilla/5.0 (Windows NT 10.0; Win64; x64) AppleWebKit/537.36 (KHTML, like Gecko) Chrome/151.0.0.0 Safari/537.36"
197.184.86.246 - - [31/Aug/2026:09:09:48 -0400] "POST /cpsess0453424392/3rdparty/roundcube/?_task=mail&_action=refresh HTTP/1.1" 200 1387 "https://webmail.savednsingle.org/cpsess0453424392/3rdparty/roundcube/?_task=mail&_mbox=INBOX" "Mozilla/5.0 (Windows NT 10.0; Win64; x64; rv:154.0) Gecko/20100101 Firefox/154.0"
102.69.211.223 - - [31/Aug/2026:09:10:40 -0400] "POST /cpsess5003052442/3rdparty/roundcube/?_task=mail&_action=refresh HTTP/1.1" 308 152 "https://webmail.savednsingle.org/cpsess5003052442/3rdparty/roundcube/?_task=mail&_mbox=INBOX" "Mozilla/5.0 (Windows NT 10.0; Win64; x64) AppleWebKit/537.36 (KHTML, like Gecko) Chrome/151.0.0.0 Safari/537.36"
102.69.211.223 - - [31/Aug/2026:09:10:40 -0400] "POST /cpsess5003052442/3rdparty/roundcube/?_task=mail&_action=refresh HTTP/1.1" 200 1387 "https://webmail.savednsingle.org/cpsess5003052442/3rdparty/roundcube/?_task=mail&_mbox=INBOX" "Mozilla/5.0 (Windows NT 10.0; Win64; x64) AppleWebKit/537.36 (KHTML, like Gecko) Chrome/151.0.0.0 Safari/537.36"
66.249.65.129 - - [31/Aug/2026:09:10:52 -0400] "GET /?a=60891115264212 HTTP/1.1" 200 281 "-" "Mozilla/5.0 (Linux; Android 6.0.1; Nexus 5X Build/MMB29P) AppleWebKit/537.36 (KHTML, like Gecko) Chrome/151.0.7922.173 Mobile Safari/537.36 (compatible; Googlebot/2.1; +http://www.google.com/bot.html)"
197.184.86.246 - - [31/Aug/2026:09:10:54 -0400] "POST /cpsess0453424392/3rdparty/roundcube/?_task=mail&_action=refresh HTTP/1.1" 200 1387 "https://webmail.savednsingle.org/cpsess0453424392/3rdparty/roundcube/?_task=mail&_mbox=INBOX" "Mozilla/5.0 (Windows NT 10.0; Win64; x64; rv:154.0) Gecko/20100101 Firefox/154.0"
103.81.105.187 - - [31/Aug/2026:09:11:17 -0400] "GET /shops/stoutness/s4q2u7a9r6r8u3l5o0s0e4 HTTP/1.1" 404 236 "https://savednsingle.org/?sitemap857.xml" "Mozilla/5.0 (Linux; Android 15; OPPO PCLM8) AppleWebKit/537.36 (KHTML, like Gecko) Chrome/149.0.5123.154 Mobile Safari/537.36"
102.69.211.223 - - [31/Aug/2026:09:11:41 -0400] "POST /cpsess5003052442/3rdparty/roundcube/?_task=mail&_action=refresh HTTP/1.1" 200 1389 "https://webmail.savednsingle.org/cpsess5003052442/3rdparty/roundcube/?_task=mail&_mbox=INBOX" "Mozilla/5.0 (Windows NT 10.0; Win64; x64) AppleWebKit/537.36 (KHTML, like Gecko) Chrome/151.0.0.0 Safari/537.36"
197.184.86.246 - - [31/Aug/2026:09:11:58 -0400] "POST /cpsess0453424392/3rdparty/roundcube/?_task=mail&_action=refresh HTTP/1.1" 200 1389 "https://webmail.savednsingle.org/cpsess0453424392/3rdparty/roundcube/?_task=mail&_mbox=INBOX" "Mozilla/5.0 (Windows NT 10.0; Win64; x64; rv:154.0) Gecko/20100101 Firefox/154.0"
102.69.211.223 - - [31/Aug/2026:09:12:43 -0400] "POST /cpsess5003052442/3rdparty/roundcube/?_task=mail&_action=refresh HTTP/1.1" 200 1389 "https://webmail.savednsingle.org/cpsess5003052442/3rdparty/roundcube/?_task=mail&_mbox=INBOX" "Mozilla/5.0 (Windows NT 10.0; Win64; x64) AppleWebKit/537.36 (KHTML, like Gecko) Chrome/151.0.0.0 Safari/537.36"
197.184.86.246 - - [31/Aug/2026:09:12:54 -0400] "POST /cpsess0453424392/3rdparty/roundcube/?_task=mail&_action=refresh HTTP/1.1" 308 152 "https://webmail.savednsingle.org/cpsess0453424392/3rdparty/roundcube/?_task=mail&_mbox=INBOX" "Mozilla/5.0 (Windows NT 10.0; Win64; x64; rv:154.0) Gecko/20100101 Firefox/154.0"
197.184.86.246 - - [31/Aug/2026:09:12:55 -0400] "POST /cpsess0453424392/3rdparty/roundcube/?_task=mail&_action=refresh HTTP/1.1" 200 1389 "https://webmail.savednsingle.org/cpsess0453424392/3rdparty/roundcube/?_task=mail&_mbox=INBOX" "Mozilla/5.0 (Windows NT 10.0; Win64; x64; rv:154.0) Gecko/20100101 Firefox/154.0"
167.160.75.208 - - [31/Aug/2026:09:13:35 -0400] "GET /yytest/ HTTP/1.1" 404 236 "-" "Mozilla/5.0 (compatible; Googlebot/2.1; +http://www.google.com/bot.html)"
138.229.96.224 - - [31/Aug/2026:09:13:35 -0400] "GET /yytest/ HTTP/1.1" 404 236 "-" "Mozilla/5.0 (compatible; Googlebot/2.1; +http://www.google.com/bot.html)"
31.58.166.21 - - [31/Aug/2026:09:13:36 -0400] "GET /yytest/ HTTP/1.1" 404 236 "-" "Mozilla/5.0 (compatible; Googlebot/2.1; +http://www.google.com/bot.html)"
63.141.239.146 - - [31/Aug/2026:09:13:36 -0400] "GET /yytest/ HTTP/1.1" 404 236 "-" "Mozilla/5.0 (compatible; Googlebot/2.1; +http://www.google.com/bot.html)"
130.254.112.187 - - [31/Aug/2026:09:13:36 -0400] "POST / HTTP/1.1" 404 236 "-" "Mozilla/5.0 (Linux; Android 12; Pixel 6) AppleWebKit/537.36 (KHTML, like Gecko) Chrome/129.0.0.0 Mobile Safari/537.36"
168.91.42.232 - - [31/Aug/2026:09:13:38 -0400] "POST / HTTP/1.1" 404 236 "-" "Mozilla/5.0 (Linux; Android 12; Pixel 6) AppleWebKit/537.36 (KHTML, like Gecko) Chrome/129.0.0.0 Mobile Safari/537.36"
158.62.222.197 - - [31/Aug/2026:09:13:38 -0400] "POST / HTTP/1.1" 404 236 "-" "Mozilla/5.0 (Linux; Android 12; Pixel 6) AppleWebKit/537.36 (KHTML, like Gecko) Chrome/129.0.0.0 Mobile Safari/537.36"
66.249.65.128 - - [31/Aug/2026:09:13:41 -0400] "GET /about HTTP/1.1" 404 236 "-" "Mozilla/5.0 (Linux; Android 6.0.1; Nexus 5X Build/MMB29P) AppleWebKit/537.36 (KHTML, like Gecko) Chrome/151.0.7922.173 Mobile Safari/537.36 (compatible; Googlebot/2.1; +http://www.google.com/bot.html)"
102.69.211.223 - - [31/Aug/2026:09:13:43 -0400] "POST /cpsess5003052442/3rdparty/roundcube/?_task=mail&_action=refresh HTTP/1.1" 308 152 "https://webmail.savednsingle.org/cpsess5003052442/3rdparty/roundcube/?_task=mail&_mbox=INBOX" "Mozilla/5.0 (Windows NT 10.0; Win64; x64) AppleWebKit/537.36 (KHTML, like Gecko) Chrome/151.0.0.0 Safari/537.36"
102.69.211.223 - - [31/Aug/2026:09:13:44 -0400] "POST /cpsess5003052442/3rdparty/roundcube/?_task=mail&_action=refresh HTTP/1.1" 200 1389 "https://webmail.savednsingle.org/cpsess5003052442/3rdparty/roundcube/?_task=mail&_mbox=INBOX" "Mozilla/5.0 (Windows NT 10.0; Win64; x64) AppleWebKit/537.36 (KHTML, like Gecko) Chrome/151.0.0.0 Safari/537.36"
197.184.86.246 - - [31/Aug/2026:09:14:01 -0400] "POST /cpsess0453424392/3rdparty/roundcube/?_task=mail&_action=refresh HTTP/1.1" 308 152 "https://webmail.savednsingle.org/cpsess0453424392/3rdparty/roundcube/?_task=mail&_mbox=INBOX" "Mozilla/5.0 (Windows NT 10.0; Win64; x64; rv:154.0) Gecko/20100101 Firefox/154.0"
197.184.86.246 - - [31/Aug/2026:09:14:01 -0400] "POST /cpsess0453424392/3rdparty/roundcube/?_task=mail&_action=refresh HTTP/1.1" 200 1389 "https://webmail.savednsingle.org/cpsess0453424392/3rdparty/roundcube/?_task=mail&_mbox=INBOX" "Mozilla/5.0 (Windows NT 10.0; Win64; x64; rv:154.0) Gecko/20100101 Firefox/154.0"
66.249.65.129 - - [31/Aug/2026:09:14:05 -0400] "GET /personifying/zabucajo/h9a2p7l6o3c7h2i0t3o9n8idae HTTP/1.1" 404 236 "-" "Mozilla/5.0 (Linux; Android 6.0.1; Nexus 5X Build/MMB29P) AppleWebKit/537.36 (KHTML, like Gecko) Chrome/151.0.7922.173 Mobile Safari/537.36 (compatible; Googlebot/2.1; +http://www.google.com/bot.html)"
102.69.211.223 - - [31/Aug/2026:09:14:44 -0400] "POST /cpsess5003052442/3rdparty/roundcube/?_task=mail&_action=refresh HTTP/1.1" 200 1388 "https://webmail.savednsingle.org/cpsess5003052442/3rdparty/roundcube/?_task=mail&_mbox=INBOX" "Mozilla/5.0 (Windows NT 10.0; Win64; x64) AppleWebKit/537.36 (KHTML, like Gecko) Chrome/151.0.0.0 Safari/537.36"
197.184.86.246 - - [31/Aug/2026:09:15:08 -0400] "POST /cpsess0453424392/3rdparty/roundcube/?_task=mail&_action=refresh HTTP/1.1" 200 1389 "https://webmail.savednsingle.org/cpsess0453424392/3rdparty/roundcube/?_task=mail&_mbox=INBOX" "Mozilla/5.0 (Windows NT 10.0; Win64; x64; rv:154.0) Gecko/20100101 Firefox/154.0"
102.69.211.223 - - [31/Aug/2026:09:15:34 -0400] "POST /cpsess5003052442/3rdparty/roundcube/?_task=mail&_action=refresh HTTP/1.1" 308 152 "https://webmail.savednsingle.org/cpsess5003052442/3rdparty/roundcube/?_task=mail&_mbox=INBOX" "Mozilla/5.0 (Windows NT 10.0; Win64; x64) AppleWebKit/537.36 (KHTML, like Gecko) Chrome/151.0.0.0 Safari/537.36"
102.69.211.223 - - [31/Aug/2026:09:15:35 -0400] "POST /cpsess5003052442/3rdparty/roundcube/?_task=mail&_action=refresh HTTP/1.1" 200 1389 "https://webmail.savednsingle.org/cpsess5003052442/3rdparty/roundcube/?_task=mail&_mbox=INBOX" "Mozilla/5.0 (Windows NT 10.0; Win64; x64) AppleWebKit/537.36 (KHTML, like Gecko) Chrome/151.0.0.0 Safari/537.36"
197.184.86.246 - - [31/Aug/2026:09:16:15 -0400] "POST /cpsess0453424392/3rdparty/roundcube/?_task=mail&_action=refresh HTTP/1.1" 200 1389 "https://webmail.savednsingle.org/cpsess0453424392/3rdparty/roundcube/?_task=mail&_mbox=INBOX" "Mozilla/5.0 (Windows NT 10.0; Win64; x64; rv:154.0) Gecko/20100101 Firefox/154.0"
102.69.211.223 - - [31/Aug/2026:09:16:44 -0400] "POST /cpsess5003052442/3rdparty/roundcube/?_task=mail&_action=refresh HTTP/1.1" 200 2084 "https://webmail.savednsingle.org/cpsess5003052442/3rdparty/roundcube/?_task=mail&_mbox=INBOX" "Mozilla/5.0 (Windows NT 10.0; Win64; x64) AppleWebKit/537.36 (KHTML, like Gecko) Chrome/151.0.0.0 Safari/537.36"
197.184.86.246 - - [31/Aug/2026:09:17:22 -0400] "POST /cpsess0453424392/3rdparty/roundcube/?_task=mail&_action=refresh HTTP/1.1" 200 2074 "https://webmail.savednsingle.org/cpsess0453424392/3rdparty/roundcube/?_task=mail&_mbox=INBOX" "Mozilla/5.0 (Windows NT 10.0; Win64; x64; rv:154.0) Gecko/20100101 Firefox/154.0"
102.69.211.223 - - [31/Aug/2026:09:17:45 -0400] "POST /cpsess5003052442/3rdparty/roundcube/?_task=mail&_action=refresh HTTP/1.1" 200 2101 "https://webmail.savednsingle.org/cpsess5003052442/3rdparty/roundcube/?_task=mail&_mbox=INBOX" "Mozilla/5.0 (Windows NT 10.0; Win64; x64) AppleWebKit/537.36 (KHTML, like Gecko) Chrome/151.0.0.0 Safari/537.36"
197.184.86.246 - - [31/Aug/2026:09:18:28 -0400] "POST /cpsess0453424392/3rdparty/roundcube/?_task=mail&_action=refresh HTTP/1.1" 200 2110 "https://webmail.savednsingle.org/cpsess0453424392/3rdparty/roundcube/?_task=mail&_mbox=INBOX" "Mozilla/5.0 (Windows NT 10.0; Win64; x64; rv:154.0) Gecko/20100101 Firefox/154.0"
102.69.211.223 - - [31/Aug/2026:09:18:46 -0400] "POST /cpsess5003052442/3rdparty/roundcube/?_task=mail&_action=refresh HTTP/1.1" 200 2134 "https://webmail.savednsingle.org/cpsess5003052442/3rdparty/roundcube/?_task=mail&_mbox=INBOX" "Mozilla/5.0 (Windows NT 10.0; Win64; x64) AppleWebKit/537.36 (KHTML, like Gecko) Chrome/151.0.0.0 Safari/537.36"
197.184.86.246 - - [31/Aug/2026:09:19:31 -0400] "POST /cpsess0453424392/3rdparty/roundcube/?_task=mail&_action=refresh HTTP/1.1" 200 2123 "https://webmail.savednsingle.org/cpsess0453424392/3rdparty/roundcube/?_task=mail&_mbox=INBOX" "Mozilla/5.0 (Windows NT 10.0; Win64; x64; rv:154.0) Gecko/20100101 Firefox/154.0"
102.69.211.223 - - [31/Aug/2026:09:19:47 -0400] "POST /cpsess5003052442/3rdparty/roundcube/?_task=mail&_action=refresh HTTP/1.1" 200 1428 "https://webmail.savednsingle.org/cpsess5003052442/3rdparty/roundcube/?_task=mail&_mbox=INBOX" "Mozilla/5.0 (Windows NT 10.0; Win64; x64) AppleWebKit/537.36 (KHTML, like Gecko) Chrome/151.0.0.0 Safari/537.36"
66.249.65.129 - - [31/Aug/2026:09:19:55 -0400] "GET /?u=s3a1t9h5a5n6a9s1688 HTTP/1.1" 200 281 "-" "Mozilla/5.0 (Linux; Android 6.0.1; Nexus 5X Build/MMB29P) AppleWebKit/537.36 (KHTML, like Gecko) Chrome/151.0.7922.173 Mobile Safari/537.36 (compatible; Googlebot/2.1; +http://www.google.com/bot.html)"
66.249.65.129 - - [31/Aug/2026:09:20:15 -0400] "GET /?u=u9n2s6p2a7r8i4n3g3n7e8ss HTTP/1.1" 200 281 "-" "Mozilla/5.0 (Linux; Android 6.0.1; Nexus 5X Build/MMB29P) AppleWebKit/537.36 (KHTML, like Gecko) Chrome/151.0.7922.173 Mobile Safari/537.36 (compatible; Googlebot/2.1; +http://www.google.com/bot.html)"
197.184.86.246 - - [31/Aug/2026:09:20:37 -0400] "POST /cpsess0453424392/3rdparty/roundcube/?_task=mail&_action=refresh HTTP/1.1" 200 1428 "https://webmail.savednsingle.org/cpsess0453424392/3rdparty/roundcube/?_task=mail&_mbox=INBOX" "Mozilla/5.0 (Windows NT 10.0; Win64; x64; rv:154.0) Gecko/20100101 Firefox/154.0"
102.69.211.223 - - [31/Aug/2026:09:20:48 -0400] "POST /cpsess5003052442/3rdparty/roundcube/?_task=mail&_action=refresh HTTP/1.1" 200 1388 "https://webmail.savednsingle.org/cpsess5003052442/3rdparty/roundcube/?_task=mail&_mbox=INBOX" "Mozilla/5.0 (Windows NT 10.0; Win64; x64) AppleWebKit/537.36 (KHTML, like Gecko) Chrome/151.0.0.0 Safari/537.36"
66.249.65.37 - - [31/Aug/2026:09:20:56 -0400] "GET /?u=m4y3r3i3o2l9o4g1i8c9a0l HTTP/1.1" 200 281 "-" "Mozilla/5.0 (Linux; Android 6.0.1; Nexus 5X Build/MMB29P) AppleWebKit/537.36 (KHTML, like Gecko) Chrome/151.0.7922.173 Mobile Safari/537.36 (compatible; Googlebot/2.1; +http://www.google.com/bot.html)"
111.119.38.210 - - [31/Aug/2026:09:21:08 -0400] "GET /shops/sureties/c4a3r2y7o8p8h8y5l0l0i9n HTTP/1.1" 404 236 "https://savednsingle.org/?sitemap857.xml" "Mozilla/5.0 (Linux; Android 14; OPPO PCLM6) AppleWebKit/537.36 (KHTML, like Gecko) Chrome/146.0.5677.106 Mobile Safari/537.36 MicroMessenger/8.0.47(0x18001B3F) NetType/WIFI Language/zh_CN"
197.184.86.246 - - [31/Aug/2026:09:21:36 -0400] "POST /cpsess0453424392/3rdparty/roundcube/?_task=mail&_action=refresh HTTP/1.1" 200 1389 "https://webmail.savednsingle.org/cpsess0453424392/3rdparty/roundcube/?_task=mail&_mbox=INBOX" "Mozilla/5.0 (Windows NT 10.0; Win64; x64; rv:154.0) Gecko/20100101 Firefox/154.0"
102.69.211.223 - - [31/Aug/2026:09:21:49 -0400] "POST /cpsess5003052442/3rdparty/roundcube/?_task=mail&_action=refresh HTTP/1.1" 200 1389 "https://webmail.savednsingle.org/cpsess5003052442/3rdparty/roundcube/?_task=mail&_mbox=INBOX" "Mozilla/5.0 (Windows NT 10.0; Win64; x64) AppleWebKit/537.36 (KHTML, like Gecko) Chrome/151.0.0.0 Safari/537.36"
197.184.86.246 - - [31/Aug/2026:09:22:43 -0400] "POST /cpsess0453424392/3rdparty/roundcube/?_task=mail&_action=refresh HTTP/1.1" 200 1389 "https://webmail.savednsingle.org/cpsess0453424392/3rdparty/roundcube/?_task=mail&_mbox=INBOX" "Mozilla/5.0 (Windows NT 10.0; Win64; x64; rv:154.0) Gecko/20100101 Firefox/154.0"
102.69.211.223 - - [31/Aug/2026:09:22:51 -0400] "POST /cpsess5003052442/3rdparty/roundcube/?_task=mail&_action=refresh HTTP/1.1" 200 1389 "https://webmail.savednsingle.org/cpsess5003052442/3rdparty/roundcube/?_task=mail&_mbox=INBOX" "Mozilla/5.0 (Windows NT 10.0; Win64; x64) AppleWebKit/537.36 (KHTML, like Gecko) Chrome/151.0.0.0 Safari/537.36"
197.184.86.246 - - [31/Aug/2026:09:23:44 -0400] "POST /cpsess0453424392/3rdparty/roundcube/?_task=mail&_action=refresh HTTP/1.1" 200 1389 "https://webmail.savednsingle.org/cpsess0453424392/3rdparty/roundcube/?_task=mail&_mbox=INBOX" "Mozilla/5.0 (Windows NT 10.0; Win64; x64; rv:154.0) Gecko/20100101 Firefox/154.0"
102.69.211.223 - - [31/Aug/2026:09:23:52 -0400] "POST /cpsess5003052442/3rdparty/roundcube/?_task=mail&_action=refresh HTTP/1.1" 200 1389 "https://webmail.savednsingle.org/cpsess5003052442/3rdparty/roundcube/?_task=mail&_mbox=INBOX" "Mozilla/5.0 (Windows NT 10.0; Win64; x64) AppleWebKit/537.36 (KHTML, like Gecko) Chrome/151.0.0.0 Safari/537.36"
31.58.166.21 - - [31/Aug/2026:09:24:18 -0400] "GET /yytest/ HTTP/1.1" 404 236 "-" "Mozilla/5.0 (compatible; Googlebot/2.1; +http://www.google.com/bot.html)"
168.91.47.20 - - [31/Aug/2026:09:24:19 -0400] "GET /yytest/ HTTP/1.1" 404 236 "-" "Mozilla/5.0 (compatible; Googlebot/2.1; +http://www.google.com/bot.html)"
141.164.89.160 - - [31/Aug/2026:09:24:20 -0400] "GET /yytest/ HTTP/1.1" 404 236 "-" "Mozilla/5.0 (compatible; Googlebot/2.1; +http://www.google.com/bot.html)"
63.141.239.146 - - [31/Aug/2026:09:24:20 -0400] "GET /yytest/ HTTP/1.1" 404 236 "-" "Mozilla/5.0 (compatible; Googlebot/2.1; +http://www.google.com/bot.html)"
147.53.121.195 - - [31/Aug/2026:09:24:20 -0400] "POST / HTTP/1.1" 404 236 "-" "Mozilla/5.0 (iPhone; CPU iPhone OS 17_0 like Mac OS X) AppleWebKit/605.1.15 (KHTML, like Gecko) Version/17.0 Mobile/15E148 Safari/604.1"
151.241.48.38 - - [31/Aug/2026:09:24:21 -0400] "POST / HTTP/1.1" 404 236 "-" "Mozilla/5.0 (iPhone; CPU iPhone OS 17_0 like Mac OS X) AppleWebKit/605.1.15 (KHTML, like Gecko) Version/17.0 Mobile/15E148 Safari/604.1"
66.84.94.48 - - [31/Aug/2026:09:24:21 -0400] "POST / HTTP/1.1" 404 236 "-" "Mozilla/5.0 (iPhone; CPU iPhone OS 17_0 like Mac OS X) AppleWebKit/605.1.15 (KHTML, like Gecko) Version/17.0 Mobile/15E148 Safari/604.1"
102.69.211.223 - - [31/Aug/2026:09:24:34 -0400] "POST /cpsess5003052442/3rdparty/roundcube/?_task=mail&_action=refresh HTTP/1.1" 200 1389 "https://webmail.savednsingle.org/cpsess5003052442/3rdparty/roundcube/?_task=mail&_mbox=INBOX" "Mozilla/5.0 (Windows NT 10.0; Win64; x64) AppleWebKit/537.36 (KHTML, like Gecko) Chrome/151.0.0.0 Safari/537.36"
197.184.86.246 - - [31/Aug/2026:09:24:50 -0400] "POST /cpsess0453424392/3rdparty/roundcube/?_task=mail&_action=refresh HTTP/1.1" 308 152 "https://webmail.savednsingle.org/cpsess0453424392/3rdparty/roundcube/?_task=mail&_mbox=INBOX" "Mozilla/5.0 (Windows NT 10.0; Win64; x64; rv:154.0) Gecko/20100101 Firefox/154.0"
197.184.86.246 - - [31/Aug/2026:09:24:50 -0400] "POST /cpsess0453424392/3rdparty/roundcube/?_task=mail&_action=refresh HTTP/1.1" 200 1389 "https://webmail.savednsingle.org/cpsess0453424392/3rdparty/roundcube/?_task=mail&_mbox=INBOX" "Mozilla/5.0 (Windows NT 10.0; Win64; x64; rv:154.0) Gecko/20100101 Firefox/154.0"
194.36.81.124 - - [31/Aug/2026:09:25:19 -0400] "GET /shops/sublunar/t4h2e2o5s6o9p2h1i9z1e7d HTTP/1.1" 404 236 "https://savednsingle.org/?sitemap857.xml" "Mozilla/5.0 (Linux; Android 12; OPPO PCLM7) AppleWebKit/537.36 (KHTML, like Gecko) Chrome/144.0.5938.56 Mobile Safari/537.36 MicroMessenger/8.0.47(0x18001B3F) NetType/WIFI Language/zh_CN"
198.204.240.234 - - [31/Aug/2026:09:25:49 -0400] "GET /wp-content/x7a7275/index.php HTTP/1.1" 404 236 "https://savednsingle.org/wp-content/x7a7275/index.php" "Mozilla/4.0 (compatible; MSIE 7.0; Windows NT 5.1; SV1; .NET CLR 1.0.3705; .NET CLR 2.0.50727; .NET CLR 1.1.4322)"
102.69.211.223 - - [31/Aug/2026:09:25:51 -0400] "POST /cpsess5003052442/3rdparty/roundcube/?_task=mail&_action=refresh HTTP/1.1" 200 1389 "https://webmail.savednsingle.org/cpsess5003052442/3rdparty/roundcube/?_task=mail&_mbox=INBOX" "Mozilla/5.0 (Windows NT 10.0; Win64; x64) AppleWebKit/537.36 (KHTML, like Gecko) Chrome/151.0.0.0 Safari/537.36"
197.184.86.246 - - [31/Aug/2026:09:25:51 -0400] "POST /cpsess0453424392/3rdparty/roundcube/?_task=mail&_action=refresh HTTP/1.1" 200 1389 "https://webmail.savednsingle.org/cpsess0453424392/3rdparty/roundcube/?_task=mail&_mbox=INBOX" "Mozilla/5.0 (Windows NT 10.0; Win64; x64; rv:154.0) Gecko/20100101 Firefox/154.0"
102.69.211.223 - - [31/Aug/2026:09:26:52 -0400] "POST /cpsess5003052442/3rdparty/roundcube/?_task=mail&_action=refresh HTTP/1.1" 200 1389 "https://webmail.savednsingle.org/cpsess5003052442/3rdparty/roundcube/?_task=mail&_mbox=INBOX" "Mozilla/5.0 (Windows NT 10.0; Win64; x64) AppleWebKit/537.36 (KHTML, like Gecko) Chrome/151.0.0.0 Safari/537.36"
197.184.86.246 - - [31/Aug/2026:09:26:58 -0400] "POST /cpsess0453424392/3rdparty/roundcube/?_task=mail&_action=refresh HTTP/1.1" 308 152 "https://webmail.savednsingle.org/cpsess0453424392/3rdparty/roundcube/?_task=mail&_mbox=INBOX" "Mozilla/5.0 (Windows NT 10.0; Win64; x64; rv:154.0) Gecko/20100101 Firefox/154.0"
197.184.86.246 - - [31/Aug/2026:09:26:58 -0400] "POST /cpsess0453424392/3rdparty/roundcube/?_task=mail&_action=refresh HTTP/1.1" 200 1389 "https://webmail.savednsingle.org/cpsess0453424392/3rdparty/roundcube/?_task=mail&_mbox=INBOX" "Mozilla/5.0 (Windows NT 10.0; Win64; x64; rv:154.0) Gecko/20100101 Firefox/154.0"
102.69.211.223 - - [31/Aug/2026:09:27:53 -0400] "POST /cpsess5003052442/3rdparty/roundcube/?_task=mail&_action=refresh HTTP/1.1" 200 1389 "https://webmail.savednsingle.org/cpsess5003052442/3rdparty/roundcube/?_task=mail&_mbox=INBOX" "Mozilla/5.0 (Windows NT 10.0; Win64; x64) AppleWebKit/537.36 (KHTML, like Gecko) Chrome/151.0.0.0 Safari/537.36"
197.184.86.246 - - [31/Aug/2026:09:27:57 -0400] "POST /cpsess0453424392/3rdparty/roundcube/?_task=mail&_action=refresh HTTP/1.1" 200 1389 "https://webmail.savednsingle.org/cpsess0453424392/3rdparty/roundcube/?_task=mail&_mbox=INBOX" "Mozilla/5.0 (Windows NT 10.0; Win64; x64; rv:154.0) Gecko/20100101 Firefox/154.0"
66.249.65.128 - - [31/Aug/2026:09:27:59 -0400] "GET /?a=5851039765601 HTTP/1.1" 200 281 "-" "Mozilla/5.0 (Linux; Android 6.0.1; Nexus 5X Build/MMB29P) AppleWebKit/537.36 (KHTML, like Gecko) Chrome/151.0.7922.173 Mobile Safari/537.36 (compatible; Googlebot/2.1; +http://www.google.com/bot.html)"
66.249.65.129 - - [31/Aug/2026:09:28:32 -0400] "GET /?a=8050315372002 HTTP/1.1" 200 281 "-" "Mozilla/5.0 (Linux; Android 6.0.1; Nexus 5X Build/MMB29P) AppleWebKit/537.36 (KHTML, like Gecko) Chrome/151.0.7922.173 Mobile Safari/537.36 (compatible; Googlebot/2.1; +http://www.google.com/bot.html)"
102.69.211.223 - - [31/Aug/2026:09:28:54 -0400] "POST /cpsess5003052442/3rdparty/roundcube/?_task=mail&_action=refresh HTTP/1.1" 308 152 "https://webmail.savednsingle.org/cpsess5003052442/3rdparty/roundcube/?_task=mail&_mbox=INBOX" "Mozilla/5.0 (Windows NT 10.0; Win64; x64) AppleWebKit/537.36 (KHTML, like Gecko) Chrome/151.0.0.0 Safari/537.36"
102.69.211.223 - - [31/Aug/2026:09:28:55 -0400] "POST /cpsess5003052442/3rdparty/roundcube/?_task=mail&_action=refresh HTTP/1.1" 200 1389 "https://webmail.savednsingle.org/cpsess5003052442/3rdparty/roundcube/?_task=mail&_mbox=INBOX" "Mozilla/5.0 (Windows NT 10.0; Win64; x64) AppleWebKit/537.36 (KHTML, like Gecko) Chrome/151.0.0.0 Safari/537.36"
197.184.86.246 - - [31/Aug/2026:09:29:03 -0400] "POST /cpsess0453424392/3rdparty/roundcube/?_task=mail&_action=refresh HTTP/1.1" 200 1389 "https://webmail.savednsingle.org/cpsess0453424392/3rdparty/roundcube/?_task=mail&_mbox=INBOX" "Mozilla/5.0 (Windows NT 10.0; Win64; x64; rv:154.0) Gecko/20100101 Firefox/154.0"
102.69.211.223 - - [31/Aug/2026:09:29:55 -0400] "POST /cpsess5003052442/3rdparty/roundcube/?_task=mail&_action=refresh HTTP/1.1" 200 1389 "https://webmail.savednsingle.org/cpsess5003052442/3rdparty/roundcube/?_task=mail&_mbox=INBOX" "Mozilla/5.0 (Windows NT 10.0; Win64; x64) AppleWebKit/537.36 (KHTML, like Gecko) Chrome/151.0.0.0 Safari/537.36"
197.184.86.246 - - [31/Aug/2026:09:30:03 -0400] "POST /cpsess0453424392/3rdparty/roundcube/?_task=mail&_action=refresh HTTP/1.1" 308 152 "https://webmail.savednsingle.org/cpsess0453424392/3rdparty/roundcube/?_task=mail&_mbox=INBOX" "Mozilla/5.0 (Windows NT 10.0; Win64; x64; rv:154.0) Gecko/20100101 Firefox/154.0"
197.184.86.246 - - [31/Aug/2026:09:30:04 -0400] "POST /cpsess0453424392/3rdparty/roundcube/?_task=mail&_action=refresh HTTP/1.1" 200 1389 "https://webmail.savednsingle.org/cpsess0453424392/3rdparty/roundcube/?_task=mail&_mbox=INBOX" "Mozilla/5.0 (Windows NT 10.0; Win64; x64; rv:154.0) Gecko/20100101 Firefox/154.0"
102.69.211.223 - - [31/Aug/2026:09:30:56 -0400] "POST /cpsess5003052442/3rdparty/roundcube/?_task=mail&_action=refresh HTTP/1.1" 200 1388 "https://webmail.savednsingle.org/cpsess5003052442/3rdparty/roundcube/?_task=mail&_mbox=INBOX" "Mozilla/5.0 (Windows NT 10.0; Win64; x64) AppleWebKit/537.36 (KHTML, like Gecko) Chrome/151.0.0.0 Safari/537.36"
197.184.86.246 - - [31/Aug/2026:09:31:10 -0400] "POST /cpsess0453424392/3rdparty/roundcube/?_task=mail&_action=refresh HTTP/1.1" 200 1389 "https://webmail.savednsingle.org/cpsess0453424392/3rdparty/roundcube/?_task=mail&_mbox=INBOX" "Mozilla/5.0 (Windows NT 10.0; Win64; x64; rv:154.0) Gecko/20100101 Firefox/154.0"
66.249.65.128 - - [31/Aug/2026:09:31:45 -0400] "GET /shops/discussant/s8e1l1f8a6s6s8e5r2t6i6on HTTP/1.1" 404 236 "-" "Mozilla/5.0 (Linux; Android 6.0.1; Nexus 5X Build/MMB29P) AppleWebKit/537.36 (KHTML, like Gecko) Chrome/151.0.7922.173 Mobile Safari/537.36 (compatible; Googlebot/2.1; +http://www.google.com/bot.html)"
102.69.211.223 - - [31/Aug/2026:09:31:58 -0400] "POST /cpsess5003052442/3rdparty/roundcube/?_task=mail&_action=refresh HTTP/1.1" 200 1389 "https://webmail.savednsingle.org/cpsess5003052442/3rdparty/roundcube/?_task=mail&_mbox=INBOX" "Mozilla/5.0 (Windows NT 10.0; Win64; x64) AppleWebKit/537.36 (KHTML, like Gecko) Chrome/151.0.0.0 Safari/537.36"
197.184.86.246 - - [31/Aug/2026:09:32:10 -0400] "POST /cpsess0453424392/3rdparty/roundcube/?_task=mail&_action=refresh HTTP/1.1" 308 152 "https://webmail.savednsingle.org/cpsess0453424392/3rdparty/roundcube/?_task=mail&_mbox=INBOX" "Mozilla/5.0 (Windows NT 10.0; Win64; x64; rv:154.0) Gecko/20100101 Firefox/154.0"
197.184.86.246 - - [31/Aug/2026:09:32:11 -0400] "POST /cpsess0453424392/3rdparty/roundcube/?_task=mail&_action=refresh HTTP/1.1" 200 1388 "https://webmail.savednsingle.org/cpsess0453424392/3rdparty/roundcube/?_task=mail&_mbox=INBOX" "Mozilla/5.0 (Windows NT 10.0; Win64; x64; rv:154.0) Gecko/20100101 Firefox/154.0"
102.69.211.223 - - [31/Aug/2026:09:32:58 -0400] "POST /cpsess5003052442/3rdparty/roundcube/?_task=mail&_action=refresh HTTP/1.1" 200 1387 "https://webmail.savednsingle.org/cpsess5003052442/3rdparty/roundcube/?_task=mail&_mbox=INBOX" "Mozilla/5.0 (Windows NT 10.0; Win64; x64) AppleWebKit/537.36 (KHTML, like Gecko) Chrome/151.0.0.0 Safari/537.36"
197.184.86.246 - - [31/Aug/2026:09:33:17 -0400] "POST /cpsess0453424392/3rdparty/roundcube/?_task=mail&_action=refresh HTTP/1.1" 200 1389 "https://webmail.savednsingle.org/cpsess0453424392/3rdparty/roundcube/?_task=mail&_mbox=INBOX" "Mozilla/5.0 (Windows NT 10.0; Win64; x64; rv:154.0) Gecko/20100101 Firefox/154.0"
102.69.211.223 - - [31/Aug/2026:09:33:59 -0400] "POST /cpsess5003052442/3rdparty/roundcube/?_task=mail&_action=refresh HTTP/1.1" 200 1389 "https://webmail.savednsingle.org/cpsess5003052442/3rdparty/roundcube/?_task=mail&_mbox=INBOX" "Mozilla/5.0 (Windows NT 10.0; Win64; x64) AppleWebKit/537.36 (KHTML, like Gecko) Chrome/151.0.0.0 Safari/537.36"
197.184.86.246 - - [31/Aug/2026:09:34:17 -0400] "POST /cpsess0453424392/3rdparty/roundcube/?_task=mail&_action=refresh HTTP/1.1" 308 152 "https://webmail.savednsingle.org/cpsess0453424392/3rdparty/roundcube/?_task=mail&_mbox=INBOX" "Mozilla/5.0 (Windows NT 10.0; Win64; x64; rv:154.0) Gecko/20100101 Firefox/154.0"
197.184.86.246 - - [31/Aug/2026:09:34:18 -0400] "POST /cpsess0453424392/3rdparty/roundcube/?_task=mail&_action=refresh HTTP/1.1" 200 1389 "https://webmail.savednsingle.org/cpsess0453424392/3rdparty/roundcube/?_task=mail&_mbox=INBOX" "Mozilla/5.0 (Windows NT 10.0; Win64; x64; rv:154.0) Gecko/20100101 Firefox/154.0"
102.69.211.223 - - [31/Aug/2026:09:35:00 -0400] "POST /cpsess5003052442/3rdparty/roundcube/?_task=mail&_action=refresh HTTP/1.1" 200 1388 "https://webmail.savednsingle.org/cpsess5003052442/3rdparty/roundcube/?_task=mail&_mbox=INBOX" "Mozilla/5.0 (Windows NT 10.0; Win64; x64) AppleWebKit/537.36 (KHTML, like Gecko) Chrome/151.0.0.0 Safari/537.36"
197.184.86.246 - - [31/Aug/2026:09:35:24 -0400] "POST /cpsess0453424392/3rdparty/roundcube/?_task=mail&_action=refresh HTTP/1.1" 308 152 "https://webmail.savednsingle.org/cpsess0453424392/3rdparty/roundcube/?_task=mail&_mbox=INBOX" "Mozilla/5.0 (Windows NT 10.0; Win64; x64; rv:154.0) Gecko/20100101 Firefox/154.0"
197.184.86.246 - - [31/Aug/2026:09:35:24 -0400] "POST /cpsess0453424392/3rdparty/roundcube/?_task=mail&_action=refresh HTTP/1.1" 200 1389 "https://webmail.savednsingle.org/cpsess0453424392/3rdparty/roundcube/?_task=mail&_mbox=INBOX" "Mozilla/5.0 (Windows NT 10.0; Win64; x64; rv:154.0) Gecko/20100101 Firefox/154.0"
197.184.86.246 - - [31/Aug/2026:09:36:24 -0400] "POST /cpsess0453424392/3rdparty/roundcube/?_task=mail&_action=refresh HTTP/1.1" 200 1388 "https://webmail.savednsingle.org/cpsess0453424392/3rdparty/roundcube/?_task=mail&_mbox=INBOX" "Mozilla/5.0 (Windows NT 10.0; Win64; x64; rv:154.0) Gecko/20100101 Firefox/154.0"
185.13.22.222 - - [31/Aug/2026:09:36:30 -0400] "GET /shops/spindle/s4y2n9c0h2o1n9d4r1o8s8ial HTTP/1.1" 404 236 "https://savednsingle.org/?sitemap857.xml" "Mozilla/5.0 (iPhone; CPU iPhone OS 18_4 like Mac OS X) AppleWebKit/605.1.15 (KHTML, like Gecko) Version/18.4 Mobile/15E148 Safari/604.1 MicroMessenger/8.0.38(0x18001B3F) NetType/WIFI Language/zh_CN"
66.249.65.130 - - [31/Aug/2026:09:36:59 -0400] "GET /?a=197173653300 HTTP/1.1" 200 281 "-" "Mozilla/5.0 (Linux; Android 6.0.1; Nexus 5X Build/MMB29P) AppleWebKit/537.36 (KHTML, like Gecko) Chrome/151.0.7922.173 Mobile Safari/537.36 (compatible; Googlebot/2.1; +http://www.google.com/bot.html)"
197.184.86.246 - - [31/Aug/2026:09:37:31 -0400] "POST /cpsess0453424392/3rdparty/roundcube/?_task=mail&_action=refresh HTTP/1.1" 200 1389 "https://webmail.savednsingle.org/cpsess0453424392/3rdparty/roundcube/?_task=mail&_mbox=INBOX" "Mozilla/5.0 (Windows NT 10.0; Win64; x64; rv:154.0) Gecko/20100101 Firefox/154.0"
66.249.65.128 - - [31/Aug/2026:09:37:39 -0400] "GET /shops/ministerialist/p7i3l3a8s0t7e7r9e9d46 HTTP/1.1" 404 236 "-" "Mozilla/5.0 (compatible; Googlebot/2.1; +http://www.google.com/bot.html)"
66.249.65.39 - - [31/Aug/2026:09:38:30 -0400] "GET /shops/impuissant/m3u5t3u3l3e08986 HTTP/1.1" 404 236 "-" "Mozilla/5.0 (compatible; Googlebot/2.1; +http://www.google.com/bot.html)"
197.184.86.246 - - [31/Aug/2026:09:38:31 -0400] "POST /cpsess0453424392/3rdparty/roundcube/?_task=mail&_action=refresh HTTP/1.1" 200 1389 "https://webmail.savednsingle.org/cpsess0453424392/3rdparty/roundcube/?_task=mail&_mbox=INBOX" "Mozilla/5.0 (Windows NT 10.0; Win64; x64; rv:154.0) Gecko/20100101 Firefox/154.0"
66.249.65.128 - - [31/Aug/2026:09:38:56 -0400] "GET /shops/rectrix/z3o1o8c4y3t2i7a2384 HTTP/1.1" 404 236 "-" "Mozilla/5.0 (Linux; Android 6.0.1; Nexus 5X Build/MMB29P) AppleWebKit/537.36 (KHTML, like Gecko) Chrome/151.0.7922.173 Mobile Safari/537.36 (compatible; Googlebot/2.1; +http://www.google.com/bot.html)"
38.51.130.35 - - [31/Aug/2026:09:39:21 -0400] "GET /shops/tranter/m4o3l4e8s5t9f6u4l881 HTTP/1.1" 404 236 "https://savednsingle.org/?sitemap857.xml" "Mozilla/5.0 (iPhone; CPU iPhone OS 17_0 like Mac OS X) AppleWebKit/605.1.15 (KHTML, like Gecko) Version/17.0 Mobile/15E148 Safari/604.1 MicroMessenger/8.0.34(0x18001B3F) NetType/WIFI Language/zh_CN"
66.249.65.130 - - [31/Aug/2026:09:39:21 -0400] "GET /?z=094023064 HTTP/1.1" 200 281 "-" "Mozilla/5.0 (Linux; Android 6.0.1; Nexus 5X Build/MMB29P) AppleWebKit/537.36 (KHTML, like Gecko) Chrome/151.0.7922.173 Mobile Safari/537.36 (compatible; Googlebot/2.1; +http://www.google.com/bot.html)"
197.184.86.246 - - [31/Aug/2026:09:39:38 -0400] "POST /cpsess0453424392/3rdparty/roundcube/?_task=mail&_action=refresh HTTP/1.1" 200 1388 "https://webmail.savednsingle.org/cpsess0453424392/3rdparty/roundcube/?_task=mail&_mbox=INBOX" "Mozilla/5.0 (Windows NT 10.0; Win64; x64; rv:154.0) Gecko/20100101 Firefox/154.0"
66.249.65.128 - - [31/Aug/2026:09:39:58 -0400] "GET /?u=l1u1c4i0f3e3r00133 HTTP/1.1" 200 281 "-" "Mozilla/5.0 (Linux; Android 6.0.1; Nexus 5X Build/MMB29P) AppleWebKit/537.36 (KHTML, like Gecko) Chrome/151.0.7922.173 Mobile Safari/537.36 (compatible; Googlebot/2.1; +http://www.google.com/bot.html)"
66.249.65.130 - - [31/Aug/2026:09:40:10 -0400] "GET /?office/21931421948 HTTP/1.1" 200 281 "-" "Mozilla/5.0 (Linux; Android 6.0.1; Nexus 5X Build/MMB29P) AppleWebKit/537.36 (KHTML, like Gecko) Chrome/151.0.7922.173 Mobile Safari/537.36 (compatible; Googlebot/2.1; +http://www.google.com/bot.html)"
197.184.86.246 - - [31/Aug/2026:09:40:38 -0400] "POST /cpsess0453424392/3rdparty/roundcube/?_task=mail&_action=refresh HTTP/1.1" 200 1389 "https://webmail.savednsingle.org/cpsess0453424392/3rdparty/roundcube/?_task=mail&_mbox=INBOX" "Mozilla/5.0 (Windows NT 10.0; Win64; x64; rv:154.0) Gecko/20100101 Firefox/154.0"
102.69.211.223 - - [31/Aug/2026:09:40:43 -0400] "GET /cpsess5003052442/3rdparty/roundcube/?_task=mail&_mbox=INBOX HTTP/1.1" 308 148 "https://webmail.savednsingle.org/cpsess5003052442/3rdparty/roundcube/?_task=mail&_mbox=INBOX" "Mozilla/5.0 (Windows NT 10.0; Win64; x64) AppleWebKit/537.36 (KHTML, like Gecko) Chrome/151.0.0.0 Safari/537.36"
102.69.211.223 - - [31/Aug/2026:09:40:44 -0400] "GET /cpsess5003052442/3rdparty/roundcube/?_task=mail&_mbox=INBOX HTTP/1.1" 200 11812 "https://webmail.savednsingle.org/cpsess5003052442/3rdparty/roundcube/?_task=mail&_mbox=INBOX" "Mozilla/5.0 (Windows NT 10.0; Win64; x64) AppleWebKit/537.36 (KHTML, like Gecko) Chrome/151.0.0.0 Safari/537.36"
102.69.211.223 - - [31/Aug/2026:09:40:44 -0400] "GET /cpsess5003052442/3rdparty/roundcube/skins/elastic/watermark.html HTTP/1.1" 200 494 "https://webmail.savednsingle.org/cpsess5003052442/3rdparty/roundcube/?_task=mail&_mbox=INBOX" "Mozilla/5.0 (Windows NT 10.0; Win64; x64) AppleWebKit/537.36 (KHTML, like Gecko) Chrome/151.0.0.0 Safari/537.36"
102.69.211.223 - - [31/Aug/2026:09:40:44 -0400] "GET /cpsess5003052442/3rdparty/roundcube/?_task=mail&_action=getunread&_page=1&_remote=1&_unlock=0&_=1788183644922 HTTP/1.1" 200 1395 "https://webmail.savednsingle.org/cpsess5003052442/3rdparty/roundcube/?_task=mail&_mbox=INBOX" "Mozilla/5.0 (Windows NT 10.0; Win64; x64) AppleWebKit/537.36 (KHTML, like Gecko) Chrome/151.0.0.0 Safari/537.36"
102.69.211.223 - - [31/Aug/2026:09:40:44 -0400] "GET /cpsess5003052442/3rdparty/roundcube/?_task=mail&_action=list&_refresh=1&_layout=widescreen&_mbox=INBOX&_page=&_remote=1&_unlock=loading1788183645113&_=1788183644921 HTTP/1.1" 200 2254 "https://webmail.savednsingle.org/cpsess5003052442/3rdparty/roundcube/?_task=mail&_mbox=INBOX" "Mozilla/5.0 (Windows NT 10.0; Win64; x64) AppleWebKit/537.36 (KHTML, like Gecko) Chrome/151.0.0.0 Safari/537.36"
102.69.211.223 - - [31/Aug/2026:09:40:45 -0400] "GET /cpsess5003052442/3rdparty/roundcube/skins/elastic/watermark.html HTTP/1.1" 200 494 "https://webmail.savednsingle.org/cpsess5003052442/3rdparty/roundcube/?_task=mail&_mbox=INBOX" "Mozilla/5.0 (Windows NT 10.0; Win64; x64) AppleWebKit/537.36 (KHTML, like Gecko) Chrome/151.0.0.0 Safari/537.36"
102.69.211.223 - - [31/Aug/2026:09:40:45 -0400] "GET /cpsess5003052442/3rdparty/roundcube/skins/elastic/watermark.html HTTP/1.1" 200 494 "https://webmail.savednsingle.org/cpsess5003052442/3rdparty/roundcube/?_task=mail&_mbox=INBOX" "Mozilla/5.0 (Windows NT 10.0; Win64; x64) AppleWebKit/537.36 (KHTML, like Gecko) Chrome/151.0.0.0 Safari/537.36"
197.184.86.246 - - [31/Aug/2026:09:41:45 -0400] "POST /cpsess0453424392/3rdparty/roundcube/?_task=mail&_action=refresh HTTP/1.1" 200 1389 "https://webmail.savednsingle.org/cpsess0453424392/3rdparty/roundcube/?_task=mail&_mbox=INBOX" "Mozilla/5.0 (Windows NT 10.0; Win64; x64; rv:154.0) Gecko/20100101 Firefox/154.0"
102.69.211.223 - - [31/Aug/2026:09:41:45 -0400] "POST /cpsess5003052442/3rdparty/roundcube/?_task=mail&_action=refresh HTTP/1.1" 200 1388 "https://webmail.savednsingle.org/cpsess5003052442/3rdparty/roundcube/?_task=mail&_mbox=INBOX" "Mozilla/5.0 (Windows NT 10.0; Win64; x64) AppleWebKit/537.36 (KHTML, like Gecko) Chrome/151.0.0.0 Safari/537.36"
66.249.65.128 - - [31/Aug/2026:09:41:55 -0400] "GET /shops/reveille/g1r1a7v3a3m6i7n6a785 HTTP/1.1" 404 236 "-" "Mozilla/5.0 (Linux; Android 6.0.1; Nexus 5X Build/MMB29P) AppleWebKit/537.36 (KHTML, like Gecko) Chrome/151.0.7922.173 Mobile Safari/537.36 (compatible; Googlebot/2.1; +http://www.google.com/bot.html)"
66.249.65.129 - - [31/Aug/2026:09:42:29 -0400] "GET /?a=0283245740 HTTP/1.1" 200 281 "-" "Mozilla/5.0 (Linux; Android 6.0.1; Nexus 5X Build/MMB29P) AppleWebKit/537.36 (KHTML, like Gecko) Chrome/151.0.7922.173 Mobile Safari/537.36 (compatible; Googlebot/2.1; +http://www.google.com/bot.html)"
66.249.65.129 - - [31/Aug/2026:09:42:40 -0400] "GET /shops/bateless/b8y2p1l6a4y317238 HTTP/1.1" 404 236 "-" "Mozilla/5.0 (Linux; Android 6.0.1; Nexus 5X Build/MMB29P) AppleWebKit/537.36 (KHTML, like Gecko) Chrome/151.0.7922.173 Mobile Safari/537.36 (compatible; Googlebot/2.1; +http://www.google.com/bot.html)"
197.184.86.246 - - [31/Aug/2026:09:42:45 -0400] "POST /cpsess0453424392/3rdparty/roundcube/?_task=mail&_action=refresh HTTP/1.1" 200 2144 "https://webmail.savednsingle.org/cpsess0453424392/3rdparty/roundcube/?_task=mail&_mbox=INBOX" "Mozilla/5.0 (Windows NT 10.0; Win64; x64; rv:154.0) Gecko/20100101 Firefox/154.0"
102.69.211.223 - - [31/Aug/2026:09:42:45 -0400] "POST /cpsess5003052442/3rdparty/roundcube/?_task=mail&_action=refresh HTTP/1.1" 200 2130 "https://webmail.savednsingle.org/cpsess5003052442/3rdparty/roundcube/?_task=mail&_mbox=INBOX" "Mozilla/5.0 (Windows NT 10.0; Win64; x64) AppleWebKit/537.36 (KHTML, like Gecko) Chrome/151.0.0.0 Safari/537.36"
102.69.211.223 - - [31/Aug/2026:09:43:45 -0400] "POST /cpsess5003052442/3rdparty/roundcube/?_task=mail&_action=refresh HTTP/1.1" 200 2137 "https://webmail.savednsingle.org/cpsess5003052442/3rdparty/roundcube/?_task=mail&_mbox=INBOX" "Mozilla/5.0 (Windows NT 10.0; Win64; x64) AppleWebKit/537.36 (KHTML, like Gecko) Chrome/151.0.0.0 Safari/537.36"
197.184.86.246 - - [31/Aug/2026:09:43:52 -0400] "POST /cpsess0453424392/3rdparty/roundcube/?_task=mail&_action=refresh HTTP/1.1" 200 2127 "https://webmail.savednsingle.org/cpsess0453424392/3rdparty/roundcube/?_task=mail&_mbox=INBOX" "Mozilla/5.0 (Windows NT 10.0; Win64; x64; rv:154.0) Gecko/20100101 Firefox/154.0"
102.69.211.223 - - [31/Aug/2026:09:44:45 -0400] "POST /cpsess5003052442/3rdparty/roundcube/?_task=mail&_action=refresh HTTP/1.1" 200 2134 "https://webmail.savednsingle.org/cpsess5003052442/3rdparty/roundcube/?_task=mail&_mbox=INBOX" "Mozilla/5.0 (Windows NT 10.0; Win64; x64) AppleWebKit/537.36 (KHTML, like Gecko) Chrome/151.0.0.0 Safari/537.36"
197.184.86.246 - - [31/Aug/2026:09:44:59 -0400] "POST /cpsess0453424392/3rdparty/roundcube/?_task=mail&_action=refresh HTTP/1.1" 200 2124 "https://webmail.savednsingle.org/cpsess0453424392/3rdparty/roundcube/?_task=mail&_mbox=INBOX" "Mozilla/5.0 (Windows NT 10.0; Win64; x64; rv:154.0) Gecko/20100101 Firefox/154.0"
102.69.211.223 - - [31/Aug/2026:09:45:45 -0400] "POST /cpsess5003052442/3rdparty/roundcube/?_task=mail&_action=refresh HTTP/1.1" 200 1424 "https://webmail.savednsingle.org/cpsess5003052442/3rdparty/roundcube/?_task=mail&_mbox=INBOX" "Mozilla/5.0 (Windows NT 10.0; Win64; x64) AppleWebKit/537.36 (KHTML, like Gecko) Chrome/151.0.0.0 Safari/537.36"
197.184.86.246 - - [31/Aug/2026:09:46:00 -0400] "POST /cpsess0453424392/3rdparty/roundcube/?_task=mail&_action=refresh HTTP/1.1" 200 1424 "https://webmail.savednsingle.org/cpsess0453424392/3rdparty/roundcube/?_task=mail&_mbox=INBOX" "Mozilla/5.0 (Windows NT 10.0; Win64; x64; rv:154.0) Gecko/20100101 Firefox/154.0"
66.249.65.129 - - [31/Aug/2026:09:46:19 -0400] "GET /?undeterminate/81046197722 HTTP/1.1" 200 281 "-" "Mozilla/5.0 (compatible; Googlebot/2.1; +http://www.google.com/bot.html)"
102.69.211.223 - - [31/Aug/2026:09:46:45 -0400] "POST /cpsess5003052442/3rdparty/roundcube/?_task=mail&_action=refresh HTTP/1.1" 200 1388 "https://webmail.savednsingle.org/cpsess5003052442/3rdparty/roundcube/?_task=mail&_mbox=INBOX" "Mozilla/5.0 (Windows NT 10.0; Win64; x64) AppleWebKit/537.36 (KHTML, like Gecko) Chrome/151.0.0.0 Safari/537.36"
66.249.65.129 - - [31/Aug/2026:09:46:48 -0400] "GET /shops/facially/j9a3c0o0b3i9t5e3808 HTTP/1.1" 404 236 "-" "Mozilla/5.0 (Linux; Android 6.0.1; Nexus 5X Build/MMB29P) AppleWebKit/537.36 (KHTML, like Gecko) Chrome/151.0.7922.173 Mobile Safari/537.36 (compatible; Googlebot/2.1; +http://www.google.com/bot.html)"
197.184.86.246 - - [31/Aug/2026:09:47:07 -0400] "POST /cpsess0453424392/3rdparty/roundcube/?_task=mail&_action=refresh HTTP/1.1" 200 1389 "https://webmail.savednsingle.org/cpsess0453424392/3rdparty/roundcube/?_task=mail&_mbox=INBOX" "Mozilla/5.0 (Windows NT 10.0; Win64; x64; rv:154.0) Gecko/20100101 Firefox/154.0"
66.249.65.130 - - [31/Aug/2026:09:47:45 -0400] "GET /?a=9644115722201 HTTP/1.1" 200 281 "-" "Mozilla/5.0 (Linux; Android 6.0.1; Nexus 5X Build/MMB29P) AppleWebKit/537.36 (KHTML, like Gecko) Chrome/151.0.7922.173 Mobile Safari/537.36 (compatible; Googlebot/2.1; +http://www.google.com/bot.html)"
102.69.211.223 - - [31/Aug/2026:09:47:46 -0400] "POST /cpsess5003052442/3rdparty/roundcube/?_task=mail&_action=refresh HTTP/1.1" 200 1388 "https://webmail.savednsingle.org/cpsess5003052442/3rdparty/roundcube/?_task=mail&_mbox=INBOX" "Mozilla/5.0 (Windows NT 10.0; Win64; x64) AppleWebKit/537.36 (KHTML, like Gecko) Chrome/151.0.0.0 Safari/537.36"
197.184.86.246 - - [31/Aug/2026:09:48:13 -0400] "POST /cpsess0453424392/3rdparty/roundcube/?_task=mail&_action=refresh HTTP/1.1" 200 1389 "https://webmail.savednsingle.org/cpsess0453424392/3rdparty/roundcube/?_task=mail&_mbox=INBOX" "Mozilla/5.0 (Windows NT 10.0; Win64; x64; rv:154.0) Gecko/20100101 Firefox/154.0"
40.77.167.74 - - [31/Aug/2026:09:48:31 -0400] "GET /?a=44692200940300 HTTP/1.1" 200 281 "-" "Mozilla/5.0 AppleWebKit/537.36 (KHTML, like Gecko; compatible; bingbot/2.0; +http://www.bing.com/bingbot.htm) Chrome/116.0.1938.76 Safari/537.36"
102.69.211.223 - - [31/Aug/2026:09:48:47 -0400] "POST /cpsess5003052442/3rdparty/roundcube/?_task=mail&_action=refresh HTTP/1.1" 308 152 "https://webmail.savednsingle.org/cpsess5003052442/3rdparty/roundcube/?_task=mail&_mbox=INBOX" "Mozilla/5.0 (Windows NT 10.0; Win64; x64) AppleWebKit/537.36 (KHTML, like Gecko) Chrome/151.0.0.0 Safari/537.36"
102.69.211.223 - - [31/Aug/2026:09:48:47 -0400] "POST /cpsess5003052442/3rdparty/roundcube/?_task=mail&_action=refresh HTTP/1.1" 200 1389 "https://webmail.savednsingle.org/cpsess5003052442/3rdparty/roundcube/?_task=mail&_mbox=INBOX" "Mozilla/5.0 (Windows NT 10.0; Win64; x64) AppleWebKit/537.36 (KHTML, like Gecko) Chrome/151.0.0.0 Safari/537.36"
197.184.86.246 - - [31/Aug/2026:09:49:20 -0400] "POST /cpsess0453424392/3rdparty/roundcube/?_task=mail&_action=refresh HTTP/1.1" 200 1389 "https://webmail.savednsingle.org/cpsess0453424392/3rdparty/roundcube/?_task=mail&_mbox=INBOX" "Mozilla/5.0 (Windows NT 10.0; Win64; x64; rv:154.0) Gecko/20100101 Firefox/154.0"
102.69.211.223 - - [31/Aug/2026:09:49:47 -0400] "POST /cpsess5003052442/3rdparty/roundcube/?_task=mail&_action=refresh HTTP/1.1" 200 1388 "https://webmail.savednsingle.org/cpsess5003052442/3rdparty/roundcube/?_task=mail&_mbox=INBOX" "Mozilla/5.0 (Windows NT 10.0; Win64; x64) AppleWebKit/537.36 (KHTML, like Gecko) Chrome/151.0.0.0 Safari/537.36"
46.162.203.108 - - [31/Aug/2026:09:49:54 -0400] "GET /shops/stavewood/o2m2a7s7u0m592896 HTTP/1.1" 404 236 "https://savednsingle.org/shops/stavewood/o2m2a7s7u0m592896" "Mozilla/5.0 (Linux; Android 15; OPPO PCLM3) AppleWebKit/537.36 (KHTML, like Gecko) Chrome/143.0.5287.70 Mobile Safari/537.36 MicroMessenger/8.0.46(0x18001B3F) NetType/WIFI Language/zh_CN"
66.249.65.128 - - [31/Aug/2026:09:50:01 -0400] "GET /berained/malachite/22931020699 HTTP/1.1" 404 236 "-" "Mozilla/5.0 (Linux; Android 6.0.1; Nexus 5X Build/MMB29P) AppleWebKit/537.36 (KHTML, like Gecko) Chrome/151.0.7922.173 Mobile Safari/537.36 (compatible; Googlebot/2.1; +http://www.google.com/bot.html)"
197.184.86.246 - - [31/Aug/2026:09:50:27 -0400] "POST /cpsess0453424392/3rdparty/roundcube/?_task=mail&_action=refresh HTTP/1.1" 200 1389 "https://webmail.savednsingle.org/cpsess0453424392/3rdparty/roundcube/?_task=mail&_mbox=INBOX" "Mozilla/5.0 (Windows NT 10.0; Win64; x64; rv:154.0) Gecko/20100101 Firefox/154.0"
66.249.65.128 - - [31/Aug/2026:09:50:36 -0400] "GET /?a=2885281544204 HTTP/1.1" 200 281 "-" "Mozilla/5.0 (Linux; Android 6.0.1; Nexus 5X Build/MMB29P) AppleWebKit/537.36 (KHTML, like Gecko) Chrome/151.0.7922.173 Mobile Safari/537.36 (compatible; Googlebot/2.1; +http://www.google.com/bot.html)"
66.249.65.128 - - [31/Aug/2026:09:50:44 -0400] "GET /?u=p6o1i6s3o5n958895 HTTP/1.1" 200 281 "-" "Mozilla/5.0 (Linux; Android 6.0.1; Nexus 5X Build/MMB29P) AppleWebKit/537.36 (KHTML, like Gecko) Chrome/151.0.7922.173 Mobile Safari/537.36 (compatible; Googlebot/2.1; +http://www.google.com/bot.html)"
102.69.211.223 - - [31/Aug/2026:09:50:48 -0400] "POST /cpsess5003052442/3rdparty/roundcube/?_task=mail&_action=refresh HTTP/1.1" 308 152 "https://webmail.savednsingle.org/cpsess5003052442/3rdparty/roundcube/?_task=mail&_mbox=INBOX" "Mozilla/5.0 (Windows NT 10.0; Win64; x64) AppleWebKit/537.36 (KHTML, like Gecko) Chrome/151.0.0.0 Safari/537.36"
102.69.211.223 - - [31/Aug/2026:09:50:48 -0400] "POST /cpsess5003052442/3rdparty/roundcube/?_task=mail&_action=refresh HTTP/1.1" 200 1389 "https://webmail.savednsingle.org/cpsess5003052442/3rdparty/roundcube/?_task=mail&_mbox=INBOX" "Mozilla/5.0 (Windows NT 10.0; Win64; x64) AppleWebKit/537.36 (KHTML, like Gecko) Chrome/151.0.0.0 Safari/537.36"
143.105.147.2 - - [31/Aug/2026:09:51:14 -0400] "GET /shops/stateroom/a4b2o5l8i0s8h99027 HTTP/1.1" 404 236 "https://savednsingle.org/?sitemap857.xml" "Mozilla/5.0 (Linux; Android 13; M2102J21) AppleWebKit/537.36 (KHTML, like Gecko) Chrome/145.0.5569.141 Mobile Safari/537.36"
197.184.86.246 - - [31/Aug/2026:09:51:35 -0400] "POST /cpsess0453424392/3rdparty/roundcube/?_task=mail&_action=refresh HTTP/1.1" 200 1389 "https://webmail.savednsingle.org/cpsess0453424392/3rdparty/roundcube/?_task=mail&_mbox=INBOX" "Mozilla/5.0 (Windows NT 10.0; Win64; x64; rv:154.0) Gecko/20100101 Firefox/154.0"
102.69.211.223 - - [31/Aug/2026:09:51:49 -0400] "POST /cpsess5003052442/3rdparty/roundcube/?_task=mail&_action=refresh HTTP/1.1" 200 1389 "https://webmail.savednsingle.org/cpsess5003052442/3rdparty/roundcube/?_task=mail&_mbox=INBOX" "Mozilla/5.0 (Windows NT 10.0; Win64; x64) AppleWebKit/537.36 (KHTML, like Gecko) Chrome/151.0.0.0 Safari/537.36"
197.184.86.246 - - [31/Aug/2026:09:52:41 -0400] "POST /cpsess0453424392/3rdparty/roundcube/?_task=mail&_action=refresh HTTP/1.1" 200 1388 "https://webmail.savednsingle.org/cpsess0453424392/3rdparty/roundcube/?_task=mail&_mbox=INBOX" "Mozilla/5.0 (Windows NT 10.0; Win64; x64; rv:154.0) Gecko/20100101 Firefox/154.0"
102.69.211.223 - - [31/Aug/2026:09:52:50 -0400] "POST /cpsess5003052442/3rdparty/roundcube/?_task=mail&_action=refresh HTTP/1.1" 200 1388 "https://webmail.savednsingle.org/cpsess5003052442/3rdparty/roundcube/?_task=mail&_mbox=INBOX" "Mozilla/5.0 (Windows NT 10.0; Win64; x64) AppleWebKit/537.36 (KHTML, like Gecko) Chrome/151.0.0.0 Safari/537.36"
66.249.65.129 - - [31/Aug/2026:09:52:56 -0400] "GET /peripterous/fulllength/8269854115 HTTP/1.1" 404 236 "-" "Mozilla/5.0 (compatible; Googlebot/2.1; +http://www.google.com/bot.html)"
